[INFO] fetching crate andersonpgrep 0.1.0...
[INFO] testing andersonpgrep-0.1.0 against nightly-2024-10-28+rustflags=-Zrandomize-layout for randomize-layout
[INFO] extracting crate andersonpgrep 0.1.0 into /workspace/builds/worker-5-tc2/source
[INFO] validating manifest of crates.io crate andersonpgrep 0.1.0 on toolchain nightly-2024-10-28
[INFO] running `Command { std: CARGO_HOME="/workspace/cargo-home" RUSTUP_HOME="/workspace/rustup-home" "/workspace/cargo-home/bin/cargo" "+nightly-2024-10-28" "metadata" "--manifest-path" "Cargo.toml" "--no-deps", kill_on_drop: false }`
[INFO] started tweaking crates.io crate andersonpgrep 0.1.0
[INFO] finished tweaking crates.io crate andersonpgrep 0.1.0
[INFO] tweaked toml for crates.io crate andersonpgrep 0.1.0 written to /workspace/builds/worker-5-tc2/source/Cargo.toml
[INFO] crate crates.io crate andersonpgrep 0.1.0 already has a lockfile, it will not be regenerated
[INFO] running `Command { std: CARGO_HOME="/workspace/cargo-home" RUSTUP_HOME="/workspace/rustup-home" "/workspace/cargo-home/bin/cargo" "+nightly-2024-10-28" "fetch" "--manifest-path" "Cargo.toml", kill_on_drop: false }`
[INFO] running `Command { std: "docker" "create" "-v" "/var/lib/crater-agent-workspace/builds/worker-5-tc2/target:/opt/rustwide/target:rw,Z" "-v" "/var/lib/crater-agent-workspace/builds/worker-5-tc2/source:/opt/rustwide/workdir:ro,Z" "-v" "/var/lib/crater-agent-workspace/cargo-home:/opt/rustwide/cargo-home:ro,Z" "-v" "/var/lib/crater-agent-workspace/rustup-home:/opt/rustwide/rustup-home:ro,Z" "-e" "SOURCE_DIR=/opt/rustwide/workdir" "-e" "CARGO_TARGET_DIR=/opt/rustwide/target" "-e" "CARGO_HOME=/opt/rustwide/cargo-home" "-e" "RUSTUP_HOME=/opt/rustwide/rustup-home" "-w" "/opt/rustwide/workdir" "-m" "1610612736" "--user" "0:0" "--network" "none" "ghcr.io/rust-lang/crates-build-env/linux@sha256:4a844ea9eb2546a2d2c7022eacef16ef2e8229c7fbb2c7d4d55a9ceca922f72d" "/opt/rustwide/cargo-home/bin/cargo" "+nightly-2024-10-28" "metadata" "--no-deps" "--format-version=1", kill_on_drop: false }`
[INFO] [stdout] 2b2fecb179e4b3e9c7b75e42e3a25fa0fe09d1cff52c251b329d040eaf0c0033
[INFO] running `Command { std: "docker" "start" "-a" "2b2fecb179e4b3e9c7b75e42e3a25fa0fe09d1cff52c251b329d040eaf0c0033", kill_on_drop: false }`
[INFO] running `Command { std: "docker" "inspect" "2b2fecb179e4b3e9c7b75e42e3a25fa0fe09d1cff52c251b329d040eaf0c0033", kill_on_drop: false }`
[INFO] running `Command { std: "docker" "rm" "-f" "2b2fecb179e4b3e9c7b75e42e3a25fa0fe09d1cff52c251b329d040eaf0c0033", kill_on_drop: false }`
[INFO] [stdout] 2b2fecb179e4b3e9c7b75e42e3a25fa0fe09d1cff52c251b329d040eaf0c0033
[INFO] running `Command { std: "docker" "create" "-v" "/var/lib/crater-agent-workspace/builds/worker-5-tc2/target:/opt/rustwide/target:rw,Z" "-v" "/var/lib/crater-agent-workspace/builds/worker-5-tc2/source:/opt/rustwide/workdir:ro,Z" "-v" "/var/lib/crater-agent-workspace/cargo-home:/opt/rustwide/cargo-home:ro,Z" "-v" "/var/lib/crater-agent-workspace/rustup-home:/opt/rustwide/rustup-home:ro,Z" "-e" "SOURCE_DIR=/opt/rustwide/workdir" "-e" "CARGO_TARGET_DIR=/opt/rustwide/target" "-e" "CARGO_INCREMENTAL=0" "-e" "RUST_BACKTRACE=full" "-e" "RUSTFLAGS=--cap-lints=forbid -Zrandomize-layout" "-e" "RUSTDOCFLAGS=--cap-lints=forbid" "-e" "CARGO_HOME=/opt/rustwide/cargo-home" "-e" "RUSTUP_HOME=/opt/rustwide/rustup-home" "-w" "/opt/rustwide/workdir" "-m" "1610612736" "--user" "0:0" "--network" "none" "ghcr.io/rust-lang/crates-build-env/linux@sha256:4a844ea9eb2546a2d2c7022eacef16ef2e8229c7fbb2c7d4d55a9ceca922f72d" "/opt/rustwide/cargo-home/bin/cargo" "+nightly-2024-10-28" "build" "--frozen" "--message-format=json", kill_on_drop: false }`
[INFO] [stdout] ff6e9b8d24d36be797d103b96ac4001bc0fcad20ae7adf9ff9a6b4ab63c2695a
[INFO] running `Command { std: "docker" "start" "-a" "ff6e9b8d24d36be797d103b96ac4001bc0fcad20ae7adf9ff9a6b4ab63c2695a", kill_on_drop: false }`
[INFO] [stderr]    Compiling andersonpgrep v0.1.0 (/opt/rustwide/workdir)
[INFO] [stdout] warning: unused variable: `expensive_closure`
[INFO] [stdout]   --> src/closures_and_iterators/closures.rs:50:9
[INFO] [stdout]    |
[INFO] [stdout] 50 |     let expensive_closure = |num : u32| -> u32 {
[INFO] [stdout]    |         ^^^^^^^^^^^^^^^^^ help: if this is intentional, prefix it with an underscore: `_expensive_closure`
[INFO] [stdout]    |
[INFO] [stdout]    = note: `#[warn(unused_variables)]` on by default
[INFO] [stdout] 
[INFO] [stdout] 
[INFO] [stdout] warning: unused variable: `add_one_closure`
[INFO] [stdout]   --> src/closures_and_iterators/closures.rs:56:9
[INFO] [stdout]    |
[INFO] [stdout] 56 |     let add_one_closure = |x: u32| -> u32 {x + 1};
[INFO] [stdout]    |         ^^^^^^^^^^^^^^^ help: if this is intentional, prefix it with an underscore: `_add_one_closure`
[INFO] [stdout] 
[INFO] [stdout] 
[INFO] [stdout] warning: unused variable: `add_one`
[INFO] [stdout]   --> src/closures_and_iterators/closures.rs:57:9
[INFO] [stdout]    |
[INFO] [stdout] 57 |     let add_one  = |x: usize|  x + 1;
[INFO] [stdout]    |         ^^^^^^^ help: if this is intentional, prefix it with an underscore: `_add_one`
[INFO] [stdout] 
[INFO] [stdout] 
[INFO] [stdout] warning: unused variable: `add_one_three`
[INFO] [stdout]   --> src/closures_and_iterators/closures.rs:58:9
[INFO] [stdout]    |
[INFO] [stdout] 58 |     let add_one_three  = |x: usize|  {x + 1};
[INFO] [stdout]    |         ^^^^^^^^^^^^^ help: if this is intentional, prefix it with an underscore: `_add_one_three`
[INFO] [stdout] 
[INFO] [stdout] 
[INFO] [stdout] warning: variable does not need to be mutable
[INFO] [stdout]   --> src/closures_and_iterators/closures.rs:84:9
[INFO] [stdout]    |
[INFO] [stdout] 84 |     let mut list = vec![1,2,3,4];
[INFO] [stdout]    |         ----^^^^
[INFO] [stdout]    |         |
[INFO] [stdout]    |         help: remove this `mut`
[INFO] [stdout]    |
[INFO] [stdout]    = note: `#[warn(unused_mut)]` on by default
[INFO] [stdout] 
[INFO] [stdout] 
[INFO] [stdout] warning: unused variable: `total`
[INFO] [stdout]   --> src/closures_and_iterators/iterators.rs:24:9
[INFO] [stdout]    |
[INFO] [stdout] 24 |     let total: i32 = v_iter.sum(); // after this line, we are not able to use v_iter because it has
[INFO] [stdout]    |         ^^^^^ help: if this is intentional, prefix it with an underscore: `_total`
[INFO] [stdout] 
[INFO] [stdout] 
[INFO] [stdout] warning: unused variable: `v2`
[INFO] [stdout]   --> src/closures_and_iterators/iterators.rs:30:9
[INFO] [stdout]    |
[INFO] [stdout] 30 |     let v2: Vec<_> = v.iter().map(|x| x + 3).collect();
[INFO] [stdout]    |         ^^ help: if this is intentional, prefix it with an underscore: `_v2`
[INFO] [stdout] 
[INFO] [stdout] 
[INFO] [stdout] warning: unused variable: `od_nums`
[INFO] [stdout]   --> src/closures_and_iterators/iterators.rs:33:9
[INFO] [stdout]    |
[INFO] [stdout] 33 |     let od_nums: Vec<_> = v3.iter().filter(|x| (**x) & 1 == 1).collect();
[INFO] [stdout]    |         ^^^^^^^ help: if this is intentional, prefix it with an underscore: `_od_nums`
[INFO] [stdout] 
[INFO] [stdout] 
[INFO] [stdout] warning: struct `Shoe` is never constructed
[INFO] [stdout]  --> src/closures_and_iterators/iterators.rs:4:8
[INFO] [stdout]   |
[INFO] [stdout] 4 | struct Shoe {
[INFO] [stdout]   |        ^^^^
[INFO] [stdout]   |
[INFO] [stdout]   = note: `#[warn(dead_code)]` on by default
[INFO] [stdout] 
[INFO] [stdout] 
[INFO] [stderr]     Finished `dev` profile [optimized + debuginfo] target(s) in 0.52s
[INFO] running `Command { std: "docker" "inspect" "ff6e9b8d24d36be797d103b96ac4001bc0fcad20ae7adf9ff9a6b4ab63c2695a", kill_on_drop: false }`
[INFO] running `Command { std: "docker" "rm" "-f" "ff6e9b8d24d36be797d103b96ac4001bc0fcad20ae7adf9ff9a6b4ab63c2695a", kill_on_drop: false }`
[INFO] [stdout] ff6e9b8d24d36be797d103b96ac4001bc0fcad20ae7adf9ff9a6b4ab63c2695a
[INFO] running `Command { std: "docker" "create" "-v" "/var/lib/crater-agent-workspace/builds/worker-5-tc2/target:/opt/rustwide/target:rw,Z" "-v" "/var/lib/crater-agent-workspace/builds/worker-5-tc2/source:/opt/rustwide/workdir:ro,Z" "-v" "/var/lib/crater-agent-workspace/cargo-home:/opt/rustwide/cargo-home:ro,Z" "-v" "/var/lib/crater-agent-workspace/rustup-home:/opt/rustwide/rustup-home:ro,Z" "-e" "SOURCE_DIR=/opt/rustwide/workdir" "-e" "CARGO_TARGET_DIR=/opt/rustwide/target" "-e" "CARGO_INCREMENTAL=0" "-e" "RUST_BACKTRACE=full" "-e" "RUSTFLAGS=--cap-lints=forbid -Zrandomize-layout" "-e" "RUSTDOCFLAGS=--cap-lints=forbid" "-e" "CARGO_HOME=/opt/rustwide/cargo-home" "-e" "RUSTUP_HOME=/opt/rustwide/rustup-home" "-w" "/opt/rustwide/workdir" "-m" "1610612736" "--user" "0:0" "--network" "none" "ghcr.io/rust-lang/crates-build-env/linux@sha256:4a844ea9eb2546a2d2c7022eacef16ef2e8229c7fbb2c7d4d55a9ceca922f72d" "/opt/rustwide/cargo-home/bin/cargo" "+nightly-2024-10-28" "test" "--frozen" "--no-run" "--message-format=json", kill_on_drop: false }`
[INFO] [stdout] 082fa74dca88af4c747063e3496a2e03ddb333a86ac85cd8142a13f46cfaa0ab
[INFO] running `Command { std: "docker" "start" "-a" "082fa74dca88af4c747063e3496a2e03ddb333a86ac85cd8142a13f46cfaa0ab", kill_on_drop: false }`
[INFO] [stdout] warning: unused variable: `expensive_closure`
[INFO] [stdout]   --> src/closures_and_iterators/closures.rs:50:9
[INFO] [stdout]    |
[INFO] [stdout] 50 |     let expensive_closure = |num : u32| -> u32 {
[INFO] [stdout]    |         ^^^^^^^^^^^^^^^^^ help: if this is intentional, prefix it with an underscore: `_expensive_closure`
[INFO] [stdout]    |
[INFO] [stdout]    = note: `#[warn(unused_variables)]` on by default
[INFO] [stdout] 
[INFO] [stdout] 
[INFO] [stdout] warning: unused variable: `add_one_closure`
[INFO] [stdout]   --> src/closures_and_iterators/closures.rs:56:9
[INFO] [stdout]    |
[INFO] [stdout] 56 |     let add_one_closure = |x: u32| -> u32 {x + 1};
[INFO] [stdout]    |         ^^^^^^^^^^^^^^^ help: if this is intentional, prefix it with an underscore: `_add_one_closure`
[INFO] [stdout] 
[INFO] [stdout] 
[INFO] [stdout] warning: unused variable: `add_one`
[INFO] [stdout]   --> src/closures_and_iterators/closures.rs:57:9
[INFO] [stdout]    |
[INFO] [stdout] 57 |     let add_one  = |x: usize|  x + 1;
[INFO] [stdout]    |         ^^^^^^^ help: if this is intentional, prefix it with an underscore: `_add_one`
[INFO] [stdout] 
[INFO] [stdout] 
[INFO] [stdout] warning: unused variable: `add_one_three`
[INFO] [stdout]   --> src/closures_and_iterators/closures.rs:58:9
[INFO] [stdout]    |
[INFO] [stdout] 58 |     let add_one_three  = |x: usize|  {x + 1};
[INFO] [stdout]    |         ^^^^^^^^^^^^^ help: if this is intentional, prefix it with an underscore: `_add_one_three`
[INFO] [stdout] 
[INFO] [stdout] 
[INFO] [stdout] warning: variable does not need to be mutable
[INFO] [stdout]   --> src/closures_and_iterators/closures.rs:84:9
[INFO] [stdout]    |
[INFO] [stdout] 84 |     let mut list = vec![1,2,3,4];
[INFO] [stdout]    |         ----^^^^
[INFO] [stdout]    |         |
[INFO] [stdout]    |         help: remove this `mut`
[INFO] [stdout]    |
[INFO] [stdout]    = note: `#[warn(unused_mut)]` on by default
[INFO] [stdout] 
[INFO] [stdout] 
[INFO] [stdout] warning: unused variable: `total`
[INFO] [stdout]   --> src/closures_and_iterators/iterators.rs:24:9
[INFO] [stdout]    |
[INFO] [stdout] 24 |     let total: i32 = v_iter.sum(); // after this line, we are not able to use v_iter because it has
[INFO] [stdout]    |         ^^^^^ help: if this is intentional, prefix it with an underscore: `_total`
[INFO] [stdout] 
[INFO] [stdout] 
[INFO] [stdout] warning: unused variable: `v2`
[INFO] [stdout]   --> src/closures_and_iterators/iterators.rs:30:9
[INFO] [stdout]    |
[INFO] [stdout] 30 |     let v2: Vec<_> = v.iter().map(|x| x + 3).collect();
[INFO] [stdout]    |         ^^ help: if this is intentional, prefix it with an underscore: `_v2`
[INFO] [stdout] 
[INFO] [stdout] 
[INFO] [stdout] warning: unused variable: `od_nums`
[INFO] [stdout]   --> src/closures_and_iterators/iterators.rs:33:9
[INFO] [stdout]    |
[INFO] [stdout] 33 |     let od_nums: Vec<_> = v3.iter().filter(|x| (**x) & 1 == 1).collect();
[INFO] [stdout]    |         ^^^^^^^ help: if this is intentional, prefix it with an underscore: `_od_nums`
[INFO] [stdout] 
[INFO] [stdout] 
[INFO] [stderr]    Compiling andersonpgrep v0.1.0 (/opt/rustwide/workdir)
[INFO] [stdout] warning: struct `Shoe` is never constructed
[INFO] [stdout]  --> src/closures_and_iterators/iterators.rs:4:8
[INFO] [stdout]   |
[INFO] [stdout] 4 | struct Shoe {
[INFO] [stdout]   |        ^^^^
[INFO] [stdout]   |
[INFO] [stdout]   = note: `#[warn(dead_code)]` on by default
[INFO] [stdout] 
[INFO] [stdout] 
[INFO] [stdout] warning: unused variable: `expensive_closure`
[INFO] [stdout]   --> src/closures_and_iterators/closures.rs:50:9
[INFO] [stdout]    |
[INFO] [stdout] 50 |     let expensive_closure = |num : u32| -> u32 {
[INFO] [stdout]    |         ^^^^^^^^^^^^^^^^^ help: if this is intentional, prefix it with an underscore: `_expensive_closure`
[INFO] [stdout]    |
[INFO] [stdout]    = note: `#[warn(unused_variables)]` on by default
[INFO] [stdout] 
[INFO] [stdout] 
[INFO] [stdout] warning: unused variable: `add_one_closure`
[INFO] [stdout]   --> src/closures_and_iterators/closures.rs:56:9
[INFO] [stdout]    |
[INFO] [stdout] 56 |     let add_one_closure = |x: u32| -> u32 {x + 1};
[INFO] [stdout]    |         ^^^^^^^^^^^^^^^ help: if this is intentional, prefix it with an underscore: `_add_one_closure`
[INFO] [stdout] 
[INFO] [stdout] 
[INFO] [stdout] warning: unused variable: `add_one`
[INFO] [stdout]   --> src/closures_and_iterators/closures.rs:57:9
[INFO] [stdout]    |
[INFO] [stdout] 57 |     let add_one  = |x: usize|  x + 1;
[INFO] [stdout]    |         ^^^^^^^ help: if this is intentional, prefix it with an underscore: `_add_one`
[INFO] [stdout] 
[INFO] [stdout] 
[INFO] [stdout] warning: unused variable: `add_one_three`
[INFO] [stdout]   --> src/closures_and_iterators/closures.rs:58:9
[INFO] [stdout]    |
[INFO] [stdout] 58 |     let add_one_three  = |x: usize|  {x + 1};
[INFO] [stdout]    |         ^^^^^^^^^^^^^ help: if this is intentional, prefix it with an underscore: `_add_one_three`
[INFO] [stdout] 
[INFO] [stdout] 
[INFO] [stdout] warning: variable does not need to be mutable
[INFO] [stdout]   --> src/closures_and_iterators/closures.rs:84:9
[INFO] [stdout]    |
[INFO] [stdout] 84 |     let mut list = vec![1,2,3,4];
[INFO] [stdout]    |         ----^^^^
[INFO] [stdout]    |         |
[INFO] [stdout]    |         help: remove this `mut`
[INFO] [stdout]    |
[INFO] [stdout]    = note: `#[warn(unused_mut)]` on by default
[INFO] [stdout] 
[INFO] [stdout] 
[INFO] [stdout] warning: unused variable: `total`
[INFO] [stdout]   --> src/closures_and_iterators/iterators.rs:24:9
[INFO] [stdout]    |
[INFO] [stdout] 24 |     let total: i32 = v_iter.sum(); // after this line, we are not able to use v_iter because it has
[INFO] [stdout]    |         ^^^^^ help: if this is intentional, prefix it with an underscore: `_total`
[INFO] [stdout] 
[INFO] [stdout] 
[INFO] [stdout] warning: unused variable: `v2`
[INFO] [stdout]   --> src/closures_and_iterators/iterators.rs:30:9
[INFO] [stdout]    |
[INFO] [stdout] 30 |     let v2: Vec<_> = v.iter().map(|x| x + 3).collect();
[INFO] [stdout]    |         ^^ help: if this is intentional, prefix it with an underscore: `_v2`
[INFO] [stdout] 
[INFO] [stdout] 
[INFO] [stdout] warning: unused variable: `od_nums`
[INFO] [stdout]   --> src/closures_and_iterators/iterators.rs:33:9
[INFO] [stdout]    |
[INFO] [stdout] 33 |     let od_nums: Vec<_> = v3.iter().filter(|x| (**x) & 1 == 1).collect();
[INFO] [stdout]    |         ^^^^^^^ help: if this is intentional, prefix it with an underscore: `_od_nums`
[INFO] [stdout] 
[INFO] [stdout] 
[INFO] [stdout] warning: struct `Shoe` is never constructed
[INFO] [stdout]  --> src/closures_and_iterators/iterators.rs:4:8
[INFO] [stdout]   |
[INFO] [stdout] 4 | struct Shoe {
[INFO] [stdout]   |        ^^^^
[INFO] [stdout]   |
[INFO] [stdout]   = note: `#[warn(dead_code)]` on by default
[INFO] [stdout] 
[INFO] [stdout] 
[INFO] [stderr]     Finished `test` profile [optimized + debuginfo] target(s) in 0.30s
[INFO] running `Command { std: "docker" "inspect" "082fa74dca88af4c747063e3496a2e03ddb333a86ac85cd8142a13f46cfaa0ab", kill_on_drop: false }`
[INFO] running `Command { std: "docker" "rm" "-f" "082fa74dca88af4c747063e3496a2e03ddb333a86ac85cd8142a13f46cfaa0ab", kill_on_drop: false }`
[INFO] [stdout] 082fa74dca88af4c747063e3496a2e03ddb333a86ac85cd8142a13f46cfaa0ab
[INFO] running `Command { std: "docker" "create" "-v" "/var/lib/crater-agent-workspace/builds/worker-5-tc2/target:/opt/rustwide/target:rw,Z" "-v" "/var/lib/crater-agent-workspace/builds/worker-5-tc2/source:/opt/rustwide/workdir:ro,Z" "-v" "/var/lib/crater-agent-workspace/cargo-home:/opt/rustwide/cargo-home:ro,Z" "-v" "/var/lib/crater-agent-workspace/rustup-home:/opt/rustwide/rustup-home:ro,Z" "-e" "SOURCE_DIR=/opt/rustwide/workdir" "-e" "CARGO_TARGET_DIR=/opt/rustwide/target" "-e" "CARGO_INCREMENTAL=0" "-e" "RUST_BACKTRACE=full" "-e" "RUSTFLAGS=--cap-lints=forbid -Zrandomize-layout" "-e" "RUSTDOCFLAGS=--cap-lints=forbid" "-e" "CARGO_HOME=/opt/rustwide/cargo-home" "-e" "RUSTUP_HOME=/opt/rustwide/rustup-home" "-w" "/opt/rustwide/workdir" "-m" "1610612736" "--user" "0:0" "--network" "none" "ghcr.io/rust-lang/crates-build-env/linux@sha256:4a844ea9eb2546a2d2c7022eacef16ef2e8229c7fbb2c7d4d55a9ceca922f72d" "/opt/rustwide/cargo-home/bin/cargo" "+nightly-2024-10-28" "test" "--frozen", kill_on_drop: false }`
[INFO] [stdout] 31f8b4638754b70ecc127463eec2e4f5aa9c304111cc80c3afb7eb97ef2e4442
[INFO] running `Command { std: "docker" "start" "-a" "31f8b4638754b70ecc127463eec2e4f5aa9c304111cc80c3afb7eb97ef2e4442", kill_on_drop: false }`
[INFO] [stderr] warning: unused variable: `expensive_closure`
[INFO] [stderr]   --> src/closures_and_iterators/closures.rs:50:9
[INFO] [stderr]    |
[INFO] [stderr] 50 |     let expensive_closure = |num : u32| -> u32 {
[INFO] [stderr]    |         ^^^^^^^^^^^^^^^^^ help: if this is intentional, prefix it with an underscore: `_expensive_closure`
[INFO] [stderr]    |
[INFO] [stderr]    = note: `#[warn(unused_variables)]` on by default
[INFO] [stderr] 
[INFO] [stderr] warning: unused variable: `add_one_closure`
[INFO] [stderr]   --> src/closures_and_iterators/closures.rs:56:9
[INFO] [stderr]    |
[INFO] [stderr] 56 |     let add_one_closure = |x: u32| -> u32 {x + 1};
[INFO] [stderr]    |         ^^^^^^^^^^^^^^^ help: if this is intentional, prefix it with an underscore: `_add_one_closure`
[INFO] [stderr] 
[INFO] [stderr] warning: unused variable: `add_one`
[INFO] [stderr]   --> src/closures_and_iterators/closures.rs:57:9
[INFO] [stderr]    |
[INFO] [stderr] 57 |     let add_one  = |x: usize|  x + 1;
[INFO] [stderr]    |         ^^^^^^^ help: if this is intentional, prefix it with an underscore: `_add_one`
[INFO] [stderr] 
[INFO] [stderr] warning: unused variable: `add_one_three`
[INFO] [stderr]   --> src/closures_and_iterators/closures.rs:58:9
[INFO] [stderr]    |
[INFO] [stderr] 58 |     let add_one_three  = |x: usize|  {x + 1};
[INFO] [stderr]    |         ^^^^^^^^^^^^^ help: if this is intentional, prefix it with an underscore: `_add_one_three`
[INFO] [stderr] 
[INFO] [stderr] warning: variable does not need to be mutable
[INFO] [stderr]   --> src/closures_and_iterators/closures.rs:84:9
[INFO] [stderr]    |
[INFO] [stderr] 84 |     let mut list = vec![1,2,3,4];
[INFO] [stderr]    |         ----^^^^
[INFO] [stderr]    |         |
[INFO] [stderr]    |         help: remove this `mut`
[INFO] [stderr]    |
[INFO] [stderr]    = note: `#[warn(unused_mut)]` on by default
[INFO] [stderr] 
[INFO] [stderr] warning: unused variable: `total`
[INFO] [stderr]   --> src/closures_and_iterators/iterators.rs:24:9
[INFO] [stderr]    |
[INFO] [stderr] 24 |     let total: i32 = v_iter.sum(); // after this line, we are not able to use v_iter because it has
[INFO] [stderr]    |         ^^^^^ help: if this is intentional, prefix it with an underscore: `_total`
[INFO] [stderr] 
[INFO] [stderr] warning: unused variable: `v2`
[INFO] [stderr]   --> src/closures_and_iterators/iterators.rs:30:9
[INFO] [stderr]    |
[INFO] [stderr] 30 |     let v2: Vec<_> = v.iter().map(|x| x + 3).collect();
[INFO] [stderr]    |         ^^ help: if this is intentional, prefix it with an underscore: `_v2`
[INFO] [stderr] 
[INFO] [stderr] warning: unused variable: `od_nums`
[INFO] [stderr]   --> src/closures_and_iterators/iterators.rs:33:9
[INFO] [stderr]    |
[INFO] [stderr] 33 |     let od_nums: Vec<_> = v3.iter().filter(|x| (**x) & 1 == 1).collect();
[INFO] [stderr]    |         ^^^^^^^ help: if this is intentional, prefix it with an underscore: `_od_nums`
[INFO] [stderr] 
[INFO] [stderr] warning: struct `Shoe` is never constructed
[INFO] [stderr]  --> src/closures_and_iterators/iterators.rs:4:8
[INFO] [stderr]   |
[INFO] [stderr] 4 | struct Shoe {
[INFO] [stderr]   |        ^^^^
[INFO] [stderr]   |
[INFO] [stderr]   = note: `#[warn(dead_code)]` on by default
[INFO] [stderr] 
[INFO] [stderr] warning: `andersonpgrep` (lib) generated 9 warnings (run `cargo fix --lib -p andersonpgrep` to apply 1 suggestion)
[INFO] [stderr] warning: `andersonpgrep` (lib test) generated 9 warnings (9 duplicates)
[INFO] [stderr]     Finished `test` profile [optimized + debuginfo] target(s) in 0.01s
[INFO] [stderr]      Running unittests src/lib.rs (/opt/rustwide/target/debug/deps/andersonpgrep-15b636e090d98023)
[INFO] [stdout] 
[INFO] [stdout] running 0 tests
[INFO] [stdout] 
[INFO] [stdout] test result: ok. 0 passed; 0 failed; 0 ignored; 0 measured; 0 filtered out; finished in 0.00s
[INFO] [stdout] 
[INFO] [stderr]      Running unittests src/main.rs (/opt/rustwide/target/debug/deps/andersonpgrep-186b98d2de8f5b35)
[INFO] [stdout] 
[INFO] [stdout] running 0 tests
[INFO] [stdout] 
[INFO] [stdout] test result: ok. 0 passed; 0 failed; 0 ignored; 0 measured; 0 filtered out; finished in 0.00s
[INFO] [stdout] 
[INFO] [stderr]      Running tests/unit.rs (/opt/rustwide/target/debug/deps/unit-5e37bb45fbb15c35)
[INFO] [stdout] 
[INFO] [stdout] running 5 tests
[INFO] [stdout] test tests::should_find_one_line ... ok
[INFO] [stdout] test tests::should_find_one_line_ignore_case ... ok
[INFO] [stdout] test tests::should_map_and_iterate_correctly ... ok
[INFO] [stdout] test tests::should_map_and_iterate_correctly_using_built_in ... ok
[INFO] [stdout] test tests::should_map_correctly ... ok
[INFO] [stdout] 
[INFO] [stdout] test result: ok. 5 passed; 0 failed; 0 ignored; 0 measured; 0 filtered out; finished in 0.00s
[INFO] [stdout] 
[INFO] [stderr]    Doc-tests andersonpgrep
[INFO] [stdout] 
[INFO] [stdout] running 10 tests
[INFO] [stdout] test src/lib.rs - Config::build (line 68) ... FAILED
[INFO] [stdout] test src/lib.rs - search (line 119) ... ok
[INFO] [stdout] test src/lib.rs - Config (line 58) ... ok
[INFO] [stdout] test src/lib.rs - search_case_insensitive (line 149) ... ok
[INFO] [stdout] test src/lib.rs - search_case_insensitive (line 144) ... ok
[INFO] [stdout] test src/lib.rs - search (line 114) ... ok
[INFO] [stdout] test src/lib.rs - run (line 30) ... ok
[INFO] [stdout] test src/lib.rs - run (line 20) ... ok
[INFO] [stdout] test src/lib.rs - search_case_insensitive (line 132) ... ok
[INFO] [stdout] test src/lib.rs - search (line 102) ... ok
[INFO] [stdout] 
[INFO] [stdout] failures:
[INFO] [stdout] 
[INFO] [stdout] ---- src/lib.rs - Config::build (line 68) stdout ----
[INFO] [stdout] error[E0369]: binary operation `==` cannot be applied to type `Result<Config, &str>`
[INFO] [stdout]   --> src/lib.rs:74:1
[INFO] [stdout]    |
[INFO] [stdout] 9  | / assert_eq!(config, Config{
[INFO] [stdout] 10 | | query: String::from("query"),
[INFO] [stdout] 11 | | file_path: String::from("file.txt"), ignore_case: false
[INFO] [stdout] 12 | | }, "please run cargo test -- query file.txt")
[INFO] [stdout]    | |                                             ^
[INFO] [stdout]    | |                                             |
[INFO] [stdout]    | |_____________________________________________Result<Config, &str>
[INFO] [stdout]    |                                               Config
[INFO] [stdout]    |
[INFO] [stdout] note: the foreign item type `Result<Config, &str>` doesn't implement `PartialEq<Config>`
[INFO] [stdout]   --> /rustc/df4ca44d3fbc9301ee17f30f4d474e6ae4b05252/library/core/src/result.rs:527:1
[INFO] [stdout]    |
[INFO] [stdout]    = note: not implement `PartialEq<Config>`
[INFO] [stdout]    = note: this error originates in the macro `assert_eq` (in Nightly builds, run with -Z macro-backtrace for more info)
[INFO] [stdout] 
[INFO] [stdout] error: aborting due to 1 previous error
[INFO] [stdout] 
[INFO] [stdout] For more information about this error, try `rustc --explain E0369`.
[INFO] [stdout] Couldn't compile the test.
[INFO] [stdout] 
[INFO] [stdout] failures:
[INFO] [stdout]     src/lib.rs - Config::build (line 68)
[INFO] [stdout] 
[INFO] [stdout] test result: FAILED. 9 passed; 1 failed; 0 ignored; 0 measured; 0 filtered out; finished in 0.12s
[INFO] [stdout] 
[INFO] [stderr] error: doctest failed, to rerun pass `--doc`
[INFO] running `Command { std: "docker" "inspect" "31f8b4638754b70ecc127463eec2e4f5aa9c304111cc80c3afb7eb97ef2e4442", kill_on_drop: false }`
[INFO] running `Command { std: "docker" "rm" "-f" "31f8b4638754b70ecc127463eec2e4f5aa9c304111cc80c3afb7eb97ef2e4442", kill_on_drop: false }`
[INFO] [stdout] 31f8b4638754b70ecc127463eec2e4f5aa9c304111cc80c3afb7eb97ef2e4442
