[INFO] fetching crate amtrak-gtfs-rt 0.4.0...
[INFO] testing amtrak-gtfs-rt-0.4.0 against nightly-2024-10-28+rustflags=-Zrandomize-layout for randomize-layout
[INFO] extracting crate amtrak-gtfs-rt 0.4.0 into /workspace/builds/worker-6-tc2/source
[INFO] validating manifest of crates.io crate amtrak-gtfs-rt 0.4.0 on toolchain nightly-2024-10-28
[INFO] running `Command { std: CARGO_HOME="/workspace/cargo-home" RUSTUP_HOME="/workspace/rustup-home" "/workspace/cargo-home/bin/cargo" "+nightly-2024-10-28" "metadata" "--manifest-path" "Cargo.toml" "--no-deps", kill_on_drop: false }`
[INFO] started tweaking crates.io crate amtrak-gtfs-rt 0.4.0
[INFO] finished tweaking crates.io crate amtrak-gtfs-rt 0.4.0
[INFO] tweaked toml for crates.io crate amtrak-gtfs-rt 0.4.0 written to /workspace/builds/worker-6-tc2/source/Cargo.toml
[INFO] running `Command { std: CARGO_HOME="/workspace/cargo-home" RUSTUP_HOME="/workspace/rustup-home" "/workspace/cargo-home/bin/cargo" "+nightly-2024-10-28" "generate-lockfile" "--manifest-path" "Cargo.toml", kill_on_drop: false }`
[INFO] [stderr]     Blocking waiting for file lock on package cache
[INFO] [stderr]     Updating crates.io index
[INFO] [stderr]     Blocking waiting for file lock on package cache
[INFO] [stderr]      Locking 295 packages to latest compatible versions
[INFO] [stderr]       Adding crypto-mac v0.11.0 (available: v0.11.1)
[INFO] [stderr]       Adding password-hash v0.2.1 (available: v0.2.3)
[INFO] [stderr]       Adding wasi v0.10.0+wasi-snapshot-preview1 (available: v0.10.2+wasi-snapshot-preview1)
[INFO] running `Command { std: CARGO_HOME="/workspace/cargo-home" RUSTUP_HOME="/workspace/rustup-home" "/workspace/cargo-home/bin/cargo" "+nightly-2024-10-28" "fetch" "--manifest-path" "Cargo.toml", kill_on_drop: false }`
[INFO] running `Command { std: "docker" "create" "-v" "/var/lib/crater-agent-workspace/builds/worker-6-tc2/target:/opt/rustwide/target:rw,Z" "-v" "/var/lib/crater-agent-workspace/builds/worker-6-tc2/source:/opt/rustwide/workdir:ro,Z" "-v" "/var/lib/crater-agent-workspace/cargo-home:/opt/rustwide/cargo-home:ro,Z" "-v" "/var/lib/crater-agent-workspace/rustup-home:/opt/rustwide/rustup-home:ro,Z" "-e" "SOURCE_DIR=/opt/rustwide/workdir" "-e" "CARGO_TARGET_DIR=/opt/rustwide/target" "-e" "CARGO_HOME=/opt/rustwide/cargo-home" "-e" "RUSTUP_HOME=/opt/rustwide/rustup-home" "-w" "/opt/rustwide/workdir" "-m" "1610612736" "--user" "0:0" "--network" "none" "ghcr.io/rust-lang/crates-build-env/linux@sha256:4a844ea9eb2546a2d2c7022eacef16ef2e8229c7fbb2c7d4d55a9ceca922f72d" "/opt/rustwide/cargo-home/bin/cargo" "+nightly-2024-10-28" "metadata" "--no-deps" "--format-version=1", kill_on_drop: false }`
[INFO] [stdout] 54dda6bb424b29a42c00484a30ebc94b07ce54adfe449af8558812b1f611d3ac
[INFO] running `Command { std: "docker" "start" "-a" "54dda6bb424b29a42c00484a30ebc94b07ce54adfe449af8558812b1f611d3ac", kill_on_drop: false }`
[INFO] running `Command { std: "docker" "inspect" "54dda6bb424b29a42c00484a30ebc94b07ce54adfe449af8558812b1f611d3ac", kill_on_drop: false }`
[INFO] running `Command { std: "docker" "rm" "-f" "54dda6bb424b29a42c00484a30ebc94b07ce54adfe449af8558812b1f611d3ac", kill_on_drop: false }`
[INFO] [stdout] 54dda6bb424b29a42c00484a30ebc94b07ce54adfe449af8558812b1f611d3ac
[INFO] running `Command { std: "docker" "create" "-v" "/var/lib/crater-agent-workspace/builds/worker-6-tc2/target:/opt/rustwide/target:rw,Z" "-v" "/var/lib/crater-agent-workspace/builds/worker-6-tc2/source:/opt/rustwide/workdir:ro,Z" "-v" "/var/lib/crater-agent-workspace/cargo-home:/opt/rustwide/cargo-home:ro,Z" "-v" "/var/lib/crater-agent-workspace/rustup-home:/opt/rustwide/rustup-home:ro,Z" "-e" "SOURCE_DIR=/opt/rustwide/workdir" "-e" "CARGO_TARGET_DIR=/opt/rustwide/target" "-e" "CARGO_INCREMENTAL=0" "-e" "RUST_BACKTRACE=full" "-e" "RUSTFLAGS=--cap-lints=forbid -Zrandomize-layout" "-e" "RUSTDOCFLAGS=--cap-lints=forbid" "-e" "CARGO_HOME=/opt/rustwide/cargo-home" "-e" "RUSTUP_HOME=/opt/rustwide/rustup-home" "-w" "/opt/rustwide/workdir" "-m" "1610612736" "--user" "0:0" "--network" "none" "ghcr.io/rust-lang/crates-build-env/linux@sha256:4a844ea9eb2546a2d2c7022eacef16ef2e8229c7fbb2c7d4d55a9ceca922f72d" "/opt/rustwide/cargo-home/bin/cargo" "+nightly-2024-10-28" "build" "--frozen" "--message-format=json", kill_on_drop: false }`
[INFO] [stdout] 274984df30bd2f9ab438593511a308c72ae4121766a3082f2e4ace7f6236d6d1
[INFO] running `Command { std: "docker" "start" "-a" "274984df30bd2f9ab438593511a308c72ae4121766a3082f2e4ace7f6236d6d1", kill_on_drop: false }`
[INFO] [stderr]    Compiling either v1.13.0
[INFO] [stderr]    Compiling generic-array v0.14.7
[INFO] [stderr]    Compiling anyhow v1.0.92
[INFO] [stderr]    Compiling subtle v2.6.1
[INFO] [stderr]    Compiling regex-syntax v0.8.5
[INFO] [stderr]    Compiling rustix v0.38.38
[INFO] [stderr]    Compiling bytes v1.8.0
[INFO] [stderr]    Compiling syn v2.0.86
[INFO] [stderr]    Compiling jobserver v0.1.32
[INFO] [stderr]    Compiling getrandom v0.2.15
[INFO] [stderr]    Compiling socket2 v0.5.7
[INFO] [stderr]    Compiling mio v1.0.2
[INFO] [stderr]    Compiling bitflags v2.6.0
[INFO] [stderr]    Compiling linux-raw-sys v0.4.14
[INFO] [stderr]    Compiling http v1.1.0
[INFO] [stderr]    Compiling cpufeatures v0.2.14
[INFO] [stderr]    Compiling fastrand v2.1.1
[INFO] [stderr]    Compiling fixedbitset v0.4.2
[INFO] [stderr]    Compiling rustls-pki-types v1.10.0
[INFO] [stderr]    Compiling cc v1.1.31
[INFO] [stderr]    Compiling libm v0.2.11
[INFO] [stderr]    Compiling petgraph v0.6.5
[INFO] [stderr]    Compiling itertools v0.13.0
[INFO] [stderr]    Compiling tokio v1.41.0
[INFO] [stderr]    Compiling itertools v0.10.5
[INFO] [stderr]    Compiling tracing v0.1.40
[INFO] [stderr]    Compiling num-traits v0.2.19
[INFO] [stderr]    Compiling openssl v0.10.68
[INFO] [stderr]    Compiling atomic-waker v1.1.2
[INFO] [stderr]    Compiling time-macros v0.2.18
[INFO] [stderr]    Compiling crypto-common v0.1.6
[INFO] [stderr]    Compiling block-buffer v0.10.4
[INFO] [stderr]    Compiling httparse v1.9.5
[INFO] [stderr]    Compiling rand_core v0.6.4
[INFO] [stderr]    Compiling smallvec v1.13.2
[INFO] [stderr]    Compiling http-body v1.0.1
[INFO] [stderr]    Compiling rustls v0.23.16
[INFO] [stderr]    Compiling miniz_oxide v0.8.0
[INFO] [stderr]    Compiling rand v0.8.5
[INFO] [stderr]    Compiling digest v0.10.7
[INFO] [stderr]    Compiling phf_shared v0.11.2
[INFO] [stderr]    Compiling cookie v0.18.1
[INFO] [stderr]    Compiling prettyplease v0.2.25
[INFO] [stderr]    Compiling prettyplease v0.1.25
[INFO] [stderr]    Compiling tower-service v0.3.3
[INFO] [stderr]    Compiling regex-automata v0.4.8
[INFO] [stderr]    Compiling flate2 v1.0.34
[INFO] [stderr]    Compiling digest v0.9.0
[INFO] [stderr]    Compiling idna v0.5.0
[INFO] [stderr]    Compiling phf_generator v0.11.2
[INFO] [stderr]    Compiling idna v0.3.0
[INFO] [stderr]    Compiling prost-derive v0.11.9
[INFO] [stderr]    Compiling psl-types v2.0.11
[INFO] [stderr]    Compiling zstd-safe v7.2.1
[INFO] [stderr]    Compiling home v0.5.9
[INFO] [stderr]    Compiling phf_codegen v0.11.2
[INFO] [stderr]    Compiling brotli v7.0.0
[INFO] [stderr]    Compiling openssl-sys v0.9.104
[INFO] [stderr]    Compiling ring v0.17.8
[INFO] [stderr]    Compiling zstd-sys v2.0.13+zstd.1.5.6
[INFO] [stderr]    Compiling bzip2-sys v0.1.11+1.0.8
[INFO] [stderr]    Compiling time v0.3.36
[INFO] [stderr]    Compiling url v2.5.2
[INFO] [stderr]    Compiling tempfile v3.13.0
[INFO] [stderr]    Compiling native-tls v0.2.12
[INFO] [stderr]    Compiling which v4.4.2
[INFO] [stderr]    Compiling publicsuffix v2.2.3
[INFO] [stderr]    Compiling inout v0.1.3
[INFO] [stderr]    Compiling block-buffer v0.9.0
[INFO] [stderr]    Compiling webpki-roots v0.26.6
[INFO] [stderr]    Compiling lazy_static v1.5.0
[INFO] [stderr]    Compiling multimap v0.8.3
[INFO] [stderr]    Compiling crc-catalog v2.4.0
[INFO] [stderr]    Compiling heck v0.5.0
[INFO] [stderr]    Compiling multimap v0.10.0
[INFO] [stderr]    Compiling crc v3.2.1
[INFO] [stderr]    Compiling cipher v0.4.4
[INFO] [stderr]    Compiling hmac v0.12.1
[INFO] [stderr]    Compiling cipher v0.3.0
[INFO] [stderr]    Compiling crypto-mac v0.11.0
[INFO] [stderr]    Compiling rustls-pemfile v2.2.0
[INFO] [stderr]    Compiling sync_wrapper v1.0.1
[INFO] [stderr]    Compiling encoding_rs v0.8.35
[INFO] [stderr]    Compiling bumpalo v3.16.0
[INFO] [stderr]    Compiling base64 v0.22.1
[INFO] [stderr]    Compiling regex v1.11.1
[INFO] [stderr]    Compiling simd-adler32 v0.3.7
[INFO] [stderr]    Compiling ipnet v2.10.1
[INFO] [stderr]    Compiling zip v2.2.0
[INFO] [stderr]    Compiling prost v0.11.9
[INFO] [stderr]    Compiling base64ct v1.6.0
[INFO] [stderr]    Compiling parse-zoneinfo v0.3.1
[INFO] [stderr]    Compiling gcc v0.3.55
[INFO] [stderr]    Compiling mime v0.3.17
[INFO] [stderr]    Compiling lockfree-object-pool v0.1.6
[INFO] [stderr]    Compiling prost-types v0.11.9
[INFO] [stderr]    Compiling zopfli v0.8.1
[INFO] [stderr]    Compiling password-hash v0.2.1
[INFO] [stderr]    Compiling chrono-tz-build v0.4.0
[INFO] [stderr]    Compiling tokio-util v0.7.12
[INFO] [stderr]    Compiling bzip2 v0.4.4
[INFO] [stderr]    Compiling rust-crypto v0.2.36
[INFO] [stderr]    Compiling hmac v0.11.0
[INFO] [stderr]    Compiling lzma-rs v0.3.0
[INFO] [stderr]    Compiling aes v0.8.4
[INFO] [stderr]    Compiling pbkdf2 v0.12.2
[INFO] [stderr]    Compiling sha2 v0.9.9
[INFO] [stderr]    Compiling sha1 v0.10.6
[INFO] [stderr]    Compiling chrono-tz v0.10.0
[INFO] [stderr]    Compiling rand v0.4.6
[INFO] [stderr]    Compiling csv-core v0.1.11
[INFO] [stderr]    Compiling h2 v0.4.6
[INFO] [stderr]    Compiling deflate64 v0.1.9
[INFO] [stderr]    Compiling prost-build v0.11.9
[INFO] [stderr]    Compiling bytemuck v1.19.0
[INFO] [stderr]    Compiling constant_time_eq v0.3.1
[INFO] [stderr]    Compiling block-modes v0.8.1
[INFO] [stderr]    Compiling rgb v0.8.50
[INFO] [stderr]    Compiling pbkdf2 v0.8.0
[INFO] [stderr]    Compiling phf v0.11.2
[INFO] [stderr]    Compiling rand v0.3.23
[INFO] [stderr]    Compiling aes v0.7.5
[INFO] [stderr]    Compiling sha-1 v0.9.8
[INFO] [stderr]    Compiling sha2 v0.10.8
[INFO] [stderr]    Compiling derivative v2.2.0
[INFO] [stderr]    Compiling time v0.1.45
[INFO] [stderr]    Compiling async-compression v0.4.17
[INFO] [stderr]    Compiling rustc-serialize v0.3.25
[INFO] [stderr]    Compiling base64 v0.13.1
[INFO] [stderr]    Compiling serde_derive v1.0.214
[INFO] [stderr]    Compiling futures-macro v0.3.31
[INFO] [stderr]    Compiling zeroize_derive v1.4.2
[INFO] [stderr]    Compiling prost-derive v0.13.3
[INFO] [stderr]    Compiling openssl-macros v0.1.1
[INFO] [stderr]    Compiling thiserror-impl v1.0.66
[INFO] [stderr]    Compiling zerocopy-derive v0.7.35
[INFO] [stderr]    Compiling gtfs-rt v0.5.0
[INFO] [stderr]    Compiling displaydoc v0.2.5
[INFO] [stderr]    Compiling zeroize v1.8.1
[INFO] [stderr]    Compiling futures-util v0.3.31
[INFO] [stderr]    Compiling zerocopy v0.7.35
[INFO] [stderr]    Compiling thiserror v1.0.66
[INFO] [stderr]    Compiling amtk v0.1.0
[INFO] [stderr]    Compiling prost v0.13.3
[INFO] [stderr]    Compiling ppv-lite86 v0.2.20
[INFO] [stderr]    Compiling prost-types v0.13.3
[INFO] [stderr]    Compiling rand_chacha v0.3.1
[INFO] [stderr]    Compiling serde v1.0.214
[INFO] [stderr]    Compiling rustls-webpki v0.102.8
[INFO] [stderr]    Compiling prost-build v0.13.3
[INFO] [stderr]    Compiling hyper v1.5.0
[INFO] [stderr]    Compiling http-body-util v0.1.2
[INFO] [stderr]    Compiling futures-executor v0.3.31
[INFO] [stderr]    Compiling futures v0.3.31
[INFO] [stderr]    Compiling gtfs-realtime v0.1.2
[INFO] [stderr]    Compiling tokio-native-tls v0.3.1
[INFO] [stderr]    Compiling zstd v0.13.2
[INFO] [stderr]    Compiling hyper-util v0.1.10
[INFO] [stderr]    Compiling serde_json v1.0.132
[INFO] [stderr]    Compiling serde_urlencoded v0.7.1
[INFO] [stderr]    Compiling chrono v0.4.38
[INFO] [stderr]    Compiling geo-types v0.7.13
[INFO] [stderr]    Compiling csv v1.3.0
[INFO] [stderr]    Compiling hyper-tls v0.6.0
[INFO] [stderr]    Compiling cookie_store v0.21.0
[INFO] [stderr]    Compiling geojson v0.24.1
[INFO] [stderr]    Compiling tokio-rustls v0.26.0
[INFO] [stderr]    Compiling hyper-rustls v0.27.3
[INFO] [stderr]    Compiling reqwest v0.12.9
[INFO] [stderr]    Compiling gtfs-structures v0.42.0
[INFO] [stderr]    Compiling amtrak-api v0.2.0
[INFO] [stderr]    Compiling amtrak-gtfs-rt v0.4.0 (/opt/rustwide/workdir)
[INFO] [stdout] warning: unused variable: `list_of_train_ids`
[INFO] [stdout]    --> src/lib.rs:574:17
[INFO] [stdout]     |
[INFO] [stdout] 574 |             let list_of_train_ids = features_collection
[INFO] [stdout]     |                 ^^^^^^^^^^^^^^^^^ help: if this is intentional, prefix it with an underscore: `_list_of_train_ids`
[INFO] [stdout]     |
[INFO] [stdout]     = note: `#[warn(unused_variables)]` on by default
[INFO] [stdout] 
[INFO] [stdout] 
[INFO] [stdout] warning: fields `bus`, `schcmnt`, `autoarr`, `autodep`, `estarrcmnt`, and `estdepcmnt` are never read
[INFO] [stdout]    --> src/lib.rs:105:5
[INFO] [stdout]     |
[INFO] [stdout] 99  | pub struct AmtrakArrivalJson {
[INFO] [stdout]     |            ----------------- fields in this struct
[INFO] [stdout] ...
[INFO] [stdout] 105 |     bus: bool,
[INFO] [stdout]     |     ^^^
[INFO] [stdout] ...
[INFO] [stdout] 111 |     schcmnt: String,
[INFO] [stdout]     |     ^^^^^^^
[INFO] [stdout] 112 |     //"autoarr":true,
[INFO] [stdout] 113 |     autoarr: bool,
[INFO] [stdout]     |     ^^^^^^^
[INFO] [stdout] 114 |     //"autodep":true,
[INFO] [stdout] 115 |     autodep: bool,
[INFO] [stdout]     |     ^^^^^^^
[INFO] [stdout] ...
[INFO] [stdout] 124 |     estarrcmnt: Option<String>,
[INFO] [stdout]     |     ^^^^^^^^^^
[INFO] [stdout] 125 |     //"estdepcmnt":"ON TIME"
[INFO] [stdout] 126 |     estdepcmnt: Option<String>,
[INFO] [stdout]     |     ^^^^^^^^^^
[INFO] [stdout]     |
[INFO] [stdout]     = note: `AmtrakArrivalJson` has a derived impl for the trait `Debug`, but this is intentionally ignored during dead code analysis
[INFO] [stdout]     = note: `#[warn(dead_code)]` on by default
[INFO] [stdout] 
[INFO] [stdout] 
[INFO] [stderr]     Finished `dev` profile [unoptimized + debuginfo] target(s) in 18.75s
[INFO] running `Command { std: "docker" "inspect" "274984df30bd2f9ab438593511a308c72ae4121766a3082f2e4ace7f6236d6d1", kill_on_drop: false }`
[INFO] running `Command { std: "docker" "rm" "-f" "274984df30bd2f9ab438593511a308c72ae4121766a3082f2e4ace7f6236d6d1", kill_on_drop: false }`
[INFO] [stdout] 274984df30bd2f9ab438593511a308c72ae4121766a3082f2e4ace7f6236d6d1
[INFO] running `Command { std: "docker" "create" "-v" "/var/lib/crater-agent-workspace/builds/worker-6-tc2/target:/opt/rustwide/target:rw,Z" "-v" "/var/lib/crater-agent-workspace/builds/worker-6-tc2/source:/opt/rustwide/workdir:ro,Z" "-v" "/var/lib/crater-agent-workspace/cargo-home:/opt/rustwide/cargo-home:ro,Z" "-v" "/var/lib/crater-agent-workspace/rustup-home:/opt/rustwide/rustup-home:ro,Z" "-e" "SOURCE_DIR=/opt/rustwide/workdir" "-e" "CARGO_TARGET_DIR=/opt/rustwide/target" "-e" "CARGO_INCREMENTAL=0" "-e" "RUST_BACKTRACE=full" "-e" "RUSTFLAGS=--cap-lints=forbid -Zrandomize-layout" "-e" "RUSTDOCFLAGS=--cap-lints=forbid" "-e" "CARGO_HOME=/opt/rustwide/cargo-home" "-e" "RUSTUP_HOME=/opt/rustwide/rustup-home" "-w" "/opt/rustwide/workdir" "-m" "1610612736" "--user" "0:0" "--network" "none" "ghcr.io/rust-lang/crates-build-env/linux@sha256:4a844ea9eb2546a2d2c7022eacef16ef2e8229c7fbb2c7d4d55a9ceca922f72d" "/opt/rustwide/cargo-home/bin/cargo" "+nightly-2024-10-28" "test" "--frozen" "--no-run" "--message-format=json", kill_on_drop: false }`
[INFO] [stdout] 57721ec4e843b50f01e1f063c7e0f3d66ac54c99f35ee09883b85f55af18ac5f
[INFO] running `Command { std: "docker" "start" "-a" "57721ec4e843b50f01e1f063c7e0f3d66ac54c99f35ee09883b85f55af18ac5f", kill_on_drop: false }`
[INFO] [stderr]    Compiling lock_api v0.4.12
[INFO] [stderr]    Compiling parking_lot_core v0.9.10
[INFO] [stderr]    Compiling signal-hook-registry v1.4.2
[INFO] [stderr]    Compiling tokio-macros v2.4.0
[INFO] [stderr]    Compiling parking_lot v0.12.3
[INFO] [stderr]    Compiling tokio v1.41.0
[INFO] [stderr]    Compiling tokio-util v0.7.12
[INFO] [stderr]    Compiling tokio-native-tls v0.3.1
[INFO] [stderr]    Compiling tokio-rustls v0.26.0
[INFO] [stderr]    Compiling async-compression v0.4.17
[INFO] [stderr]    Compiling h2 v0.4.6
[INFO] [stderr]    Compiling hyper v1.5.0
[INFO] [stderr]    Compiling hyper-util v0.1.10
[INFO] [stderr]    Compiling hyper-tls v0.6.0
[INFO] [stderr]    Compiling hyper-rustls v0.27.3
[INFO] [stderr]    Compiling reqwest v0.12.9
[INFO] [stderr]    Compiling gtfs-structures v0.42.0
[INFO] [stderr]    Compiling amtrak-api v0.2.0
[INFO] [stderr]    Compiling amtrak-gtfs-rt v0.4.0 (/opt/rustwide/workdir)
[INFO] [stdout] warning: unused variable: `list_of_train_ids`
[INFO] [stdout]    --> src/lib.rs:574:17
[INFO] [stdout]     |
[INFO] [stdout] 574 |             let list_of_train_ids = features_collection
[INFO] [stdout]     |                 ^^^^^^^^^^^^^^^^^ help: if this is intentional, prefix it with an underscore: `_list_of_train_ids`
[INFO] [stdout]     |
[INFO] [stdout]     = note: `#[warn(unused_variables)]` on by default
[INFO] [stdout] 
[INFO] [stdout] 
[INFO] [stdout] warning: fields `bus`, `schcmnt`, `autoarr`, `autodep`, `estarrcmnt`, and `estdepcmnt` are never read
[INFO] [stdout]    --> src/lib.rs:105:5
[INFO] [stdout]     |
[INFO] [stdout] 99  | pub struct AmtrakArrivalJson {
[INFO] [stdout]     |            ----------------- fields in this struct
[INFO] [stdout] ...
[INFO] [stdout] 105 |     bus: bool,
[INFO] [stdout]     |     ^^^
[INFO] [stdout] ...
[INFO] [stdout] 111 |     schcmnt: String,
[INFO] [stdout]     |     ^^^^^^^
[INFO] [stdout] 112 |     //"autoarr":true,
[INFO] [stdout] 113 |     autoarr: bool,
[INFO] [stdout]     |     ^^^^^^^
[INFO] [stdout] 114 |     //"autodep":true,
[INFO] [stdout] 115 |     autodep: bool,
[INFO] [stdout]     |     ^^^^^^^
[INFO] [stdout] ...
[INFO] [stdout] 124 |     estarrcmnt: Option<String>,
[INFO] [stdout]     |     ^^^^^^^^^^
[INFO] [stdout] 125 |     //"estdepcmnt":"ON TIME"
[INFO] [stdout] 126 |     estdepcmnt: Option<String>,
[INFO] [stdout]     |     ^^^^^^^^^^
[INFO] [stdout]     |
[INFO] [stdout]     = note: `AmtrakArrivalJson` has a derived impl for the trait `Debug`, but this is intentionally ignored during dead code analysis
[INFO] [stdout]     = note: `#[warn(dead_code)]` on by default
[INFO] [stdout] 
[INFO] [stdout] 
[INFO] [stdout] warning: unused variable: `list_of_train_ids`
[INFO] [stdout]    --> src/lib.rs:574:17
[INFO] [stdout]     |
[INFO] [stdout] 574 |             let list_of_train_ids = features_collection
[INFO] [stdout]     |                 ^^^^^^^^^^^^^^^^^ help: if this is intentional, prefix it with an underscore: `_list_of_train_ids`
[INFO] [stdout]     |
[INFO] [stdout]     = note: `#[warn(unused_variables)]` on by default
[INFO] [stdout] 
[INFO] [stdout] 
[INFO] [stdout] warning: unused variable: `entity`
[INFO] [stdout]    --> src/lib.rs:658:13
[INFO] [stdout]     |
[INFO] [stdout] 658 |         for entity in amtrak_results.unwrap().unified_feed.entity {
[INFO] [stdout]     |             ^^^^^^ help: if this is intentional, prefix it with an underscore: `_entity`
[INFO] [stdout] 
[INFO] [stdout] 
[INFO] [stdout] warning: fields `bus`, `schcmnt`, `autoarr`, `autodep`, `estarrcmnt`, and `estdepcmnt` are never read
[INFO] [stdout]    --> src/lib.rs:105:5
[INFO] [stdout]     |
[INFO] [stdout] 99  | pub struct AmtrakArrivalJson {
[INFO] [stdout]     |            ----------------- fields in this struct
[INFO] [stdout] ...
[INFO] [stdout] 105 |     bus: bool,
[INFO] [stdout]     |     ^^^
[INFO] [stdout] ...
[INFO] [stdout] 111 |     schcmnt: String,
[INFO] [stdout]     |     ^^^^^^^
[INFO] [stdout] 112 |     //"autoarr":true,
[INFO] [stdout] 113 |     autoarr: bool,
[INFO] [stdout]     |     ^^^^^^^
[INFO] [stdout] 114 |     //"autodep":true,
[INFO] [stdout] 115 |     autodep: bool,
[INFO] [stdout]     |     ^^^^^^^
[INFO] [stdout] ...
[INFO] [stdout] 124 |     estarrcmnt: Option<String>,
[INFO] [stdout]     |     ^^^^^^^^^^
[INFO] [stdout] 125 |     //"estdepcmnt":"ON TIME"
[INFO] [stdout] 126 |     estdepcmnt: Option<String>,
[INFO] [stdout]     |     ^^^^^^^^^^
[INFO] [stdout]     |
[INFO] [stdout]     = note: `AmtrakArrivalJson` has a derived impl for the trait `Debug`, but this is intentionally ignored during dead code analysis
[INFO] [stdout]     = note: `#[warn(dead_code)]` on by default
[INFO] [stdout] 
[INFO] [stdout] 
[INFO] [stderr]     Finished `test` profile [unoptimized + debuginfo] target(s) in 12.44s
[INFO] running `Command { std: "docker" "inspect" "57721ec4e843b50f01e1f063c7e0f3d66ac54c99f35ee09883b85f55af18ac5f", kill_on_drop: false }`
[INFO] running `Command { std: "docker" "rm" "-f" "57721ec4e843b50f01e1f063c7e0f3d66ac54c99f35ee09883b85f55af18ac5f", kill_on_drop: false }`
[INFO] [stdout] 57721ec4e843b50f01e1f063c7e0f3d66ac54c99f35ee09883b85f55af18ac5f
[INFO] running `Command { std: "docker" "create" "-v" "/var/lib/crater-agent-workspace/builds/worker-6-tc2/target:/opt/rustwide/target:rw,Z" "-v" "/var/lib/crater-agent-workspace/builds/worker-6-tc2/source:/opt/rustwide/workdir:ro,Z" "-v" "/var/lib/crater-agent-workspace/cargo-home:/opt/rustwide/cargo-home:ro,Z" "-v" "/var/lib/crater-agent-workspace/rustup-home:/opt/rustwide/rustup-home:ro,Z" "-e" "SOURCE_DIR=/opt/rustwide/workdir" "-e" "CARGO_TARGET_DIR=/opt/rustwide/target" "-e" "CARGO_INCREMENTAL=0" "-e" "RUST_BACKTRACE=full" "-e" "RUSTFLAGS=--cap-lints=forbid -Zrandomize-layout" "-e" "RUSTDOCFLAGS=--cap-lints=forbid" "-e" "CARGO_HOME=/opt/rustwide/cargo-home" "-e" "RUSTUP_HOME=/opt/rustwide/rustup-home" "-w" "/opt/rustwide/workdir" "-m" "1610612736" "--user" "0:0" "--network" "none" "ghcr.io/rust-lang/crates-build-env/linux@sha256:4a844ea9eb2546a2d2c7022eacef16ef2e8229c7fbb2c7d4d55a9ceca922f72d" "/opt/rustwide/cargo-home/bin/cargo" "+nightly-2024-10-28" "test" "--frozen", kill_on_drop: false }`
[INFO] [stdout] 50eca98e3ea3f12ae5f7d591959d61fb6d35ed02233a37e0b0ee2297bd98d6fa
[INFO] running `Command { std: "docker" "start" "-a" "50eca98e3ea3f12ae5f7d591959d61fb6d35ed02233a37e0b0ee2297bd98d6fa", kill_on_drop: false }`
[INFO] [stderr] warning: unused variable: `list_of_train_ids`
[INFO] [stderr]    --> src/lib.rs:574:17
[INFO] [stderr]     |
[INFO] [stderr] 574 |             let list_of_train_ids = features_collection
[INFO] [stderr]     |                 ^^^^^^^^^^^^^^^^^ help: if this is intentional, prefix it with an underscore: `_list_of_train_ids`
[INFO] [stderr]     |
[INFO] [stderr]     = note: `#[warn(unused_variables)]` on by default
[INFO] [stderr] 
[INFO] [stderr] warning: fields `bus`, `schcmnt`, `autoarr`, `autodep`, `estarrcmnt`, and `estdepcmnt` are never read
[INFO] [stderr]    --> src/lib.rs:105:5
[INFO] [stderr]     |
[INFO] [stderr] 99  | pub struct AmtrakArrivalJson {
[INFO] [stderr]     |            ----------------- fields in this struct
[INFO] [stderr] ...
[INFO] [stderr] 105 |     bus: bool,
[INFO] [stderr]     |     ^^^
[INFO] [stderr] ...
[INFO] [stderr] 111 |     schcmnt: String,
[INFO] [stderr]     |     ^^^^^^^
[INFO] [stderr] 112 |     //"autoarr":true,
[INFO] [stderr] 113 |     autoarr: bool,
[INFO] [stderr]     |     ^^^^^^^
[INFO] [stderr] 114 |     //"autodep":true,
[INFO] [stderr] 115 |     autodep: bool,
[INFO] [stderr]     |     ^^^^^^^
[INFO] [stderr] ...
[INFO] [stderr] 124 |     estarrcmnt: Option<String>,
[INFO] [stderr]     |     ^^^^^^^^^^
[INFO] [stderr] 125 |     //"estdepcmnt":"ON TIME"
[INFO] [stderr] 126 |     estdepcmnt: Option<String>,
[INFO] [stderr]     |     ^^^^^^^^^^
[INFO] [stderr]     |
[INFO] [stderr]     = note: `AmtrakArrivalJson` has a derived impl for the trait `Debug`, but this is intentionally ignored during dead code analysis
[INFO] [stderr]     = note: `#[warn(dead_code)]` on by default
[INFO] [stderr] 
[INFO] [stderr] warning: unused variable: `entity`
[INFO] [stderr]    --> src/lib.rs:658:13
[INFO] [stderr]     |
[INFO] [stderr] 658 |         for entity in amtrak_results.unwrap().unified_feed.entity {
[INFO] [stderr]     |             ^^^^^^ help: if this is intentional, prefix it with an underscore: `_entity`
[INFO] [stderr] 
[INFO] [stderr] warning: `amtrak-gtfs-rt` (lib) generated 2 warnings
[INFO] [stderr] warning: `amtrak-gtfs-rt` (lib test) generated 3 warnings (2 duplicates)
[INFO] [stderr]     Finished `test` profile [unoptimized + debuginfo] target(s) in 0.17s
[INFO] [stderr]      Running unittests src/lib.rs (/opt/rustwide/target/debug/deps/amtrak_gtfs_rt-36e0e88730aec74e)
[INFO] [stdout] 
[INFO] [stdout] running 3 tests
[INFO] [stdout] test tests::read_last_stop ... ok
[INFO] [stdout] test stop_times::tests::test_deserialize ... ok
[INFO] [stdout] test tests::test_amtrak ... FAILED
[INFO] [stdout] 
[INFO] [stdout] failures:
[INFO] [stdout] 
[INFO] [stdout] ---- tests::test_amtrak stdout ----
[INFO] [stdout] download and process amtrak gtfs file
[INFO] [stdout] thread 'tests::test_amtrak' panicked at src/lib.rs:650:14:
[INFO] [stdout] called `Result::unwrap()` on an `Err` value: Fetch(reqwest::Error { kind: Request, url: "https://content.amtrak.com/content/gtfs/GTFS.zip", source: hyper_util::client::legacy::Error(Connect, ConnectError("dns error", Custom { kind: Uncategorized, error: "failed to lookup address information: Temporary failure in name resolution" })) })
[INFO] [stdout] stack backtrace:
[INFO] [stdout]    0:     0x6046172ce28a - std::backtrace_rs::backtrace::libunwind::trace::h207520d6e9873551
[INFO] [stdout]                                at /rustc/df4ca44d3fbc9301ee17f30f4d474e6ae4b05252/library/std/src/../../backtrace/src/backtrace/libunwind.rs:116:5
[INFO] [stdout]    1:     0x6046172ce28a - std::backtrace_rs::backtrace::trace_unsynchronized::h2ed7433f370e3eca
[INFO] [stdout]                                at /rustc/df4ca44d3fbc9301ee17f30f4d474e6ae4b05252/library/std/src/../../backtrace/src/backtrace/mod.rs:66:5
[INFO] [stdout]    2:     0x6046172ce28a - std::sys::backtrace::_print_fmt::h916fac51166b18d7
[INFO] [stdout]                                at /rustc/df4ca44d3fbc9301ee17f30f4d474e6ae4b05252/library/std/src/sys/backtrace.rs:66:9
[INFO] [stdout]    3:     0x6046172ce28a - <std::sys::backtrace::BacktraceLock::print::DisplayBacktrace as core::fmt::Display>::fmt::ha0a4c9b8ce3802e6
[INFO] [stdout]                                at /rustc/df4ca44d3fbc9301ee17f30f4d474e6ae4b05252/library/std/src/sys/backtrace.rs:39:26
[INFO] [stdout]    4:     0x6046172f97d3 - core::fmt::rt::Argument::fmt::h4cfc8587d52b3eb5
[INFO] [stdout]                                at /rustc/df4ca44d3fbc9301ee17f30f4d474e6ae4b05252/library/core/src/fmt/rt.rs:177:76
[INFO] [stdout]    5:     0x6046172f97d3 - core::fmt::write::h522cc39e5b36ae9f
[INFO] [stdout]                                at /rustc/df4ca44d3fbc9301ee17f30f4d474e6ae4b05252/library/core/src/fmt/mod.rs:1190:21
[INFO] [stdout]    6:     0x6046172ca163 - std::io::Write::write_fmt::h7d3c26752da97734
[INFO] [stdout]                                at /rustc/df4ca44d3fbc9301ee17f30f4d474e6ae4b05252/library/std/src/io/mod.rs:1839:15
[INFO] [stdout]    7:     0x6046172ce0d2 - std::sys::backtrace::BacktraceLock::print::h4b9e00b29e9c0942
[INFO] [stdout]                                at /rustc/df4ca44d3fbc9301ee17f30f4d474e6ae4b05252/library/std/src/sys/backtrace.rs:42:9
[INFO] [stdout]    8:     0x6046172cf71a - std::panicking::default_hook::{{closure}}::hb59b88280d0324d9
[INFO] [stdout]                                at /rustc/df4ca44d3fbc9301ee17f30f4d474e6ae4b05252/library/std/src/panicking.rs:268:22
[INFO] [stdout]    9:     0x6046172cf524 - std::panicking::default_hook::he1dd496665be4a29
[INFO] [stdout]                                at /rustc/df4ca44d3fbc9301ee17f30f4d474e6ae4b05252/library/std/src/panicking.rs:292:9
[INFO] [stdout]   10:     0x604616a57a49 - <alloc::boxed::Box<F,A> as core::ops::function::Fn<Args>>::call::h4ff71de18744e1dc
[INFO] [stdout]                                at /rustc/df4ca44d3fbc9301ee17f30f4d474e6ae4b05252/library/alloc/src/boxed.rs:2468:9
[INFO] [stdout]   11:     0x604616a57a49 - test::test_main::{{closure}}::hcf7c055ce117aa81
[INFO] [stdout]                                at /rustc/df4ca44d3fbc9301ee17f30f4d474e6ae4b05252/library/test/src/lib.rs:133:21
[INFO] [stdout]   12:     0x6046172cfe18 - <alloc::boxed::Box<F,A> as core::ops::function::Fn<Args>>::call::h1d66c6bbd60c9692
[INFO] [stdout]                                at /rustc/df4ca44d3fbc9301ee17f30f4d474e6ae4b05252/library/alloc/src/boxed.rs:2468:9
[INFO] [stdout]   13:     0x6046172cfe18 - std::panicking::rust_panic_with_hook::h2ff17fe8f26dfcf8
[INFO] [stdout]                                at /rustc/df4ca44d3fbc9301ee17f30f4d474e6ae4b05252/library/std/src/panicking.rs:809:13
[INFO] [stdout]   14:     0x6046172cfbda - std::panicking::begin_panic_handler::{{closure}}::h4fad77951c07e101
[INFO] [stdout]                                at /rustc/df4ca44d3fbc9301ee17f30f4d474e6ae4b05252/library/std/src/panicking.rs:674:13
[INFO] [stdout]   15:     0x6046172ce769 - std::sys::backtrace::__rust_end_short_backtrace::hb1a25b3da5d0ea08
[INFO] [stdout]                                at /rustc/df4ca44d3fbc9301ee17f30f4d474e6ae4b05252/library/std/src/sys/backtrace.rs:170:18
[INFO] [stdout]   16:     0x6046172cf86c - rust_begin_unwind
[INFO] [stdout]                                at /rustc/df4ca44d3fbc9301ee17f30f4d474e6ae4b05252/library/std/src/panicking.rs:665:5
[INFO] [stdout]   17:     0x6046172f76c0 - core::panicking::panic_fmt::ha9db07b529f9b256
[INFO] [stdout]                                at /rustc/df4ca44d3fbc9301ee17f30f4d474e6ae4b05252/library/core/src/panicking.rs:75:14
[INFO] [stdout]   18:     0x6046172f7ba6 - core::result::unwrap_failed::h5e8218e4d4338b8a
[INFO] [stdout]                                at /rustc/df4ca44d3fbc9301ee17f30f4d474e6ae4b05252/library/core/src/result.rs:1698:5
[INFO] [stdout]   19:     0x60461699c9b5 - core::result::Result<T,E>::unwrap::h2c162d37d3ed450f
[INFO] [stdout]                                at /rustc/df4ca44d3fbc9301ee17f30f4d474e6ae4b05252/library/core/src/result.rs:1103:23
[INFO] [stdout]   20:     0x60461699c9b5 - amtrak_gtfs_rt::tests::test_amtrak::{{closure}}::h7e6e938afedaf6b7
[INFO] [stdout]                                at /opt/rustwide/workdir/src/lib.rs:648:20
[INFO] [stdout]   21:     0x6046169a4052 - <core::pin::Pin<P> as core::future::future::Future>::poll::hd668b9e1f3aeb105
[INFO] [stdout]                                at /rustc/df4ca44d3fbc9301ee17f30f4d474e6ae4b05252/library/core/src/future/future.rs:123:9
[INFO] [stdout]   22:     0x6046169a408d - <core::pin::Pin<P> as core::future::future::Future>::poll::hff70162e10291691
[INFO] [stdout]                                at /rustc/df4ca44d3fbc9301ee17f30f4d474e6ae4b05252/library/core/src/future/future.rs:123:9
[INFO] [stdout]   23:     0x6046169cdd0f - tokio::runtime::scheduler::current_thread::CoreGuard::block_on::{{closure}}::{{closure}}::{{closure}}::hb38b3019f8cac0f9
[INFO] [stdout]                                at /opt/rustwide/cargo-home/registry/src/index.crates.io-6f17d22bba15001f/tokio-1.41.0/src/runtime/scheduler/current_thread/mod.rs:729:57
[INFO] [stdout]   24:     0x6046169cdc55 - tokio::runtime::coop::with_budget::h2440e465636250b6
[INFO] [stdout]                                at /opt/rustwide/cargo-home/registry/src/index.crates.io-6f17d22bba15001f/tokio-1.41.0/src/runtime/coop.rs:107:5
[INFO] [stdout]   25:     0x6046169cdc55 - tokio::runtime::coop::budget::ha394f57e8e1397f8
[INFO] [stdout]                                at /opt/rustwide/cargo-home/registry/src/index.crates.io-6f17d22bba15001f/tokio-1.41.0/src/runtime/coop.rs:73:5
[INFO] [stdout]   26:     0x6046169cdc55 - tokio::runtime::scheduler::current_thread::CoreGuard::block_on::{{closure}}::{{closure}}::hfe12fc1efacf2a15
[INFO] [stdout]                                at /opt/rustwide/cargo-home/registry/src/index.crates.io-6f17d22bba15001f/tokio-1.41.0/src/runtime/scheduler/current_thread/mod.rs:729:25
[INFO] [stdout]   27:     0x6046169caf7c - tokio::runtime::scheduler::current_thread::Context::enter::h47c0a40cd13f4e3f
[INFO] [stdout]                                at /opt/rustwide/cargo-home/registry/src/index.crates.io-6f17d22bba15001f/tokio-1.41.0/src/runtime/scheduler/current_thread/mod.rs:428:19
[INFO] [stdout]   28:     0x6046169cd2fe - tokio::runtime::scheduler::current_thread::CoreGuard::block_on::{{closure}}::hd7d83625f4f51976
[INFO] [stdout]                                at /opt/rustwide/cargo-home/registry/src/index.crates.io-6f17d22bba15001f/tokio-1.41.0/src/runtime/scheduler/current_thread/mod.rs:728:36
[INFO] [stdout]   29:     0x6046169cc754 - tokio::runtime::scheduler::current_thread::CoreGuard::enter::{{closure}}::hdabdb63aadf1a4b0
[INFO] [stdout]                                at /opt/rustwide/cargo-home/registry/src/index.crates.io-6f17d22bba15001f/tokio-1.41.0/src/runtime/scheduler/current_thread/mod.rs:807:68
[INFO] [stdout]   30:     0x6046169c66db - tokio::runtime::context::scoped::Scoped<T>::set::h1b7a9b79382cf0aa
[INFO] [stdout]                                at /opt/rustwide/cargo-home/registry/src/index.crates.io-6f17d22bba15001f/tokio-1.41.0/src/runtime/context/scoped.rs:40:9
[INFO] [stdout]   31:     0x6046169c3b79 - tokio::runtime::context::set_scheduler::{{closure}}::h1f27b9af8c64a02d
[INFO] [stdout]                                at /opt/rustwide/cargo-home/registry/src/index.crates.io-6f17d22bba15001f/tokio-1.41.0/src/runtime/context.rs:180:26
[INFO] [stdout]   32:     0x6046169c4d8d - std::thread::local::LocalKey<T>::try_with::h5703bc74968d984d
[INFO] [stdout]                                at /rustc/df4ca44d3fbc9301ee17f30f4d474e6ae4b05252/library/std/src/thread/local.rs:283:12
[INFO] [stdout]   33:     0x6046169c44ca - std::thread::local::LocalKey<T>::with::h7507f3df0d9b07a8
[INFO] [stdout]                                at /rustc/df4ca44d3fbc9301ee17f30f4d474e6ae4b05252/library/std/src/thread/local.rs:260:9
[INFO] [stdout]   34:     0x6046169c3b2d - tokio::runtime::context::set_scheduler::hd3ef12a31ee8c1fd
[INFO] [stdout]                                at /opt/rustwide/cargo-home/registry/src/index.crates.io-6f17d22bba15001f/tokio-1.41.0/src/runtime/context.rs:180:9
[INFO] [stdout]   35:     0x6046169cc4e4 - tokio::runtime::scheduler::current_thread::CoreGuard::enter::hb41a75d8de6723d0
[INFO] [stdout]                                at /opt/rustwide/cargo-home/registry/src/index.crates.io-6f17d22bba15001f/tokio-1.41.0/src/runtime/scheduler/current_thread/mod.rs:807:27
[INFO] [stdout]   36:     0x6046169cc7d3 - tokio::runtime::scheduler::current_thread::CoreGuard::block_on::had6c0563435194d9
[INFO] [stdout]                                at /opt/rustwide/cargo-home/registry/src/index.crates.io-6f17d22bba15001f/tokio-1.41.0/src/runtime/scheduler/current_thread/mod.rs:716:19
[INFO] [stdout]   37:     0x6046169caa03 - tokio::runtime::scheduler::current_thread::CurrentThread::block_on::{{closure}}::hb4eb770f52532538
[INFO] [stdout]                                at /opt/rustwide/cargo-home/registry/src/index.crates.io-6f17d22bba15001f/tokio-1.41.0/src/runtime/scheduler/current_thread/mod.rs:196:28
[INFO] [stdout]   38:     0x6046169bf226 - tokio::runtime::context::runtime::enter_runtime::hd6acb352e939e948
[INFO] [stdout]                                at /opt/rustwide/cargo-home/registry/src/index.crates.io-6f17d22bba15001f/tokio-1.41.0/src/runtime/context/runtime.rs:65:16
[INFO] [stdout]   39:     0x6046169ca241 - tokio::runtime::scheduler::current_thread::CurrentThread::block_on::h68f6f464ba94816d
[INFO] [stdout]                                at /opt/rustwide/cargo-home/registry/src/index.crates.io-6f17d22bba15001f/tokio-1.41.0/src/runtime/scheduler/current_thread/mod.rs:184:9
[INFO] [stdout]   40:     0x6046169c6a73 - tokio::runtime::runtime::Runtime::block_on_inner::h5f9eb6f2f7385d0e
[INFO] [stdout]                                at /opt/rustwide/cargo-home/registry/src/index.crates.io-6f17d22bba15001f/tokio-1.41.0/src/runtime/runtime.rs:368:47
[INFO] [stdout]   41:     0x6046169c6c67 - tokio::runtime::runtime::Runtime::block_on::he266c7d2546dfd99
[INFO] [stdout]                                at /opt/rustwide/cargo-home/registry/src/index.crates.io-6f17d22bba15001f/tokio-1.41.0/src/runtime/runtime.rs:342:13
[INFO] [stdout]   42:     0x60461699c442 - amtrak_gtfs_rt::tests::test_amtrak::heb9f78491acf0689
[INFO] [stdout]                                at /opt/rustwide/workdir/src/lib.rs:658:9
[INFO] [stdout]   43:     0x60461699c2e7 - amtrak_gtfs_rt::tests::test_amtrak::{{closure}}::hd9d15dd1ea321a81
[INFO] [stdout]                                at /opt/rustwide/workdir/src/lib.rs:638:27
[INFO] [stdout]   44:     0x6046169bbf36 - core::ops::function::FnOnce::call_once::ha598101027896aab
[INFO] [stdout]                                at /rustc/df4ca44d3fbc9301ee17f30f4d474e6ae4b05252/library/core/src/ops/function.rs:250:5
[INFO] [stdout]   45:     0x604616a5c31b - core::ops::function::FnOnce::call_once::h22c3ba5715e93f05
[INFO] [stdout]                                at /rustc/df4ca44d3fbc9301ee17f30f4d474e6ae4b05252/library/core/src/ops/function.rs:250:5
[INFO] [stdout]   46:     0x604616a5c31b - test::__rust_begin_short_backtrace::h8e82d8113d0da17f
[INFO] [stdout]                                at /rustc/df4ca44d3fbc9301ee17f30f4d474e6ae4b05252/library/test/src/lib.rs:621:18
[INFO] [stdout]   47:     0x604616a5bc97 - test::run_test_in_process::{{closure}}::h33235f4f20b7b7c7
[INFO] [stdout]                                at /rustc/df4ca44d3fbc9301ee17f30f4d474e6ae4b05252/library/test/src/lib.rs:644:60
[INFO] [stdout]   48:     0x604616a5bc97 - <core::panic::unwind_safe::AssertUnwindSafe<F> as core::ops::function::FnOnce<()>>::call_once::hb5043206310c586f
[INFO] [stdout]                                at /rustc/df4ca44d3fbc9301ee17f30f4d474e6ae4b05252/library/core/src/panic/unwind_safe.rs:272:9
[INFO] [stdout]   49:     0x604616a5bc97 - std::panicking::try::do_call::h9ad4731a60ab23e2
[INFO] [stdout]                                at /rustc/df4ca44d3fbc9301ee17f30f4d474e6ae4b05252/library/std/src/panicking.rs:557:40
[INFO] [stdout]   50:     0x604616a5bc97 - std::panicking::try::h3824d23db772a716
[INFO] [stdout]                                at /rustc/df4ca44d3fbc9301ee17f30f4d474e6ae4b05252/library/std/src/panicking.rs:520:19
[INFO] [stdout]   51:     0x604616a5bc97 - std::panic::catch_unwind::h5afd514605fde46b
[INFO] [stdout]                                at /rustc/df4ca44d3fbc9301ee17f30f4d474e6ae4b05252/library/std/src/panic.rs:358:14
[INFO] [stdout]   52:     0x604616a5bc97 - test::run_test_in_process::h0d5cbfa7067d1720
[INFO] [stdout]                                at /rustc/df4ca44d3fbc9301ee17f30f4d474e6ae4b05252/library/test/src/lib.rs:644:27
[INFO] [stdout]   53:     0x604616a5bc97 - test::run_test::{{closure}}::h708eb8872708115d
[INFO] [stdout]                                at /rustc/df4ca44d3fbc9301ee17f30f4d474e6ae4b05252/library/test/src/lib.rs:565:43
[INFO] [stdout]   54:     0x604616a1f3b4 - test::run_test::{{closure}}::h392c51cee94713ab
[INFO] [stdout]                                at /rustc/df4ca44d3fbc9301ee17f30f4d474e6ae4b05252/library/test/src/lib.rs:595:41
[INFO] [stdout]   55:     0x604616a1f3b4 - std::sys::backtrace::__rust_begin_short_backtrace::h2f40290710935a8b
[INFO] [stdout]                                at /rustc/df4ca44d3fbc9301ee17f30f4d474e6ae4b05252/library/std/src/sys/backtrace.rs:154:18
[INFO] [stdout]   56:     0x604616a22b5e - std::thread::Builder::spawn_unchecked_::{{closure}}::{{closure}}::h3fd968d89053a903
[INFO] [stdout]                                at /rustc/df4ca44d3fbc9301ee17f30f4d474e6ae4b05252/library/std/src/thread/mod.rs:541:17
[INFO] [stdout]   57:     0x604616a22b5e - <core::panic::unwind_safe::AssertUnwindSafe<F> as core::ops::function::FnOnce<()>>::call_once::h743f637ba4229880
[INFO] [stdout]                                at /rustc/df4ca44d3fbc9301ee17f30f4d474e6ae4b05252/library/core/src/panic/unwind_safe.rs:272:9
[INFO] [stdout]   58:     0x604616a22b5e - std::panicking::try::do_call::h07440897322525a6
[INFO] [stdout]                                at /rustc/df4ca44d3fbc9301ee17f30f4d474e6ae4b05252/library/std/src/panicking.rs:557:40
[INFO] [stdout]   59:     0x604616a22b5e - std::panicking::try::he5a2e00188156637
[INFO] [stdout]                                at /rustc/df4ca44d3fbc9301ee17f30f4d474e6ae4b05252/library/std/src/panicking.rs:520:19
[INFO] [stdout]   60:     0x604616a22b5e - std::panic::catch_unwind::hbaf3cae49b3c6433
[INFO] [stdout]                                at /rustc/df4ca44d3fbc9301ee17f30f4d474e6ae4b05252/library/std/src/panic.rs:358:14
[INFO] [stdout]   61:     0x604616a22b5e - std::thread::Builder::spawn_unchecked_::{{closure}}::h8e141ea224820bce
[INFO] [stdout]                                at /rustc/df4ca44d3fbc9301ee17f30f4d474e6ae4b05252/library/std/src/thread/mod.rs:540:30
[INFO] [stdout]   62:     0x604616a22b5e - core::ops::function::FnOnce::call_once{{vtable.shim}}::h90d312fedd7b8ea8
[INFO] [stdout]                                at /rustc/df4ca44d3fbc9301ee17f30f4d474e6ae4b05252/library/core/src/ops/function.rs:250:5
[INFO] [stdout]   63:     0x6046172d417b - <alloc::boxed::Box<F,A> as core::ops::function::FnOnce<Args>>::call_once::h69aa08ddb6adb8b6
[INFO] [stdout]                                at /rustc/df4ca44d3fbc9301ee17f30f4d474e6ae4b05252/library/alloc/src/boxed.rs:2454:9
[INFO] [stdout]   64:     0x6046172d417b - <alloc::boxed::Box<F,A> as core::ops::function::FnOnce<Args>>::call_once::h5aa36efdb79c806f
[INFO] [stdout]                                at /rustc/df4ca44d3fbc9301ee17f30f4d474e6ae4b05252/library/alloc/src/boxed.rs:2454:9
[INFO] [stdout]   65:     0x6046172d417b - std::sys::pal::unix::thread::Thread::new::thread_start::h6cd80a1b4be5158d
[INFO] [stdout]                                at /rustc/df4ca44d3fbc9301ee17f30f4d474e6ae4b05252/library/std/src/sys/pal/unix/thread.rs:105:17
[INFO] [stdout]   66:     0x7c379dcb3ac3 - <unknown>
[INFO] [stdout]   67:     0x7c379dd44a04 - clone
[INFO] [stdout]   68:                0x0 - <unknown>
[INFO] [stdout] 
[INFO] [stdout] 
[INFO] [stdout] failures:
[INFO] [stdout]     tests::test_amtrak
[INFO] [stdout] 
[INFO] [stdout] test result: FAILED. 2 passed; 1 failed; 0 ignored; 0 measured; 0 filtered out; finished in 0.10s
[INFO] [stdout] 
[INFO] [stderr] error: test failed, to rerun pass `--lib`
[INFO] running `Command { std: "docker" "inspect" "50eca98e3ea3f12ae5f7d591959d61fb6d35ed02233a37e0b0ee2297bd98d6fa", kill_on_drop: false }`
[INFO] running `Command { std: "docker" "rm" "-f" "50eca98e3ea3f12ae5f7d591959d61fb6d35ed02233a37e0b0ee2297bd98d6fa", kill_on_drop: false }`
[INFO] [stdout] 50eca98e3ea3f12ae5f7d591959d61fb6d35ed02233a37e0b0ee2297bd98d6fa
