[INFO] fetching crate ambient_sys 0.3.1...
[INFO] testing ambient_sys-0.3.1 against nightly-2024-10-28 for randomize-layout
[INFO] extracting crate ambient_sys 0.3.1 into /workspace/builds/worker-2-tc1/source
[INFO] validating manifest of crates.io crate ambient_sys 0.3.1 on toolchain nightly-2024-10-28
[INFO] running `Command { std: CARGO_HOME="/workspace/cargo-home" RUSTUP_HOME="/workspace/rustup-home" "/workspace/cargo-home/bin/cargo" "+nightly-2024-10-28" "metadata" "--manifest-path" "Cargo.toml" "--no-deps", kill_on_drop: false }`
[INFO] started tweaking crates.io crate ambient_sys 0.3.1
[INFO] finished tweaking crates.io crate ambient_sys 0.3.1
[INFO] tweaked toml for crates.io crate ambient_sys 0.3.1 written to /workspace/builds/worker-2-tc1/source/Cargo.toml
[INFO] running `Command { std: CARGO_HOME="/workspace/cargo-home" RUSTUP_HOME="/workspace/rustup-home" "/workspace/cargo-home/bin/cargo" "+nightly-2024-10-28" "generate-lockfile" "--manifest-path" "Cargo.toml", kill_on_drop: false }`
[INFO] [stderr]     Updating crates.io index
[INFO] [stderr]      Locking 151 packages to latest compatible versions
[INFO] [stderr]       Adding derive_more v0.99.18 (available: v1.0.0)
[INFO] [stderr]       Adding ordered-float v3.9.2 (available: v4.4.0)
[INFO] running `Command { std: CARGO_HOME="/workspace/cargo-home" RUSTUP_HOME="/workspace/rustup-home" "/workspace/cargo-home/bin/cargo" "+nightly-2024-10-28" "fetch" "--manifest-path" "Cargo.toml", kill_on_drop: false }`
[INFO] [stderr]  Downloading crates ...
[INFO] [stderr]   Downloaded wasm-bindgen-test-macro v0.3.45
[INFO] [stderr]   Downloaded wasm-bindgen-test v0.3.45
[INFO] [stderr]   Downloaded gloo-timers v0.3.0
[INFO] [stderr]   Downloaded wasm-bindgen-futures v0.4.45
[INFO] [stderr]   Downloaded minicov v0.3.6
[INFO] [stderr]   Downloaded core-graphics-types v0.1.3
[INFO] [stderr]   Downloaded error-code v3.3.1
[INFO] [stderr]   Downloaded foreign-types-shared v0.3.1
[INFO] [stderr]   Downloaded clipboard-win v5.4.0
[INFO] [stderr]   Downloaded foreign-types-macros v0.2.3
[INFO] [stderr]   Downloaded objc2-quartz-core v0.2.2
[INFO] [stderr]   Downloaded foreign-types v0.5.0
[INFO] [stderr]   Downloaded objc2-encode v4.0.3
[INFO] [stderr]   Downloaded byteorder-lite v0.1.0
[INFO] [stderr]   Downloaded objc2-core-image v0.2.2
[INFO] [stderr]   Downloaded objc2-core-data v0.2.2
[INFO] [stderr]   Downloaded core-graphics v0.23.2
[INFO] [stderr]   Downloaded weezl v0.1.8
[INFO] [stderr]   Downloaded anyhow v1.0.92
[INFO] [stderr]   Downloaded objc2-metal v0.2.2
[INFO] [stderr]   Downloaded png v0.17.14
[INFO] [stderr]   Downloaded arboard v3.4.1
[INFO] [stderr]   Downloaded flume v0.11.1
[INFO] [stderr]   Downloaded slotmap v1.0.7
[INFO] [stderr]   Downloaded bytemuck v1.19.0
[INFO] [stderr]   Downloaded objc2 v0.5.2
[INFO] [stderr]   Downloaded x11rb v0.13.1
[INFO] [stderr]   Downloaded objc2-foundation v0.2.2
[INFO] [stderr]   Downloaded image v0.25.4
[INFO] [stderr]   Downloaded block2 v0.5.1
[INFO] [stderr]   Downloaded nanorand v0.7.0
[INFO] [stderr]   Downloaded fdeflate v0.3.6
[INFO] [stderr]   Downloaded objc-sys v0.3.5
[INFO] [stderr]   Downloaded objc2-app-kit v0.2.2
[INFO] [stderr]   Downloaded console_error_panic_hook v0.1.7
[INFO] [stderr]   Downloaded gethostname v0.4.3
[INFO] [stderr]   Downloaded x11rb-protocol v0.13.1
[INFO] [stderr]   Downloaded jpeg-decoder v0.3.1
[INFO] [stderr]   Downloaded tiff v0.9.1
[INFO] running `Command { std: "docker" "create" "-v" "/var/lib/crater-agent-workspace/builds/worker-2-tc1/target:/opt/rustwide/target:rw,Z" "-v" "/var/lib/crater-agent-workspace/builds/worker-2-tc1/source:/opt/rustwide/workdir:ro,Z" "-v" "/var/lib/crater-agent-workspace/cargo-home:/opt/rustwide/cargo-home:ro,Z" "-v" "/var/lib/crater-agent-workspace/rustup-home:/opt/rustwide/rustup-home:ro,Z" "-e" "SOURCE_DIR=/opt/rustwide/workdir" "-e" "CARGO_TARGET_DIR=/opt/rustwide/target" "-e" "CARGO_HOME=/opt/rustwide/cargo-home" "-e" "RUSTUP_HOME=/opt/rustwide/rustup-home" "-w" "/opt/rustwide/workdir" "-m" "1610612736" "--user" "0:0" "--network" "none" "ghcr.io/rust-lang/crates-build-env/linux@sha256:4a844ea9eb2546a2d2c7022eacef16ef2e8229c7fbb2c7d4d55a9ceca922f72d" "/opt/rustwide/cargo-home/bin/cargo" "+nightly-2024-10-28" "metadata" "--no-deps" "--format-version=1", kill_on_drop: false }`
[INFO] [stdout] f11d26b52c0d01b44aae00cc263e567c7407c768b568758a7b214b67d092d3fe
[INFO] running `Command { std: "docker" "start" "-a" "f11d26b52c0d01b44aae00cc263e567c7407c768b568758a7b214b67d092d3fe", kill_on_drop: false }`
[INFO] running `Command { std: "docker" "inspect" "f11d26b52c0d01b44aae00cc263e567c7407c768b568758a7b214b67d092d3fe", kill_on_drop: false }`
[INFO] running `Command { std: "docker" "rm" "-f" "f11d26b52c0d01b44aae00cc263e567c7407c768b568758a7b214b67d092d3fe", kill_on_drop: false }`
[INFO] [stdout] f11d26b52c0d01b44aae00cc263e567c7407c768b568758a7b214b67d092d3fe
[INFO] running `Command { std: "docker" "create" "-v" "/var/lib/crater-agent-workspace/builds/worker-2-tc1/target:/opt/rustwide/target:rw,Z" "-v" "/var/lib/crater-agent-workspace/builds/worker-2-tc1/source:/opt/rustwide/workdir:ro,Z" "-v" "/var/lib/crater-agent-workspace/cargo-home:/opt/rustwide/cargo-home:ro,Z" "-v" "/var/lib/crater-agent-workspace/rustup-home:/opt/rustwide/rustup-home:ro,Z" "-e" "SOURCE_DIR=/opt/rustwide/workdir" "-e" "CARGO_TARGET_DIR=/opt/rustwide/target" "-e" "CARGO_INCREMENTAL=0" "-e" "RUST_BACKTRACE=full" "-e" "RUSTFLAGS=--cap-lints=forbid" "-e" "RUSTDOCFLAGS=--cap-lints=forbid" "-e" "CARGO_HOME=/opt/rustwide/cargo-home" "-e" "RUSTUP_HOME=/opt/rustwide/rustup-home" "-w" "/opt/rustwide/workdir" "-m" "1610612736" "--user" "0:0" "--network" "none" "ghcr.io/rust-lang/crates-build-env/linux@sha256:4a844ea9eb2546a2d2c7022eacef16ef2e8229c7fbb2c7d4d55a9ceca922f72d" "/opt/rustwide/cargo-home/bin/cargo" "+nightly-2024-10-28" "build" "--frozen" "--message-format=json", kill_on_drop: false }`
[INFO] [stdout] 93212b628ab820cf6bcf87a13ec1c1a7efa60e4ec53aa9f0acddea3afe5703ba
[INFO] running `Command { std: "docker" "start" "-a" "93212b628ab820cf6bcf87a13ec1c1a7efa60e4ec53aa9f0acddea3afe5703ba", kill_on_drop: false }`
[INFO] [stderr]    Compiling cfg-if v1.0.0
[INFO] [stderr]    Compiling parking_lot_core v0.9.10
[INFO] [stderr]    Compiling serde v1.0.214
[INFO] [stderr]    Compiling smallvec v1.13.2
[INFO] [stderr]    Compiling lock_api v0.4.12
[INFO] [stderr]    Compiling simd-adler32 v0.3.7
[INFO] [stderr]    Compiling scopeguard v1.2.0
[INFO] [stderr]    Compiling wasm-bindgen-shared v0.2.95
[INFO] [stderr]    Compiling adler2 v2.0.0
[INFO] [stderr]    Compiling log v0.4.22
[INFO] [stderr]    Compiling num-traits v0.2.19
[INFO] [stderr]    Compiling miniz_oxide v0.8.0
[INFO] [stderr]    Compiling futures-core v0.3.31
[INFO] [stderr]    Compiling futures-sink v0.3.31
[INFO] [stderr]    Compiling bumpalo v3.16.0
[INFO] [stderr]    Compiling once_cell v1.20.2
[INFO] [stderr]    Compiling pin-project-lite v0.2.15
[INFO] [stderr]    Compiling crc32fast v1.4.2
[INFO] [stderr]    Compiling slab v0.4.9
[INFO] [stderr]    Compiling wasm-bindgen-backend v0.2.95
[INFO] [stderr]    Compiling rustix v0.38.38
[INFO] [stderr]    Compiling fdeflate v0.3.6
[INFO] [stderr]    Compiling version_check v0.9.5
[INFO] [stderr]    Compiling flate2 v1.0.34
[INFO] [stderr]    Compiling linux-raw-sys v0.4.14
[INFO] [stderr]    Compiling wasm-bindgen v0.2.95
[INFO] [stderr]    Compiling bitflags v1.3.2
[INFO] [stderr]    Compiling gimli v0.31.1
[INFO] [stderr]    Compiling bitflags v2.6.0
[INFO] [stderr]    Compiling png v0.17.14
[INFO] [stderr]    Compiling slotmap v1.0.7
[INFO] [stderr]    Compiling futures-channel v0.3.31
[INFO] [stderr]    Compiling object v0.36.5
[INFO] [stderr]    Compiling getrandom v0.2.15
[INFO] [stderr]    Compiling tokio-macros v2.4.0
[INFO] [stderr]    Compiling signal-hook-registry v1.4.2
[INFO] [stderr]    Compiling wasm-bindgen-macro-support v0.2.95
[INFO] [stderr]    Compiling mio v1.0.2
[INFO] [stderr]    Compiling x11rb-protocol v0.13.1
[INFO] [stderr]    Compiling pin-utils v0.1.0
[INFO] [stderr]    Compiling powerfmt v0.2.0
[INFO] [stderr]    Compiling byteorder-lite v0.1.0
[INFO] [stderr]    Compiling futures-io v0.3.31
[INFO] [stderr]    Compiling bytes v1.8.0
[INFO] [stderr]    Compiling bytemuck v1.19.0
[INFO] [stderr]    Compiling parking_lot v0.12.3
[INFO] [stderr]    Compiling wasm-bindgen-macro v0.2.95
[INFO] [stderr]    Compiling futures-task v0.3.31
[INFO] [stderr]    Compiling rustc-demangle v0.1.24
[INFO] [stderr]    Compiling addr2line v0.24.2
[INFO] [stderr]    Compiling anyhow v1.0.92
[INFO] [stderr]    Compiling tokio v1.41.0
[INFO] [stderr]    Compiling futures-util v0.3.31
[INFO] [stderr]    Compiling image v0.25.4
[INFO] [stderr]    Compiling spin v0.9.8
[INFO] [stderr]    Compiling deranged v0.3.11
[INFO] [stderr]    Compiling nanorand v0.7.0
[INFO] [stderr]    Compiling tracing-core v0.1.32
[INFO] [stderr]    Compiling tracing-attributes v0.1.27
[INFO] [stderr]    Compiling backtrace v0.3.74
[INFO] [stderr]    Compiling thiserror-impl v1.0.66
[INFO] [stderr]    Compiling pin-project-internal v1.1.7
[INFO] [stderr]    Compiling x11rb v0.13.1
[INFO] [stderr]    Compiling time-core v0.1.2
[INFO] [stderr]    Compiling num-conv v0.1.0
[INFO] [stderr]    Compiling convert_case v0.4.0
[INFO] [stderr]    Compiling time v0.3.36
[INFO] [stderr]    Compiling derive_more v0.99.18
[INFO] [stderr]    Compiling pin-project v1.1.7
[INFO] [stderr]    Compiling thiserror v1.0.66
[INFO] [stderr]    Compiling futures v0.3.31
[INFO] [stderr]    Compiling arboard v3.4.1
[INFO] [stderr]    Compiling tokio-util v0.7.12
[INFO] [stderr]    Compiling tracing v0.1.40
[INFO] [stderr]    Compiling flume v0.11.1
[INFO] [stderr]    Compiling console_error_panic_hook v0.1.7
[INFO] [stderr]    Compiling ordered-float v3.9.2
[INFO] [stderr]    Compiling ambient_sys v0.3.1 (/opt/rustwide/workdir)
[INFO] [stderr]     Finished `dev` profile [unoptimized + debuginfo] target(s) in 8.46s
[INFO] running `Command { std: "docker" "inspect" "93212b628ab820cf6bcf87a13ec1c1a7efa60e4ec53aa9f0acddea3afe5703ba", kill_on_drop: false }`
[INFO] running `Command { std: "docker" "rm" "-f" "93212b628ab820cf6bcf87a13ec1c1a7efa60e4ec53aa9f0acddea3afe5703ba", kill_on_drop: false }`
[INFO] [stdout] 93212b628ab820cf6bcf87a13ec1c1a7efa60e4ec53aa9f0acddea3afe5703ba
[INFO] running `Command { std: "docker" "create" "-v" "/var/lib/crater-agent-workspace/builds/worker-2-tc1/target:/opt/rustwide/target:rw,Z" "-v" "/var/lib/crater-agent-workspace/builds/worker-2-tc1/source:/opt/rustwide/workdir:ro,Z" "-v" "/var/lib/crater-agent-workspace/cargo-home:/opt/rustwide/cargo-home:ro,Z" "-v" "/var/lib/crater-agent-workspace/rustup-home:/opt/rustwide/rustup-home:ro,Z" "-e" "SOURCE_DIR=/opt/rustwide/workdir" "-e" "CARGO_TARGET_DIR=/opt/rustwide/target" "-e" "CARGO_INCREMENTAL=0" "-e" "RUST_BACKTRACE=full" "-e" "RUSTFLAGS=--cap-lints=forbid" "-e" "RUSTDOCFLAGS=--cap-lints=forbid" "-e" "CARGO_HOME=/opt/rustwide/cargo-home" "-e" "RUSTUP_HOME=/opt/rustwide/rustup-home" "-w" "/opt/rustwide/workdir" "-m" "1610612736" "--user" "0:0" "--network" "none" "ghcr.io/rust-lang/crates-build-env/linux@sha256:4a844ea9eb2546a2d2c7022eacef16ef2e8229c7fbb2c7d4d55a9ceca922f72d" "/opt/rustwide/cargo-home/bin/cargo" "+nightly-2024-10-28" "test" "--frozen" "--no-run" "--message-format=json", kill_on_drop: false }`
[INFO] [stdout] 76d2f213be409b384ad1c9e8c7ad2b123737047d0a0aa053ff5641247ce3c0a4
[INFO] running `Command { std: "docker" "start" "-a" "76d2f213be409b384ad1c9e8c7ad2b123737047d0a0aa053ff5641247ce3c0a4", kill_on_drop: false }`
[INFO] [stderr]    Compiling futures-macro v0.3.31
[INFO] [stderr]    Compiling futures-util v0.3.31
[INFO] [stderr]    Compiling futures-executor v0.3.31
[INFO] [stderr]    Compiling futures v0.3.31
[INFO] [stderr]    Compiling ambient_sys v0.3.1 (/opt/rustwide/workdir)
[INFO] [stderr]     Finished `test` profile [unoptimized + debuginfo] target(s) in 2.71s
[INFO] running `Command { std: "docker" "inspect" "76d2f213be409b384ad1c9e8c7ad2b123737047d0a0aa053ff5641247ce3c0a4", kill_on_drop: false }`
[INFO] running `Command { std: "docker" "rm" "-f" "76d2f213be409b384ad1c9e8c7ad2b123737047d0a0aa053ff5641247ce3c0a4", kill_on_drop: false }`
[INFO] [stdout] 76d2f213be409b384ad1c9e8c7ad2b123737047d0a0aa053ff5641247ce3c0a4
[INFO] running `Command { std: "docker" "create" "-v" "/var/lib/crater-agent-workspace/builds/worker-2-tc1/target:/opt/rustwide/target:rw,Z" "-v" "/var/lib/crater-agent-workspace/builds/worker-2-tc1/source:/opt/rustwide/workdir:ro,Z" "-v" "/var/lib/crater-agent-workspace/cargo-home:/opt/rustwide/cargo-home:ro,Z" "-v" "/var/lib/crater-agent-workspace/rustup-home:/opt/rustwide/rustup-home:ro,Z" "-e" "SOURCE_DIR=/opt/rustwide/workdir" "-e" "CARGO_TARGET_DIR=/opt/rustwide/target" "-e" "CARGO_INCREMENTAL=0" "-e" "RUST_BACKTRACE=full" "-e" "RUSTFLAGS=--cap-lints=forbid" "-e" "RUSTDOCFLAGS=--cap-lints=forbid" "-e" "CARGO_HOME=/opt/rustwide/cargo-home" "-e" "RUSTUP_HOME=/opt/rustwide/rustup-home" "-w" "/opt/rustwide/workdir" "-m" "1610612736" "--user" "0:0" "--network" "none" "ghcr.io/rust-lang/crates-build-env/linux@sha256:4a844ea9eb2546a2d2c7022eacef16ef2e8229c7fbb2c7d4d55a9ceca922f72d" "/opt/rustwide/cargo-home/bin/cargo" "+nightly-2024-10-28" "test" "--frozen", kill_on_drop: false }`
[INFO] [stdout] 4e63005a9a195911a939d050a02885c3291536d7d8666c2b28764637c841f73c
[INFO] running `Command { std: "docker" "start" "-a" "4e63005a9a195911a939d050a02885c3291536d7d8666c2b28764637c841f73c", kill_on_drop: false }`
[INFO] [stderr]     Finished `test` profile [unoptimized + debuginfo] target(s) in 0.07s
[INFO] [stderr]      Running unittests src/lib.rs (/opt/rustwide/target/debug/deps/ambient_sys-fc17d586ce389a09)
[INFO] [stdout] 
[INFO] [stdout] running 7 tests
[INFO] [stdout] test time::test::sleep_identical ... ok
[INFO] [stdout] test time::interval::test::interval ... ok
[INFO] [stdout] test time::test::sleep_join ... ok
[INFO] [stdout] test time::interval::test::interval_burst ... ok
[INFO] [stdout] test time::test::sleep ... ok
[INFO] [stdout] test time::test::sleep_reset ... ok
[INFO] [stdout] test time::test::sleep_race ... ok
[INFO] [stdout] 
[INFO] [stdout] test result: ok. 7 passed; 0 failed; 0 ignored; 0 measured; 0 filtered out; finished in 2.00s
[INFO] [stdout] 
[INFO] [stderr]      Running tests/control.rs (/opt/rustwide/target/debug/deps/control-24ed6a87e366bec7)
[INFO] [stdout] 
[INFO] [stdout] running 2 tests
[INFO] [stdout] test control ... ok
[INFO] [stdout] test control_abort ... ok
[INFO] [stdout] 
[INFO] [stdout] test result: ok. 2 passed; 0 failed; 0 ignored; 0 measured; 0 filtered out; finished in 0.00s
[INFO] [stdout] 
[INFO] [stderr]    Doc-tests ambient_sys
[INFO] [stdout] 
[INFO] [stdout] running 4 tests
[INFO] [stdout] test src/missed_tick.rs - missed_tick::MissedTickBehavior (line 41) ... FAILED
[INFO] [stdout] test src/missed_tick.rs - missed_tick::MissedTickBehavior::Burst (line 89) ... FAILED
[INFO] [stdout] test src/missed_tick.rs - missed_tick::MissedTickBehavior::Skip (line 199) ... FAILED
[INFO] [stdout] test src/missed_tick.rs - missed_tick::MissedTickBehavior::Delay (line 148) ... FAILED
[INFO] [stdout] 
[INFO] [stdout] failures:
[INFO] [stdout] 
[INFO] [stdout] ---- src/missed_tick.rs - missed_tick::MissedTickBehavior (line 41) stdout ----
[INFO] [stdout] error[E0603]: struct `Duration` is private
[INFO] [stdout]   --> src/missed_tick.rs:43:31
[INFO] [stdout]    |
[INFO] [stdout] 4  | use ambient_sys::time::{self, Duration};
[INFO] [stdout]    |                               ^^^^^^^^ private struct
[INFO] [stdout]    |
[INFO] [stdout] note: the struct `Duration` is defined here
[INFO] [stdout]   --> /opt/rustwide/workdir/src/time/mod.rs:11:5
[INFO] [stdout]    |
[INFO] [stdout] 11 |     time::Duration,
[INFO] [stdout]    |     ^^^^^^^^^^^^^^
[INFO] [stdout] help: import `Duration` directly
[INFO] [stdout]    |
[INFO] [stdout] 4  | use ambient_sys::time::{self, core::time::Duration};
[INFO] [stdout]    |                               ~~~~~~~~~~~~~~~~~~~~
[INFO] [stdout] 
[INFO] [stdout] error: aborting due to 1 previous error
[INFO] [stdout] 
[INFO] [stdout] For more information about this error, try `rustc --explain E0603`.
[INFO] [stdout] Couldn't compile the test.
[INFO] [stdout] ---- src/missed_tick.rs - missed_tick::MissedTickBehavior::Burst (line 89) stdout ----
[INFO] [stdout] error[E0603]: struct `Duration` is private
[INFO] [stdout]   --> src/missed_tick.rs:91:35
[INFO] [stdout]    |
[INFO] [stdout] 4  | use ambient_sys::time::{interval, Duration};
[INFO] [stdout]    |                                   ^^^^^^^^ private struct
[INFO] [stdout]    |
[INFO] [stdout] note: the struct `Duration` is defined here
[INFO] [stdout]   --> /opt/rustwide/workdir/src/time/mod.rs:11:5
[INFO] [stdout]    |
[INFO] [stdout] 11 |     time::Duration,
[INFO] [stdout]    |     ^^^^^^^^^^^^^^
[INFO] [stdout] help: import `Duration` directly
[INFO] [stdout]    |
[INFO] [stdout] 4  | use ambient_sys::time::{interval, core::time::Duration};
[INFO] [stdout]    |                                   ~~~~~~~~~~~~~~~~~~~~
[INFO] [stdout] 
[INFO] [stdout] error: aborting due to 1 previous error
[INFO] [stdout] 
[INFO] [stdout] For more information about this error, try `rustc --explain E0603`.
[INFO] [stdout] Couldn't compile the test.
[INFO] [stdout] ---- src/missed_tick.rs - missed_tick::MissedTickBehavior::Skip (line 199) stdout ----
[INFO] [stdout] error[E0603]: struct `Duration` is private
[INFO] [stdout]   --> src/missed_tick.rs:201:36
[INFO] [stdout]    |
[INFO] [stdout] 4  | use ambient_sys::{time::{interval, Duration}, MissedTickBehavior};
[INFO] [stdout]    |                                    ^^^^^^^^ private struct
[INFO] [stdout]    |
[INFO] [stdout] note: the struct `Duration` is defined here
[INFO] [stdout]   --> /opt/rustwide/workdir/src/time/mod.rs:11:5
[INFO] [stdout]    |
[INFO] [stdout] 11 |     time::Duration,
[INFO] [stdout]    |     ^^^^^^^^^^^^^^
[INFO] [stdout] help: import `Duration` directly
[INFO] [stdout]    |
[INFO] [stdout] 4  | use ambient_sys::{time::{interval, core::time::Duration}, MissedTickBehavior};
[INFO] [stdout]    |                                    ~~~~~~~~~~~~~~~~~~~~
[INFO] [stdout] 
[INFO] [stdout] error[E0599]: no method named `set_missed_tick_behavior` found for struct `ambient_sys::time::Interval` in the current scope
[INFO] [stdout]   --> src/missed_tick.rs:207:10
[INFO] [stdout]    |
[INFO] [stdout] 10 | interval.set_missed_tick_behavior(MissedTickBehavior::Skip);
[INFO] [stdout]    |          ^^^^^^^^^^^^^^^^^^^^^^^^ method not found in `Interval`
[INFO] [stdout] 
[INFO] [stdout] error: aborting due to 2 previous errors
[INFO] [stdout] 
[INFO] [stdout] Some errors have detailed explanations: E0599, E0603.
[INFO] [stdout] For more information about an error, try `rustc --explain E0599`.
[INFO] [stdout] Couldn't compile the test.
[INFO] [stdout] ---- src/missed_tick.rs - missed_tick::MissedTickBehavior::Delay (line 148) stdout ----
[INFO] [stdout] error[E0603]: struct `Duration` is private
[INFO] [stdout]   --> src/missed_tick.rs:150:36
[INFO] [stdout]    |
[INFO] [stdout] 4  | use ambient_sys::{time::{interval, Duration}, MissedTickBehavior};
[INFO] [stdout]    |                                    ^^^^^^^^ private struct
[INFO] [stdout]    |
[INFO] [stdout] note: the struct `Duration` is defined here
[INFO] [stdout]   --> /opt/rustwide/workdir/src/time/mod.rs:11:5
[INFO] [stdout]    |
[INFO] [stdout] 11 |     time::Duration,
[INFO] [stdout]    |     ^^^^^^^^^^^^^^
[INFO] [stdout] help: import `Duration` directly
[INFO] [stdout]    |
[INFO] [stdout] 4  | use ambient_sys::{time::{interval, core::time::Duration}, MissedTickBehavior};
[INFO] [stdout]    |                                    ~~~~~~~~~~~~~~~~~~~~
[INFO] [stdout] 
[INFO] [stdout] error[E0599]: no method named `set_missed_tick_behavior` found for struct `ambient_sys::time::Interval` in the current scope
[INFO] [stdout]   --> src/missed_tick.rs:156:10
[INFO] [stdout]    |
[INFO] [stdout] 10 | interval.set_missed_tick_behavior(MissedTickBehavior::Delay);
[INFO] [stdout]    |          ^^^^^^^^^^^^^^^^^^^^^^^^ method not found in `Interval`
[INFO] [stdout] 
[INFO] [stdout] error: aborting due to 2 previous errors
[INFO] [stdout] 
[INFO] [stdout] Some errors have detailed explanations: E0599, E0603.
[INFO] [stdout] For more information about an error, try `rustc --explain E0599`.
[INFO] [stdout] Couldn't compile the test.
[INFO] [stdout] 
[INFO] [stdout] failures:
[INFO] [stdout]     src/missed_tick.rs - missed_tick::MissedTickBehavior (line 41)
[INFO] [stdout]     src/missed_tick.rs - missed_tick::MissedTickBehavior::Burst (line 89)
[INFO] [stdout]     src/missed_tick.rs - missed_tick::MissedTickBehavior::Delay (line 148)
[INFO] [stdout]     src/missed_tick.rs - missed_tick::MissedTickBehavior::Skip (line 199)
[INFO] [stdout] 
[INFO] [stdout] test result: FAILED. 0 passed; 4 failed; 0 ignored; 0 measured; 0 filtered out; finished in 0.07s
[INFO] [stdout] 
[INFO] [stderr] error: doctest failed, to rerun pass `--doc`
[INFO] running `Command { std: "docker" "inspect" "4e63005a9a195911a939d050a02885c3291536d7d8666c2b28764637c841f73c", kill_on_drop: false }`
[INFO] running `Command { std: "docker" "rm" "-f" "4e63005a9a195911a939d050a02885c3291536d7d8666c2b28764637c841f73c", kill_on_drop: false }`
[INFO] [stdout] 4e63005a9a195911a939d050a02885c3291536d7d8666c2b28764637c841f73c
