[INFO] fetching crate amberwindow 0.3.14...
[INFO] testing amberwindow-0.3.14 against nightly-2024-10-28 for randomize-layout
[INFO] extracting crate amberwindow 0.3.14 into /workspace/builds/worker-0-tc1/source
[INFO] validating manifest of crates.io crate amberwindow 0.3.14 on toolchain nightly-2024-10-28
[INFO] running `Command { std: CARGO_HOME="/workspace/cargo-home" RUSTUP_HOME="/workspace/rustup-home" "/workspace/cargo-home/bin/cargo" "+nightly-2024-10-28" "metadata" "--manifest-path" "Cargo.toml" "--no-deps", kill_on_drop: false }`
[INFO] started tweaking crates.io crate amberwindow 0.3.14
[INFO] finished tweaking crates.io crate amberwindow 0.3.14
[INFO] tweaked toml for crates.io crate amberwindow 0.3.14 written to /workspace/builds/worker-0-tc1/source/Cargo.toml
[INFO] crate crates.io crate amberwindow 0.3.14 already has a lockfile, it will not be regenerated
[INFO] running `Command { std: CARGO_HOME="/workspace/cargo-home" RUSTUP_HOME="/workspace/rustup-home" "/workspace/cargo-home/bin/cargo" "+nightly-2024-10-28" "fetch" "--manifest-path" "Cargo.toml", kill_on_drop: false }`
[INFO] [stderr]     Updating crates.io index
[INFO] [stderr]  Downloading crates ...
[INFO] [stderr]   Downloaded quad-rand v0.2.1
[INFO] [stderr]   Downloaded macroquad_macro v0.1.8
[INFO] [stderr]   Downloaded ttf-parser v0.15.2
[INFO] [stderr]   Downloaded fontdue v0.7.3
[INFO] [stderr]   Downloaded miniquad v0.4.2
[INFO] [stderr]   Downloaded syn v2.0.68
[INFO] [stderr]   Downloaded ndk-sys v0.2.2
[INFO] [stderr]   Downloaded macroquad v0.4.8
[INFO] [stderr]   Downloaded image v0.24.9
[INFO] running `Command { std: "docker" "create" "-v" "/var/lib/crater-agent-workspace/builds/worker-0-tc1/target:/opt/rustwide/target:rw,Z" "-v" "/var/lib/crater-agent-workspace/builds/worker-0-tc1/source:/opt/rustwide/workdir:ro,Z" "-v" "/var/lib/crater-agent-workspace/cargo-home:/opt/rustwide/cargo-home:ro,Z" "-v" "/var/lib/crater-agent-workspace/rustup-home:/opt/rustwide/rustup-home:ro,Z" "-e" "SOURCE_DIR=/opt/rustwide/workdir" "-e" "CARGO_TARGET_DIR=/opt/rustwide/target" "-e" "CARGO_HOME=/opt/rustwide/cargo-home" "-e" "RUSTUP_HOME=/opt/rustwide/rustup-home" "-w" "/opt/rustwide/workdir" "-m" "1610612736" "--user" "0:0" "--network" "none" "ghcr.io/rust-lang/crates-build-env/linux@sha256:4a844ea9eb2546a2d2c7022eacef16ef2e8229c7fbb2c7d4d55a9ceca922f72d" "/opt/rustwide/cargo-home/bin/cargo" "+nightly-2024-10-28" "metadata" "--no-deps" "--format-version=1", kill_on_drop: false }`
[INFO] [stdout] 69dc3b3fa4d56e236b78fc0c0ed978cf6c3529dfb9a925cbc3a90c1ed543a956
[INFO] running `Command { std: "docker" "start" "-a" "69dc3b3fa4d56e236b78fc0c0ed978cf6c3529dfb9a925cbc3a90c1ed543a956", kill_on_drop: false }`
[INFO] running `Command { std: "docker" "inspect" "69dc3b3fa4d56e236b78fc0c0ed978cf6c3529dfb9a925cbc3a90c1ed543a956", kill_on_drop: false }`
[INFO] running `Command { std: "docker" "rm" "-f" "69dc3b3fa4d56e236b78fc0c0ed978cf6c3529dfb9a925cbc3a90c1ed543a956", kill_on_drop: false }`
[INFO] [stdout] 69dc3b3fa4d56e236b78fc0c0ed978cf6c3529dfb9a925cbc3a90c1ed543a956
[INFO] running `Command { std: "docker" "create" "-v" "/var/lib/crater-agent-workspace/builds/worker-0-tc1/target:/opt/rustwide/target:rw,Z" "-v" "/var/lib/crater-agent-workspace/builds/worker-0-tc1/source:/opt/rustwide/workdir:ro,Z" "-v" "/var/lib/crater-agent-workspace/cargo-home:/opt/rustwide/cargo-home:ro,Z" "-v" "/var/lib/crater-agent-workspace/rustup-home:/opt/rustwide/rustup-home:ro,Z" "-e" "SOURCE_DIR=/opt/rustwide/workdir" "-e" "CARGO_TARGET_DIR=/opt/rustwide/target" "-e" "CARGO_INCREMENTAL=0" "-e" "RUST_BACKTRACE=full" "-e" "RUSTFLAGS=--cap-lints=forbid" "-e" "RUSTDOCFLAGS=--cap-lints=forbid" "-e" "CARGO_HOME=/opt/rustwide/cargo-home" "-e" "RUSTUP_HOME=/opt/rustwide/rustup-home" "-w" "/opt/rustwide/workdir" "-m" "1610612736" "--user" "0:0" "--network" "none" "ghcr.io/rust-lang/crates-build-env/linux@sha256:4a844ea9eb2546a2d2c7022eacef16ef2e8229c7fbb2c7d4d55a9ceca922f72d" "/opt/rustwide/cargo-home/bin/cargo" "+nightly-2024-10-28" "build" "--frozen" "--message-format=json", kill_on_drop: false }`
[INFO] [stdout] 85d8081cb0b67bb768178f1ddd43dd1d6b75ddd2bc2ff2305623b71a089a88f6
[INFO] running `Command { std: "docker" "start" "-a" "85d8081cb0b67bb768178f1ddd43dd1d6b75ddd2bc2ff2305623b71a089a88f6", kill_on_drop: false }`
[INFO] [stderr]    Compiling simd-adler32 v0.3.7
[INFO] [stderr]    Compiling ahash v0.8.11
[INFO] [stderr]    Compiling autocfg v1.3.0
[INFO] [stderr]    Compiling crc32fast v1.4.2
[INFO] [stderr]    Compiling once_cell v1.19.0
[INFO] [stderr]    Compiling libc v0.2.155
[INFO] [stderr]    Compiling zerocopy v0.7.34
[INFO] [stderr]    Compiling slotmap v1.0.7
[INFO] [stderr]    Compiling miniquad v0.4.2
[INFO] [stderr]    Compiling bytemuck v1.16.1
[INFO] [stderr]    Compiling ttf-parser v0.15.2
[INFO] [stderr]    Compiling byteorder v1.5.0
[INFO] [stderr]    Compiling glam v0.27.0
[INFO] [stderr]    Compiling bumpalo v3.16.0
[INFO] [stderr]    Compiling macroquad_macro v0.1.8
[INFO] [stderr]    Compiling quad-rand v0.2.1
[INFO] [stderr]    Compiling miniz_oxide v0.7.4
[INFO] [stderr]    Compiling fdeflate v0.3.4
[INFO] [stderr]    Compiling num-traits v0.2.19
[INFO] [stderr]    Compiling hashbrown v0.13.2
[INFO] [stderr]    Compiling flate2 v1.0.30
[INFO] [stderr]    Compiling fontdue v0.7.3
[INFO] [stderr]    Compiling png v0.17.13
[INFO] [stderr]    Compiling image v0.24.9
[INFO] [stderr]    Compiling macroquad v0.4.8
[INFO] [stderr]    Compiling amberwindow v0.3.14 (/opt/rustwide/workdir)
[INFO] [stderr]     Finished `dev` profile [unoptimized + debuginfo] target(s) in 7.56s
[INFO] running `Command { std: "docker" "inspect" "85d8081cb0b67bb768178f1ddd43dd1d6b75ddd2bc2ff2305623b71a089a88f6", kill_on_drop: false }`
[INFO] running `Command { std: "docker" "rm" "-f" "85d8081cb0b67bb768178f1ddd43dd1d6b75ddd2bc2ff2305623b71a089a88f6", kill_on_drop: false }`
[INFO] [stdout] 85d8081cb0b67bb768178f1ddd43dd1d6b75ddd2bc2ff2305623b71a089a88f6
[INFO] running `Command { std: "docker" "create" "-v" "/var/lib/crater-agent-workspace/builds/worker-0-tc1/target:/opt/rustwide/target:rw,Z" "-v" "/var/lib/crater-agent-workspace/builds/worker-0-tc1/source:/opt/rustwide/workdir:ro,Z" "-v" "/var/lib/crater-agent-workspace/cargo-home:/opt/rustwide/cargo-home:ro,Z" "-v" "/var/lib/crater-agent-workspace/rustup-home:/opt/rustwide/rustup-home:ro,Z" "-e" "SOURCE_DIR=/opt/rustwide/workdir" "-e" "CARGO_TARGET_DIR=/opt/rustwide/target" "-e" "CARGO_INCREMENTAL=0" "-e" "RUST_BACKTRACE=full" "-e" "RUSTFLAGS=--cap-lints=forbid" "-e" "RUSTDOCFLAGS=--cap-lints=forbid" "-e" "CARGO_HOME=/opt/rustwide/cargo-home" "-e" "RUSTUP_HOME=/opt/rustwide/rustup-home" "-w" "/opt/rustwide/workdir" "-m" "1610612736" "--user" "0:0" "--network" "none" "ghcr.io/rust-lang/crates-build-env/linux@sha256:4a844ea9eb2546a2d2c7022eacef16ef2e8229c7fbb2c7d4d55a9ceca922f72d" "/opt/rustwide/cargo-home/bin/cargo" "+nightly-2024-10-28" "test" "--frozen" "--no-run" "--message-format=json", kill_on_drop: false }`
[INFO] [stdout] 728d3b8e6055a1e0639b8a989b274b2d47c22c9a8d90bd408bd3e6a0bcc2f444
[INFO] running `Command { std: "docker" "start" "-a" "728d3b8e6055a1e0639b8a989b274b2d47c22c9a8d90bd408bd3e6a0bcc2f444", kill_on_drop: false }`
[INFO] [stderr]    Compiling amberwindow v0.3.14 (/opt/rustwide/workdir)
[INFO] [stderr]     Finished `test` profile [unoptimized + debuginfo] target(s) in 0.58s
[INFO] running `Command { std: "docker" "inspect" "728d3b8e6055a1e0639b8a989b274b2d47c22c9a8d90bd408bd3e6a0bcc2f444", kill_on_drop: false }`
[INFO] running `Command { std: "docker" "rm" "-f" "728d3b8e6055a1e0639b8a989b274b2d47c22c9a8d90bd408bd3e6a0bcc2f444", kill_on_drop: false }`
[INFO] [stdout] 728d3b8e6055a1e0639b8a989b274b2d47c22c9a8d90bd408bd3e6a0bcc2f444
[INFO] running `Command { std: "docker" "create" "-v" "/var/lib/crater-agent-workspace/builds/worker-0-tc1/target:/opt/rustwide/target:rw,Z" "-v" "/var/lib/crater-agent-workspace/builds/worker-0-tc1/source:/opt/rustwide/workdir:ro,Z" "-v" "/var/lib/crater-agent-workspace/cargo-home:/opt/rustwide/cargo-home:ro,Z" "-v" "/var/lib/crater-agent-workspace/rustup-home:/opt/rustwide/rustup-home:ro,Z" "-e" "SOURCE_DIR=/opt/rustwide/workdir" "-e" "CARGO_TARGET_DIR=/opt/rustwide/target" "-e" "CARGO_INCREMENTAL=0" "-e" "RUST_BACKTRACE=full" "-e" "RUSTFLAGS=--cap-lints=forbid" "-e" "RUSTDOCFLAGS=--cap-lints=forbid" "-e" "CARGO_HOME=/opt/rustwide/cargo-home" "-e" "RUSTUP_HOME=/opt/rustwide/rustup-home" "-w" "/opt/rustwide/workdir" "-m" "1610612736" "--user" "0:0" "--network" "none" "ghcr.io/rust-lang/crates-build-env/linux@sha256:4a844ea9eb2546a2d2c7022eacef16ef2e8229c7fbb2c7d4d55a9ceca922f72d" "/opt/rustwide/cargo-home/bin/cargo" "+nightly-2024-10-28" "test" "--frozen", kill_on_drop: false }`
[INFO] [stdout] de6a313e62f6c70228874533327135138027416e590f7b2105d22bcb56cda139
[INFO] running `Command { std: "docker" "start" "-a" "de6a313e62f6c70228874533327135138027416e590f7b2105d22bcb56cda139", kill_on_drop: false }`
[INFO] [stderr]     Finished `test` profile [unoptimized + debuginfo] target(s) in 0.04s
[INFO] [stderr]      Running unittests src/lib.rs (/opt/rustwide/target/debug/deps/amberwindow-ac53718e3d9623d8)
[INFO] [stdout] 
[INFO] [stdout] running 0 tests
[INFO] [stdout] 
[INFO] [stdout] test result: ok. 0 passed; 0 failed; 0 ignored; 0 measured; 0 filtered out; finished in 0.00s
[INFO] [stdout] 
[INFO] [stderr]      Running unittests src/main.rs (/opt/rustwide/target/debug/deps/amberwindow-d137dc8c6e24a3cd)
[INFO] [stdout] 
[INFO] [stdout] running 0 tests
[INFO] [stdout] 
[INFO] [stdout] test result: ok. 0 passed; 0 failed; 0 ignored; 0 measured; 0 filtered out; finished in 0.00s
[INFO] [stderr]    Doc-tests amberwindow
[INFO] [stdout] 
[INFO] [stdout] 
[INFO] [stdout] running 10 tests
[INFO] [stdout] test src/window/widgets/button.rs - window::widgets::button::Button (line 50) ... FAILED
[INFO] [stdout] test src/lib.rs - (line 66) ... FAILED
[INFO] [stdout] test src/window/window_manager.rs - window::window_manager::WindowManager (line 12) ... FAILED
[INFO] [stdout] test src/window/window_manager.rs - window::window_manager::WindowManager::begin (line 66) ... FAILED
[INFO] [stdout] test src/window/widgets/button.rs - window::widgets::button::Button (line 39) ... FAILED
[INFO] [stdout] test src/window/window_manager.rs - window::window_manager::WindowManager (line 23) ... FAILED
[INFO] [stdout] test src/window/widgets/button.rs - window::widgets::button::Button (line 30) ... FAILED
[INFO] [stdout] test src/lib.rs - (line 62) ... ok
[INFO] [stdout] test src/lib.rs - (line 38) ... FAILED
[INFO] [stdout] test src/lib.rs - (line 21) ... FAILED
[INFO] [stdout] 
[INFO] [stdout] failures:
[INFO] [stdout] 
[INFO] [stdout] ---- src/window/widgets/button.rs - window::widgets::button::Button (line 50) stdout ----
[INFO] [stdout] error[E0425]: cannot find value `windows` in this scope
[INFO] [stdout]  --> src/window/widgets/button.rs:52:23
[INFO] [stdout]   |
[INFO] [stdout] 4 |    if let Some(win) = windows.begin("my_window", &font) {
[INFO] [stdout]   |                       ^^^^^^^ not found in this scope
[INFO] [stdout] 
[INFO] [stdout] error[E0425]: cannot find value `font` in this scope
[INFO] [stdout]  --> src/window/widgets/button.rs:52:51
[INFO] [stdout]   |
[INFO] [stdout] 4 |    if let Some(win) = windows.begin("my_window", &font) {
[INFO] [stdout]   |                                                   ^^^^ not found in this scope
[INFO] [stdout] 
[INFO] [stdout] error[E0425]: cannot find value `widgets` in this scope
[INFO] [stdout]  --> src/window/widgets/button.rs:53:11
[INFO] [stdout]   |
[INFO] [stdout] 5 |        if widgets.Button(win, "hello").1.pressed {
[INFO] [stdout]   |           ^^^^^^^ not found in this scope
[INFO] [stdout] 
[INFO] [stdout] error: aborting due to 3 previous errors
[INFO] [stdout] 
[INFO] [stdout] For more information about this error, try `rustc --explain E0425`.
[INFO] [stdout] Couldn't compile the test.
[INFO] [stdout] ---- src/lib.rs - (line 66) stdout ----
[INFO] [stdout] error[E0425]: cannot find value `windows` in this scope
[INFO] [stdout]  --> src/lib.rs:67:20
[INFO] [stdout]   |
[INFO] [stdout] 3 | if let Some(win) = windows.begin("") {
[INFO] [stdout]   |                    ^^^^^^^ not found in this scope
[INFO] [stdout] 
[INFO] [stdout] error[E0425]: cannot find value `WHITE` in this scope
[INFO] [stdout]  --> src/lib.rs:69:34
[INFO] [stdout]   |
[INFO] [stdout] 5 |     win.Text("Hello, world 123", WHITE);
[INFO] [stdout]   |                                  ^^^^^ not found in this scope
[INFO] [stdout]   |
[INFO] [stdout] help: consider importing this constant
[INFO] [stdout]   |
[INFO] [stdout] 2 + use macroquad::prelude::WHITE;
[INFO] [stdout]   |
[INFO] [stdout] 
[INFO] [stdout] error[E0425]: cannot find function `vec2` in this scope
[INFO] [stdout]  --> src/lib.rs:71:38
[INFO] [stdout]   |
[INFO] [stdout] 7 |     win.Slider_float(0., 100., None, vec2(win.rect.w - 20.0, 15f32));
[INFO] [stdout]   |                                      ^^^^ not found in this scope
[INFO] [stdout]   |
[INFO] [stdout] help: consider importing this function
[INFO] [stdout]   |
[INFO] [stdout] 2 + use macroquad::prelude::vec2;
[INFO] [stdout]   |
[INFO] [stdout] 
[INFO] [stdout] error[E0422]: cannot find struct, variant or union type `ButtonStyle` in this scope
[INFO] [stdout]  --> src/lib.rs:73:22
[INFO] [stdout]   |
[INFO] [stdout] 9 |     win.button_style(ButtonStyle{
[INFO] [stdout]   |                      ^^^^^^^^^^^ not found in this scope
[INFO] [stdout]   |
[INFO] [stdout] help: consider importing this struct
[INFO] [stdout]   |
[INFO] [stdout] 2 + use amberwindow::ButtonStyle;
[INFO] [stdout]   |
[INFO] [stdout] 
[INFO] [stdout] error[E0425]: cannot find value `WHITE` in this scope
[INFO] [stdout]   --> src/lib.rs:75:16
[INFO] [stdout]    |
[INFO] [stdout] 11 |         color: WHITE,
[INFO] [stdout]    |                ^^^^^ not found in this scope
[INFO] [stdout]    |
[INFO] [stdout] help: consider importing this constant
[INFO] [stdout]    |
[INFO] [stdout] 2  + use macroquad::prelude::WHITE;
[INFO] [stdout]    |
[INFO] [stdout] 
[INFO] [stdout] error[E0433]: failed to resolve: use of undeclared type `Color`
[INFO] [stdout]   --> src/lib.rs:76:19
[INFO] [stdout]    |
[INFO] [stdout] 12 |         bg_color: Color::from_hex(0x274972),
[INFO] [stdout]    |                   ^^^^^ use of undeclared type `Color`
[INFO] [stdout]    |
[INFO] [stdout] help: consider importing this struct
[INFO] [stdout]    |
[INFO] [stdout] 2  + use macroquad::prelude::Color;
[INFO] [stdout]    |
[INFO] [stdout] 
[INFO] [stdout] error[E0433]: failed to resolve: use of undeclared type `Color`
[INFO] [stdout]   --> src/lib.rs:77:25
[INFO] [stdout]    |
[INFO] [stdout] 13 |         hover_bg_color: Color::from_hex(0x496994),
[INFO] [stdout]    |                         ^^^^^ use of undeclared type `Color`
[INFO] [stdout]    |
[INFO] [stdout] help: consider importing this struct
[INFO] [stdout]    |
[INFO] [stdout] 2  + use macroquad::prelude::Color;
[INFO] [stdout]    |
[INFO] [stdout] 
[INFO] [stdout] error[E0433]: failed to resolve: use of undeclared type `Color`
[INFO] [stdout]   --> src/lib.rs:78:27
[INFO] [stdout]    |
[INFO] [stdout] 14 |         pressed_bg_color: Color::from_hex(0x274972)
[INFO] [stdout]    |                           ^^^^^ use of undeclared type `Color`
[INFO] [stdout]    |
[INFO] [stdout] help: consider importing this struct
[INFO] [stdout]    |
[INFO] [stdout] 2  + use macroquad::prelude::Color;
[INFO] [stdout]    |
[INFO] [stdout] 
[INFO] [stdout] error[E0422]: cannot find struct, variant or union type `SliderStyle` in this scope
[INFO] [stdout]   --> src/lib.rs:80:22
[INFO] [stdout]    |
[INFO] [stdout] 16 |     win.slider_style(SliderStyle{
[INFO] [stdout]    |                      ^^^^^^^^^^^ not found in this scope
[INFO] [stdout]    |
[INFO] [stdout] help: consider importing this struct
[INFO] [stdout]    |
[INFO] [stdout] 2  + use amberwindow::SliderStyle;
[INFO] [stdout]    |
[INFO] [stdout] 
[INFO] [stdout] error[E0425]: cannot find value `WHITE` in this scope
[INFO] [stdout]   --> src/lib.rs:81:16
[INFO] [stdout]    |
[INFO] [stdout] 17 |         color: WHITE,
[INFO] [stdout]    |                ^^^^^ not found in this scope
[INFO] [stdout]    |
[INFO] [stdout] help: consider importing this constant
[INFO] [stdout]    |
[INFO] [stdout] 2  + use macroquad::prelude::WHITE;
[INFO] [stdout]    |
[INFO] [stdout] 
[INFO] [stdout] error[E0433]: failed to resolve: use of undeclared type `Color`
[INFO] [stdout]   --> src/lib.rs:82:19
[INFO] [stdout]    |
[INFO] [stdout] 18 |         bg_color: Color::from_hex(0x163861),
[INFO] [stdout]    |                   ^^^^^ use of undeclared type `Color`
[INFO] [stdout]    |
[INFO] [stdout] help: consider importing this struct
[INFO] [stdout]    |
[INFO] [stdout] 2  + use macroquad::prelude::Color;
[INFO] [stdout]    |
[INFO] [stdout] 
[INFO] [stdout] error[E0433]: failed to resolve: use of undeclared type `Color`
[INFO] [stdout]   --> src/lib.rs:83:25
[INFO] [stdout]    |
[INFO] [stdout] 19 |         hover_bg_color: Color::from_hex(0x274972),
[INFO] [stdout]    |                         ^^^^^ use of undeclared type `Color`
[INFO] [stdout]    |
[INFO] [stdout] help: consider importing this struct
[INFO] [stdout]    |
[INFO] [stdout] 2  + use macroquad::prelude::Color;
[INFO] [stdout]    |
[INFO] [stdout] 
[INFO] [stdout] error[E0425]: cannot find value `SKYBLUE` in this scope
[INFO] [stdout]   --> src/lib.rs:84:22
[INFO] [stdout]    |
[INFO] [stdout] 20 |         value_color: SKYBLUE,
[INFO] [stdout]    |                      ^^^^^^^ not found in this scope
[INFO] [stdout]    |
[INFO] [stdout] help: consider importing this constant
[INFO] [stdout]    |
[INFO] [stdout] 2  + use macroquad::prelude::SKYBLUE;
[INFO] [stdout]    |
[INFO] [stdout] 
[INFO] [stdout] error[E0422]: cannot find struct, variant or union type `WindowStyle` in this scope
[INFO] [stdout]   --> src/lib.rs:86:15
[INFO] [stdout]    |
[INFO] [stdout] 22 |     win.style(WindowStyle{
[INFO] [stdout]    |               ^^^^^^^^^^^ not found in this scope
[INFO] [stdout]    |
[INFO] [stdout] help: consider importing this struct
[INFO] [stdout]    |
[INFO] [stdout] 2  + use amberwindow::WindowStyle;
[INFO] [stdout]    |
[INFO] [stdout] 
[INFO] [stdout] error[E0433]: failed to resolve: use of undeclared type `Color`
[INFO] [stdout]   --> src/lib.rs:88:19
[INFO] [stdout]    |
[INFO] [stdout] 24 |         bg_color: Color::from_hex(0x151617),
[INFO] [stdout]    |                   ^^^^^ use of undeclared type `Color`
[INFO] [stdout]    |
[INFO] [stdout] help: consider importing this struct
[INFO] [stdout]    |
[INFO] [stdout] 2  + use macroquad::prelude::Color;
[INFO] [stdout]    |
[INFO] [stdout] 
[INFO] [stdout] error[E0433]: failed to resolve: use of undeclared type `Color`
[INFO] [stdout]   --> src/lib.rs:89:19
[INFO] [stdout]    |
[INFO] [stdout] 25 |         tb_color: Color::from_hex(0x294a7a),
[INFO] [stdout]    |                   ^^^^^ use of undeclared type `Color`
[INFO] [stdout]    |
[INFO] [stdout] help: consider importing this struct
[INFO] [stdout]    |
[INFO] [stdout] 2  + use macroquad::prelude::Color;
[INFO] [stdout]    |
[INFO] [stdout] 
[INFO] [stdout] error[E0425]: cannot find value `BLACK` in this scope
[INFO] [stdout]   --> src/lib.rs:90:30
[INFO] [stdout]    |
[INFO] [stdout] 26 |         deselected_tb_color: BLACK,
[INFO] [stdout]    |                              ^^^^^ not found in this scope
[INFO] [stdout]    |
[INFO] [stdout] help: consider importing this constant
[INFO] [stdout]    |
[INFO] [stdout] 2  + use macroquad::prelude::BLACK;
[INFO] [stdout]    |
[INFO] [stdout] 
[INFO] [stdout] error[E0425]: cannot find value `BLANK` in this scope
[INFO] [stdout]   --> src/lib.rs:91:23
[INFO] [stdout]    |
[INFO] [stdout] 27 |         border_color: BLANK,
[INFO] [stdout]    |                       ^^^^^ not found in this scope
[INFO] [stdout]    |
[INFO] [stdout] help: consider importing this constant
[INFO] [stdout]    |
[INFO] [stdout] 2  + use macroquad::prelude::BLANK;
[INFO] [stdout]    |
[INFO] [stdout] 
[INFO] [stdout] error[E0433]: failed to resolve: use of undeclared type `Color`
[INFO] [stdout]   --> src/lib.rs:92:32
[INFO] [stdout]    |
[INFO] [stdout] 28 |         selected_border_color: Color::new(1.,1.,1., 0.7),
[INFO] [stdout]    |                                ^^^^^ use of undeclared type `Color`
[INFO] [stdout]    |
[INFO] [stdout] help: consider importing this struct
[INFO] [stdout]    |
[INFO] [stdout] 2  + use macroquad::prelude::Color;
[INFO] [stdout]    |
[INFO] [stdout] 
[INFO] [stdout] error[E0425]: cannot find value `WHITE` in this scope
[INFO] [stdout]   --> src/lib.rs:93:22
[INFO] [stdout]    |
[INFO] [stdout] 29 |         title_color: WHITE,
[INFO] [stdout]    |                      ^^^^^ not found in this scope
[INFO] [stdout]    |
[INFO] [stdout] help: consider importing this constant
[INFO] [stdout]    |
[INFO] [stdout] 2  + use macroquad::prelude::WHITE;
[INFO] [stdout]    |
[INFO] [stdout] 
[INFO] [stdout] error[E0433]: failed to resolve: use of undeclared type `Color`
[INFO] [stdout]   --> src/lib.rs:94:22
[INFO] [stdout]    |
[INFO] [stdout] 30 |         scale_color: Color::from_hex(0x294a7a),
[INFO] [stdout]    |                      ^^^^^ use of undeclared type `Color`
[INFO] [stdout]    |
[INFO] [stdout] help: consider importing this struct
[INFO] [stdout]    |
[INFO] [stdout] 2  + use macroquad::prelude::Color;
[INFO] [stdout]    |
[INFO] [stdout] 
[INFO] [stdout] error[E0425]: cannot find value `WHITE` in this scope
[INFO] [stdout]   --> src/lib.rs:95:25
[INFO] [stdout]    |
[INFO] [stdout] 31 |         minimize_color: WHITE,
[INFO] [stdout]    |                         ^^^^^ not found in this scope
[INFO] [stdout]    |
[INFO] [stdout] help: consider importing this constant
[INFO] [stdout]    |
[INFO] [stdout] 2  + use macroquad::prelude::WHITE;
[INFO] [stdout]    |
[INFO] [stdout] 
[INFO] [stdout] error[E0425]: cannot find value `WHITE` in this scope
[INFO] [stdout]   --> src/lib.rs:96:22
[INFO] [stdout]    |
[INFO] [stdout] 32 |         close_color: WHITE
[INFO] [stdout]    |                      ^^^^^ not found in this scope
[INFO] [stdout]    |
[INFO] [stdout] help: consider importing this constant
[INFO] [stdout]    |
[INFO] [stdout] 2  + use macroquad::prelude::WHITE;
[INFO] [stdout]    |
[INFO] [stdout] 
[INFO] [stdout] error[E0433]: failed to resolve: use of undeclared type `Widget`
[INFO] [stdout]   --> src/lib.rs:99:16
[INFO] [stdout]    |
[INFO] [stdout] 35 |         if let Widget::Checkbox(i) = i {
[INFO] [stdout]    |                ^^^^^^ use of undeclared type `Widget`
[INFO] [stdout]    |
[INFO] [stdout] help: consider importing this enum
[INFO] [stdout]    |
[INFO] [stdout] 2  + use amberwindow::Widget;
[INFO] [stdout]    |
[INFO] [stdout] 
[INFO] [stdout] error[E0433]: failed to resolve: use of undeclared type `Color`
[INFO] [stdout]   --> src/lib.rs:100:26
[INFO] [stdout]    |
[INFO] [stdout] 36 |             i.bg_color = Color::from_hex(0x385884);
[INFO] [stdout]    |                          ^^^^^ use of undeclared type `Color`
[INFO] [stdout]    |
[INFO] [stdout] help: consider importing this struct
[INFO] [stdout]    |
[INFO] [stdout] 2  + use macroquad::prelude::Color;
[INFO] [stdout]    |
[INFO] [stdout] 
[INFO] [stdout] error: aborting due to 25 previous errors
[INFO] [stdout] 
[INFO] [stdout] Some errors have detailed explanations: E0422, E0425, E0433.
[INFO] [stdout] For more information about an error, try `rustc --explain E0422`.
[INFO] [stdout] Couldn't compile the test.
[INFO] [stdout] ---- src/window/window_manager.rs - window::window_manager::WindowManager (line 12) stdout ----
[INFO] [stdout] error[E0433]: failed to resolve: use of undeclared type `WindowManager`
[INFO] [stdout]  --> src/window/window_manager.rs:13:15
[INFO] [stdout]   |
[INFO] [stdout] 3 | let windows = WindowManager::new(); // Create new window manager
[INFO] [stdout]   |               ^^^^^^^^^^^^^ use of undeclared type `WindowManager`
[INFO] [stdout]   |
[INFO] [stdout] help: consider importing this struct
[INFO] [stdout]   |
[INFO] [stdout] 2 + use amberwindow::WindowManager;
[INFO] [stdout]   |
[INFO] [stdout] 
[INFO] [stdout] error: aborting due to 1 previous error
[INFO] [stdout] 
[INFO] [stdout] For more information about this error, try `rustc --explain E0433`.
[INFO] [stdout] Couldn't compile the test.
[INFO] [stdout] ---- src/window/window_manager.rs - window::window_manager::WindowManager::begin (line 66) stdout ----
[INFO] [stdout] error[E0425]: cannot find value `windows` in this scope
[INFO] [stdout]  --> src/window/window_manager.rs:67:20
[INFO] [stdout]   |
[INFO] [stdout] 3 | if let Some(win) = windows.begin("my_window") {
[INFO] [stdout]   |                    ^^^^^^^ not found in this scope
[INFO] [stdout] 
[INFO] [stdout] error[E0425]: cannot find value `widget` in this scope
[INFO] [stdout]  --> src/window/window_manager.rs:68:5
[INFO] [stdout]   |
[INFO] [stdout] 4 |     widget.Text(win, "hello");
[INFO] [stdout]   |     ^^^^^^ not found in this scope
[INFO] [stdout] 
[INFO] [stdout] error: aborting due to 2 previous errors
[INFO] [stdout] 
[INFO] [stdout] For more information about this error, try `rustc --explain E0425`.
[INFO] [stdout] Couldn't compile the test.
[INFO] [stdout] ---- src/window/widgets/button.rs - window::widgets::button::Button (line 39) stdout ----
[INFO] [stdout] error[E0425]: cannot find value `windows` in this scope
[INFO] [stdout]  --> src/window/widgets/button.rs:41:23
[INFO] [stdout]   |
[INFO] [stdout] 4 |    if let Some(win) = windows.begin("my_window", &font) {
[INFO] [stdout]   |                       ^^^^^^^ not found in this scope
[INFO] [stdout] 
[INFO] [stdout] error[E0425]: cannot find value `font` in this scope
[INFO] [stdout]  --> src/window/widgets/button.rs:41:51
[INFO] [stdout]   |
[INFO] [stdout] 4 |    if let Some(win) = windows.begin("my_window", &font) {
[INFO] [stdout]   |                                                   ^^^^ not found in this scope
[INFO] [stdout] 
[INFO] [stdout] error[E0425]: cannot find value `widgets` in this scope
[INFO] [stdout]  --> src/window/widgets/button.rs:42:11
[INFO] [stdout]   |
[INFO] [stdout] 5 |        if widgets.Button(win, "hello").1.is_just_pressed {
[INFO] [stdout]   |           ^^^^^^^ not found in this scope
[INFO] [stdout] 
[INFO] [stdout] error: aborting due to 3 previous errors
[INFO] [stdout] 
[INFO] [stdout] For more information about this error, try `rustc --explain E0425`.
[INFO] [stdout] Couldn't compile the test.
[INFO] [stdout] ---- src/window/window_manager.rs - window::window_manager::WindowManager (line 23) stdout ----
[INFO] [stdout] error[E0425]: cannot find value `windows` in this scope
[INFO] [stdout]  --> src/window/window_manager.rs:25:11
[INFO] [stdout]   |
[INFO] [stdout] 4 | let idx = windows.get_window_index("window");
[INFO] [stdout]   |           ^^^^^^^ not found in this scope
[INFO] [stdout] 
[INFO] [stdout] error[E0425]: cannot find value `windows` in this scope
[INFO] [stdout]  --> src/window/window_manager.rs:27:1
[INFO] [stdout]   |
[INFO] [stdout] 6 | windows[idx].queue_free(); // Kill the window
[INFO] [stdout]   | ^^^^^^^ not found in this scope
[INFO] [stdout] 
[INFO] [stdout] error: aborting due to 2 previous errors
[INFO] [stdout] 
[INFO] [stdout] For more information about this error, try `rustc --explain E0425`.
[INFO] [stdout] Couldn't compile the test.
[INFO] [stdout] ---- src/window/widgets/button.rs - window::widgets::button::Button (line 30) stdout ----
[INFO] [stdout] error[E0425]: cannot find value `windows` in this scope
[INFO] [stdout]  --> src/window/widgets/button.rs:32:24
[INFO] [stdout]   |
[INFO] [stdout] 4 |     if let Some(win) = windows.begin("my_window", &font) {
[INFO] [stdout]   |                        ^^^^^^^ not found in this scope
[INFO] [stdout] 
[INFO] [stdout] error[E0425]: cannot find value `font` in this scope
[INFO] [stdout]  --> src/window/widgets/button.rs:32:52
[INFO] [stdout]   |
[INFO] [stdout] 4 |     if let Some(win) = windows.begin("my_window", &font) {
[INFO] [stdout]   |                                                    ^^^^ not found in this scope
[INFO] [stdout] 
[INFO] [stdout] error[E0425]: cannot find value `widgets` in this scope
[INFO] [stdout]  --> src/window/widgets/button.rs:33:9
[INFO] [stdout]   |
[INFO] [stdout] 5 |         widgets.Button(win, "hello");
[INFO] [stdout]   |         ^^^^^^^ not found in this scope
[INFO] [stdout] 
[INFO] [stdout] error: aborting due to 3 previous errors
[INFO] [stdout] 
[INFO] [stdout] For more information about this error, try `rustc --explain E0425`.
[INFO] [stdout] Couldn't compile the test.
[INFO] [stdout] ---- src/lib.rs - (line 38) stdout ----
[INFO] [stdout] Test executable failed (exit status: 101).
[INFO] [stdout] 
[INFO] [stdout] stderr:
[INFO] [stdout] thread 'main' panicked at /opt/rustwide/cargo-home/registry/src/index.crates.io-6f17d22bba15001f/miniquad-0.4.2/src/native/linux_x11.rs:557:13:
[INFO] [stdout] XOpenDisplay() failed!
[INFO] [stdout] stack backtrace:
[INFO] [stdout]    0:     0x57f6cf14719a - std::backtrace_rs::backtrace::libunwind::trace::h207520d6e9873551
[INFO] [stdout]                                at /rustc/df4ca44d3fbc9301ee17f30f4d474e6ae4b05252/library/std/src/../../backtrace/src/backtrace/libunwind.rs:116:5
[INFO] [stdout]    1:     0x57f6cf14719a - std::backtrace_rs::backtrace::trace_unsynchronized::h2ed7433f370e3eca
[INFO] [stdout]                                at /rustc/df4ca44d3fbc9301ee17f30f4d474e6ae4b05252/library/std/src/../../backtrace/src/backtrace/mod.rs:66:5
[INFO] [stdout]    2:     0x57f6cf14719a - std::sys::backtrace::_print_fmt::h916fac51166b18d7
[INFO] [stdout]                                at /rustc/df4ca44d3fbc9301ee17f30f4d474e6ae4b05252/library/std/src/sys/backtrace.rs:66:9
[INFO] [stdout]    3:     0x57f6cf14719a - <std::sys::backtrace::BacktraceLock::print::DisplayBacktrace as core::fmt::Display>::fmt::ha0a4c9b8ce3802e6
[INFO] [stdout]                                at /rustc/df4ca44d3fbc9301ee17f30f4d474e6ae4b05252/library/std/src/sys/backtrace.rs:39:26
[INFO] [stdout]    4:     0x57f6cf1690b3 - core::fmt::rt::Argument::fmt::h4cfc8587d52b3eb5
[INFO] [stdout]                                at /rustc/df4ca44d3fbc9301ee17f30f4d474e6ae4b05252/library/core/src/fmt/rt.rs:177:76
[INFO] [stdout]    5:     0x57f6cf1690b3 - core::fmt::write::h522cc39e5b36ae9f
[INFO] [stdout]                                at /rustc/df4ca44d3fbc9301ee17f30f4d474e6ae4b05252/library/core/src/fmt/mod.rs:1190:21
[INFO] [stdout]    6:     0x57f6cf144723 - std::io::Write::write_fmt::hf1c1dcc8cc1287f0
[INFO] [stdout]                                at /rustc/df4ca44d3fbc9301ee17f30f4d474e6ae4b05252/library/std/src/io/mod.rs:1839:15
[INFO] [stdout]    7:     0x57f6cf146fe2 - std::sys::backtrace::BacktraceLock::print::h4b9e00b29e9c0942
[INFO] [stdout]                                at /rustc/df4ca44d3fbc9301ee17f30f4d474e6ae4b05252/library/std/src/sys/backtrace.rs:42:9
[INFO] [stdout]    8:     0x57f6cf147fac - std::panicking::default_hook::{{closure}}::hb59b88280d0324d9
[INFO] [stdout]                                at /rustc/df4ca44d3fbc9301ee17f30f4d474e6ae4b05252/library/std/src/panicking.rs:268:22
[INFO] [stdout]    9:     0x57f6cf147df2 - std::panicking::default_hook::he1dd496665be4a29
[INFO] [stdout]                                at /rustc/df4ca44d3fbc9301ee17f30f4d474e6ae4b05252/library/std/src/panicking.rs:295:9
[INFO] [stdout]   10:     0x57f6cf1485e7 - std::panicking::rust_panic_with_hook::h2ff17fe8f26dfcf8
[INFO] [stdout]                                at /rustc/df4ca44d3fbc9301ee17f30f4d474e6ae4b05252/library/std/src/panicking.rs:801:13
[INFO] [stdout]   11:     0x57f6cf0c24ea - std::panicking::begin_panic::{{closure}}::h74d7442ad2c2f63d
[INFO] [stdout]                                at /rustc/df4ca44d3fbc9301ee17f30f4d474e6ae4b05252/library/std/src/panicking.rs:738:9
[INFO] [stdout]   12:     0x57f6cf0c245a - std::sys::backtrace::__rust_end_short_backtrace::h8a89cd8943fe2c5a
[INFO] [stdout]                                at /rustc/df4ca44d3fbc9301ee17f30f4d474e6ae4b05252/library/std/src/sys/backtrace.rs:170:18
[INFO] [stdout]   13:     0x57f6cf0c2493 - std::panicking::begin_panic::hfb425c2c74c1e2cc
[INFO] [stdout]                                at /rustc/df4ca44d3fbc9301ee17f30f4d474e6ae4b05252/library/std/src/panicking.rs:737:5
[INFO] [stdout]   14:     0x57f6cf00ae21 - miniquad::native::linux_x11::run::h9c051cac9a4a3947
[INFO] [stdout]   15:     0x57f6ceffdca5 - miniquad::start::h3a21a9406299ef37
[INFO] [stdout]   16:     0x57f6cf00bd07 - macroquad::Window::from_config::h694e1ebf2d26b581
[INFO] [stdout]   17:     0x57f6cf00c1d3 - macroquad::Window::new::h8e10dcd276938e26
[INFO] [stdout]   18:     0x57f6cf00c260 - rust_out::main::ha213a30daa5df4da
[INFO] [stdout]   19:     0x57f6ceffa783 - core::ops::function::FnOnce::call_once::hf7edf7132571051c
[INFO] [stdout]   20:     0x57f6ceff7376 - std::sys::backtrace::__rust_begin_short_backtrace::h32fd822fd2ba4079
[INFO] [stdout]   21:     0x57f6ceff7359 - std::rt::lang_start::{{closure}}::h4039a1c394ed4f7c
[INFO] [stdout]   22:     0x57f6cf141767 - core::ops::function::impls::<impl core::ops::function::FnOnce<A> for &F>::call_once::hd87d66b906e0ccaf
[INFO] [stdout]                                at /rustc/df4ca44d3fbc9301ee17f30f4d474e6ae4b05252/library/core/src/ops/function.rs:284:13
[INFO] [stdout]   23:     0x57f6cf141767 - std::panicking::try::do_call::hae3703de71fc9e3a
[INFO] [stdout]                                at /rustc/df4ca44d3fbc9301ee17f30f4d474e6ae4b05252/library/std/src/panicking.rs:557:40
[INFO] [stdout]   24:     0x57f6cf141767 - std::panicking::try::h1178330e9a2b2645
[INFO] [stdout]                                at /rustc/df4ca44d3fbc9301ee17f30f4d474e6ae4b05252/library/std/src/panicking.rs:520:19
[INFO] [stdout]   25:     0x57f6cf141767 - std::panic::catch_unwind::h0acf49d2305d32ad
[INFO] [stdout]                                at /rustc/df4ca44d3fbc9301ee17f30f4d474e6ae4b05252/library/std/src/panic.rs:358:14
[INFO] [stdout]   26:     0x57f6cf141767 - std::rt::lang_start_internal::{{closure}}::h2d95182d798177be
[INFO] [stdout]                                at /rustc/df4ca44d3fbc9301ee17f30f4d474e6ae4b05252/library/std/src/rt.rs:174:48
[INFO] [stdout]   27:     0x57f6cf141767 - std::panicking::try::do_call::hb506f5bfe11fd30c
[INFO] [stdout]                                at /rustc/df4ca44d3fbc9301ee17f30f4d474e6ae4b05252/library/std/src/panicking.rs:557:40
[INFO] [stdout]   28:     0x57f6cf141767 - std::panicking::try::h54d825c46bd0fa95
[INFO] [stdout]                                at /rustc/df4ca44d3fbc9301ee17f30f4d474e6ae4b05252/library/std/src/panicking.rs:520:19
[INFO] [stdout]   29:     0x57f6cf141767 - std::panic::catch_unwind::hffbb0ad20c4e9fac
[INFO] [stdout]                                at /rustc/df4ca44d3fbc9301ee17f30f4d474e6ae4b05252/library/std/src/panic.rs:358:14
[INFO] [stdout]   30:     0x57f6cf141767 - std::rt::lang_start_internal::h52c291ef1962c925
[INFO] [stdout]                                at /rustc/df4ca44d3fbc9301ee17f30f4d474e6ae4b05252/library/std/src/rt.rs:174:20
[INFO] [stdout]   31:     0x57f6ceff7337 - std::rt::lang_start::h8c6075cd6f225ba1
[INFO] [stdout]   32:     0x57f6cf00c465 - main
[INFO] [stdout]   33:     0x72f058762d90 - <unknown>
[INFO] [stdout]   34:     0x72f058762e40 - __libc_start_main
[INFO] [stdout]   35:     0x57f6ceff69f5 - _start
[INFO] [stdout]   36:                0x0 - <unknown>
[INFO] [stdout] 
[INFO] [stdout] 
[INFO] [stdout] ---- src/lib.rs - (line 21) stdout ----
[INFO] [stdout] Test executable failed (exit status: 101).
[INFO] [stdout] 
[INFO] [stdout] stderr:
[INFO] [stdout] thread 'main' panicked at /opt/rustwide/cargo-home/registry/src/index.crates.io-6f17d22bba15001f/miniquad-0.4.2/src/native/linux_x11.rs:557:13:
[INFO] [stdout] XOpenDisplay() failed!
[INFO] [stdout] stack backtrace:
[INFO] [stdout]    0:     0x5882dc13aeba - std::backtrace_rs::backtrace::libunwind::trace::h207520d6e9873551
[INFO] [stdout]                                at /rustc/df4ca44d3fbc9301ee17f30f4d474e6ae4b05252/library/std/src/../../backtrace/src/backtrace/libunwind.rs:116:5
[INFO] [stdout]    1:     0x5882dc13aeba - std::backtrace_rs::backtrace::trace_unsynchronized::h2ed7433f370e3eca
[INFO] [stdout]                                at /rustc/df4ca44d3fbc9301ee17f30f4d474e6ae4b05252/library/std/src/../../backtrace/src/backtrace/mod.rs:66:5
[INFO] [stdout]    2:     0x5882dc13aeba - std::sys::backtrace::_print_fmt::h916fac51166b18d7
[INFO] [stdout]                                at /rustc/df4ca44d3fbc9301ee17f30f4d474e6ae4b05252/library/std/src/sys/backtrace.rs:66:9
[INFO] [stdout]    3:     0x5882dc13aeba - <std::sys::backtrace::BacktraceLock::print::DisplayBacktrace as core::fmt::Display>::fmt::ha0a4c9b8ce3802e6
[INFO] [stdout]                                at /rustc/df4ca44d3fbc9301ee17f30f4d474e6ae4b05252/library/std/src/sys/backtrace.rs:39:26
[INFO] [stdout]    4:     0x5882dc15cdd3 - core::fmt::rt::Argument::fmt::h4cfc8587d52b3eb5
[INFO] [stdout]                                at /rustc/df4ca44d3fbc9301ee17f30f4d474e6ae4b05252/library/core/src/fmt/rt.rs:177:76
[INFO] [stdout]    5:     0x5882dc15cdd3 - core::fmt::write::h522cc39e5b36ae9f
[INFO] [stdout]                                at /rustc/df4ca44d3fbc9301ee17f30f4d474e6ae4b05252/library/core/src/fmt/mod.rs:1190:21
[INFO] [stdout]    6:     0x5882dc138443 - std::io::Write::write_fmt::hf1c1dcc8cc1287f0
[INFO] [stdout]                                at /rustc/df4ca44d3fbc9301ee17f30f4d474e6ae4b05252/library/std/src/io/mod.rs:1839:15
[INFO] [stdout]    7:     0x5882dc13ad02 - std::sys::backtrace::BacktraceLock::print::h4b9e00b29e9c0942
[INFO] [stdout]                                at /rustc/df4ca44d3fbc9301ee17f30f4d474e6ae4b05252/library/std/src/sys/backtrace.rs:42:9
[INFO] [stdout]    8:     0x5882dc13bccc - std::panicking::default_hook::{{closure}}::hb59b88280d0324d9
[INFO] [stdout]                                at /rustc/df4ca44d3fbc9301ee17f30f4d474e6ae4b05252/library/std/src/panicking.rs:268:22
[INFO] [stdout]    9:     0x5882dc13bb12 - std::panicking::default_hook::he1dd496665be4a29
[INFO] [stdout]                                at /rustc/df4ca44d3fbc9301ee17f30f4d474e6ae4b05252/library/std/src/panicking.rs:295:9
[INFO] [stdout]   10:     0x5882dc13c307 - std::panicking::rust_panic_with_hook::h2ff17fe8f26dfcf8
[INFO] [stdout]                                at /rustc/df4ca44d3fbc9301ee17f30f4d474e6ae4b05252/library/std/src/panicking.rs:801:13
[INFO] [stdout]   11:     0x5882dc0b620a - std::panicking::begin_panic::{{closure}}::h74d7442ad2c2f63d
[INFO] [stdout]                                at /rustc/df4ca44d3fbc9301ee17f30f4d474e6ae4b05252/library/std/src/panicking.rs:738:9
[INFO] [stdout]   12:     0x5882dc0b617a - std::sys::backtrace::__rust_end_short_backtrace::h8a89cd8943fe2c5a
[INFO] [stdout]                                at /rustc/df4ca44d3fbc9301ee17f30f4d474e6ae4b05252/library/std/src/sys/backtrace.rs:170:18
[INFO] [stdout]   13:     0x5882dc0b61b3 - std::panicking::begin_panic::hfb425c2c74c1e2cc
[INFO] [stdout]                                at /rustc/df4ca44d3fbc9301ee17f30f4d474e6ae4b05252/library/std/src/panicking.rs:737:5
[INFO] [stdout]   14:     0x5882dc000a11 - miniquad::native::linux_x11::run::h9c051cac9a4a3947
[INFO] [stdout]   15:     0x5882dbff3895 - miniquad::start::h3a21a9406299ef37
[INFO] [stdout]   16:     0x5882dc001687 - macroquad::Window::from_config::h694e1ebf2d26b581
[INFO] [stdout]   17:     0x5882dc001b53 - macroquad::Window::new::h8e10dcd276938e26
[INFO] [stdout]   18:     0x5882dc001be0 - rust_out::main::ha213a30daa5df4da
[INFO] [stdout]   19:     0x5882dbff13a3 - core::ops::function::FnOnce::call_once::hf7edf7132571051c
[INFO] [stdout]   20:     0x5882dbfedf96 - std::sys::backtrace::__rust_begin_short_backtrace::h32fd822fd2ba4079
[INFO] [stdout]   21:     0x5882dbfedf79 - std::rt::lang_start::{{closure}}::h4039a1c394ed4f7c
[INFO] [stdout]   22:     0x5882dc135487 - core::ops::function::impls::<impl core::ops::function::FnOnce<A> for &F>::call_once::hd87d66b906e0ccaf
[INFO] [stdout]                                at /rustc/df4ca44d3fbc9301ee17f30f4d474e6ae4b05252/library/core/src/ops/function.rs:284:13
[INFO] [stdout]   23:     0x5882dc135487 - std::panicking::try::do_call::hae3703de71fc9e3a
[INFO] [stdout]                                at /rustc/df4ca44d3fbc9301ee17f30f4d474e6ae4b05252/library/std/src/panicking.rs:557:40
[INFO] [stdout]   24:     0x5882dc135487 - std::panicking::try::h1178330e9a2b2645
[INFO] [stdout]                                at /rustc/df4ca44d3fbc9301ee17f30f4d474e6ae4b05252/library/std/src/panicking.rs:520:19
[INFO] [stdout]   25:     0x5882dc135487 - std::panic::catch_unwind::h0acf49d2305d32ad
[INFO] [stdout]                                at /rustc/df4ca44d3fbc9301ee17f30f4d474e6ae4b05252/library/std/src/panic.rs:358:14
[INFO] [stdout]   26:     0x5882dc135487 - std::rt::lang_start_internal::{{closure}}::h2d95182d798177be
[INFO] [stdout]                                at /rustc/df4ca44d3fbc9301ee17f30f4d474e6ae4b05252/library/std/src/rt.rs:174:48
[INFO] [stdout]   27:     0x5882dc135487 - std::panicking::try::do_call::hb506f5bfe11fd30c
[INFO] [stdout]                                at /rustc/df4ca44d3fbc9301ee17f30f4d474e6ae4b05252/library/std/src/panicking.rs:557:40
[INFO] [stdout]   28:     0x5882dc135487 - std::panicking::try::h54d825c46bd0fa95
[INFO] [stdout]                                at /rustc/df4ca44d3fbc9301ee17f30f4d474e6ae4b05252/library/std/src/panicking.rs:520:19
[INFO] [stdout]   29:     0x5882dc135487 - std::panic::catch_unwind::hffbb0ad20c4e9fac
[INFO] [stdout]                                at /rustc/df4ca44d3fbc9301ee17f30f4d474e6ae4b05252/library/std/src/panic.rs:358:14
[INFO] [stdout]   30:     0x5882dc135487 - std::rt::lang_start_internal::h52c291ef1962c925
[INFO] [stdout]                                at /rustc/df4ca44d3fbc9301ee17f30f4d474e6ae4b05252/library/std/src/rt.rs:174:20
[INFO] [stdout]   31:     0x5882dbfedf57 - std::rt::lang_start::h8c6075cd6f225ba1
[INFO] [stdout]   32:     0x5882dc001d95 - main
[INFO] [stdout]   33:     0x75468a841d90 - <unknown>
[INFO] [stdout]   34:     0x75468a841e40 - __libc_start_main
[INFO] [stdout]   35:     0x5882dbfeda75 - _start
[INFO] [stdout]   36:                0x0 - <unknown>
[INFO] [stdout] 
[INFO] [stdout] 
[INFO] [stdout] 
[INFO] [stdout] failures:
[INFO] [stdout]     src/lib.rs - (line 21)
[INFO] [stdout]     src/lib.rs - (line 38)
[INFO] [stdout]     src/lib.rs - (line 66)
[INFO] [stdout]     src/window/widgets/button.rs - window::widgets::button::Button (line 30)
[INFO] [stdout]     src/window/widgets/button.rs - window::widgets::button::Button (line 39)
[INFO] [stdout]     src/window/widgets/button.rs - window::widgets::button::Button (line 50)
[INFO] [stdout]     src/window/window_manager.rs - window::window_manager::WindowManager (line 12)
[INFO] [stdout]     src/window/window_manager.rs - window::window_manager::WindowManager (line 23)
[INFO] [stdout]     src/window/window_manager.rs - window::window_manager::WindowManager::begin (line 66)
[INFO] [stdout] 
[INFO] [stdout] test result: FAILED. 1 passed; 9 failed; 0 ignored; 0 measured; 0 filtered out; finished in 1.45s
[INFO] [stdout] 
[INFO] [stderr] error: doctest failed, to rerun pass `--doc`
[INFO] running `Command { std: "docker" "inspect" "de6a313e62f6c70228874533327135138027416e590f7b2105d22bcb56cda139", kill_on_drop: false }`
[INFO] running `Command { std: "docker" "rm" "-f" "de6a313e62f6c70228874533327135138027416e590f7b2105d22bcb56cda139", kill_on_drop: false }`
[INFO] [stdout] de6a313e62f6c70228874533327135138027416e590f7b2105d22bcb56cda139
