[INFO] fetching crate alto 3.0.4...
[INFO] testing alto-3.0.4 against nightly-2024-10-28+rustflags=-Zrandomize-layout for randomize-layout
[INFO] extracting crate alto 3.0.4 into /workspace/builds/worker-7-tc2/source
[INFO] validating manifest of crates.io crate alto 3.0.4 on toolchain nightly-2024-10-28
[INFO] running `Command { std: CARGO_HOME="/workspace/cargo-home" RUSTUP_HOME="/workspace/rustup-home" "/workspace/cargo-home/bin/cargo" "+nightly-2024-10-28" "metadata" "--manifest-path" "Cargo.toml" "--no-deps", kill_on_drop: false }`
[INFO] started tweaking crates.io crate alto 3.0.4
[INFO] finished tweaking crates.io crate alto 3.0.4
[INFO] tweaked toml for crates.io crate alto 3.0.4 written to /workspace/builds/worker-7-tc2/source/Cargo.toml
[INFO] running `Command { std: CARGO_HOME="/workspace/cargo-home" RUSTUP_HOME="/workspace/rustup-home" "/workspace/cargo-home/bin/cargo" "+nightly-2024-10-28" "generate-lockfile" "--manifest-path" "Cargo.toml", kill_on_drop: false }`
[INFO] [stderr]     Updating crates.io index
[INFO] [stderr]      Locking 27 packages to latest compatible versions
[INFO] [stderr]       Adding lazy_static v0.2.11 (available: v1.5.0)
[INFO] [stderr]       Adding parking_lot v0.4.8 (available: v0.12.3)
[INFO] running `Command { std: CARGO_HOME="/workspace/cargo-home" RUSTUP_HOME="/workspace/rustup-home" "/workspace/cargo-home/bin/cargo" "+nightly-2024-10-28" "fetch" "--manifest-path" "Cargo.toml", kill_on_drop: false }`
[INFO] [stderr] warning: no edition set: defaulting to the 2015 edition while the latest is 2021
[INFO] running `Command { std: "docker" "create" "-v" "/var/lib/crater-agent-workspace/builds/worker-7-tc2/target:/opt/rustwide/target:rw,Z" "-v" "/var/lib/crater-agent-workspace/builds/worker-7-tc2/source:/opt/rustwide/workdir:ro,Z" "-v" "/var/lib/crater-agent-workspace/cargo-home:/opt/rustwide/cargo-home:ro,Z" "-v" "/var/lib/crater-agent-workspace/rustup-home:/opt/rustwide/rustup-home:ro,Z" "-e" "SOURCE_DIR=/opt/rustwide/workdir" "-e" "CARGO_TARGET_DIR=/opt/rustwide/target" "-e" "CARGO_HOME=/opt/rustwide/cargo-home" "-e" "RUSTUP_HOME=/opt/rustwide/rustup-home" "-w" "/opt/rustwide/workdir" "-m" "1610612736" "--user" "0:0" "--network" "none" "ghcr.io/rust-lang/crates-build-env/linux@sha256:4a844ea9eb2546a2d2c7022eacef16ef2e8229c7fbb2c7d4d55a9ceca922f72d" "/opt/rustwide/cargo-home/bin/cargo" "+nightly-2024-10-28" "metadata" "--no-deps" "--format-version=1", kill_on_drop: false }`
[INFO] [stdout] 0a261ba237ba328162eb561e4f05706d2379296a06ecd001d756c8de318f29f5
[INFO] running `Command { std: "docker" "start" "-a" "0a261ba237ba328162eb561e4f05706d2379296a06ecd001d756c8de318f29f5", kill_on_drop: false }`
[INFO] running `Command { std: "docker" "inspect" "0a261ba237ba328162eb561e4f05706d2379296a06ecd001d756c8de318f29f5", kill_on_drop: false }`
[INFO] running `Command { std: "docker" "rm" "-f" "0a261ba237ba328162eb561e4f05706d2379296a06ecd001d756c8de318f29f5", kill_on_drop: false }`
[INFO] [stdout] 0a261ba237ba328162eb561e4f05706d2379296a06ecd001d756c8de318f29f5
[INFO] running `Command { std: "docker" "create" "-v" "/var/lib/crater-agent-workspace/builds/worker-7-tc2/target:/opt/rustwide/target:rw,Z" "-v" "/var/lib/crater-agent-workspace/builds/worker-7-tc2/source:/opt/rustwide/workdir:ro,Z" "-v" "/var/lib/crater-agent-workspace/cargo-home:/opt/rustwide/cargo-home:ro,Z" "-v" "/var/lib/crater-agent-workspace/rustup-home:/opt/rustwide/rustup-home:ro,Z" "-e" "SOURCE_DIR=/opt/rustwide/workdir" "-e" "CARGO_TARGET_DIR=/opt/rustwide/target" "-e" "CARGO_INCREMENTAL=0" "-e" "RUST_BACKTRACE=full" "-e" "RUSTFLAGS=--cap-lints=forbid -Zrandomize-layout" "-e" "RUSTDOCFLAGS=--cap-lints=forbid" "-e" "CARGO_HOME=/opt/rustwide/cargo-home" "-e" "RUSTUP_HOME=/opt/rustwide/rustup-home" "-w" "/opt/rustwide/workdir" "-m" "1610612736" "--user" "0:0" "--network" "none" "ghcr.io/rust-lang/crates-build-env/linux@sha256:4a844ea9eb2546a2d2c7022eacef16ef2e8229c7fbb2c7d4d55a9ceca922f72d" "/opt/rustwide/cargo-home/bin/cargo" "+nightly-2024-10-28" "build" "--frozen" "--message-format=json", kill_on_drop: false }`
[INFO] [stdout] dda447ce1b1ad29216e5370836c42bb5adb7633cbb260b24e0263010b8665c4a
[INFO] running `Command { std: "docker" "start" "-a" "dda447ce1b1ad29216e5370836c42bb5adb7633cbb260b24e0263010b8665c4a", kill_on_drop: false }`
[INFO] [stderr] warning: no edition set: defaulting to the 2015 edition while the latest is 2021
[INFO] [stderr]    Compiling shlex v1.3.0
[INFO] [stderr]    Compiling proc-macro2 v1.0.89
[INFO] [stderr]    Compiling unicode-ident v1.0.13
[INFO] [stderr]    Compiling libc v0.2.161
[INFO] [stderr]    Compiling maybe-uninit v2.0.0
[INFO] [stderr]    Compiling syn v1.0.109
[INFO] [stderr]    Compiling stable_deref_trait v1.2.0
[INFO] [stderr]    Compiling lazy_static v0.2.11
[INFO] [stderr]    Compiling owning_ref v0.3.3
[INFO] [stderr]    Compiling cc v1.1.31
[INFO] [stderr]    Compiling smallvec v0.6.14
[INFO] [stderr]    Compiling quote v1.0.37
[INFO] [stderr]    Compiling cmake v0.1.51
[INFO] [stderr]    Compiling rand v0.4.6
[INFO] [stderr]    Compiling libloading v0.5.2
[INFO] [stderr]    Compiling al-sys v0.6.1
[INFO] [stderr]    Compiling parking_lot_core v0.2.14
[INFO] [stderr]    Compiling parking_lot v0.4.8
[INFO] [stderr]    Compiling rental-impl v0.5.5
[INFO] [stderr]    Compiling rental v0.5.6
[INFO] [stderr]    Compiling alto v3.0.4 (/opt/rustwide/workdir)
[INFO] [stdout] warning: anonymous parameters are deprecated and will be removed in the next edition
[INFO] [stdout]    --> src/alc.rs:138:33
[INFO] [stdout]     |
[INFO] [stdout] 138 |     fn is_extension_present(&self, ext::Alc) -> bool;
[INFO] [stdout]     |                                    ^^^^^^^^ help: try naming the parameter or explicitly ignoring it: `_: ext::Alc`
[INFO] [stdout]     |
[INFO] [stdout]     = warning: this is accepted in the current edition (Rust 2015) but is a hard error in Rust 2018!
[INFO] [stdout]     = note: for more information, see issue #41686 <https://github.com/rust-lang/rust/issues/41686>
[INFO] [stdout]     = note: `#[warn(anonymous_parameters)]` on by default
[INFO] [stdout] 
[INFO] [stdout] 
[INFO] [stdout] warning: anonymous parameters are deprecated and will be removed in the next edition
[INFO] [stdout]    --> src/alc.rs:173:14
[INFO] [stdout]     |
[INFO] [stdout] 173 |     fn channels(&ext::ALC_SOFT_loopback) -> AltoResult<sys::ALint>;
[INFO] [stdout]     |                 ^^^^^^^^^^^^^^^^^^^^^^^ help: try naming the parameter or explicitly ignoring it: `_: &ext::ALC_SOFT_loopback`
[INFO] [stdout]     |
[INFO] [stdout]     = warning: this is accepted in the current edition (Rust 2015) but is a hard error in Rust 2018!
[INFO] [stdout]     = note: for more information, see issue #41686 <https://github.com/rust-lang/rust/issues/41686>
[INFO] [stdout] 
[INFO] [stdout] 
[INFO] [stdout] warning: anonymous parameters are deprecated and will be removed in the next edition
[INFO] [stdout]    --> src/alc.rs:174:15
[INFO] [stdout]     |
[INFO] [stdout] 174 |     fn sample_ty(&ext::ALC_SOFT_loopback) -> AltoResult<sys::ALint>;
[INFO] [stdout]     |                  ^^^^^^^^^^^^^^^^^^^^^^^ help: try naming the parameter or explicitly ignoring it: `_: &ext::ALC_SOFT_loopback`
[INFO] [stdout]     |
[INFO] [stdout]     = warning: this is accepted in the current edition (Rust 2015) but is a hard error in Rust 2018!
[INFO] [stdout]     = note: for more information, see issue #41686 <https://github.com/rust-lang/rust/issues/41686>
[INFO] [stdout] 
[INFO] [stdout] 
[INFO] [stdout] warning: anonymous parameters are deprecated and will be removed in the next edition
[INFO] [stdout]    --> src/al/mod.rs:112:29
[INFO] [stdout]     |
[INFO] [stdout] 112 |     fn set_relative(&mut self, bool);
[INFO] [stdout]     |                                ^^^^ help: try naming the parameter or explicitly ignoring it: `_: bool`
[INFO] [stdout]     |
[INFO] [stdout]     = warning: this is accepted in the current edition (Rust 2015) but is a hard error in Rust 2018!
[INFO] [stdout]     = note: for more information, see issue #41686 <https://github.com/rust-lang/rust/issues/41686>
[INFO] [stdout] 
[INFO] [stdout] 
[INFO] [stdout] warning: anonymous parameters are deprecated and will be removed in the next edition
[INFO] [stdout]    --> src/al/mod.rs:117:25
[INFO] [stdout]     |
[INFO] [stdout] 117 |     fn set_gain(&mut self, f32) -> AltoResult<()>;
[INFO] [stdout]     |                            ^^^ help: try naming the parameter or explicitly ignoring it: `_: f32`
[INFO] [stdout]     |
[INFO] [stdout]     = warning: this is accepted in the current edition (Rust 2015) but is a hard error in Rust 2018!
[INFO] [stdout]     = note: for more information, see issue #41686 <https://github.com/rust-lang/rust/issues/41686>
[INFO] [stdout] 
[INFO] [stdout] 
[INFO] [stdout] warning: anonymous parameters are deprecated and will be removed in the next edition
[INFO] [stdout]    --> src/al/mod.rs:122:29
[INFO] [stdout]     |
[INFO] [stdout] 122 |     fn set_min_gain(&mut self, f32) -> AltoResult<()>;
[INFO] [stdout]     |                                ^^^ help: try naming the parameter or explicitly ignoring it: `_: f32`
[INFO] [stdout]     |
[INFO] [stdout]     = warning: this is accepted in the current edition (Rust 2015) but is a hard error in Rust 2018!
[INFO] [stdout]     = note: for more information, see issue #41686 <https://github.com/rust-lang/rust/issues/41686>
[INFO] [stdout] 
[INFO] [stdout] 
[INFO] [stdout] warning: anonymous parameters are deprecated and will be removed in the next edition
[INFO] [stdout]    --> src/al/mod.rs:127:29
[INFO] [stdout]     |
[INFO] [stdout] 127 |     fn set_max_gain(&mut self, f32) -> AltoResult<()>;
[INFO] [stdout]     |                                ^^^ help: try naming the parameter or explicitly ignoring it: `_: f32`
[INFO] [stdout]     |
[INFO] [stdout]     = warning: this is accepted in the current edition (Rust 2015) but is a hard error in Rust 2018!
[INFO] [stdout]     = note: for more information, see issue #41686 <https://github.com/rust-lang/rust/issues/41686>
[INFO] [stdout] 
[INFO] [stdout] 
[INFO] [stdout] warning: anonymous parameters are deprecated and will be removed in the next edition
[INFO] [stdout]    --> src/al/mod.rs:132:39
[INFO] [stdout]     |
[INFO] [stdout] 132 |     fn set_reference_distance(&mut self, f32) -> AltoResult<()>;
[INFO] [stdout]     |                                          ^^^ help: try naming the parameter or explicitly ignoring it: `_: f32`
[INFO] [stdout]     |
[INFO] [stdout]     = warning: this is accepted in the current edition (Rust 2015) but is a hard error in Rust 2018!
[INFO] [stdout]     = note: for more information, see issue #41686 <https://github.com/rust-lang/rust/issues/41686>
[INFO] [stdout] 
[INFO] [stdout] 
[INFO] [stdout] warning: anonymous parameters are deprecated and will be removed in the next edition
[INFO] [stdout]    --> src/al/mod.rs:137:35
[INFO] [stdout]     |
[INFO] [stdout] 137 |     fn set_rolloff_factor(&mut self, f32) -> AltoResult<()>;
[INFO] [stdout]     |                                      ^^^ help: try naming the parameter or explicitly ignoring it: `_: f32`
[INFO] [stdout]     |
[INFO] [stdout]     = warning: this is accepted in the current edition (Rust 2015) but is a hard error in Rust 2018!
[INFO] [stdout]     = note: for more information, see issue #41686 <https://github.com/rust-lang/rust/issues/41686>
[INFO] [stdout] 
[INFO] [stdout] 
[INFO] [stdout] warning: anonymous parameters are deprecated and will be removed in the next edition
[INFO] [stdout]    --> src/al/mod.rs:142:33
[INFO] [stdout]     |
[INFO] [stdout] 142 |     fn set_max_distance(&mut self, f32) -> AltoResult<()>;
[INFO] [stdout]     |                                    ^^^ help: try naming the parameter or explicitly ignoring it: `_: f32`
[INFO] [stdout]     |
[INFO] [stdout]     = warning: this is accepted in the current edition (Rust 2015) but is a hard error in Rust 2018!
[INFO] [stdout]     = note: for more information, see issue #41686 <https://github.com/rust-lang/rust/issues/41686>
[INFO] [stdout] 
[INFO] [stdout] 
[INFO] [stdout] warning: anonymous parameters are deprecated and will be removed in the next edition
[INFO] [stdout]    --> src/al/mod.rs:147:26
[INFO] [stdout]     |
[INFO] [stdout] 147 |     fn set_pitch(&mut self, f32) -> AltoResult<()>;
[INFO] [stdout]     |                             ^^^ help: try naming the parameter or explicitly ignoring it: `_: f32`
[INFO] [stdout]     |
[INFO] [stdout]     = warning: this is accepted in the current edition (Rust 2015) but is a hard error in Rust 2018!
[INFO] [stdout]     = note: for more information, see issue #41686 <https://github.com/rust-lang/rust/issues/41686>
[INFO] [stdout] 
[INFO] [stdout] 
[INFO] [stdout] warning: anonymous parameters are deprecated and will be removed in the next edition
[INFO] [stdout]    --> src/al/mod.rs:152:48
[INFO] [stdout]     |
[INFO] [stdout] 152 |     fn set_position<V: Into<[f32; 3]>>(&mut self, V) -> AltoResult<()>;
[INFO] [stdout]     |                                                   ^ help: try naming the parameter or explicitly ignoring it: `_: V`
[INFO] [stdout]     |
[INFO] [stdout]     = warning: this is accepted in the current edition (Rust 2015) but is a hard error in Rust 2018!
[INFO] [stdout]     = note: for more information, see issue #41686 <https://github.com/rust-lang/rust/issues/41686>
[INFO] [stdout] 
[INFO] [stdout] 
[INFO] [stdout] warning: anonymous parameters are deprecated and will be removed in the next edition
[INFO] [stdout]    --> src/al/mod.rs:157:48
[INFO] [stdout]     |
[INFO] [stdout] 157 |     fn set_velocity<V: Into<[f32; 3]>>(&mut self, V) -> AltoResult<()>;
[INFO] [stdout]     |                                                   ^ help: try naming the parameter or explicitly ignoring it: `_: V`
[INFO] [stdout]     |
[INFO] [stdout]     = warning: this is accepted in the current edition (Rust 2015) but is a hard error in Rust 2018!
[INFO] [stdout]     = note: for more information, see issue #41686 <https://github.com/rust-lang/rust/issues/41686>
[INFO] [stdout] 
[INFO] [stdout] 
[INFO] [stdout] warning: anonymous parameters are deprecated and will be removed in the next edition
[INFO] [stdout]    --> src/al/mod.rs:162:49
[INFO] [stdout]     |
[INFO] [stdout] 162 |     fn set_direction<V: Into<[f32; 3]>>(&mut self, V) -> AltoResult<()>;
[INFO] [stdout]     |                                                    ^ help: try naming the parameter or explicitly ignoring it: `_: V`
[INFO] [stdout]     |
[INFO] [stdout]     = warning: this is accepted in the current edition (Rust 2015) but is a hard error in Rust 2018!
[INFO] [stdout]     = note: for more information, see issue #41686 <https://github.com/rust-lang/rust/issues/41686>
[INFO] [stdout] 
[INFO] [stdout] 
[INFO] [stdout] warning: anonymous parameters are deprecated and will be removed in the next edition
[INFO] [stdout]    --> src/al/mod.rs:167:37
[INFO] [stdout]     |
[INFO] [stdout] 167 |     fn set_cone_inner_angle(&mut self, f32) -> AltoResult<()>;
[INFO] [stdout]     |                                        ^^^ help: try naming the parameter or explicitly ignoring it: `_: f32`
[INFO] [stdout]     |
[INFO] [stdout]     = warning: this is accepted in the current edition (Rust 2015) but is a hard error in Rust 2018!
[INFO] [stdout]     = note: for more information, see issue #41686 <https://github.com/rust-lang/rust/issues/41686>
[INFO] [stdout] 
[INFO] [stdout] 
[INFO] [stdout] warning: anonymous parameters are deprecated and will be removed in the next edition
[INFO] [stdout]    --> src/al/mod.rs:172:37
[INFO] [stdout]     |
[INFO] [stdout] 172 |     fn set_cone_outer_angle(&mut self, f32) -> AltoResult<()>;
[INFO] [stdout]     |                                        ^^^ help: try naming the parameter or explicitly ignoring it: `_: f32`
[INFO] [stdout]     |
[INFO] [stdout]     = warning: this is accepted in the current edition (Rust 2015) but is a hard error in Rust 2018!
[INFO] [stdout]     = note: for more information, see issue #41686 <https://github.com/rust-lang/rust/issues/41686>
[INFO] [stdout] 
[INFO] [stdout] 
[INFO] [stdout] warning: anonymous parameters are deprecated and will be removed in the next edition
[INFO] [stdout]    --> src/al/mod.rs:177:36
[INFO] [stdout]     |
[INFO] [stdout] 177 |     fn set_cone_outer_gain(&mut self, f32) -> AltoResult<()>;
[INFO] [stdout]     |                                       ^^^ help: try naming the parameter or explicitly ignoring it: `_: f32`
[INFO] [stdout]     |
[INFO] [stdout]     = warning: this is accepted in the current edition (Rust 2015) but is a hard error in Rust 2018!
[INFO] [stdout]     = note: for more information, see issue #41686 <https://github.com/rust-lang/rust/issues/41686>
[INFO] [stdout] 
[INFO] [stdout] 
[INFO] [stdout] warning: anonymous parameters are deprecated and will be removed in the next edition
[INFO] [stdout]    --> src/al/mod.rs:182:31
[INFO] [stdout]     |
[INFO] [stdout] 182 |     fn set_sec_offset(&mut self, f32) -> AltoResult<()>;
[INFO] [stdout]     |                                  ^^^ help: try naming the parameter or explicitly ignoring it: `_: f32`
[INFO] [stdout]     |
[INFO] [stdout]     = warning: this is accepted in the current edition (Rust 2015) but is a hard error in Rust 2018!
[INFO] [stdout]     = note: for more information, see issue #41686 <https://github.com/rust-lang/rust/issues/41686>
[INFO] [stdout] 
[INFO] [stdout] 
[INFO] [stdout] warning: anonymous parameters are deprecated and will be removed in the next edition
[INFO] [stdout]    --> src/al/mod.rs:187:34
[INFO] [stdout]     |
[INFO] [stdout] 187 |     fn set_sample_offset(&mut self, sys::ALint) -> AltoResult<()>;
[INFO] [stdout]     |                                     ^^^^^^^^^^ help: try naming the parameter or explicitly ignoring it: `_: sys::ALint`
[INFO] [stdout]     |
[INFO] [stdout]     = warning: this is accepted in the current edition (Rust 2015) but is a hard error in Rust 2018!
[INFO] [stdout]     = note: for more information, see issue #41686 <https://github.com/rust-lang/rust/issues/41686>
[INFO] [stdout] 
[INFO] [stdout] 
[INFO] [stdout] warning: anonymous parameters are deprecated and will be removed in the next edition
[INFO] [stdout]    --> src/al/mod.rs:192:32
[INFO] [stdout]     |
[INFO] [stdout] 192 |     fn set_byte_offset(&mut self, sys::ALint) -> AltoResult<()>;
[INFO] [stdout]     |                                   ^^^^^^^^^^ help: try naming the parameter or explicitly ignoring it: `_: sys::ALint`
[INFO] [stdout]     |
[INFO] [stdout]     = warning: this is accepted in the current edition (Rust 2015) but is a hard error in Rust 2018!
[INFO] [stdout]     = note: for more information, see issue #41686 <https://github.com/rust-lang/rust/issues/41686>
[INFO] [stdout] 
[INFO] [stdout] 
[INFO] [stdout] warning: anonymous parameters are deprecated and will be removed in the next edition
[INFO] [stdout]    --> src/al/mod.rs:219:41
[INFO] [stdout]     |
[INFO] [stdout] 219 |     fn set_soft_direct_channels(&mut self, bool) -> AltoResult<()>;
[INFO] [stdout]     |                                            ^^^^ help: try naming the parameter or explicitly ignoring it: `_: bool`
[INFO] [stdout]     |
[INFO] [stdout]     = warning: this is accepted in the current edition (Rust 2015) but is a hard error in Rust 2018!
[INFO] [stdout]     = note: for more information, see issue #41686 <https://github.com/rust-lang/rust/issues/41686>
[INFO] [stdout] 
[INFO] [stdout] 
[INFO] [stdout] warning: anonymous parameters are deprecated and will be removed in the next edition
[INFO] [stdout]    --> src/al/mod.rs:226:35
[INFO] [stdout]     |
[INFO] [stdout] 226 |     fn set_distance_model(&mut self, DistanceModel) -> AltoResult<()>;
[INFO] [stdout]     |                                      ^^^^^^^^^^^^^ help: try naming the parameter or explicitly ignoring it: `_: DistanceModel`
[INFO] [stdout]     |
[INFO] [stdout]     = warning: this is accepted in the current edition (Rust 2015) but is a hard error in Rust 2018!
[INFO] [stdout]     = note: for more information, see issue #41686 <https://github.com/rust-lang/rust/issues/41686>
[INFO] [stdout] 
[INFO] [stdout] 
[INFO] [stdout] warning: anonymous parameters are deprecated and will be removed in the next edition
[INFO] [stdout]    --> src/al/mod.rs:278:42
[INFO] [stdout]     |
[INFO] [stdout] 278 |     fn set_air_absorption_factor(&mut self, f32) -> AltoResult<()>;
[INFO] [stdout]     |                                             ^^^ help: try naming the parameter or explicitly ignoring it: `_: f32`
[INFO] [stdout]     |
[INFO] [stdout]     = warning: this is accepted in the current edition (Rust 2015) but is a hard error in Rust 2018!
[INFO] [stdout]     = note: for more information, see issue #41686 <https://github.com/rust-lang/rust/issues/41686>
[INFO] [stdout] 
[INFO] [stdout] 
[INFO] [stdout] warning: anonymous parameters are deprecated and will be removed in the next edition
[INFO] [stdout]    --> src/al/mod.rs:285:40
[INFO] [stdout]     |
[INFO] [stdout] 285 |     fn set_room_rolloff_factor(&mut self, f32) -> AltoResult<()>;
[INFO] [stdout]     |                                           ^^^ help: try naming the parameter or explicitly ignoring it: `_: f32`
[INFO] [stdout]     |
[INFO] [stdout]     = warning: this is accepted in the current edition (Rust 2015) but is a hard error in Rust 2018!
[INFO] [stdout]     = note: for more information, see issue #41686 <https://github.com/rust-lang/rust/issues/41686>
[INFO] [stdout] 
[INFO] [stdout] 
[INFO] [stdout] warning: anonymous parameters are deprecated and will be removed in the next edition
[INFO] [stdout]    --> src/al/mod.rs:292:38
[INFO] [stdout]     |
[INFO] [stdout] 292 |     fn set_cone_outer_gainhf(&mut self, f32) -> AltoResult<()>;
[INFO] [stdout]     |                                         ^^^ help: try naming the parameter or explicitly ignoring it: `_: f32`
[INFO] [stdout]     |
[INFO] [stdout]     = warning: this is accepted in the current edition (Rust 2015) but is a hard error in Rust 2018!
[INFO] [stdout]     = note: for more information, see issue #41686 <https://github.com/rust-lang/rust/issues/41686>
[INFO] [stdout] 
[INFO] [stdout] 
[INFO] [stdout] warning: anonymous parameters are deprecated and will be removed in the next edition
[INFO] [stdout]    --> src/al/mod.rs:299:46
[INFO] [stdout]     |
[INFO] [stdout] 299 |     fn set_direct_filter_gainhf_auto(&mut self, bool) -> AltoResult<()>;
[INFO] [stdout]     |                                                 ^^^^ help: try naming the parameter or explicitly ignoring it: `_: bool`
[INFO] [stdout]     |
[INFO] [stdout]     = warning: this is accepted in the current edition (Rust 2015) but is a hard error in Rust 2018!
[INFO] [stdout]     = note: for more information, see issue #41686 <https://github.com/rust-lang/rust/issues/41686>
[INFO] [stdout] 
[INFO] [stdout] 
[INFO] [stdout] warning: elided lifetime has a name
[INFO] [stdout]    --> src/al/mod.rs:685:30
[INFO] [stdout]     |
[INFO] [stdout] 684 | impl<'c> DeferLock<'c> {
[INFO] [stdout]     |      -- lifetime `'c` declared here
[INFO] [stdout] 685 |     fn new(ctx: &'c Context) -> DeferLock {
[INFO] [stdout]     |                                 ^^^^^^^^^ this elided lifetime gets resolved as `'c`
[INFO] [stdout]     |
[INFO] [stdout]     = note: `#[warn(elided_named_lifetimes)]` on by default
[INFO] [stdout] 
[INFO] [stdout] 
[INFO] [stdout] warning: use of deprecated constant `std::sync::ONCE_INIT`: the `Once::new()` function is now preferred
[INFO] [stdout]   --> src/al/mod.rs:23:1
[INFO] [stdout]    |
[INFO] [stdout] 23 | / lazy_static! {
[INFO] [stdout] 24 | |     #[doc(hidden)]
[INFO] [stdout] 25 | |     static ref ALTO_CTX_LOCK: Mutex<()> = Mutex::new(());
[INFO] [stdout] 26 | | }
[INFO] [stdout]    | |_^
[INFO] [stdout]    |
[INFO] [stdout]    = note: `#[warn(deprecated)]` on by default
[INFO] [stdout]    = note: this warning originates in the macro `__lazy_static_create` which comes from the expansion of the macro `lazy_static` (in Nightly builds, run with -Z macro-backtrace for more info)
[INFO] [stdout] 
[INFO] [stdout] 
[INFO] [stdout] warning: trait objects without an explicit `dyn` are deprecated
[INFO] [stdout]    --> src/alc.rs:742:20
[INFO] [stdout]     |
[INFO] [stdout] 742 | impl PartialEq for DeviceObject {
[INFO] [stdout]     |                    ^^^^^^^^^^^^
[INFO] [stdout]     |
[INFO] [stdout]     = warning: this is accepted in the current edition (Rust 2015) but is a hard error in Rust 2021!
[INFO] [stdout]     = note: for more information, see <https://doc.rust-lang.org/nightly/edition-guide/rust-2021/warnings-promoted-to-error.html>
[INFO] [stdout]     = note: `#[warn(bare_trait_objects)]` on by default
[INFO] [stdout] help: if this is a dyn-compatible trait, use `dyn`
[INFO] [stdout]     |
[INFO] [stdout] 742 | impl PartialEq for dyn DeviceObject {
[INFO] [stdout]     |                    +++
[INFO] [stdout] 
[INFO] [stdout] 
[INFO] [stdout] warning: trait objects without an explicit `dyn` are deprecated
[INFO] [stdout]    --> src/alc.rs:747:13
[INFO] [stdout]     |
[INFO] [stdout] 747 | impl Eq for DeviceObject { }
[INFO] [stdout]     |             ^^^^^^^^^^^^
[INFO] [stdout]     |
[INFO] [stdout]     = warning: this is accepted in the current edition (Rust 2015) but is a hard error in Rust 2021!
[INFO] [stdout]     = note: for more information, see <https://doc.rust-lang.org/nightly/edition-guide/rust-2021/warnings-promoted-to-error.html>
[INFO] [stdout] help: if this is a dyn-compatible trait, use `dyn`
[INFO] [stdout]     |
[INFO] [stdout] 747 | impl Eq for dyn DeviceObject { }
[INFO] [stdout]     |             +++
[INFO] [stdout] 
[INFO] [stdout] 
[INFO] [stdout] warning: trait objects without an explicit `dyn` are deprecated
[INFO] [stdout]    --> src/alc.rs:743:23
[INFO] [stdout]     |
[INFO] [stdout] 743 |     fn eq(&self, other: &DeviceObject) -> bool {
[INFO] [stdout]     |                          ^^^^^^^^^^^^
[INFO] [stdout]     |
[INFO] [stdout]     = warning: this is accepted in the current edition (Rust 2015) but is a hard error in Rust 2021!
[INFO] [stdout]     = note: for more information, see <https://doc.rust-lang.org/nightly/edition-guide/rust-2021/warnings-promoted-to-error.html>
[INFO] [stdout] help: if this is a dyn-compatible trait, use `dyn`
[INFO] [stdout]     |
[INFO] [stdout] 743 |     fn eq(&self, other: &dyn DeviceObject) -> bool {
[INFO] [stdout]     |                          +++
[INFO] [stdout] 
[INFO] [stdout] 
[INFO] [stdout] warning: use of deprecated method `std::error::Error::description`: use the Display impl or to_string()
[INFO] [stdout]    --> src/lib.rs:111:24
[INFO] [stdout]     |
[INFO] [stdout] 111 |         write!(f, "{}", self.description())
[INFO] [stdout]     |                              ^^^^^^^^^^^
[INFO] [stdout] 
[INFO] [stdout] 
[INFO] [stdout] warning: use of deprecated method `std::error::Error::description`: use the Display impl or to_string()
[INFO] [stdout]    --> src/lib.rs:134:32
[INFO] [stdout]     |
[INFO] [stdout] 134 |             AltoError::Io(ref io) => io.description(),
[INFO] [stdout]     |                                         ^^^^^^^^^^^
[INFO] [stdout] 
[INFO] [stdout] 
[INFO] [stderr]     Finished `dev` profile [unoptimized + debuginfo] target(s) in 7.02s
[INFO] running `Command { std: "docker" "inspect" "dda447ce1b1ad29216e5370836c42bb5adb7633cbb260b24e0263010b8665c4a", kill_on_drop: false }`
[INFO] running `Command { std: "docker" "rm" "-f" "dda447ce1b1ad29216e5370836c42bb5adb7633cbb260b24e0263010b8665c4a", kill_on_drop: false }`
[INFO] [stdout] dda447ce1b1ad29216e5370836c42bb5adb7633cbb260b24e0263010b8665c4a
[INFO] running `Command { std: "docker" "create" "-v" "/var/lib/crater-agent-workspace/builds/worker-7-tc2/target:/opt/rustwide/target:rw,Z" "-v" "/var/lib/crater-agent-workspace/builds/worker-7-tc2/source:/opt/rustwide/workdir:ro,Z" "-v" "/var/lib/crater-agent-workspace/cargo-home:/opt/rustwide/cargo-home:ro,Z" "-v" "/var/lib/crater-agent-workspace/rustup-home:/opt/rustwide/rustup-home:ro,Z" "-e" "SOURCE_DIR=/opt/rustwide/workdir" "-e" "CARGO_TARGET_DIR=/opt/rustwide/target" "-e" "CARGO_INCREMENTAL=0" "-e" "RUST_BACKTRACE=full" "-e" "RUSTFLAGS=--cap-lints=forbid -Zrandomize-layout" "-e" "RUSTDOCFLAGS=--cap-lints=forbid" "-e" "CARGO_HOME=/opt/rustwide/cargo-home" "-e" "RUSTUP_HOME=/opt/rustwide/rustup-home" "-w" "/opt/rustwide/workdir" "-m" "1610612736" "--user" "0:0" "--network" "none" "ghcr.io/rust-lang/crates-build-env/linux@sha256:4a844ea9eb2546a2d2c7022eacef16ef2e8229c7fbb2c7d4d55a9ceca922f72d" "/opt/rustwide/cargo-home/bin/cargo" "+nightly-2024-10-28" "test" "--frozen" "--no-run" "--message-format=json", kill_on_drop: false }`
[INFO] [stdout] 1638807f1b7e416c3a01a1f71b33c51aae3f86854082389e177703ec4314e6f9
[INFO] running `Command { std: "docker" "start" "-a" "1638807f1b7e416c3a01a1f71b33c51aae3f86854082389e177703ec4314e6f9", kill_on_drop: false }`
[INFO] [stderr] warning: no edition set: defaulting to the 2015 edition while the latest is 2021
[INFO] [stdout] warning: anonymous parameters are deprecated and will be removed in the next edition
[INFO] [stdout]    --> src/alc.rs:138:33
[INFO] [stdout]     |
[INFO] [stdout] 138 |     fn is_extension_present(&self, ext::Alc) -> bool;
[INFO] [stdout]     |                                    ^^^^^^^^ help: try naming the parameter or explicitly ignoring it: `_: ext::Alc`
[INFO] [stdout]     |
[INFO] [stdout]     = warning: this is accepted in the current edition (Rust 2015) but is a hard error in Rust 2018!
[INFO] [stdout]     = note: for more information, see issue #41686 <https://github.com/rust-lang/rust/issues/41686>
[INFO] [stdout]     = note: `#[warn(anonymous_parameters)]` on by default
[INFO] [stdout] 
[INFO] [stdout] 
[INFO] [stdout] warning: anonymous parameters are deprecated and will be removed in the next edition
[INFO] [stdout]    --> src/alc.rs:173:14
[INFO] [stdout]     |
[INFO] [stdout] 173 |     fn channels(&ext::ALC_SOFT_loopback) -> AltoResult<sys::ALint>;
[INFO] [stdout]     |                 ^^^^^^^^^^^^^^^^^^^^^^^ help: try naming the parameter or explicitly ignoring it: `_: &ext::ALC_SOFT_loopback`
[INFO] [stdout]     |
[INFO] [stdout]     = warning: this is accepted in the current edition (Rust 2015) but is a hard error in Rust 2018!
[INFO] [stdout]     = note: for more information, see issue #41686 <https://github.com/rust-lang/rust/issues/41686>
[INFO] [stdout] 
[INFO] [stdout] 
[INFO] [stdout] warning: anonymous parameters are deprecated and will be removed in the next edition
[INFO] [stdout]    --> src/alc.rs:174:15
[INFO] [stdout]     |
[INFO] [stdout] 174 |     fn sample_ty(&ext::ALC_SOFT_loopback) -> AltoResult<sys::ALint>;
[INFO] [stdout]     |                  ^^^^^^^^^^^^^^^^^^^^^^^ help: try naming the parameter or explicitly ignoring it: `_: &ext::ALC_SOFT_loopback`
[INFO] [stdout]     |
[INFO] [stdout]     = warning: this is accepted in the current edition (Rust 2015) but is a hard error in Rust 2018!
[INFO] [stdout]     = note: for more information, see issue #41686 <https://github.com/rust-lang/rust/issues/41686>
[INFO] [stdout] 
[INFO] [stdout] 
[INFO] [stdout] warning: anonymous parameters are deprecated and will be removed in the next edition
[INFO] [stdout]    --> src/al/mod.rs:112:29
[INFO] [stdout]     |
[INFO] [stdout] 112 |     fn set_relative(&mut self, bool);
[INFO] [stdout]     |                                ^^^^ help: try naming the parameter or explicitly ignoring it: `_: bool`
[INFO] [stdout]     |
[INFO] [stdout]     = warning: this is accepted in the current edition (Rust 2015) but is a hard error in Rust 2018!
[INFO] [stdout]     = note: for more information, see issue #41686 <https://github.com/rust-lang/rust/issues/41686>
[INFO] [stdout] 
[INFO] [stdout] 
[INFO] [stdout] warning: anonymous parameters are deprecated and will be removed in the next edition
[INFO] [stdout]    --> src/al/mod.rs:117:25
[INFO] [stdout]     |
[INFO] [stdout] 117 |     fn set_gain(&mut self, f32) -> AltoResult<()>;
[INFO] [stdout]     |                            ^^^ help: try naming the parameter or explicitly ignoring it: `_: f32`
[INFO] [stdout]     |
[INFO] [stdout]     = warning: this is accepted in the current edition (Rust 2015) but is a hard error in Rust 2018!
[INFO] [stdout]     = note: for more information, see issue #41686 <https://github.com/rust-lang/rust/issues/41686>
[INFO] [stdout] 
[INFO] [stdout] 
[INFO] [stdout] warning: anonymous parameters are deprecated and will be removed in the next edition
[INFO] [stdout]    --> src/al/mod.rs:122:29
[INFO] [stdout]     |
[INFO] [stdout] 122 |     fn set_min_gain(&mut self, f32) -> AltoResult<()>;
[INFO] [stdout]     |                                ^^^ help: try naming the parameter or explicitly ignoring it: `_: f32`
[INFO] [stdout]     |
[INFO] [stdout]     = warning: this is accepted in the current edition (Rust 2015) but is a hard error in Rust 2018!
[INFO] [stdout]     = note: for more information, see issue #41686 <https://github.com/rust-lang/rust/issues/41686>
[INFO] [stdout] 
[INFO] [stdout] 
[INFO] [stdout] warning: anonymous parameters are deprecated and will be removed in the next edition
[INFO] [stdout]    --> src/al/mod.rs:127:29
[INFO] [stdout]     |
[INFO] [stdout] 127 |     fn set_max_gain(&mut self, f32) -> AltoResult<()>;
[INFO] [stdout]     |                                ^^^ help: try naming the parameter or explicitly ignoring it: `_: f32`
[INFO] [stdout]     |
[INFO] [stdout]     = warning: this is accepted in the current edition (Rust 2015) but is a hard error in Rust 2018!
[INFO] [stdout]     = note: for more information, see issue #41686 <https://github.com/rust-lang/rust/issues/41686>
[INFO] [stdout] 
[INFO] [stdout] 
[INFO] [stdout] warning: anonymous parameters are deprecated and will be removed in the next edition
[INFO] [stdout]    --> src/al/mod.rs:132:39
[INFO] [stdout]     |
[INFO] [stdout] 132 |     fn set_reference_distance(&mut self, f32) -> AltoResult<()>;
[INFO] [stdout]     |                                          ^^^ help: try naming the parameter or explicitly ignoring it: `_: f32`
[INFO] [stdout]     |
[INFO] [stdout]     = warning: this is accepted in the current edition (Rust 2015) but is a hard error in Rust 2018!
[INFO] [stdout]     = note: for more information, see issue #41686 <https://github.com/rust-lang/rust/issues/41686>
[INFO] [stdout] 
[INFO] [stdout] 
[INFO] [stdout] warning: anonymous parameters are deprecated and will be removed in the next edition
[INFO] [stdout]    --> src/al/mod.rs:137:35
[INFO] [stdout]     |
[INFO] [stdout] 137 |     fn set_rolloff_factor(&mut self, f32) -> AltoResult<()>;
[INFO] [stdout]     |                                      ^^^ help: try naming the parameter or explicitly ignoring it: `_: f32`
[INFO] [stdout]     |
[INFO] [stdout]     = warning: this is accepted in the current edition (Rust 2015) but is a hard error in Rust 2018!
[INFO] [stdout]     = note: for more information, see issue #41686 <https://github.com/rust-lang/rust/issues/41686>
[INFO] [stdout] 
[INFO] [stdout] 
[INFO] [stdout] warning: anonymous parameters are deprecated and will be removed in the next edition
[INFO] [stdout]    --> src/al/mod.rs:142:33
[INFO] [stdout]     |
[INFO] [stdout] 142 |     fn set_max_distance(&mut self, f32) -> AltoResult<()>;
[INFO] [stdout]     |                                    ^^^ help: try naming the parameter or explicitly ignoring it: `_: f32`
[INFO] [stdout]     |
[INFO] [stdout]     = warning: this is accepted in the current edition (Rust 2015) but is a hard error in Rust 2018!
[INFO] [stdout]     = note: for more information, see issue #41686 <https://github.com/rust-lang/rust/issues/41686>
[INFO] [stdout] 
[INFO] [stdout] 
[INFO] [stdout] warning: anonymous parameters are deprecated and will be removed in the next edition
[INFO] [stdout]    --> src/al/mod.rs:147:26
[INFO] [stdout]     |
[INFO] [stdout] 147 |     fn set_pitch(&mut self, f32) -> AltoResult<()>;
[INFO] [stdout]     |                             ^^^ help: try naming the parameter or explicitly ignoring it: `_: f32`
[INFO] [stdout]     |
[INFO] [stdout]     = warning: this is accepted in the current edition (Rust 2015) but is a hard error in Rust 2018!
[INFO] [stdout]     = note: for more information, see issue #41686 <https://github.com/rust-lang/rust/issues/41686>
[INFO] [stdout] 
[INFO] [stdout] 
[INFO] [stdout] warning: anonymous parameters are deprecated and will be removed in the next edition
[INFO] [stdout]    --> src/al/mod.rs:152:48
[INFO] [stdout]     |
[INFO] [stdout] 152 |     fn set_position<V: Into<[f32; 3]>>(&mut self, V) -> AltoResult<()>;
[INFO] [stdout]     |                                                   ^ help: try naming the parameter or explicitly ignoring it: `_: V`
[INFO] [stdout]     |
[INFO] [stdout]     = warning: this is accepted in the current edition (Rust 2015) but is a hard error in Rust 2018!
[INFO] [stdout]     = note: for more information, see issue #41686 <https://github.com/rust-lang/rust/issues/41686>
[INFO] [stdout] 
[INFO] [stdout] 
[INFO] [stdout] warning: anonymous parameters are deprecated and will be removed in the next edition
[INFO] [stdout]    --> src/al/mod.rs:157:48
[INFO] [stdout]     |
[INFO] [stdout] 157 |     fn set_velocity<V: Into<[f32; 3]>>(&mut self, V) -> AltoResult<()>;
[INFO] [stdout]     |                                                   ^ help: try naming the parameter or explicitly ignoring it: `_: V`
[INFO] [stdout]     |
[INFO] [stdout]     = warning: this is accepted in the current edition (Rust 2015) but is a hard error in Rust 2018!
[INFO] [stdout]     = note: for more information, see issue #41686 <https://github.com/rust-lang/rust/issues/41686>
[INFO] [stdout] 
[INFO] [stdout] 
[INFO] [stdout] warning: anonymous parameters are deprecated and will be removed in the next edition
[INFO] [stdout]    --> src/al/mod.rs:162:49
[INFO] [stdout]     |
[INFO] [stdout] 162 |     fn set_direction<V: Into<[f32; 3]>>(&mut self, V) -> AltoResult<()>;
[INFO] [stdout]     |                                                    ^ help: try naming the parameter or explicitly ignoring it: `_: V`
[INFO] [stdout]     |
[INFO] [stdout]     = warning: this is accepted in the current edition (Rust 2015) but is a hard error in Rust 2018!
[INFO] [stdout]     = note: for more information, see issue #41686 <https://github.com/rust-lang/rust/issues/41686>
[INFO] [stdout] 
[INFO] [stdout] 
[INFO] [stdout] warning: anonymous parameters are deprecated and will be removed in the next edition
[INFO] [stdout]    --> src/al/mod.rs:167:37
[INFO] [stdout]     |
[INFO] [stdout] 167 |     fn set_cone_inner_angle(&mut self, f32) -> AltoResult<()>;
[INFO] [stdout]     |                                        ^^^ help: try naming the parameter or explicitly ignoring it: `_: f32`
[INFO] [stdout]     |
[INFO] [stdout]     = warning: this is accepted in the current edition (Rust 2015) but is a hard error in Rust 2018!
[INFO] [stdout]     = note: for more information, see issue #41686 <https://github.com/rust-lang/rust/issues/41686>
[INFO] [stdout] 
[INFO] [stdout] 
[INFO] [stdout] warning: anonymous parameters are deprecated and will be removed in the next edition
[INFO] [stdout]    --> src/al/mod.rs:172:37
[INFO] [stdout]     |
[INFO] [stdout] 172 |     fn set_cone_outer_angle(&mut self, f32) -> AltoResult<()>;
[INFO] [stdout]     |                                        ^^^ help: try naming the parameter or explicitly ignoring it: `_: f32`
[INFO] [stdout]     |
[INFO] [stdout]     = warning: this is accepted in the current edition (Rust 2015) but is a hard error in Rust 2018!
[INFO] [stdout]     = note: for more information, see issue #41686 <https://github.com/rust-lang/rust/issues/41686>
[INFO] [stdout] 
[INFO] [stdout] 
[INFO] [stdout] warning: anonymous parameters are deprecated and will be removed in the next edition
[INFO] [stdout]    --> src/al/mod.rs:177:36
[INFO] [stdout]     |
[INFO] [stdout] 177 |     fn set_cone_outer_gain(&mut self, f32) -> AltoResult<()>;
[INFO] [stdout]     |                                       ^^^ help: try naming the parameter or explicitly ignoring it: `_: f32`
[INFO] [stdout]     |
[INFO] [stdout]     = warning: this is accepted in the current edition (Rust 2015) but is a hard error in Rust 2018!
[INFO] [stdout]     = note: for more information, see issue #41686 <https://github.com/rust-lang/rust/issues/41686>
[INFO] [stdout] 
[INFO] [stdout] 
[INFO] [stdout] warning: anonymous parameters are deprecated and will be removed in the next edition
[INFO] [stdout]    --> src/al/mod.rs:182:31
[INFO] [stdout]     |
[INFO] [stdout] 182 |     fn set_sec_offset(&mut self, f32) -> AltoResult<()>;
[INFO] [stdout]     |                                  ^^^ help: try naming the parameter or explicitly ignoring it: `_: f32`
[INFO] [stdout]     |
[INFO] [stdout]     = warning: this is accepted in the current edition (Rust 2015) but is a hard error in Rust 2018!
[INFO] [stdout]     = note: for more information, see issue #41686 <https://github.com/rust-lang/rust/issues/41686>
[INFO] [stdout] 
[INFO] [stdout] 
[INFO] [stdout] warning: anonymous parameters are deprecated and will be removed in the next edition
[INFO] [stdout]    --> src/al/mod.rs:187:34
[INFO] [stdout]     |
[INFO] [stdout] 187 |     fn set_sample_offset(&mut self, sys::ALint) -> AltoResult<()>;
[INFO] [stdout]     |                                     ^^^^^^^^^^ help: try naming the parameter or explicitly ignoring it: `_: sys::ALint`
[INFO] [stdout]     |
[INFO] [stdout]     = warning: this is accepted in the current edition (Rust 2015) but is a hard error in Rust 2018!
[INFO] [stdout]     = note: for more information, see issue #41686 <https://github.com/rust-lang/rust/issues/41686>
[INFO] [stdout] 
[INFO] [stdout] 
[INFO] [stdout] warning: anonymous parameters are deprecated and will be removed in the next edition
[INFO] [stdout]    --> src/al/mod.rs:192:32
[INFO] [stdout]     |
[INFO] [stdout] 192 |     fn set_byte_offset(&mut self, sys::ALint) -> AltoResult<()>;
[INFO] [stdout]     |                                   ^^^^^^^^^^ help: try naming the parameter or explicitly ignoring it: `_: sys::ALint`
[INFO] [stdout]     |
[INFO] [stdout]     = warning: this is accepted in the current edition (Rust 2015) but is a hard error in Rust 2018!
[INFO] [stdout]     = note: for more information, see issue #41686 <https://github.com/rust-lang/rust/issues/41686>
[INFO] [stdout] 
[INFO] [stdout] 
[INFO] [stdout] warning: anonymous parameters are deprecated and will be removed in the next edition
[INFO] [stdout]    --> src/al/mod.rs:219:41
[INFO] [stdout]     |
[INFO] [stdout] 219 |     fn set_soft_direct_channels(&mut self, bool) -> AltoResult<()>;
[INFO] [stdout]     |                                            ^^^^ help: try naming the parameter or explicitly ignoring it: `_: bool`
[INFO] [stdout]     |
[INFO] [stdout]     = warning: this is accepted in the current edition (Rust 2015) but is a hard error in Rust 2018!
[INFO] [stdout]     = note: for more information, see issue #41686 <https://github.com/rust-lang/rust/issues/41686>
[INFO] [stdout] 
[INFO] [stdout] 
[INFO] [stdout] warning: anonymous parameters are deprecated and will be removed in the next edition
[INFO] [stdout]    --> src/al/mod.rs:226:35
[INFO] [stdout]     |
[INFO] [stdout] 226 |     fn set_distance_model(&mut self, DistanceModel) -> AltoResult<()>;
[INFO] [stdout]     |                                      ^^^^^^^^^^^^^ help: try naming the parameter or explicitly ignoring it: `_: DistanceModel`
[INFO] [stdout]     |
[INFO] [stdout]     = warning: this is accepted in the current edition (Rust 2015) but is a hard error in Rust 2018!
[INFO] [stdout]     = note: for more information, see issue #41686 <https://github.com/rust-lang/rust/issues/41686>
[INFO] [stdout] 
[INFO] [stdout] 
[INFO] [stdout] warning: anonymous parameters are deprecated and will be removed in the next edition
[INFO] [stdout]    --> src/al/mod.rs:278:42
[INFO] [stdout]     |
[INFO] [stdout] 278 |     fn set_air_absorption_factor(&mut self, f32) -> AltoResult<()>;
[INFO] [stdout]     |                                             ^^^ help: try naming the parameter or explicitly ignoring it: `_: f32`
[INFO] [stdout]     |
[INFO] [stdout]     = warning: this is accepted in the current edition (Rust 2015) but is a hard error in Rust 2018!
[INFO] [stdout]     = note: for more information, see issue #41686 <https://github.com/rust-lang/rust/issues/41686>
[INFO] [stdout] 
[INFO] [stdout] 
[INFO] [stdout] warning: anonymous parameters are deprecated and will be removed in the next edition
[INFO] [stdout]    --> src/al/mod.rs:285:40
[INFO] [stdout]     |
[INFO] [stdout] 285 |     fn set_room_rolloff_factor(&mut self, f32) -> AltoResult<()>;
[INFO] [stdout]     |                                           ^^^ help: try naming the parameter or explicitly ignoring it: `_: f32`
[INFO] [stdout]     |
[INFO] [stdout]     = warning: this is accepted in the current edition (Rust 2015) but is a hard error in Rust 2018!
[INFO] [stdout]     = note: for more information, see issue #41686 <https://github.com/rust-lang/rust/issues/41686>
[INFO] [stdout] 
[INFO] [stdout] 
[INFO] [stdout] warning: anonymous parameters are deprecated and will be removed in the next edition
[INFO] [stdout]    --> src/al/mod.rs:292:38
[INFO] [stdout]     |
[INFO] [stdout] 292 |     fn set_cone_outer_gainhf(&mut self, f32) -> AltoResult<()>;
[INFO] [stdout]     |                                         ^^^ help: try naming the parameter or explicitly ignoring it: `_: f32`
[INFO] [stdout]     |
[INFO] [stdout]     = warning: this is accepted in the current edition (Rust 2015) but is a hard error in Rust 2018!
[INFO] [stdout]     = note: for more information, see issue #41686 <https://github.com/rust-lang/rust/issues/41686>
[INFO] [stdout] 
[INFO] [stdout] 
[INFO] [stdout] warning: anonymous parameters are deprecated and will be removed in the next edition
[INFO] [stdout]    --> src/al/mod.rs:299:46
[INFO] [stdout]     |
[INFO] [stdout] 299 |     fn set_direct_filter_gainhf_auto(&mut self, bool) -> AltoResult<()>;
[INFO] [stdout]     |                                                 ^^^^ help: try naming the parameter or explicitly ignoring it: `_: bool`
[INFO] [stdout]     |
[INFO] [stdout]     = warning: this is accepted in the current edition (Rust 2015) but is a hard error in Rust 2018!
[INFO] [stdout]     = note: for more information, see issue #41686 <https://github.com/rust-lang/rust/issues/41686>
[INFO] [stdout] 
[INFO] [stdout] 
[INFO] [stdout] warning: elided lifetime has a name
[INFO] [stdout]    --> src/al/mod.rs:685:30
[INFO] [stdout]     |
[INFO] [stdout] 684 | impl<'c> DeferLock<'c> {
[INFO] [stdout]     |      -- lifetime `'c` declared here
[INFO] [stdout] 685 |     fn new(ctx: &'c Context) -> DeferLock {
[INFO] [stdout]     |                                 ^^^^^^^^^ this elided lifetime gets resolved as `'c`
[INFO] [stdout]     |
[INFO] [stdout]     = note: `#[warn(elided_named_lifetimes)]` on by default
[INFO] [stdout] 
[INFO] [stdout] 
[INFO] [stdout] warning: use of deprecated constant `std::sync::ONCE_INIT`: the `Once::new()` function is now preferred
[INFO] [stdout]   --> src/al/mod.rs:23:1
[INFO] [stdout]    |
[INFO] [stdout] 23 | / lazy_static! {
[INFO] [stdout] 24 | |     #[doc(hidden)]
[INFO] [stdout] 25 | |     static ref ALTO_CTX_LOCK: Mutex<()> = Mutex::new(());
[INFO] [stdout] 26 | | }
[INFO] [stdout]    | |_^
[INFO] [stdout]    |
[INFO] [stdout]    = note: `#[warn(deprecated)]` on by default
[INFO] [stdout]    = note: this warning originates in the macro `__lazy_static_create` which comes from the expansion of the macro `lazy_static` (in Nightly builds, run with -Z macro-backtrace for more info)
[INFO] [stdout] 
[INFO] [stdout] 
[INFO] [stdout] warning: trait objects without an explicit `dyn` are deprecated
[INFO] [stdout]    --> src/alc.rs:742:20
[INFO] [stdout]     |
[INFO] [stdout] 742 | impl PartialEq for DeviceObject {
[INFO] [stdout]     |                    ^^^^^^^^^^^^
[INFO] [stdout]     |
[INFO] [stdout]     = warning: this is accepted in the current edition (Rust 2015) but is a hard error in Rust 2021!
[INFO] [stdout]     = note: for more information, see <https://doc.rust-lang.org/nightly/edition-guide/rust-2021/warnings-promoted-to-error.html>
[INFO] [stdout]     = note: `#[warn(bare_trait_objects)]` on by default
[INFO] [stdout] help: if this is a dyn-compatible trait, use `dyn`
[INFO] [stdout]     |
[INFO] [stdout] 742 | impl PartialEq for dyn DeviceObject {
[INFO] [stdout]     |                    +++
[INFO] [stdout] 
[INFO] [stdout] 
[INFO] [stdout] warning: trait objects without an explicit `dyn` are deprecated
[INFO] [stdout]    --> src/alc.rs:747:13
[INFO] [stdout]     |
[INFO] [stdout] 747 | impl Eq for DeviceObject { }
[INFO] [stdout]     |             ^^^^^^^^^^^^
[INFO] [stdout]     |
[INFO] [stdout]     = warning: this is accepted in the current edition (Rust 2015) but is a hard error in Rust 2021!
[INFO] [stdout]     = note: for more information, see <https://doc.rust-lang.org/nightly/edition-guide/rust-2021/warnings-promoted-to-error.html>
[INFO] [stdout] help: if this is a dyn-compatible trait, use `dyn`
[INFO] [stdout]     |
[INFO] [stdout] 747 | impl Eq for dyn DeviceObject { }
[INFO] [stdout]     |             +++
[INFO] [stdout] 
[INFO] [stdout] 
[INFO] [stdout] warning: trait objects without an explicit `dyn` are deprecated
[INFO] [stdout]    --> src/alc.rs:743:23
[INFO] [stdout]     |
[INFO] [stdout] 743 |     fn eq(&self, other: &DeviceObject) -> bool {
[INFO] [stdout]     |                          ^^^^^^^^^^^^
[INFO] [stdout]     |
[INFO] [stdout]     = warning: this is accepted in the current edition (Rust 2015) but is a hard error in Rust 2021!
[INFO] [stdout]     = note: for more information, see <https://doc.rust-lang.org/nightly/edition-guide/rust-2021/warnings-promoted-to-error.html>
[INFO] [stdout] help: if this is a dyn-compatible trait, use `dyn`
[INFO] [stdout]     |
[INFO] [stdout] 743 |     fn eq(&self, other: &dyn DeviceObject) -> bool {
[INFO] [stdout]     |                          +++
[INFO] [stdout] 
[INFO] [stdout] 
[INFO] [stdout] warning: use of deprecated method `std::error::Error::description`: use the Display impl or to_string()
[INFO] [stdout]    --> src/lib.rs:111:24
[INFO] [stdout]     |
[INFO] [stdout] 111 |         write!(f, "{}", self.description())
[INFO] [stdout]     |                              ^^^^^^^^^^^
[INFO] [stdout] 
[INFO] [stdout] 
[INFO] [stdout] warning: use of deprecated method `std::error::Error::description`: use the Display impl or to_string()
[INFO] [stdout]    --> src/lib.rs:134:32
[INFO] [stdout]     |
[INFO] [stdout] 134 |             AltoError::Io(ref io) => io.description(),
[INFO] [stdout]     |                                         ^^^^^^^^^^^
[INFO] [stdout] 
[INFO] [stdout] 
[INFO] [stderr]    Compiling alto v3.0.4 (/opt/rustwide/workdir)
[INFO] [stdout] warning: anonymous parameters are deprecated and will be removed in the next edition
[INFO] [stdout]    --> src/alc.rs:138:33
[INFO] [stdout]     |
[INFO] [stdout] 138 |     fn is_extension_present(&self, ext::Alc) -> bool;
[INFO] [stdout]     |                                    ^^^^^^^^ help: try naming the parameter or explicitly ignoring it: `_: ext::Alc`
[INFO] [stdout]     |
[INFO] [stdout]     = warning: this is accepted in the current edition (Rust 2015) but is a hard error in Rust 2018!
[INFO] [stdout]     = note: for more information, see issue #41686 <https://github.com/rust-lang/rust/issues/41686>
[INFO] [stdout]     = note: `#[warn(anonymous_parameters)]` on by default
[INFO] [stdout] 
[INFO] [stdout] 
[INFO] [stdout] warning: anonymous parameters are deprecated and will be removed in the next edition
[INFO] [stdout]    --> src/alc.rs:173:14
[INFO] [stdout]     |
[INFO] [stdout] 173 |     fn channels(&ext::ALC_SOFT_loopback) -> AltoResult<sys::ALint>;
[INFO] [stdout]     |                 ^^^^^^^^^^^^^^^^^^^^^^^ help: try naming the parameter or explicitly ignoring it: `_: &ext::ALC_SOFT_loopback`
[INFO] [stdout]     |
[INFO] [stdout]     = warning: this is accepted in the current edition (Rust 2015) but is a hard error in Rust 2018!
[INFO] [stdout]     = note: for more information, see issue #41686 <https://github.com/rust-lang/rust/issues/41686>
[INFO] [stdout] 
[INFO] [stdout] 
[INFO] [stdout] warning: anonymous parameters are deprecated and will be removed in the next edition
[INFO] [stdout]    --> src/alc.rs:174:15
[INFO] [stdout]     |
[INFO] [stdout] 174 |     fn sample_ty(&ext::ALC_SOFT_loopback) -> AltoResult<sys::ALint>;
[INFO] [stdout]     |                  ^^^^^^^^^^^^^^^^^^^^^^^ help: try naming the parameter or explicitly ignoring it: `_: &ext::ALC_SOFT_loopback`
[INFO] [stdout]     |
[INFO] [stdout]     = warning: this is accepted in the current edition (Rust 2015) but is a hard error in Rust 2018!
[INFO] [stdout]     = note: for more information, see issue #41686 <https://github.com/rust-lang/rust/issues/41686>
[INFO] [stdout] 
[INFO] [stdout] 
[INFO] [stdout] warning: anonymous parameters are deprecated and will be removed in the next edition
[INFO] [stdout]    --> src/al/mod.rs:112:29
[INFO] [stdout]     |
[INFO] [stdout] 112 |     fn set_relative(&mut self, bool);
[INFO] [stdout]     |                                ^^^^ help: try naming the parameter or explicitly ignoring it: `_: bool`
[INFO] [stdout]     |
[INFO] [stdout]     = warning: this is accepted in the current edition (Rust 2015) but is a hard error in Rust 2018!
[INFO] [stdout]     = note: for more information, see issue #41686 <https://github.com/rust-lang/rust/issues/41686>
[INFO] [stdout] 
[INFO] [stdout] 
[INFO] [stdout] warning: anonymous parameters are deprecated and will be removed in the next edition
[INFO] [stdout]    --> src/al/mod.rs:117:25
[INFO] [stdout]     |
[INFO] [stdout] 117 |     fn set_gain(&mut self, f32) -> AltoResult<()>;
[INFO] [stdout]     |                            ^^^ help: try naming the parameter or explicitly ignoring it: `_: f32`
[INFO] [stdout]     |
[INFO] [stdout]     = warning: this is accepted in the current edition (Rust 2015) but is a hard error in Rust 2018!
[INFO] [stdout]     = note: for more information, see issue #41686 <https://github.com/rust-lang/rust/issues/41686>
[INFO] [stdout] 
[INFO] [stdout] 
[INFO] [stdout] warning: anonymous parameters are deprecated and will be removed in the next edition
[INFO] [stdout]    --> src/al/mod.rs:122:29
[INFO] [stdout]     |
[INFO] [stdout] 122 |     fn set_min_gain(&mut self, f32) -> AltoResult<()>;
[INFO] [stdout]     |                                ^^^ help: try naming the parameter or explicitly ignoring it: `_: f32`
[INFO] [stdout]     |
[INFO] [stdout]     = warning: this is accepted in the current edition (Rust 2015) but is a hard error in Rust 2018!
[INFO] [stdout]     = note: for more information, see issue #41686 <https://github.com/rust-lang/rust/issues/41686>
[INFO] [stdout] 
[INFO] [stdout] 
[INFO] [stdout] warning: anonymous parameters are deprecated and will be removed in the next edition
[INFO] [stdout]    --> src/al/mod.rs:127:29
[INFO] [stdout]     |
[INFO] [stdout] 127 |     fn set_max_gain(&mut self, f32) -> AltoResult<()>;
[INFO] [stdout]     |                                ^^^ help: try naming the parameter or explicitly ignoring it: `_: f32`
[INFO] [stdout]     |
[INFO] [stdout]     = warning: this is accepted in the current edition (Rust 2015) but is a hard error in Rust 2018!
[INFO] [stdout]     = note: for more information, see issue #41686 <https://github.com/rust-lang/rust/issues/41686>
[INFO] [stdout] 
[INFO] [stdout] 
[INFO] [stdout] warning: anonymous parameters are deprecated and will be removed in the next edition
[INFO] [stdout]    --> src/al/mod.rs:132:39
[INFO] [stdout]     |
[INFO] [stdout] 132 |     fn set_reference_distance(&mut self, f32) -> AltoResult<()>;
[INFO] [stdout]     |                                          ^^^ help: try naming the parameter or explicitly ignoring it: `_: f32`
[INFO] [stdout]     |
[INFO] [stdout]     = warning: this is accepted in the current edition (Rust 2015) but is a hard error in Rust 2018!
[INFO] [stdout]     = note: for more information, see issue #41686 <https://github.com/rust-lang/rust/issues/41686>
[INFO] [stdout] 
[INFO] [stdout] 
[INFO] [stdout] warning: anonymous parameters are deprecated and will be removed in the next edition
[INFO] [stdout]    --> src/al/mod.rs:137:35
[INFO] [stdout]     |
[INFO] [stdout] 137 |     fn set_rolloff_factor(&mut self, f32) -> AltoResult<()>;
[INFO] [stdout]     |                                      ^^^ help: try naming the parameter or explicitly ignoring it: `_: f32`
[INFO] [stdout]     |
[INFO] [stdout]     = warning: this is accepted in the current edition (Rust 2015) but is a hard error in Rust 2018!
[INFO] [stdout]     = note: for more information, see issue #41686 <https://github.com/rust-lang/rust/issues/41686>
[INFO] [stdout] 
[INFO] [stdout] 
[INFO] [stdout] warning: anonymous parameters are deprecated and will be removed in the next edition
[INFO] [stdout]    --> src/al/mod.rs:142:33
[INFO] [stdout]     |
[INFO] [stdout] 142 |     fn set_max_distance(&mut self, f32) -> AltoResult<()>;
[INFO] [stdout]     |                                    ^^^ help: try naming the parameter or explicitly ignoring it: `_: f32`
[INFO] [stdout]     |
[INFO] [stdout]     = warning: this is accepted in the current edition (Rust 2015) but is a hard error in Rust 2018!
[INFO] [stdout]     = note: for more information, see issue #41686 <https://github.com/rust-lang/rust/issues/41686>
[INFO] [stdout] 
[INFO] [stdout] 
[INFO] [stdout] warning: anonymous parameters are deprecated and will be removed in the next edition
[INFO] [stdout]    --> src/al/mod.rs:147:26
[INFO] [stdout]     |
[INFO] [stdout] 147 |     fn set_pitch(&mut self, f32) -> AltoResult<()>;
[INFO] [stdout]     |                             ^^^ help: try naming the parameter or explicitly ignoring it: `_: f32`
[INFO] [stdout]     |
[INFO] [stdout]     = warning: this is accepted in the current edition (Rust 2015) but is a hard error in Rust 2018!
[INFO] [stdout]     = note: for more information, see issue #41686 <https://github.com/rust-lang/rust/issues/41686>
[INFO] [stdout] 
[INFO] [stdout] 
[INFO] [stdout] warning: anonymous parameters are deprecated and will be removed in the next edition
[INFO] [stdout]    --> src/al/mod.rs:152:48
[INFO] [stdout]     |
[INFO] [stdout] 152 |     fn set_position<V: Into<[f32; 3]>>(&mut self, V) -> AltoResult<()>;
[INFO] [stdout]     |                                                   ^ help: try naming the parameter or explicitly ignoring it: `_: V`
[INFO] [stdout]     |
[INFO] [stdout]     = warning: this is accepted in the current edition (Rust 2015) but is a hard error in Rust 2018!
[INFO] [stdout]     = note: for more information, see issue #41686 <https://github.com/rust-lang/rust/issues/41686>
[INFO] [stdout] 
[INFO] [stdout] 
[INFO] [stdout] warning: anonymous parameters are deprecated and will be removed in the next edition
[INFO] [stdout]    --> src/al/mod.rs:157:48
[INFO] [stdout]     |
[INFO] [stdout] 157 |     fn set_velocity<V: Into<[f32; 3]>>(&mut self, V) -> AltoResult<()>;
[INFO] [stdout]     |                                                   ^ help: try naming the parameter or explicitly ignoring it: `_: V`
[INFO] [stdout]     |
[INFO] [stdout]     = warning: this is accepted in the current edition (Rust 2015) but is a hard error in Rust 2018!
[INFO] [stdout]     = note: for more information, see issue #41686 <https://github.com/rust-lang/rust/issues/41686>
[INFO] [stdout] 
[INFO] [stdout] 
[INFO] [stdout] warning: anonymous parameters are deprecated and will be removed in the next edition
[INFO] [stdout]    --> src/al/mod.rs:162:49
[INFO] [stdout]     |
[INFO] [stdout] 162 |     fn set_direction<V: Into<[f32; 3]>>(&mut self, V) -> AltoResult<()>;
[INFO] [stdout]     |                                                    ^ help: try naming the parameter or explicitly ignoring it: `_: V`
[INFO] [stdout]     |
[INFO] [stdout]     = warning: this is accepted in the current edition (Rust 2015) but is a hard error in Rust 2018!
[INFO] [stdout]     = note: for more information, see issue #41686 <https://github.com/rust-lang/rust/issues/41686>
[INFO] [stdout] 
[INFO] [stdout] 
[INFO] [stdout] warning: anonymous parameters are deprecated and will be removed in the next edition
[INFO] [stdout]    --> src/al/mod.rs:167:37
[INFO] [stdout]     |
[INFO] [stdout] 167 |     fn set_cone_inner_angle(&mut self, f32) -> AltoResult<()>;
[INFO] [stdout]     |                                        ^^^ help: try naming the parameter or explicitly ignoring it: `_: f32`
[INFO] [stdout]     |
[INFO] [stdout]     = warning: this is accepted in the current edition (Rust 2015) but is a hard error in Rust 2018!
[INFO] [stdout]     = note: for more information, see issue #41686 <https://github.com/rust-lang/rust/issues/41686>
[INFO] [stdout] 
[INFO] [stdout] 
[INFO] [stdout] warning: anonymous parameters are deprecated and will be removed in the next edition
[INFO] [stdout]    --> src/al/mod.rs:172:37
[INFO] [stdout]     |
[INFO] [stdout] 172 |     fn set_cone_outer_angle(&mut self, f32) -> AltoResult<()>;
[INFO] [stdout]     |                                        ^^^ help: try naming the parameter or explicitly ignoring it: `_: f32`
[INFO] [stdout]     |
[INFO] [stdout]     = warning: this is accepted in the current edition (Rust 2015) but is a hard error in Rust 2018!
[INFO] [stdout]     = note: for more information, see issue #41686 <https://github.com/rust-lang/rust/issues/41686>
[INFO] [stdout] 
[INFO] [stdout] 
[INFO] [stdout] warning: anonymous parameters are deprecated and will be removed in the next edition
[INFO] [stdout]    --> src/al/mod.rs:177:36
[INFO] [stdout]     |
[INFO] [stdout] 177 |     fn set_cone_outer_gain(&mut self, f32) -> AltoResult<()>;
[INFO] [stdout]     |                                       ^^^ help: try naming the parameter or explicitly ignoring it: `_: f32`
[INFO] [stdout]     |
[INFO] [stdout]     = warning: this is accepted in the current edition (Rust 2015) but is a hard error in Rust 2018!
[INFO] [stdout]     = note: for more information, see issue #41686 <https://github.com/rust-lang/rust/issues/41686>
[INFO] [stdout] 
[INFO] [stdout] 
[INFO] [stdout] warning: anonymous parameters are deprecated and will be removed in the next edition
[INFO] [stdout]    --> src/al/mod.rs:182:31
[INFO] [stdout]     |
[INFO] [stdout] 182 |     fn set_sec_offset(&mut self, f32) -> AltoResult<()>;
[INFO] [stdout]     |                                  ^^^ help: try naming the parameter or explicitly ignoring it: `_: f32`
[INFO] [stdout]     |
[INFO] [stdout]     = warning: this is accepted in the current edition (Rust 2015) but is a hard error in Rust 2018!
[INFO] [stdout]     = note: for more information, see issue #41686 <https://github.com/rust-lang/rust/issues/41686>
[INFO] [stdout] 
[INFO] [stdout] 
[INFO] [stdout] warning: anonymous parameters are deprecated and will be removed in the next edition
[INFO] [stdout]    --> src/al/mod.rs:187:34
[INFO] [stdout]     |
[INFO] [stdout] 187 |     fn set_sample_offset(&mut self, sys::ALint) -> AltoResult<()>;
[INFO] [stdout]     |                                     ^^^^^^^^^^ help: try naming the parameter or explicitly ignoring it: `_: sys::ALint`
[INFO] [stdout]     |
[INFO] [stdout]     = warning: this is accepted in the current edition (Rust 2015) but is a hard error in Rust 2018!
[INFO] [stdout]     = note: for more information, see issue #41686 <https://github.com/rust-lang/rust/issues/41686>
[INFO] [stdout] 
[INFO] [stdout] 
[INFO] [stdout] warning: anonymous parameters are deprecated and will be removed in the next edition
[INFO] [stdout]    --> src/al/mod.rs:192:32
[INFO] [stdout]     |
[INFO] [stdout] 192 |     fn set_byte_offset(&mut self, sys::ALint) -> AltoResult<()>;
[INFO] [stdout]     |                                   ^^^^^^^^^^ help: try naming the parameter or explicitly ignoring it: `_: sys::ALint`
[INFO] [stdout]     |
[INFO] [stdout]     = warning: this is accepted in the current edition (Rust 2015) but is a hard error in Rust 2018!
[INFO] [stdout]     = note: for more information, see issue #41686 <https://github.com/rust-lang/rust/issues/41686>
[INFO] [stdout] 
[INFO] [stdout] 
[INFO] [stdout] warning: anonymous parameters are deprecated and will be removed in the next edition
[INFO] [stdout]    --> src/al/mod.rs:219:41
[INFO] [stdout]     |
[INFO] [stdout] 219 |     fn set_soft_direct_channels(&mut self, bool) -> AltoResult<()>;
[INFO] [stdout]     |                                            ^^^^ help: try naming the parameter or explicitly ignoring it: `_: bool`
[INFO] [stdout]     |
[INFO] [stdout]     = warning: this is accepted in the current edition (Rust 2015) but is a hard error in Rust 2018!
[INFO] [stdout]     = note: for more information, see issue #41686 <https://github.com/rust-lang/rust/issues/41686>
[INFO] [stdout] 
[INFO] [stdout] 
[INFO] [stdout] warning: anonymous parameters are deprecated and will be removed in the next edition
[INFO] [stdout]    --> src/al/mod.rs:226:35
[INFO] [stdout]     |
[INFO] [stdout] 226 |     fn set_distance_model(&mut self, DistanceModel) -> AltoResult<()>;
[INFO] [stdout]     |                                      ^^^^^^^^^^^^^ help: try naming the parameter or explicitly ignoring it: `_: DistanceModel`
[INFO] [stdout]     |
[INFO] [stdout]     = warning: this is accepted in the current edition (Rust 2015) but is a hard error in Rust 2018!
[INFO] [stdout]     = note: for more information, see issue #41686 <https://github.com/rust-lang/rust/issues/41686>
[INFO] [stdout] 
[INFO] [stdout] 
[INFO] [stdout] warning: anonymous parameters are deprecated and will be removed in the next edition
[INFO] [stdout]    --> src/al/mod.rs:278:42
[INFO] [stdout]     |
[INFO] [stdout] 278 |     fn set_air_absorption_factor(&mut self, f32) -> AltoResult<()>;
[INFO] [stdout]     |                                             ^^^ help: try naming the parameter or explicitly ignoring it: `_: f32`
[INFO] [stdout]     |
[INFO] [stdout]     = warning: this is accepted in the current edition (Rust 2015) but is a hard error in Rust 2018!
[INFO] [stdout]     = note: for more information, see issue #41686 <https://github.com/rust-lang/rust/issues/41686>
[INFO] [stdout] 
[INFO] [stdout] 
[INFO] [stdout] warning: anonymous parameters are deprecated and will be removed in the next edition
[INFO] [stdout]    --> src/al/mod.rs:285:40
[INFO] [stdout]     |
[INFO] [stdout] 285 |     fn set_room_rolloff_factor(&mut self, f32) -> AltoResult<()>;
[INFO] [stdout]     |                                           ^^^ help: try naming the parameter or explicitly ignoring it: `_: f32`
[INFO] [stdout]     |
[INFO] [stdout]     = warning: this is accepted in the current edition (Rust 2015) but is a hard error in Rust 2018!
[INFO] [stdout]     = note: for more information, see issue #41686 <https://github.com/rust-lang/rust/issues/41686>
[INFO] [stdout] 
[INFO] [stdout] 
[INFO] [stdout] warning: anonymous parameters are deprecated and will be removed in the next edition
[INFO] [stdout]    --> src/al/mod.rs:292:38
[INFO] [stdout]     |
[INFO] [stdout] 292 |     fn set_cone_outer_gainhf(&mut self, f32) -> AltoResult<()>;
[INFO] [stdout]     |                                         ^^^ help: try naming the parameter or explicitly ignoring it: `_: f32`
[INFO] [stdout]     |
[INFO] [stdout]     = warning: this is accepted in the current edition (Rust 2015) but is a hard error in Rust 2018!
[INFO] [stdout]     = note: for more information, see issue #41686 <https://github.com/rust-lang/rust/issues/41686>
[INFO] [stdout] 
[INFO] [stdout] 
[INFO] [stdout] warning: anonymous parameters are deprecated and will be removed in the next edition
[INFO] [stdout]    --> src/al/mod.rs:299:46
[INFO] [stdout]     |
[INFO] [stdout] 299 |     fn set_direct_filter_gainhf_auto(&mut self, bool) -> AltoResult<()>;
[INFO] [stdout]     |                                                 ^^^^ help: try naming the parameter or explicitly ignoring it: `_: bool`
[INFO] [stdout]     |
[INFO] [stdout]     = warning: this is accepted in the current edition (Rust 2015) but is a hard error in Rust 2018!
[INFO] [stdout]     = note: for more information, see issue #41686 <https://github.com/rust-lang/rust/issues/41686>
[INFO] [stdout] 
[INFO] [stdout] 
[INFO] [stdout] warning: elided lifetime has a name
[INFO] [stdout]    --> src/al/mod.rs:685:30
[INFO] [stdout]     |
[INFO] [stdout] 684 | impl<'c> DeferLock<'c> {
[INFO] [stdout]     |      -- lifetime `'c` declared here
[INFO] [stdout] 685 |     fn new(ctx: &'c Context) -> DeferLock {
[INFO] [stdout]     |                                 ^^^^^^^^^ this elided lifetime gets resolved as `'c`
[INFO] [stdout]     |
[INFO] [stdout]     = note: `#[warn(elided_named_lifetimes)]` on by default
[INFO] [stdout] 
[INFO] [stdout] 
[INFO] [stdout] warning: use of deprecated constant `std::sync::ONCE_INIT`: the `Once::new()` function is now preferred
[INFO] [stdout]   --> src/al/mod.rs:23:1
[INFO] [stdout]    |
[INFO] [stdout] 23 | / lazy_static! {
[INFO] [stdout] 24 | |     #[doc(hidden)]
[INFO] [stdout] 25 | |     static ref ALTO_CTX_LOCK: Mutex<()> = Mutex::new(());
[INFO] [stdout] 26 | | }
[INFO] [stdout]    | |_^
[INFO] [stdout]    |
[INFO] [stdout]    = note: `#[warn(deprecated)]` on by default
[INFO] [stdout]    = note: this warning originates in the macro `__lazy_static_create` which comes from the expansion of the macro `lazy_static` (in Nightly builds, run with -Z macro-backtrace for more info)
[INFO] [stdout] 
[INFO] [stdout] 
[INFO] [stdout] warning: trait objects without an explicit `dyn` are deprecated
[INFO] [stdout]    --> src/alc.rs:742:20
[INFO] [stdout]     |
[INFO] [stdout] 742 | impl PartialEq for DeviceObject {
[INFO] [stdout]     |                    ^^^^^^^^^^^^
[INFO] [stdout]     |
[INFO] [stdout]     = warning: this is accepted in the current edition (Rust 2015) but is a hard error in Rust 2021!
[INFO] [stdout]     = note: for more information, see <https://doc.rust-lang.org/nightly/edition-guide/rust-2021/warnings-promoted-to-error.html>
[INFO] [stdout]     = note: `#[warn(bare_trait_objects)]` on by default
[INFO] [stdout] help: if this is a dyn-compatible trait, use `dyn`
[INFO] [stdout]     |
[INFO] [stdout] 742 | impl PartialEq for dyn DeviceObject {
[INFO] [stdout]     |                    +++
[INFO] [stdout] 
[INFO] [stdout] 
[INFO] [stdout] warning: trait objects without an explicit `dyn` are deprecated
[INFO] [stdout]    --> src/alc.rs:747:13
[INFO] [stdout]     |
[INFO] [stdout] 747 | impl Eq for DeviceObject { }
[INFO] [stdout]     |             ^^^^^^^^^^^^
[INFO] [stdout]     |
[INFO] [stdout]     = warning: this is accepted in the current edition (Rust 2015) but is a hard error in Rust 2021!
[INFO] [stdout]     = note: for more information, see <https://doc.rust-lang.org/nightly/edition-guide/rust-2021/warnings-promoted-to-error.html>
[INFO] [stdout] help: if this is a dyn-compatible trait, use `dyn`
[INFO] [stdout]     |
[INFO] [stdout] 747 | impl Eq for dyn DeviceObject { }
[INFO] [stdout]     |             +++
[INFO] [stdout] 
[INFO] [stdout] 
[INFO] [stdout] warning: trait objects without an explicit `dyn` are deprecated
[INFO] [stdout]    --> src/alc.rs:743:23
[INFO] [stdout]     |
[INFO] [stdout] 743 |     fn eq(&self, other: &DeviceObject) -> bool {
[INFO] [stdout]     |                          ^^^^^^^^^^^^
[INFO] [stdout]     |
[INFO] [stdout]     = warning: this is accepted in the current edition (Rust 2015) but is a hard error in Rust 2021!
[INFO] [stdout]     = note: for more information, see <https://doc.rust-lang.org/nightly/edition-guide/rust-2021/warnings-promoted-to-error.html>
[INFO] [stdout] help: if this is a dyn-compatible trait, use `dyn`
[INFO] [stdout]     |
[INFO] [stdout] 743 |     fn eq(&self, other: &dyn DeviceObject) -> bool {
[INFO] [stdout]     |                          +++
[INFO] [stdout] 
[INFO] [stdout] 
[INFO] [stdout] warning: use of deprecated method `std::error::Error::description`: use the Display impl or to_string()
[INFO] [stdout]    --> src/lib.rs:111:24
[INFO] [stdout]     |
[INFO] [stdout] 111 |         write!(f, "{}", self.description())
[INFO] [stdout]     |                              ^^^^^^^^^^^
[INFO] [stdout] 
[INFO] [stdout] 
[INFO] [stdout] warning: use of deprecated method `std::error::Error::description`: use the Display impl or to_string()
[INFO] [stdout]    --> src/lib.rs:134:32
[INFO] [stdout]     |
[INFO] [stdout] 134 |             AltoError::Io(ref io) => io.description(),
[INFO] [stdout]     |                                         ^^^^^^^^^^^
[INFO] [stdout] 
[INFO] [stdout] 
[INFO] [stderr]     Finished `test` profile [unoptimized + debuginfo] target(s) in 0.79s
[INFO] running `Command { std: "docker" "inspect" "1638807f1b7e416c3a01a1f71b33c51aae3f86854082389e177703ec4314e6f9", kill_on_drop: false }`
[INFO] running `Command { std: "docker" "rm" "-f" "1638807f1b7e416c3a01a1f71b33c51aae3f86854082389e177703ec4314e6f9", kill_on_drop: false }`
[INFO] [stdout] 1638807f1b7e416c3a01a1f71b33c51aae3f86854082389e177703ec4314e6f9
[INFO] running `Command { std: "docker" "create" "-v" "/var/lib/crater-agent-workspace/builds/worker-7-tc2/target:/opt/rustwide/target:rw,Z" "-v" "/var/lib/crater-agent-workspace/builds/worker-7-tc2/source:/opt/rustwide/workdir:ro,Z" "-v" "/var/lib/crater-agent-workspace/cargo-home:/opt/rustwide/cargo-home:ro,Z" "-v" "/var/lib/crater-agent-workspace/rustup-home:/opt/rustwide/rustup-home:ro,Z" "-e" "SOURCE_DIR=/opt/rustwide/workdir" "-e" "CARGO_TARGET_DIR=/opt/rustwide/target" "-e" "CARGO_INCREMENTAL=0" "-e" "RUST_BACKTRACE=full" "-e" "RUSTFLAGS=--cap-lints=forbid -Zrandomize-layout" "-e" "RUSTDOCFLAGS=--cap-lints=forbid" "-e" "CARGO_HOME=/opt/rustwide/cargo-home" "-e" "RUSTUP_HOME=/opt/rustwide/rustup-home" "-w" "/opt/rustwide/workdir" "-m" "1610612736" "--user" "0:0" "--network" "none" "ghcr.io/rust-lang/crates-build-env/linux@sha256:4a844ea9eb2546a2d2c7022eacef16ef2e8229c7fbb2c7d4d55a9ceca922f72d" "/opt/rustwide/cargo-home/bin/cargo" "+nightly-2024-10-28" "test" "--frozen", kill_on_drop: false }`
[INFO] [stdout] 7b9dba371688b293593f8cc14477f59fa182913a3a05e02f66f59f38595f95eb
[INFO] running `Command { std: "docker" "start" "-a" "7b9dba371688b293593f8cc14477f59fa182913a3a05e02f66f59f38595f95eb", kill_on_drop: false }`
[INFO] [stderr] warning: no edition set: defaulting to the 2015 edition while the latest is 2021
[INFO] [stderr] warning: anonymous parameters are deprecated and will be removed in the next edition
[INFO] [stderr]    --> src/alc.rs:138:33
[INFO] [stderr]     |
[INFO] [stderr] 138 |     fn is_extension_present(&self, ext::Alc) -> bool;
[INFO] [stderr]     |                                    ^^^^^^^^ help: try naming the parameter or explicitly ignoring it: `_: ext::Alc`
[INFO] [stderr]     |
[INFO] [stderr]     = warning: this is accepted in the current edition (Rust 2015) but is a hard error in Rust 2018!
[INFO] [stderr]     = note: for more information, see issue #41686 <https://github.com/rust-lang/rust/issues/41686>
[INFO] [stderr]     = note: `#[warn(anonymous_parameters)]` on by default
[INFO] [stderr] 
[INFO] [stderr] warning: anonymous parameters are deprecated and will be removed in the next edition
[INFO] [stderr]    --> src/alc.rs:173:14
[INFO] [stderr]     |
[INFO] [stderr] 173 |     fn channels(&ext::ALC_SOFT_loopback) -> AltoResult<sys::ALint>;
[INFO] [stderr]     |                 ^^^^^^^^^^^^^^^^^^^^^^^ help: try naming the parameter or explicitly ignoring it: `_: &ext::ALC_SOFT_loopback`
[INFO] [stderr]     |
[INFO] [stderr]     = warning: this is accepted in the current edition (Rust 2015) but is a hard error in Rust 2018!
[INFO] [stderr]     = note: for more information, see issue #41686 <https://github.com/rust-lang/rust/issues/41686>
[INFO] [stderr] 
[INFO] [stderr] warning: anonymous parameters are deprecated and will be removed in the next edition
[INFO] [stderr]    --> src/alc.rs:174:15
[INFO] [stderr]     |
[INFO] [stderr] 174 |     fn sample_ty(&ext::ALC_SOFT_loopback) -> AltoResult<sys::ALint>;
[INFO] [stderr]     |                  ^^^^^^^^^^^^^^^^^^^^^^^ help: try naming the parameter or explicitly ignoring it: `_: &ext::ALC_SOFT_loopback`
[INFO] [stderr]     |
[INFO] [stderr]     = warning: this is accepted in the current edition (Rust 2015) but is a hard error in Rust 2018!
[INFO] [stderr]     = note: for more information, see issue #41686 <https://github.com/rust-lang/rust/issues/41686>
[INFO] [stderr] 
[INFO] [stderr] warning: anonymous parameters are deprecated and will be removed in the next edition
[INFO] [stderr]    --> src/al/mod.rs:112:29
[INFO] [stderr]     |
[INFO] [stderr] 112 |     fn set_relative(&mut self, bool);
[INFO] [stderr]     |                                ^^^^ help: try naming the parameter or explicitly ignoring it: `_: bool`
[INFO] [stderr]     |
[INFO] [stderr]     = warning: this is accepted in the current edition (Rust 2015) but is a hard error in Rust 2018!
[INFO] [stderr]     = note: for more information, see issue #41686 <https://github.com/rust-lang/rust/issues/41686>
[INFO] [stderr] 
[INFO] [stderr] warning: anonymous parameters are deprecated and will be removed in the next edition
[INFO] [stderr]    --> src/al/mod.rs:117:25
[INFO] [stderr]     |
[INFO] [stderr] 117 |     fn set_gain(&mut self, f32) -> AltoResult<()>;
[INFO] [stderr]     |                            ^^^ help: try naming the parameter or explicitly ignoring it: `_: f32`
[INFO] [stderr]     |
[INFO] [stderr]     = warning: this is accepted in the current edition (Rust 2015) but is a hard error in Rust 2018!
[INFO] [stderr]     = note: for more information, see issue #41686 <https://github.com/rust-lang/rust/issues/41686>
[INFO] [stderr] 
[INFO] [stderr] warning: anonymous parameters are deprecated and will be removed in the next edition
[INFO] [stderr]    --> src/al/mod.rs:122:29
[INFO] [stderr]     |
[INFO] [stderr] 122 |     fn set_min_gain(&mut self, f32) -> AltoResult<()>;
[INFO] [stderr]     |                                ^^^ help: try naming the parameter or explicitly ignoring it: `_: f32`
[INFO] [stderr]     |
[INFO] [stderr]     = warning: this is accepted in the current edition (Rust 2015) but is a hard error in Rust 2018!
[INFO] [stderr]     = note: for more information, see issue #41686 <https://github.com/rust-lang/rust/issues/41686>
[INFO] [stderr] 
[INFO] [stderr] warning: anonymous parameters are deprecated and will be removed in the next edition
[INFO] [stderr]    --> src/al/mod.rs:127:29
[INFO] [stderr]     |
[INFO] [stderr] 127 |     fn set_max_gain(&mut self, f32) -> AltoResult<()>;
[INFO] [stderr]     |                                ^^^ help: try naming the parameter or explicitly ignoring it: `_: f32`
[INFO] [stderr]     |
[INFO] [stderr]     = warning: this is accepted in the current edition (Rust 2015) but is a hard error in Rust 2018!
[INFO] [stderr]     = note: for more information, see issue #41686 <https://github.com/rust-lang/rust/issues/41686>
[INFO] [stderr] 
[INFO] [stderr] warning: anonymous parameters are deprecated and will be removed in the next edition
[INFO] [stderr]    --> src/al/mod.rs:132:39
[INFO] [stderr]     |
[INFO] [stderr] 132 |     fn set_reference_distance(&mut self, f32) -> AltoResult<()>;
[INFO] [stderr]     |                                          ^^^ help: try naming the parameter or explicitly ignoring it: `_: f32`
[INFO] [stderr]     |
[INFO] [stderr]     = warning: this is accepted in the current edition (Rust 2015) but is a hard error in Rust 2018!
[INFO] [stderr]     = note: for more information, see issue #41686 <https://github.com/rust-lang/rust/issues/41686>
[INFO] [stderr] 
[INFO] [stderr] warning: anonymous parameters are deprecated and will be removed in the next edition
[INFO] [stderr]    --> src/al/mod.rs:137:35
[INFO] [stderr]     |
[INFO] [stderr] 137 |     fn set_rolloff_factor(&mut self, f32) -> AltoResult<()>;
[INFO] [stderr]     |                                      ^^^ help: try naming the parameter or explicitly ignoring it: `_: f32`
[INFO] [stderr]     |
[INFO] [stderr]     = warning: this is accepted in the current edition (Rust 2015) but is a hard error in Rust 2018!
[INFO] [stderr]     = note: for more information, see issue #41686 <https://github.com/rust-lang/rust/issues/41686>
[INFO] [stderr] 
[INFO] [stderr] warning: anonymous parameters are deprecated and will be removed in the next edition
[INFO] [stderr]    --> src/al/mod.rs:142:33
[INFO] [stderr]     |
[INFO] [stderr] 142 |     fn set_max_distance(&mut self, f32) -> AltoResult<()>;
[INFO] [stderr]     |                                    ^^^ help: try naming the parameter or explicitly ignoring it: `_: f32`
[INFO] [stderr]     |
[INFO] [stderr]     = warning: this is accepted in the current edition (Rust 2015) but is a hard error in Rust 2018!
[INFO] [stderr]     = note: for more information, see issue #41686 <https://github.com/rust-lang/rust/issues/41686>
[INFO] [stderr] 
[INFO] [stderr] warning: anonymous parameters are deprecated and will be removed in the next edition
[INFO] [stderr]    --> src/al/mod.rs:147:26
[INFO] [stderr]     |
[INFO] [stderr] 147 |     fn set_pitch(&mut self, f32) -> AltoResult<()>;
[INFO] [stderr]     |                             ^^^ help: try naming the parameter or explicitly ignoring it: `_: f32`
[INFO] [stderr]     |
[INFO] [stderr]     = warning: this is accepted in the current edition (Rust 2015) but is a hard error in Rust 2018!
[INFO] [stderr]     = note: for more information, see issue #41686 <https://github.com/rust-lang/rust/issues/41686>
[INFO] [stderr] 
[INFO] [stderr] warning: anonymous parameters are deprecated and will be removed in the next edition
[INFO] [stderr]    --> src/al/mod.rs:152:48
[INFO] [stderr]     |
[INFO] [stderr] 152 |     fn set_position<V: Into<[f32; 3]>>(&mut self, V) -> AltoResult<()>;
[INFO] [stderr]     |                                                   ^ help: try naming the parameter or explicitly ignoring it: `_: V`
[INFO] [stderr]     |
[INFO] [stderr]     = warning: this is accepted in the current edition (Rust 2015) but is a hard error in Rust 2018!
[INFO] [stderr]     = note: for more information, see issue #41686 <https://github.com/rust-lang/rust/issues/41686>
[INFO] [stderr] 
[INFO] [stderr] warning: anonymous parameters are deprecated and will be removed in the next edition
[INFO] [stderr]    --> src/al/mod.rs:157:48
[INFO] [stderr]     |
[INFO] [stderr] 157 |     fn set_velocity<V: Into<[f32; 3]>>(&mut self, V) -> AltoResult<()>;
[INFO] [stderr]     |                                                   ^ help: try naming the parameter or explicitly ignoring it: `_: V`
[INFO] [stderr]     |
[INFO] [stderr]     = warning: this is accepted in the current edition (Rust 2015) but is a hard error in Rust 2018!
[INFO] [stderr]     = note: for more information, see issue #41686 <https://github.com/rust-lang/rust/issues/41686>
[INFO] [stderr] 
[INFO] [stderr] warning: anonymous parameters are deprecated and will be removed in the next edition
[INFO] [stderr]    --> src/al/mod.rs:162:49
[INFO] [stderr]     |
[INFO] [stderr] 162 |     fn set_direction<V: Into<[f32; 3]>>(&mut self, V) -> AltoResult<()>;
[INFO] [stderr]     |                                                    ^ help: try naming the parameter or explicitly ignoring it: `_: V`
[INFO] [stderr]     |
[INFO] [stderr]     = warning: this is accepted in the current edition (Rust 2015) but is a hard error in Rust 2018!
[INFO] [stderr]     = note: for more information, see issue #41686 <https://github.com/rust-lang/rust/issues/41686>
[INFO] [stderr] 
[INFO] [stderr] warning: anonymous parameters are deprecated and will be removed in the next edition
[INFO] [stderr]    --> src/al/mod.rs:167:37
[INFO] [stderr]     |
[INFO] [stderr] 167 |     fn set_cone_inner_angle(&mut self, f32) -> AltoResult<()>;
[INFO] [stderr]     |                                        ^^^ help: try naming the parameter or explicitly ignoring it: `_: f32`
[INFO] [stderr]     |
[INFO] [stderr]     = warning: this is accepted in the current edition (Rust 2015) but is a hard error in Rust 2018!
[INFO] [stderr]     = note: for more information, see issue #41686 <https://github.com/rust-lang/rust/issues/41686>
[INFO] [stderr] 
[INFO] [stderr] warning: anonymous parameters are deprecated and will be removed in the next edition
[INFO] [stderr]    --> src/al/mod.rs:172:37
[INFO] [stderr]     |
[INFO] [stderr] 172 |     fn set_cone_outer_angle(&mut self, f32) -> AltoResult<()>;
[INFO] [stderr]     |                                        ^^^ help: try naming the parameter or explicitly ignoring it: `_: f32`
[INFO] [stderr]     |
[INFO] [stderr]     = warning: this is accepted in the current edition (Rust 2015) but is a hard error in Rust 2018!
[INFO] [stderr]     = note: for more information, see issue #41686 <https://github.com/rust-lang/rust/issues/41686>
[INFO] [stderr] 
[INFO] [stderr] warning: anonymous parameters are deprecated and will be removed in the next edition
[INFO] [stderr]    --> src/al/mod.rs:177:36
[INFO] [stderr]     |
[INFO] [stderr] 177 |     fn set_cone_outer_gain(&mut self, f32) -> AltoResult<()>;
[INFO] [stderr]     |                                       ^^^ help: try naming the parameter or explicitly ignoring it: `_: f32`
[INFO] [stderr]     |
[INFO] [stderr]     = warning: this is accepted in the current edition (Rust 2015) but is a hard error in Rust 2018!
[INFO] [stderr]     = note: for more information, see issue #41686 <https://github.com/rust-lang/rust/issues/41686>
[INFO] [stderr] 
[INFO] [stderr] warning: anonymous parameters are deprecated and will be removed in the next edition
[INFO] [stderr]    --> src/al/mod.rs:182:31
[INFO] [stderr]     |
[INFO] [stderr] 182 |     fn set_sec_offset(&mut self, f32) -> AltoResult<()>;
[INFO] [stderr]     |                                  ^^^ help: try naming the parameter or explicitly ignoring it: `_: f32`
[INFO] [stderr]     |
[INFO] [stderr]     = warning: this is accepted in the current edition (Rust 2015) but is a hard error in Rust 2018!
[INFO] [stderr]     = note: for more information, see issue #41686 <https://github.com/rust-lang/rust/issues/41686>
[INFO] [stderr] 
[INFO] [stderr] warning: anonymous parameters are deprecated and will be removed in the next edition
[INFO] [stderr]    --> src/al/mod.rs:187:34
[INFO] [stderr]     |
[INFO] [stderr] 187 |     fn set_sample_offset(&mut self, sys::ALint) -> AltoResult<()>;
[INFO] [stderr]     |                                     ^^^^^^^^^^ help: try naming the parameter or explicitly ignoring it: `_: sys::ALint`
[INFO] [stderr]     |
[INFO] [stderr]     = warning: this is accepted in the current edition (Rust 2015) but is a hard error in Rust 2018!
[INFO] [stderr]     = note: for more information, see issue #41686 <https://github.com/rust-lang/rust/issues/41686>
[INFO] [stderr] 
[INFO] [stderr] warning: anonymous parameters are deprecated and will be removed in the next edition
[INFO] [stderr]    --> src/al/mod.rs:192:32
[INFO] [stderr]     |
[INFO] [stderr] 192 |     fn set_byte_offset(&mut self, sys::ALint) -> AltoResult<()>;
[INFO] [stderr]     |                                   ^^^^^^^^^^ help: try naming the parameter or explicitly ignoring it: `_: sys::ALint`
[INFO] [stderr]     |
[INFO] [stderr]     = warning: this is accepted in the current edition (Rust 2015) but is a hard error in Rust 2018!
[INFO] [stderr]     = note: for more information, see issue #41686 <https://github.com/rust-lang/rust/issues/41686>
[INFO] [stderr] 
[INFO] [stderr] warning: anonymous parameters are deprecated and will be removed in the next edition
[INFO] [stderr]    --> src/al/mod.rs:219:41
[INFO] [stderr]     |
[INFO] [stderr] 219 |     fn set_soft_direct_channels(&mut self, bool) -> AltoResult<()>;
[INFO] [stderr]     |                                            ^^^^ help: try naming the parameter or explicitly ignoring it: `_: bool`
[INFO] [stderr]     |
[INFO] [stderr]     = warning: this is accepted in the current edition (Rust 2015) but is a hard error in Rust 2018!
[INFO] [stderr]     = note: for more information, see issue #41686 <https://github.com/rust-lang/rust/issues/41686>
[INFO] [stderr] 
[INFO] [stderr] warning: anonymous parameters are deprecated and will be removed in the next edition
[INFO] [stderr]    --> src/al/mod.rs:226:35
[INFO] [stderr]     |
[INFO] [stderr] 226 |     fn set_distance_model(&mut self, DistanceModel) -> AltoResult<()>;
[INFO] [stderr]     |                                      ^^^^^^^^^^^^^ help: try naming the parameter or explicitly ignoring it: `_: DistanceModel`
[INFO] [stderr]     |
[INFO] [stderr]     = warning: this is accepted in the current edition (Rust 2015) but is a hard error in Rust 2018!
[INFO] [stderr]     = note: for more information, see issue #41686 <https://github.com/rust-lang/rust/issues/41686>
[INFO] [stderr] 
[INFO] [stderr] warning: anonymous parameters are deprecated and will be removed in the next edition
[INFO] [stderr]    --> src/al/mod.rs:278:42
[INFO] [stderr]     |
[INFO] [stderr] 278 |     fn set_air_absorption_factor(&mut self, f32) -> AltoResult<()>;
[INFO] [stderr]     |                                             ^^^ help: try naming the parameter or explicitly ignoring it: `_: f32`
[INFO] [stderr]     |
[INFO] [stderr]     = warning: this is accepted in the current edition (Rust 2015) but is a hard error in Rust 2018!
[INFO] [stderr]     = note: for more information, see issue #41686 <https://github.com/rust-lang/rust/issues/41686>
[INFO] [stderr] 
[INFO] [stderr] warning: anonymous parameters are deprecated and will be removed in the next edition
[INFO] [stderr]    --> src/al/mod.rs:285:40
[INFO] [stderr]     |
[INFO] [stderr] 285 |     fn set_room_rolloff_factor(&mut self, f32) -> AltoResult<()>;
[INFO] [stderr]     |                                           ^^^ help: try naming the parameter or explicitly ignoring it: `_: f32`
[INFO] [stderr]     |
[INFO] [stderr]     = warning: this is accepted in the current edition (Rust 2015) but is a hard error in Rust 2018!
[INFO] [stderr]     = note: for more information, see issue #41686 <https://github.com/rust-lang/rust/issues/41686>
[INFO] [stderr] 
[INFO] [stderr] warning: anonymous parameters are deprecated and will be removed in the next edition
[INFO] [stderr]    --> src/al/mod.rs:292:38
[INFO] [stderr]     |
[INFO] [stderr] 292 |     fn set_cone_outer_gainhf(&mut self, f32) -> AltoResult<()>;
[INFO] [stderr]     |                                         ^^^ help: try naming the parameter or explicitly ignoring it: `_: f32`
[INFO] [stderr]     |
[INFO] [stderr]     = warning: this is accepted in the current edition (Rust 2015) but is a hard error in Rust 2018!
[INFO] [stderr]     = note: for more information, see issue #41686 <https://github.com/rust-lang/rust/issues/41686>
[INFO] [stderr] 
[INFO] [stderr] warning: anonymous parameters are deprecated and will be removed in the next edition
[INFO] [stderr]    --> src/al/mod.rs:299:46
[INFO] [stderr]     |
[INFO] [stderr] 299 |     fn set_direct_filter_gainhf_auto(&mut self, bool) -> AltoResult<()>;
[INFO] [stderr]     |                                                 ^^^^ help: try naming the parameter or explicitly ignoring it: `_: bool`
[INFO] [stderr]     |
[INFO] [stderr]     = warning: this is accepted in the current edition (Rust 2015) but is a hard error in Rust 2018!
[INFO] [stderr]     = note: for more information, see issue #41686 <https://github.com/rust-lang/rust/issues/41686>
[INFO] [stderr] 
[INFO] [stderr] warning: elided lifetime has a name
[INFO] [stderr]    --> src/al/mod.rs:685:30
[INFO] [stderr]     |
[INFO] [stderr] 684 | impl<'c> DeferLock<'c> {
[INFO] [stderr]     |      -- lifetime `'c` declared here
[INFO] [stderr] 685 |     fn new(ctx: &'c Context) -> DeferLock {
[INFO] [stderr]     |                                 ^^^^^^^^^ this elided lifetime gets resolved as `'c`
[INFO] [stderr]     |
[INFO] [stderr]     = note: `#[warn(elided_named_lifetimes)]` on by default
[INFO] [stderr] 
[INFO] [stderr] warning: use of deprecated constant `std::sync::ONCE_INIT`: the `Once::new()` function is now preferred
[INFO] [stderr]   --> src/al/mod.rs:23:1
[INFO] [stderr]    |
[INFO] [stderr] 23 | / lazy_static! {
[INFO] [stderr] 24 | |     #[doc(hidden)]
[INFO] [stderr] 25 | |     static ref ALTO_CTX_LOCK: Mutex<()> = Mutex::new(());
[INFO] [stderr] 26 | | }
[INFO] [stderr]    | |_^
[INFO] [stderr]    |
[INFO] [stderr]    = note: `#[warn(deprecated)]` on by default
[INFO] [stderr]    = note: this warning originates in the macro `__lazy_static_create` which comes from the expansion of the macro `lazy_static` (in Nightly builds, run with -Z macro-backtrace for more info)
[INFO] [stderr] 
[INFO] [stderr] warning: trait objects without an explicit `dyn` are deprecated
[INFO] [stderr]    --> src/alc.rs:742:20
[INFO] [stderr]     |
[INFO] [stderr] 742 | impl PartialEq for DeviceObject {
[INFO] [stderr]     |                    ^^^^^^^^^^^^
[INFO] [stderr]     |
[INFO] [stderr]     = warning: this is accepted in the current edition (Rust 2015) but is a hard error in Rust 2021!
[INFO] [stderr]     = note: for more information, see <https://doc.rust-lang.org/nightly/edition-guide/rust-2021/warnings-promoted-to-error.html>
[INFO] [stderr]     = note: `#[warn(bare_trait_objects)]` on by default
[INFO] [stderr] help: if this is a dyn-compatible trait, use `dyn`
[INFO] [stderr]     |
[INFO] [stderr] 742 | impl PartialEq for dyn DeviceObject {
[INFO] [stderr]     |                    +++
[INFO] [stderr] 
[INFO] [stderr] warning: trait objects without an explicit `dyn` are deprecated
[INFO] [stderr]    --> src/alc.rs:747:13
[INFO] [stderr]     |
[INFO] [stderr] 747 | impl Eq for DeviceObject { }
[INFO] [stderr]     |             ^^^^^^^^^^^^
[INFO] [stderr]     |
[INFO] [stderr]     = warning: this is accepted in the current edition (Rust 2015) but is a hard error in Rust 2021!
[INFO] [stderr]     = note: for more information, see <https://doc.rust-lang.org/nightly/edition-guide/rust-2021/warnings-promoted-to-error.html>
[INFO] [stderr] help: if this is a dyn-compatible trait, use `dyn`
[INFO] [stderr]     |
[INFO] [stderr] 747 | impl Eq for dyn DeviceObject { }
[INFO] [stderr]     |             +++
[INFO] [stderr] 
[INFO] [stderr] warning: trait objects without an explicit `dyn` are deprecated
[INFO] [stderr]    --> src/alc.rs:743:23
[INFO] [stderr]     |
[INFO] [stderr] 743 |     fn eq(&self, other: &DeviceObject) -> bool {
[INFO] [stderr]     |                          ^^^^^^^^^^^^
[INFO] [stderr]     |
[INFO] [stderr]     = warning: this is accepted in the current edition (Rust 2015) but is a hard error in Rust 2021!
[INFO] [stderr]     = note: for more information, see <https://doc.rust-lang.org/nightly/edition-guide/rust-2021/warnings-promoted-to-error.html>
[INFO] [stderr] help: if this is a dyn-compatible trait, use `dyn`
[INFO] [stderr]     |
[INFO] [stderr] 743 |     fn eq(&self, other: &dyn DeviceObject) -> bool {
[INFO] [stderr]     |                          +++
[INFO] [stderr] 
[INFO] [stderr] warning: use of deprecated method `std::error::Error::description`: use the Display impl or to_string()
[INFO] [stderr]    --> src/lib.rs:111:24
[INFO] [stderr]     |
[INFO] [stderr] 111 |         write!(f, "{}", self.description())
[INFO] [stderr]     |                              ^^^^^^^^^^^
[INFO] [stderr] 
[INFO] [stderr] warning: use of deprecated method `std::error::Error::description`: use the Display impl or to_string()
[INFO] [stderr]    --> src/lib.rs:134:32
[INFO] [stderr]     |
[INFO] [stderr] 134 |             AltoError::Io(ref io) => io.description(),
[INFO] [stderr]     |                                         ^^^^^^^^^^^
[INFO] [stderr] 
[INFO] [stderr] warning: `alto` (lib) generated 33 warnings (run `cargo fix --lib -p alto` to apply 29 suggestions)
[INFO] [stderr] warning: `alto` (lib test) generated 33 warnings (33 duplicates)
[INFO] [stderr]     Finished `test` profile [unoptimized + debuginfo] target(s) in 0.02s
[INFO] [stderr]      Running unittests src/lib.rs (/opt/rustwide/target/debug/deps/alto-fb8a7f52aacfc7f8)
[INFO] [stdout] 
[INFO] [stdout] running 0 tests
[INFO] [stdout] 
[INFO] [stdout] test result: ok. 0 passed; 0 failed; 0 ignored; 0 measured; 0 filtered out; finished in 0.00s
[INFO] [stdout] 
[INFO] [stderr]      Running tests/alto.rs (/opt/rustwide/target/debug/deps/alto-4ad7db3174b0e9af)
[INFO] [stdout] 
[INFO] [stdout] running 5 tests
[INFO] [stdout] test load_default ... ok
[INFO] [stderr] ALSA lib pcm.c:2664:(snd_pcm_open_noupdate) Unknown PCM ALSA Default
[INFO] [stderr] AL lib: (EE) ALCcaptureAlsa_open: Could not open capture device 'ALSA Default': No such file or directory
[INFO] [stderr] ALSA lib confmisc.c:855:(parse_card) cannot find card '0'
[INFO] [stderr] ALSA lib conf.c:5178:(_snd_config_evaluate) function snd_func_card_inum returned error: No such file or directory
[INFO] [stderr] ALSA lib confmisc.c:422:(snd_func_concat) error evaluating strings
[INFO] [stderr] ALSA lib conf.c:5178:(_snd_config_evaluate) function snd_func_concat returned error: No such file or directory
[INFO] [stderr] ALSA lib confmisc.c:1334:(snd_func_refer) error evaluating name
[INFO] [stderr] ALSA lib conf.c:5178:(_snd_config_evaluate) function snd_func_refer returned error: No such file or directory
[INFO] [stderr] ALSA lib conf.c:5701:(snd_config_expand) Evaluate error: No such file or directory
[INFO] [stderr] ALSA lib pcm.c:2664:(snd_pcm_open_noupdate) Unknown PCM ALSA Default
[INFO] [stderr] AL lib: (EE) ALCplaybackAlsa_open: Could not open playback device 'ALSA Default': No such file or directory
[INFO] [stderr] ALSA lib confmisc.c:855:(parse_card) cannot find card '0'
[INFO] [stderr] ALSA lib conf.c:5178:(_snd_config_evaluate) function snd_func_card_inum returned error: No such file or directory
[INFO] [stderr] ALSA lib confmisc.c:422:(snd_func_concat) error evaluating strings
[INFO] [stderr] ALSA lib conf.c:5178:(_snd_config_evaluate) function snd_func_concat returned error: No such file or directory
[INFO] [stderr] ALSA lib confmisc.c:1334:(snd_func_refer) error evaluating name
[INFO] [stderr] ALSA lib conf.c:5178:(_snd_config_evaluate) function snd_func_refer returned error: No such file or directory
[INFO] [stderr] ALSA lib conf.c:5701:(snd_config_expand) Evaluate error: No such file or directory
[INFO] [stderr] ALSA lib pcm.c:2664:(snd_pcm_open_noupdate) Unknown PCM default
[INFO] [stderr] AL lib: (EE) ALCcaptureAlsa_open: Could not open capture device 'default': No such file or directory
[INFO] [stderr] ALSA lib confmisc.c:855:(parse_card) cannot find card '0'
[INFO] [stderr] ALSA lib conf.c:5178:(_snd_config_evaluate) function snd_func_card_inum returned error: No such file or directory
[INFO] [stderr] ALSA lib confmisc.c:422:(snd_func_concat) error evaluating strings
[INFO] [stderr] ALSA lib conf.c:5178:(_snd_config_evaluate) function snd_func_concat returned error: No such file or directory
[INFO] [stderr] ALSA lib confmisc.c:1334:(snd_func_refer) error evaluating name
[INFO] [stderr] ALSA lib conf.c:5178:(_snd_config_evaluate) function snd_func_refer returned error: No such file or directory
[INFO] [stderr] ALSA lib conf.c:5701:(snd_config_expand) Evaluate error: No such file or directory
[INFO] [stderr] ALSA lib pcm.c:2664:(snd_pcm_open_noupdate) Unknown PCM default
[INFO] [stderr] AL lib: (EE) ALCplaybackAlsa_open: Could not open playback device 'default': No such file or directory
[INFO] [stdout] test default_input ... FAILED
[INFO] [stdout] test default_output ... FAILED
[INFO] [stdout] test specified_input ... FAILED
[INFO] [stdout] test specified_output ... FAILED
[INFO] [stdout] 
[INFO] [stdout] failures:
[INFO] [stdout] 
[INFO] [stdout] ---- default_input stdout ----
[INFO] [stdout] thread 'default_input' panicked at tests/alto.rs:14:38:
[INFO] [stdout] called `Result::unwrap()` on an `Err` value: InvalidDevice
[INFO] [stdout] stack backtrace:
[INFO] [stdout]    0:     0x5d736166c33a - std::backtrace_rs::backtrace::libunwind::trace::h207520d6e9873551
[INFO] [stdout]                                at /rustc/df4ca44d3fbc9301ee17f30f4d474e6ae4b05252/library/std/src/../../backtrace/src/backtrace/libunwind.rs:116:5
[INFO] [stdout]    1:     0x5d736166c33a - std::backtrace_rs::backtrace::trace_unsynchronized::h2ed7433f370e3eca
[INFO] [stdout]                                at /rustc/df4ca44d3fbc9301ee17f30f4d474e6ae4b05252/library/std/src/../../backtrace/src/backtrace/mod.rs:66:5
[INFO] [stdout]    2:     0x5d736166c33a - std::sys::backtrace::_print_fmt::h916fac51166b18d7
[INFO] [stdout]                                at /rustc/df4ca44d3fbc9301ee17f30f4d474e6ae4b05252/library/std/src/sys/backtrace.rs:66:9
[INFO] [stdout]    3:     0x5d736166c33a - <std::sys::backtrace::BacktraceLock::print::DisplayBacktrace as core::fmt::Display>::fmt::ha0a4c9b8ce3802e6
[INFO] [stdout]                                at /rustc/df4ca44d3fbc9301ee17f30f4d474e6ae4b05252/library/std/src/sys/backtrace.rs:39:26
[INFO] [stdout]    4:     0x5d73616927f3 - core::fmt::rt::Argument::fmt::h4cfc8587d52b3eb5
[INFO] [stdout]                                at /rustc/df4ca44d3fbc9301ee17f30f4d474e6ae4b05252/library/core/src/fmt/rt.rs:177:76
[INFO] [stdout]    5:     0x5d73616927f3 - core::fmt::write::h522cc39e5b36ae9f
[INFO] [stdout]                                at /rustc/df4ca44d3fbc9301ee17f30f4d474e6ae4b05252/library/core/src/fmt/mod.rs:1190:21
[INFO] [stdout]    6:     0x5d7361668fa3 - std::io::Write::write_fmt::h7d3c26752da97734
[INFO] [stdout]                                at /rustc/df4ca44d3fbc9301ee17f30f4d474e6ae4b05252/library/std/src/io/mod.rs:1839:15
[INFO] [stdout]    7:     0x5d736166c182 - std::sys::backtrace::BacktraceLock::print::h4b9e00b29e9c0942
[INFO] [stdout]                                at /rustc/df4ca44d3fbc9301ee17f30f4d474e6ae4b05252/library/std/src/sys/backtrace.rs:42:9
[INFO] [stdout]    8:     0x5d736166d7ca - std::panicking::default_hook::{{closure}}::hb59b88280d0324d9
[INFO] [stdout]                                at /rustc/df4ca44d3fbc9301ee17f30f4d474e6ae4b05252/library/std/src/panicking.rs:268:22
[INFO] [stdout]    9:     0x5d736166d5d4 - std::panicking::default_hook::he1dd496665be4a29
[INFO] [stdout]                                at /rustc/df4ca44d3fbc9301ee17f30f4d474e6ae4b05252/library/std/src/panicking.rs:292:9
[INFO] [stdout]   10:     0x5d7361601c59 - <alloc::boxed::Box<F,A> as core::ops::function::Fn<Args>>::call::h4ff71de18744e1dc
[INFO] [stdout]                                at /rustc/df4ca44d3fbc9301ee17f30f4d474e6ae4b05252/library/alloc/src/boxed.rs:2468:9
[INFO] [stdout]   11:     0x5d7361601c59 - test::test_main::{{closure}}::hcf7c055ce117aa81
[INFO] [stdout]                                at /rustc/df4ca44d3fbc9301ee17f30f4d474e6ae4b05252/library/test/src/lib.rs:133:21
[INFO] [stdout]   12:     0x5d736166dec8 - <alloc::boxed::Box<F,A> as core::ops::function::Fn<Args>>::call::h1d66c6bbd60c9692
[INFO] [stdout]                                at /rustc/df4ca44d3fbc9301ee17f30f4d474e6ae4b05252/library/alloc/src/boxed.rs:2468:9
[INFO] [stdout]   13:     0x5d736166dec8 - std::panicking::rust_panic_with_hook::h2ff17fe8f26dfcf8
[INFO] [stdout]                                at /rustc/df4ca44d3fbc9301ee17f30f4d474e6ae4b05252/library/std/src/panicking.rs:809:13
[INFO] [stdout]   14:     0x5d736166dc8a - std::panicking::begin_panic_handler::{{closure}}::h4fad77951c07e101
[INFO] [stdout]                                at /rustc/df4ca44d3fbc9301ee17f30f4d474e6ae4b05252/library/std/src/panicking.rs:674:13
[INFO] [stdout]   15:     0x5d736166c819 - std::sys::backtrace::__rust_end_short_backtrace::hb1a25b3da5d0ea08
[INFO] [stdout]                                at /rustc/df4ca44d3fbc9301ee17f30f4d474e6ae4b05252/library/std/src/sys/backtrace.rs:170:18
[INFO] [stdout]   16:     0x5d736166d91c - rust_begin_unwind
[INFO] [stdout]                                at /rustc/df4ca44d3fbc9301ee17f30f4d474e6ae4b05252/library/std/src/panicking.rs:665:5
[INFO] [stdout]   17:     0x5d7361691290 - core::panicking::panic_fmt::ha9db07b529f9b256
[INFO] [stdout]                                at /rustc/df4ca44d3fbc9301ee17f30f4d474e6ae4b05252/library/core/src/panicking.rs:75:14
[INFO] [stdout]   18:     0x5d7361691636 - core::result::unwrap_failed::h5e8218e4d4338b8a
[INFO] [stdout]                                at /rustc/df4ca44d3fbc9301ee17f30f4d474e6ae4b05252/library/core/src/result.rs:1698:5
[INFO] [stdout]   19:     0x5d73615c697f - core::result::Result<T,E>::unwrap::h8c5c32a40a5b05b7
[INFO] [stdout]                                at /rustc/df4ca44d3fbc9301ee17f30f4d474e6ae4b05252/library/core/src/result.rs:1103:23
[INFO] [stdout]   20:     0x5d73615c697f - alto::open_cap::h6d6bc9ce8cc5cf38
[INFO] [stdout]                                at /opt/rustwide/workdir/tests/alto.rs:14:5
[INFO] [stdout]   21:     0x5d73615c7760 - alto::default_input::hfa4053ae1efae288
[INFO] [stdout]                                at /opt/rustwide/workdir/tests/alto.rs:52:17
[INFO] [stdout]   22:     0x5d73615c75f7 - alto::default_input::{{closure}}::h0b33dca4ca86e13f
[INFO] [stdout]                                at /opt/rustwide/workdir/tests/alto.rs:48:19
[INFO] [stdout]   23:     0x5d73615c5646 - core::ops::function::FnOnce::call_once::ha5bef90d98e7abcc
[INFO] [stdout]                                at /rustc/df4ca44d3fbc9301ee17f30f4d474e6ae4b05252/library/core/src/ops/function.rs:250:5
[INFO] [stdout]   24:     0x5d736160652b - core::ops::function::FnOnce::call_once::h22c3ba5715e93f05
[INFO] [stdout]                                at /rustc/df4ca44d3fbc9301ee17f30f4d474e6ae4b05252/library/core/src/ops/function.rs:250:5
[INFO] [stdout]   25:     0x5d736160652b - test::__rust_begin_short_backtrace::h8e82d8113d0da17f
[INFO] [stdout]                                at /rustc/df4ca44d3fbc9301ee17f30f4d474e6ae4b05252/library/test/src/lib.rs:621:18
[INFO] [stdout]   26:     0x5d7361605ea7 - test::run_test_in_process::{{closure}}::h33235f4f20b7b7c7
[INFO] [stdout]                                at /rustc/df4ca44d3fbc9301ee17f30f4d474e6ae4b05252/library/test/src/lib.rs:644:60
[INFO] [stdout]   27:     0x5d7361605ea7 - <core::panic::unwind_safe::AssertUnwindSafe<F> as core::ops::function::FnOnce<()>>::call_once::hb5043206310c586f
[INFO] [stdout]                                at /rustc/df4ca44d3fbc9301ee17f30f4d474e6ae4b05252/library/core/src/panic/unwind_safe.rs:272:9
[INFO] [stdout]   28:     0x5d7361605ea7 - std::panicking::try::do_call::h9ad4731a60ab23e2
[INFO] [stdout]                                at /rustc/df4ca44d3fbc9301ee17f30f4d474e6ae4b05252/library/std/src/panicking.rs:557:40
[INFO] [stdout]   29:     0x5d7361605ea7 - std::panicking::try::h3824d23db772a716
[INFO] [stdout]                                at /rustc/df4ca44d3fbc9301ee17f30f4d474e6ae4b05252/library/std/src/panicking.rs:520:19
[INFO] [stdout]   30:     0x5d7361605ea7 - std::panic::catch_unwind::h5afd514605fde46b
[INFO] [stdout]                                at /rustc/df4ca44d3fbc9301ee17f30f4d474e6ae4b05252/library/std/src/panic.rs:358:14
[INFO] [stdout]   31:     0x5d7361605ea7 - test::run_test_in_process::h0d5cbfa7067d1720
[INFO] [stdout]                                at /rustc/df4ca44d3fbc9301ee17f30f4d474e6ae4b05252/library/test/src/lib.rs:644:27
[INFO] [stdout]   32:     0x5d7361605ea7 - test::run_test::{{closure}}::h708eb8872708115d
[INFO] [stdout]                                at /rustc/df4ca44d3fbc9301ee17f30f4d474e6ae4b05252/library/test/src/lib.rs:565:43
[INFO] [stdout]   33:     0x5d73615c95c4 - test::run_test::{{closure}}::h392c51cee94713ab
[INFO] [stdout]                                at /rustc/df4ca44d3fbc9301ee17f30f4d474e6ae4b05252/library/test/src/lib.rs:595:41
[INFO] [stdout]   34:     0x5d73615c95c4 - std::sys::backtrace::__rust_begin_short_backtrace::h2f40290710935a8b
[INFO] [stdout]                                at /rustc/df4ca44d3fbc9301ee17f30f4d474e6ae4b05252/library/std/src/sys/backtrace.rs:154:18
[INFO] [stdout]   35:     0x5d73615ccd6e - std::thread::Builder::spawn_unchecked_::{{closure}}::{{closure}}::h3fd968d89053a903
[INFO] [stdout]                                at /rustc/df4ca44d3fbc9301ee17f30f4d474e6ae4b05252/library/std/src/thread/mod.rs:541:17
[INFO] [stdout]   36:     0x5d73615ccd6e - <core::panic::unwind_safe::AssertUnwindSafe<F> as core::ops::function::FnOnce<()>>::call_once::h743f637ba4229880
[INFO] [stdout]                                at /rustc/df4ca44d3fbc9301ee17f30f4d474e6ae4b05252/library/core/src/panic/unwind_safe.rs:272:9
[INFO] [stdout]   37:     0x5d73615ccd6e - std::panicking::try::do_call::h07440897322525a6
[INFO] [stdout]                                at /rustc/df4ca44d3fbc9301ee17f30f4d474e6ae4b05252/library/std/src/panicking.rs:557:40
[INFO] [stdout]   38:     0x5d73615ccd6e - std::panicking::try::he5a2e00188156637
[INFO] [stdout]                                at /rustc/df4ca44d3fbc9301ee17f30f4d474e6ae4b05252/library/std/src/panicking.rs:520:19
[INFO] [stdout]   39:     0x5d73615ccd6e - std::panic::catch_unwind::hbaf3cae49b3c6433
[INFO] [stdout]                                at /rustc/df4ca44d3fbc9301ee17f30f4d474e6ae4b05252/library/std/src/panic.rs:358:14
[INFO] [stdout]   40:     0x5d73615ccd6e - std::thread::Builder::spawn_unchecked_::{{closure}}::h8e141ea224820bce
[INFO] [stdout]                                at /rustc/df4ca44d3fbc9301ee17f30f4d474e6ae4b05252/library/std/src/thread/mod.rs:540:30
[INFO] [stdout]   41:     0x5d73615ccd6e - core::ops::function::FnOnce::call_once{{vtable.shim}}::h90d312fedd7b8ea8
[INFO] [stdout]                                at /rustc/df4ca44d3fbc9301ee17f30f4d474e6ae4b05252/library/core/src/ops/function.rs:250:5
[INFO] [stdout]   42:     0x5d7361671cbb - <alloc::boxed::Box<F,A> as core::ops::function::FnOnce<Args>>::call_once::h69aa08ddb6adb8b6
[INFO] [stdout]                                at /rustc/df4ca44d3fbc9301ee17f30f4d474e6ae4b05252/library/alloc/src/boxed.rs:2454:9
[INFO] [stdout]   43:     0x5d7361671cbb - <alloc::boxed::Box<F,A> as core::ops::function::FnOnce<Args>>::call_once::h5aa36efdb79c806f
[INFO] [stdout]                                at /rustc/df4ca44d3fbc9301ee17f30f4d474e6ae4b05252/library/alloc/src/boxed.rs:2454:9
[INFO] [stdout]   44:     0x5d7361671cbb - std::sys::pal::unix::thread::Thread::new::thread_start::h6cd80a1b4be5158d
[INFO] [stdout]                                at /rustc/df4ca44d3fbc9301ee17f30f4d474e6ae4b05252/library/std/src/sys/pal/unix/thread.rs:105:17
[INFO] [stdout]   45:     0x7ab4afa5fac3 - <unknown>
[INFO] [stdout]   46:     0x7ab4afaf0a04 - clone
[INFO] [stdout]   47:                0x0 - <unknown>
[INFO] [stdout] 
[INFO] [stdout] ---- default_output stdout ----
[INFO] [stdout] "ALSA Default"
[INFO] [stdout] thread 'default_output' panicked at tests/alto.rs:30:36:
[INFO] [stdout] called `Result::unwrap()` on an `Err` value: InvalidDevice
[INFO] [stdout] stack backtrace:
[INFO] [stdout]    0:     0x5d736166c33a - std::backtrace_rs::backtrace::libunwind::trace::h207520d6e9873551
[INFO] [stdout]                                at /rustc/df4ca44d3fbc9301ee17f30f4d474e6ae4b05252/library/std/src/../../backtrace/src/backtrace/libunwind.rs:116:5
[INFO] [stdout]    1:     0x5d736166c33a - std::backtrace_rs::backtrace::trace_unsynchronized::h2ed7433f370e3eca
[INFO] [stdout]                                at /rustc/df4ca44d3fbc9301ee17f30f4d474e6ae4b05252/library/std/src/../../backtrace/src/backtrace/mod.rs:66:5
[INFO] [stdout]    2:     0x5d736166c33a - std::sys::backtrace::_print_fmt::h916fac51166b18d7
[INFO] [stdout]                                at /rustc/df4ca44d3fbc9301ee17f30f4d474e6ae4b05252/library/std/src/sys/backtrace.rs:66:9
[INFO] [stdout]    3:     0x5d736166c33a - <std::sys::backtrace::BacktraceLock::print::DisplayBacktrace as core::fmt::Display>::fmt::ha0a4c9b8ce3802e6
[INFO] [stdout]                                at /rustc/df4ca44d3fbc9301ee17f30f4d474e6ae4b05252/library/std/src/sys/backtrace.rs:39:26
[INFO] [stdout]    4:     0x5d73616927f3 - core::fmt::rt::Argument::fmt::h4cfc8587d52b3eb5
[INFO] [stdout]                                at /rustc/df4ca44d3fbc9301ee17f30f4d474e6ae4b05252/library/core/src/fmt/rt.rs:177:76
[INFO] [stdout]    5:     0x5d73616927f3 - core::fmt::write::h522cc39e5b36ae9f
[INFO] [stdout]                                at /rustc/df4ca44d3fbc9301ee17f30f4d474e6ae4b05252/library/core/src/fmt/mod.rs:1190:21
[INFO] [stdout]    6:     0x5d7361668fa3 - std::io::Write::write_fmt::h7d3c26752da97734
[INFO] [stdout]                                at /rustc/df4ca44d3fbc9301ee17f30f4d474e6ae4b05252/library/std/src/io/mod.rs:1839:15
[INFO] [stdout]    7:     0x5d736166c182 - std::sys::backtrace::BacktraceLock::print::h4b9e00b29e9c0942
[INFO] [stdout]                                at /rustc/df4ca44d3fbc9301ee17f30f4d474e6ae4b05252/library/std/src/sys/backtrace.rs:42:9
[INFO] [stdout]    8:     0x5d736166d7ca - std::panicking::default_hook::{{closure}}::hb59b88280d0324d9
[INFO] [stdout]                                at /rustc/df4ca44d3fbc9301ee17f30f4d474e6ae4b05252/library/std/src/panicking.rs:268:22
[INFO] [stdout]    9:     0x5d736166d5d4 - std::panicking::default_hook::he1dd496665be4a29
[INFO] [stdout]                                at /rustc/df4ca44d3fbc9301ee17f30f4d474e6ae4b05252/library/std/src/panicking.rs:292:9
[INFO] [stdout]   10:     0x5d7361601c59 - <alloc::boxed::Box<F,A> as core::ops::function::Fn<Args>>::call::h4ff71de18744e1dc
[INFO] [stdout]                                at /rustc/df4ca44d3fbc9301ee17f30f4d474e6ae4b05252/library/alloc/src/boxed.rs:2468:9
[INFO] [stdout]   11:     0x5d7361601c59 - test::test_main::{{closure}}::hcf7c055ce117aa81
[INFO] [stdout]                                at /rustc/df4ca44d3fbc9301ee17f30f4d474e6ae4b05252/library/test/src/lib.rs:133:21
[INFO] [stdout]   12:     0x5d736166dec8 - <alloc::boxed::Box<F,A> as core::ops::function::Fn<Args>>::call::h1d66c6bbd60c9692
[INFO] [stdout]                                at /rustc/df4ca44d3fbc9301ee17f30f4d474e6ae4b05252/library/alloc/src/boxed.rs:2468:9
[INFO] [stdout]   13:     0x5d736166dec8 - std::panicking::rust_panic_with_hook::h2ff17fe8f26dfcf8
[INFO] [stdout]                                at /rustc/df4ca44d3fbc9301ee17f30f4d474e6ae4b05252/library/std/src/panicking.rs:809:13
[INFO] [stdout]   14:     0x5d736166dc8a - std::panicking::begin_panic_handler::{{closure}}::h4fad77951c07e101
[INFO] [stdout]                                at /rustc/df4ca44d3fbc9301ee17f30f4d474e6ae4b05252/library/std/src/panicking.rs:674:13
[INFO] [stdout]   15:     0x5d736166c819 - std::sys::backtrace::__rust_end_short_backtrace::hb1a25b3da5d0ea08
[INFO] [stdout]                                at /rustc/df4ca44d3fbc9301ee17f30f4d474e6ae4b05252/library/std/src/sys/backtrace.rs:170:18
[INFO] [stdout]   16:     0x5d736166d91c - rust_begin_unwind
[INFO] [stdout]                                at /rustc/df4ca44d3fbc9301ee17f30f4d474e6ae4b05252/library/std/src/panicking.rs:665:5
[INFO] [stdout]   17:     0x5d7361691290 - core::panicking::panic_fmt::ha9db07b529f9b256
[INFO] [stdout]                                at /rustc/df4ca44d3fbc9301ee17f30f4d474e6ae4b05252/library/core/src/panicking.rs:75:14
[INFO] [stdout]   18:     0x5d7361691636 - core::result::unwrap_failed::h5e8218e4d4338b8a
[INFO] [stdout]                                at /rustc/df4ca44d3fbc9301ee17f30f4d474e6ae4b05252/library/core/src/result.rs:1698:5
[INFO] [stdout]   19:     0x5d73615c6e25 - core::result::Result<T,E>::unwrap::h5a2f8e96303a5b08
[INFO] [stdout]                                at /rustc/df4ca44d3fbc9301ee17f30f4d474e6ae4b05252/library/core/src/result.rs:1103:23
[INFO] [stdout]   20:     0x5d73615c6e25 - alto::default_output::h7b58c4a21d667541
[INFO] [stdout]                                at /opt/rustwide/workdir/tests/alto.rs:30:17
[INFO] [stdout]   21:     0x5d73615c6a57 - alto::default_output::{{closure}}::h711bd5291b4cae2f
[INFO] [stdout]                                at /opt/rustwide/workdir/tests/alto.rs:23:20
[INFO] [stdout]   22:     0x5d73615c5576 - core::ops::function::FnOnce::call_once::h06560ecb0a1af867
[INFO] [stdout]                                at /rustc/df4ca44d3fbc9301ee17f30f4d474e6ae4b05252/library/core/src/ops/function.rs:250:5
[INFO] [stdout]   23:     0x5d736160652b - core::ops::function::FnOnce::call_once::h22c3ba5715e93f05
[INFO] [stdout]                                at /rustc/df4ca44d3fbc9301ee17f30f4d474e6ae4b05252/library/core/src/ops/function.rs:250:5
[INFO] [stdout]   24:     0x5d736160652b - test::__rust_begin_short_backtrace::h8e82d8113d0da17f
[INFO] [stdout]                                at /rustc/df4ca44d3fbc9301ee17f30f4d474e6ae4b05252/library/test/src/lib.rs:621:18
[INFO] [stdout]   25:     0x5d7361605ea7 - test::run_test_in_process::{{closure}}::h33235f4f20b7b7c7
[INFO] [stdout]                                at /rustc/df4ca44d3fbc9301ee17f30f4d474e6ae4b05252/library/test/src/lib.rs:644:60
[INFO] [stdout]   26:     0x5d7361605ea7 - <core::panic::unwind_safe::AssertUnwindSafe<F> as core::ops::function::FnOnce<()>>::call_once::hb5043206310c586f
[INFO] [stdout]                                at /rustc/df4ca44d3fbc9301ee17f30f4d474e6ae4b05252/library/core/src/panic/unwind_safe.rs:272:9
[INFO] [stdout]   27:     0x5d7361605ea7 - std::panicking::try::do_call::h9ad4731a60ab23e2
[INFO] [stdout]                                at /rustc/df4ca44d3fbc9301ee17f30f4d474e6ae4b05252/library/std/src/panicking.rs:557:40
[INFO] [stdout]   28:     0x5d7361605ea7 - std::panicking::try::h3824d23db772a716
[INFO] [stdout]                                at /rustc/df4ca44d3fbc9301ee17f30f4d474e6ae4b05252/library/std/src/panicking.rs:520:19
[INFO] [stdout]   29:     0x5d7361605ea7 - std::panic::catch_unwind::h5afd514605fde46b
[INFO] [stdout]                                at /rustc/df4ca44d3fbc9301ee17f30f4d474e6ae4b05252/library/std/src/panic.rs:358:14
[INFO] [stdout]   30:     0x5d7361605ea7 - test::run_test_in_process::h0d5cbfa7067d1720
[INFO] [stdout]                                at /rustc/df4ca44d3fbc9301ee17f30f4d474e6ae4b05252/library/test/src/lib.rs:644:27
[INFO] [stdout]   31:     0x5d7361605ea7 - test::run_test::{{closure}}::h708eb8872708115d
[INFO] [stdout]                                at /rustc/df4ca44d3fbc9301ee17f30f4d474e6ae4b05252/library/test/src/lib.rs:565:43
[INFO] [stdout]   32:     0x5d73615c95c4 - test::run_test::{{closure}}::h392c51cee94713ab
[INFO] [stdout]                                at /rustc/df4ca44d3fbc9301ee17f30f4d474e6ae4b05252/library/test/src/lib.rs:595:41
[INFO] [stdout]   33:     0x5d73615c95c4 - std::sys::backtrace::__rust_begin_short_backtrace::h2f40290710935a8b
[INFO] [stdout]                                at /rustc/df4ca44d3fbc9301ee17f30f4d474e6ae4b05252/library/std/src/sys/backtrace.rs:154:18
[INFO] [stdout]   34:     0x5d73615ccd6e - std::thread::Builder::spawn_unchecked_::{{closure}}::{{closure}}::h3fd968d89053a903
[INFO] [stdout]                                at /rustc/df4ca44d3fbc9301ee17f30f4d474e6ae4b05252/library/std/src/thread/mod.rs:541:17
[INFO] [stdout]   35:     0x5d73615ccd6e - <core::panic::unwind_safe::AssertUnwindSafe<F> as core::ops::function::FnOnce<()>>::call_once::h743f637ba4229880
[INFO] [stdout]                                at /rustc/df4ca44d3fbc9301ee17f30f4d474e6ae4b05252/library/core/src/panic/unwind_safe.rs:272:9
[INFO] [stdout]   36:     0x5d73615ccd6e - std::panicking::try::do_call::h07440897322525a6
[INFO] [stdout]                                at /rustc/df4ca44d3fbc9301ee17f30f4d474e6ae4b05252/library/std/src/panicking.rs:557:40
[INFO] [stdout]   37:     0x5d73615ccd6e - std::panicking::try::he5a2e00188156637
[INFO] [stdout]                                at /rustc/df4ca44d3fbc9301ee17f30f4d474e6ae4b05252/library/std/src/panicking.rs:520:19
[INFO] [stdout]   38:     0x5d73615ccd6e - std::panic::catch_unwind::hbaf3cae49b3c6433
[INFO] [stdout]                                at /rustc/df4ca44d3fbc9301ee17f30f4d474e6ae4b05252/library/std/src/panic.rs:358:14
[INFO] [stdout]   39:     0x5d73615ccd6e - std::thread::Builder::spawn_unchecked_::{{closure}}::h8e141ea224820bce
[INFO] [stdout]                                at /rustc/df4ca44d3fbc9301ee17f30f4d474e6ae4b05252/library/std/src/thread/mod.rs:540:30
[INFO] [stdout]   40:     0x5d73615ccd6e - core::ops::function::FnOnce::call_once{{vtable.shim}}::h90d312fedd7b8ea8
[INFO] [stdout]                                at /rustc/df4ca44d3fbc9301ee17f30f4d474e6ae4b05252/library/core/src/ops/function.rs:250:5
[INFO] [stdout]   41:     0x5d7361671cbb - <alloc::boxed::Box<F,A> as core::ops::function::FnOnce<Args>>::call_once::h69aa08ddb6adb8b6
[INFO] [stdout]                                at /rustc/df4ca44d3fbc9301ee17f30f4d474e6ae4b05252/library/alloc/src/boxed.rs:2454:9
[INFO] [stdout]   42:     0x5d7361671cbb - <alloc::boxed::Box<F,A> as core::ops::function::FnOnce<Args>>::call_once::h5aa36efdb79c806f
[INFO] [stdout]                                at /rustc/df4ca44d3fbc9301ee17f30f4d474e6ae4b05252/library/alloc/src/boxed.rs:2454:9
[INFO] [stdout]   43:     0x5d7361671cbb - std::sys::pal::unix::thread::Thread::new::thread_start::h6cd80a1b4be5158d
[INFO] [stdout]                                at /rustc/df4ca44d3fbc9301ee17f30f4d474e6ae4b05252/library/std/src/sys/pal/unix/thread.rs:105:17
[INFO] [stdout]   44:     0x7ab4afa5fac3 - <unknown>
[INFO] [stdout]   45:     0x7ab4afaf0a04 - clone
[INFO] [stdout]   46:                0x0 - <unknown>
[INFO] [stdout] 
[INFO] [stdout] ---- specified_input stdout ----
[INFO] [stdout] thread 'specified_input' panicked at tests/alto.rs:14:38:
[INFO] [stdout] called `Result::unwrap()` on an `Err` value: InvalidDevice
[INFO] [stdout] stack backtrace:
[INFO] [stdout]    0:     0x5d736166c33a - std::backtrace_rs::backtrace::libunwind::trace::h207520d6e9873551
[INFO] [stdout]                                at /rustc/df4ca44d3fbc9301ee17f30f4d474e6ae4b05252/library/std/src/../../backtrace/src/backtrace/libunwind.rs:116:5
[INFO] [stdout]    1:     0x5d736166c33a - std::backtrace_rs::backtrace::trace_unsynchronized::h2ed7433f370e3eca
[INFO] [stdout]                                at /rustc/df4ca44d3fbc9301ee17f30f4d474e6ae4b05252/library/std/src/../../backtrace/src/backtrace/mod.rs:66:5
[INFO] [stdout]    2:     0x5d736166c33a - std::sys::backtrace::_print_fmt::h916fac51166b18d7
[INFO] [stdout]                                at /rustc/df4ca44d3fbc9301ee17f30f4d474e6ae4b05252/library/std/src/sys/backtrace.rs:66:9
[INFO] [stdout]    3:     0x5d736166c33a - <std::sys::backtrace::BacktraceLock::print::DisplayBacktrace as core::fmt::Display>::fmt::ha0a4c9b8ce3802e6
[INFO] [stdout]                                at /rustc/df4ca44d3fbc9301ee17f30f4d474e6ae4b05252/library/std/src/sys/backtrace.rs:39:26
[INFO] [stdout]    4:     0x5d73616927f3 - core::fmt::rt::Argument::fmt::h4cfc8587d52b3eb5
[INFO] [stdout]                                at /rustc/df4ca44d3fbc9301ee17f30f4d474e6ae4b05252/library/core/src/fmt/rt.rs:177:76
[INFO] [stdout]    5:     0x5d73616927f3 - core::fmt::write::h522cc39e5b36ae9f
[INFO] [stdout]                                at /rustc/df4ca44d3fbc9301ee17f30f4d474e6ae4b05252/library/core/src/fmt/mod.rs:1190:21
[INFO] [stdout]    6:     0x5d7361668fa3 - std::io::Write::write_fmt::h7d3c26752da97734
[INFO] [stdout]                                at /rustc/df4ca44d3fbc9301ee17f30f4d474e6ae4b05252/library/std/src/io/mod.rs:1839:15
[INFO] [stdout]    7:     0x5d736166c182 - std::sys::backtrace::BacktraceLock::print::h4b9e00b29e9c0942
[INFO] [stdout]                                at /rustc/df4ca44d3fbc9301ee17f30f4d474e6ae4b05252/library/std/src/sys/backtrace.rs:42:9
[INFO] [stdout]    8:     0x5d736166d7ca - std::panicking::default_hook::{{closure}}::hb59b88280d0324d9
[INFO] [stdout]                                at /rustc/df4ca44d3fbc9301ee17f30f4d474e6ae4b05252/library/std/src/panicking.rs:268:22
[INFO] [stdout]    9:     0x5d736166d5d4 - std::panicking::default_hook::he1dd496665be4a29
[INFO] [stdout]                                at /rustc/df4ca44d3fbc9301ee17f30f4d474e6ae4b05252/library/std/src/panicking.rs:292:9
[INFO] [stdout]   10:     0x5d7361601c59 - <alloc::boxed::Box<F,A> as core::ops::function::Fn<Args>>::call::h4ff71de18744e1dc
[INFO] [stdout]                                at /rustc/df4ca44d3fbc9301ee17f30f4d474e6ae4b05252/library/alloc/src/boxed.rs:2468:9
[INFO] [stdout]   11:     0x5d7361601c59 - test::test_main::{{closure}}::hcf7c055ce117aa81
[INFO] [stdout]                                at /rustc/df4ca44d3fbc9301ee17f30f4d474e6ae4b05252/library/test/src/lib.rs:133:21
[INFO] [stdout]   12:     0x5d736166dec8 - <alloc::boxed::Box<F,A> as core::ops::function::Fn<Args>>::call::h1d66c6bbd60c9692
[INFO] [stdout]                                at /rustc/df4ca44d3fbc9301ee17f30f4d474e6ae4b05252/library/alloc/src/boxed.rs:2468:9
[INFO] [stdout]   13:     0x5d736166dec8 - std::panicking::rust_panic_with_hook::h2ff17fe8f26dfcf8
[INFO] [stdout]                                at /rustc/df4ca44d3fbc9301ee17f30f4d474e6ae4b05252/library/std/src/panicking.rs:809:13
[INFO] [stdout]   14:     0x5d736166dc8a - std::panicking::begin_panic_handler::{{closure}}::h4fad77951c07e101
[INFO] [stdout]                                at /rustc/df4ca44d3fbc9301ee17f30f4d474e6ae4b05252/library/std/src/panicking.rs:674:13
[INFO] [stdout]   15:     0x5d736166c819 - std::sys::backtrace::__rust_end_short_backtrace::hb1a25b3da5d0ea08
[INFO] [stdout]                                at /rustc/df4ca44d3fbc9301ee17f30f4d474e6ae4b05252/library/std/src/sys/backtrace.rs:170:18
[INFO] [stdout]   16:     0x5d736166d91c - rust_begin_unwind
[INFO] [stdout]                                at /rustc/df4ca44d3fbc9301ee17f30f4d474e6ae4b05252/library/std/src/panicking.rs:665:5
[INFO] [stdout]   17:     0x5d7361691290 - core::panicking::panic_fmt::ha9db07b529f9b256
[INFO] [stdout]                                at /rustc/df4ca44d3fbc9301ee17f30f4d474e6ae4b05252/library/core/src/panicking.rs:75:14
[INFO] [stdout]   18:     0x5d7361691636 - core::result::unwrap_failed::h5e8218e4d4338b8a
[INFO] [stdout]                                at /rustc/df4ca44d3fbc9301ee17f30f4d474e6ae4b05252/library/core/src/result.rs:1698:5
[INFO] [stdout]   19:     0x5d73615c697f - core::result::Result<T,E>::unwrap::h8c5c32a40a5b05b7
[INFO] [stdout]                                at /rustc/df4ca44d3fbc9301ee17f30f4d474e6ae4b05252/library/core/src/result.rs:1103:23
[INFO] [stdout]   20:     0x5d73615c697f - alto::open_cap::h6d6bc9ce8cc5cf38
[INFO] [stdout]                                at /opt/rustwide/workdir/tests/alto.rs:14:5
[INFO] [stdout]   21:     0x5d73615c7b4e - alto::specified_input::h4988e52b1e3e3f74
[INFO] [stdout]                                at /opt/rustwide/workdir/tests/alto.rs:64:19
[INFO] [stdout]   22:     0x5d73615c7957 - alto::specified_input::{{closure}}::h8505acb4c8c2e34a
[INFO] [stdout]                                at /opt/rustwide/workdir/tests/alto.rs:59:21
[INFO] [stdout]   23:     0x5d73615c5686 - core::ops::function::FnOnce::call_once::hda5b05bb684978cc
[INFO] [stdout]                                at /rustc/df4ca44d3fbc9301ee17f30f4d474e6ae4b05252/library/core/src/ops/function.rs:250:5
[INFO] [stdout]   24:     0x5d736160652b - core::ops::function::FnOnce::call_once::h22c3ba5715e93f05
[INFO] [stdout]                                at /rustc/df4ca44d3fbc9301ee17f30f4d474e6ae4b05252/library/core/src/ops/function.rs:250:5
[INFO] [stdout]   25:     0x5d736160652b - test::__rust_begin_short_backtrace::h8e82d8113d0da17f
[INFO] [stdout]                                at /rustc/df4ca44d3fbc9301ee17f30f4d474e6ae4b05252/library/test/src/lib.rs:621:18
[INFO] [stdout]   26:     0x5d7361605ea7 - test::run_test_in_process::{{closure}}::h33235f4f20b7b7c7
[INFO] [stdout]                                at /rustc/df4ca44d3fbc9301ee17f30f4d474e6ae4b05252/library/test/src/lib.rs:644:60
[INFO] [stdout]   27:     0x5d7361605ea7 - <core::panic::unwind_safe::AssertUnwindSafe<F> as core::ops::function::FnOnce<()>>::call_once::hb5043206310c586f
[INFO] [stdout]                                at /rustc/df4ca44d3fbc9301ee17f30f4d474e6ae4b05252/library/core/src/panic/unwind_safe.rs:272:9
[INFO] [stdout]   28:     0x5d7361605ea7 - std::panicking::try::do_call::h9ad4731a60ab23e2
[INFO] [stdout]                                at /rustc/df4ca44d3fbc9301ee17f30f4d474e6ae4b05252/library/std/src/panicking.rs:557:40
[INFO] [stdout]   29:     0x5d7361605ea7 - std::panicking::try::h3824d23db772a716
[INFO] [stdout]                                at /rustc/df4ca44d3fbc9301ee17f30f4d474e6ae4b05252/library/std/src/panicking.rs:520:19
[INFO] [stdout]   30:     0x5d7361605ea7 - std::panic::catch_unwind::h5afd514605fde46b
[INFO] [stdout]                                at /rustc/df4ca44d3fbc9301ee17f30f4d474e6ae4b05252/library/std/src/panic.rs:358:14
[INFO] [stdout]   31:     0x5d7361605ea7 - test::run_test_in_process::h0d5cbfa7067d1720
[INFO] [stdout]                                at /rustc/df4ca44d3fbc9301ee17f30f4d474e6ae4b05252/library/test/src/lib.rs:644:27
[INFO] [stdout]   32:     0x5d7361605ea7 - test::run_test::{{closure}}::h708eb8872708115d
[INFO] [stdout]                                at /rustc/df4ca44d3fbc9301ee17f30f4d474e6ae4b05252/library/test/src/lib.rs:565:43
[INFO] [stdout]   33:     0x5d73615c95c4 - test::run_test::{{closure}}::h392c51cee94713ab
[INFO] [stdout]                                at /rustc/df4ca44d3fbc9301ee17f30f4d474e6ae4b05252/library/test/src/lib.rs:595:41
[INFO] [stdout]   34:     0x5d73615c95c4 - std::sys::backtrace::__rust_begin_short_backtrace::h2f40290710935a8b
[INFO] [stdout]                                at /rustc/df4ca44d3fbc9301ee17f30f4d474e6ae4b05252/library/std/src/sys/backtrace.rs:154:18
[INFO] [stdout]   35:     0x5d73615ccd6e - std::thread::Builder::spawn_unchecked_::{{closure}}::{{closure}}::h3fd968d89053a903
[INFO] [stdout]                                at /rustc/df4ca44d3fbc9301ee17f30f4d474e6ae4b05252/library/std/src/thread/mod.rs:541:17
[INFO] [stdout]   36:     0x5d73615ccd6e - <core::panic::unwind_safe::AssertUnwindSafe<F> as core::ops::function::FnOnce<()>>::call_once::h743f637ba4229880
[INFO] [stdout]                                at /rustc/df4ca44d3fbc9301ee17f30f4d474e6ae4b05252/library/core/src/panic/unwind_safe.rs:272:9
[INFO] [stdout]   37:     0x5d73615ccd6e - std::panicking::try::do_call::h07440897322525a6
[INFO] [stdout]                                at /rustc/df4ca44d3fbc9301ee17f30f4d474e6ae4b05252/library/std/src/panicking.rs:557:40
[INFO] [stdout]   38:     0x5d73615ccd6e - std::panicking::try::he5a2e00188156637
[INFO] [stdout]                                at /rustc/df4ca44d3fbc9301ee17f30f4d474e6ae4b05252/library/std/src/panicking.rs:520:19
[INFO] [stdout]   39:     0x5d73615ccd6e - std::panic::catch_unwind::hbaf3cae49b3c6433
[INFO] [stdout]                                at /rustc/df4ca44d3fbc9301ee17f30f4d474e6ae4b05252/library/std/src/panic.rs:358:14
[INFO] [stdout]   40:     0x5d73615ccd6e - std::thread::Builder::spawn_unchecked_::{{closure}}::h8e141ea224820bce
[INFO] [stdout]                                at /rustc/df4ca44d3fbc9301ee17f30f4d474e6ae4b05252/library/std/src/thread/mod.rs:540:30
[INFO] [stdout]   41:     0x5d73615ccd6e - core::ops::function::FnOnce::call_once{{vtable.shim}}::h90d312fedd7b8ea8
[INFO] [stdout]                                at /rustc/df4ca44d3fbc9301ee17f30f4d474e6ae4b05252/library/core/src/ops/function.rs:250:5
[INFO] [stdout]   42:     0x5d7361671cbb - <alloc::boxed::Box<F,A> as core::ops::function::FnOnce<Args>>::call_once::h69aa08ddb6adb8b6
[INFO] [stdout]                                at /rustc/df4ca44d3fbc9301ee17f30f4d474e6ae4b05252/library/alloc/src/boxed.rs:2454:9
[INFO] [stdout]   43:     0x5d7361671cbb - <alloc::boxed::Box<F,A> as core::ops::function::FnOnce<Args>>::call_once::h5aa36efdb79c806f
[INFO] [stdout]                                at /rustc/df4ca44d3fbc9301ee17f30f4d474e6ae4b05252/library/alloc/src/boxed.rs:2454:9
[INFO] [stdout]   44:     0x5d7361671cbb - std::sys::pal::unix::thread::Thread::new::thread_start::h6cd80a1b4be5158d
[INFO] [stdout]                                at /rustc/df4ca44d3fbc9301ee17f30f4d474e6ae4b05252/library/std/src/sys/pal/unix/thread.rs:105:17
[INFO] [stdout]   45:     0x7ab4afa5fac3 - <unknown>
[INFO] [stdout]   46:     0x7ab4afaf0a04 - clone
[INFO] [stdout]   47:                0x0 - <unknown>
[INFO] [stdout] 
[INFO] [stdout] ---- specified_output stdout ----
[INFO] [stdout] thread 'specified_output' panicked at tests/alto.rs:42:41:
[INFO] [stdout] called `Result::unwrap()` on an `Err` value: InvalidDevice
[INFO] [stdout] stack backtrace:
[INFO] [stdout]    0:     0x5d736166c33a - std::backtrace_rs::backtrace::libunwind::trace::h207520d6e9873551
[INFO] [stdout]                                at /rustc/df4ca44d3fbc9301ee17f30f4d474e6ae4b05252/library/std/src/../../backtrace/src/backtrace/libunwind.rs:116:5
[INFO] [stdout]    1:     0x5d736166c33a - std::backtrace_rs::backtrace::trace_unsynchronized::h2ed7433f370e3eca
[INFO] [stdout]                                at /rustc/df4ca44d3fbc9301ee17f30f4d474e6ae4b05252/library/std/src/../../backtrace/src/backtrace/mod.rs:66:5
[INFO] [stdout]    2:     0x5d736166c33a - std::sys::backtrace::_print_fmt::h916fac51166b18d7
[INFO] [stdout]                                at /rustc/df4ca44d3fbc9301ee17f30f4d474e6ae4b05252/library/std/src/sys/backtrace.rs:66:9
[INFO] [stdout]    3:     0x5d736166c33a - <std::sys::backtrace::BacktraceLock::print::DisplayBacktrace as core::fmt::Display>::fmt::ha0a4c9b8ce3802e6
[INFO] [stdout]                                at /rustc/df4ca44d3fbc9301ee17f30f4d474e6ae4b05252/library/std/src/sys/backtrace.rs:39:26
[INFO] [stdout]    4:     0x5d73616927f3 - core::fmt::rt::Argument::fmt::h4cfc8587d52b3eb5
[INFO] [stdout]                                at /rustc/df4ca44d3fbc9301ee17f30f4d474e6ae4b05252/library/core/src/fmt/rt.rs:177:76
[INFO] [stdout]    5:     0x5d73616927f3 - core::fmt::write::h522cc39e5b36ae9f
[INFO] [stdout]                                at /rustc/df4ca44d3fbc9301ee17f30f4d474e6ae4b05252/library/core/src/fmt/mod.rs:1190:21
[INFO] [stdout]    6:     0x5d7361668fa3 - std::io::Write::write_fmt::h7d3c26752da97734
[INFO] [stdout]                                at /rustc/df4ca44d3fbc9301ee17f30f4d474e6ae4b05252/library/std/src/io/mod.rs:1839:15
[INFO] [stdout]    7:     0x5d736166c182 - std::sys::backtrace::BacktraceLock::print::h4b9e00b29e9c0942
[INFO] [stdout]                                at /rustc/df4ca44d3fbc9301ee17f30f4d474e6ae4b05252/library/std/src/sys/backtrace.rs:42:9
[INFO] [stdout]    8:     0x5d736166d7ca - std::panicking::default_hook::{{closure}}::hb59b88280d0324d9
[INFO] [stdout]                                at /rustc/df4ca44d3fbc9301ee17f30f4d474e6ae4b05252/library/std/src/panicking.rs:268:22
[INFO] [stdout]    9:     0x5d736166d5d4 - std::panicking::default_hook::he1dd496665be4a29
[INFO] [stdout]                                at /rustc/df4ca44d3fbc9301ee17f30f4d474e6ae4b05252/library/std/src/panicking.rs:292:9
[INFO] [stdout]   10:     0x5d7361601c59 - <alloc::boxed::Box<F,A> as core::ops::function::Fn<Args>>::call::h4ff71de18744e1dc
[INFO] [stdout]                                at /rustc/df4ca44d3fbc9301ee17f30f4d474e6ae4b05252/library/alloc/src/boxed.rs:2468:9
[INFO] [stdout]   11:     0x5d7361601c59 - test::test_main::{{closure}}::hcf7c055ce117aa81
[INFO] [stdout]                                at /rustc/df4ca44d3fbc9301ee17f30f4d474e6ae4b05252/library/test/src/lib.rs:133:21
[INFO] [stdout]   12:     0x5d736166dec8 - <alloc::boxed::Box<F,A> as core::ops::function::Fn<Args>>::call::h1d66c6bbd60c9692
[INFO] [stdout]                                at /rustc/df4ca44d3fbc9301ee17f30f4d474e6ae4b05252/library/alloc/src/boxed.rs:2468:9
[INFO] [stdout]   13:     0x5d736166dec8 - std::panicking::rust_panic_with_hook::h2ff17fe8f26dfcf8
[INFO] [stdout]                                at /rustc/df4ca44d3fbc9301ee17f30f4d474e6ae4b05252/library/std/src/panicking.rs:809:13
[INFO] [stdout]   14:     0x5d736166dc8a - std::panicking::begin_panic_handler::{{closure}}::h4fad77951c07e101
[INFO] [stdout]                                at /rustc/df4ca44d3fbc9301ee17f30f4d474e6ae4b05252/library/std/src/panicking.rs:674:13
[INFO] [stdout]   15:     0x5d736166c819 - std::sys::backtrace::__rust_end_short_backtrace::hb1a25b3da5d0ea08
[INFO] [stdout]                                at /rustc/df4ca44d3fbc9301ee17f30f4d474e6ae4b05252/library/std/src/sys/backtrace.rs:170:18
[INFO] [stdout]   16:     0x5d736166d91c - rust_begin_unwind
[INFO] [stdout]                                at /rustc/df4ca44d3fbc9301ee17f30f4d474e6ae4b05252/library/std/src/panicking.rs:665:5
[INFO] [stdout]   17:     0x5d7361691290 - core::panicking::panic_fmt::ha9db07b529f9b256
[INFO] [stdout]                                at /rustc/df4ca44d3fbc9301ee17f30f4d474e6ae4b05252/library/core/src/panicking.rs:75:14
[INFO] [stdout]   18:     0x5d7361691636 - core::result::unwrap_failed::h5e8218e4d4338b8a
[INFO] [stdout]                                at /rustc/df4ca44d3fbc9301ee17f30f4d474e6ae4b05252/library/core/src/result.rs:1698:5
[INFO] [stdout]   19:     0x5d73615c73b6 - core::result::Result<T,E>::unwrap::h5a2f8e96303a5b08
[INFO] [stdout]                                at /rustc/df4ca44d3fbc9301ee17f30f4d474e6ae4b05252/library/core/src/result.rs:1103:23
[INFO] [stdout]   20:     0x5d73615c73b6 - alto::specified_output::hbbb1fcd98f349e6f
[INFO] [stdout]                                at /opt/rustwide/workdir/tests/alto.rs:42:19
[INFO] [stdout]   21:     0x5d73615c7157 - alto::specified_output::{{closure}}::hfe29de713cfccbdd
[INFO] [stdout]                                at /opt/rustwide/workdir/tests/alto.rs:37:22
[INFO] [stdout]   22:     0x5d73615c55c6 - core::ops::function::FnOnce::call_once::h4334a49f2be41764
[INFO] [stdout]                                at /rustc/df4ca44d3fbc9301ee17f30f4d474e6ae4b05252/library/core/src/ops/function.rs:250:5
[INFO] [stdout]   23:     0x5d736160652b - core::ops::function::FnOnce::call_once::h22c3ba5715e93f05
[INFO] [stdout]                                at /rustc/df4ca44d3fbc9301ee17f30f4d474e6ae4b05252/library/core/src/ops/function.rs:250:5
[INFO] [stdout]   24:     0x5d736160652b - test::__rust_begin_short_backtrace::h8e82d8113d0da17f
[INFO] [stdout]                                at /rustc/df4ca44d3fbc9301ee17f30f4d474e6ae4b05252/library/test/src/lib.rs:621:18
[INFO] [stdout]   25:     0x5d7361605ea7 - test::run_test_in_process::{{closure}}::h33235f4f20b7b7c7
[INFO] [stdout]                                at /rustc/df4ca44d3fbc9301ee17f30f4d474e6ae4b05252/library/test/src/lib.rs:644:60
[INFO] [stdout]   26:     0x5d7361605ea7 - <core::panic::unwind_safe::AssertUnwindSafe<F> as core::ops::function::FnOnce<()>>::call_once::hb5043206310c586f
[INFO] [stdout]                                at /rustc/df4ca44d3fbc9301ee17f30f4d474e6ae4b05252/library/core/src/panic/unwind_safe.rs:272:9
[INFO] [stdout]   27:     0x5d7361605ea7 - std::panicking::try::do_call::h9ad4731a60ab23e2
[INFO] [stdout]                                at /rustc/df4ca44d3fbc9301ee17f30f4d474e6ae4b05252/library/std/src/panicking.rs:557:40
[INFO] [stdout]   28:     0x5d7361605ea7 - std::panicking::try::h3824d23db772a716
[INFO] [stdout]                                at /rustc/df4ca44d3fbc9301ee17f30f4d474e6ae4b05252/library/std/src/panicking.rs:520:19
[INFO] [stdout]   29:     0x5d7361605ea7 - std::panic::catch_unwind::h5afd514605fde46b
[INFO] [stdout]                                at /rustc/df4ca44d3fbc9301ee17f30f4d474e6ae4b05252/library/std/src/panic.rs:358:14
[INFO] [stdout]   30:     0x5d7361605ea7 - test::run_test_in_process::h0d5cbfa7067d1720
[INFO] [stdout]                                at /rustc/df4ca44d3fbc9301ee17f30f4d474e6ae4b05252/library/test/src/lib.rs:644:27
[INFO] [stdout]   31:     0x5d7361605ea7 - test::run_test::{{closure}}::h708eb8872708115d
[INFO] [stdout]                                at /rustc/df4ca44d3fbc9301ee17f30f4d474e6ae4b05252/library/test/src/lib.rs:565:43
[INFO] [stdout]   32:     0x5d73615c95c4 - test::run_test::{{closure}}::h392c51cee94713ab
[INFO] [stdout]                                at /rustc/df4ca44d3fbc9301ee17f30f4d474e6ae4b05252/library/test/src/lib.rs:595:41
[INFO] [stdout]   33:     0x5d73615c95c4 - std::sys::backtrace::__rust_begin_short_backtrace::h2f40290710935a8b
[INFO] [stdout]                                at /rustc/df4ca44d3fbc9301ee17f30f4d474e6ae4b05252/library/std/src/sys/backtrace.rs:154:18
[INFO] [stdout]   34:     0x5d73615ccd6e - std::thread::Builder::spawn_unchecked_::{{closure}}::{{closure}}::h3fd968d89053a903
[INFO] [stdout]                                at /rustc/df4ca44d3fbc9301ee17f30f4d474e6ae4b05252/library/std/src/thread/mod.rs:541:17
[INFO] [stdout]   35:     0x5d73615ccd6e - <core::panic::unwind_safe::AssertUnwindSafe<F> as core::ops::function::FnOnce<()>>::call_once::h743f637ba4229880
[INFO] [stdout]                                at /rustc/df4ca44d3fbc9301ee17f30f4d474e6ae4b05252/library/core/src/panic/unwind_safe.rs:272:9
[INFO] [stdout]   36:     0x5d73615ccd6e - std::panicking::try::do_call::h07440897322525a6
[INFO] [stdout]                                at /rustc/df4ca44d3fbc9301ee17f30f4d474e6ae4b05252/library/std/src/panicking.rs:557:40
[INFO] [stdout]   37:     0x5d73615ccd6e - std::panicking::try::he5a2e00188156637
[INFO] [stdout]                                at /rustc/df4ca44d3fbc9301ee17f30f4d474e6ae4b05252/library/std/src/panicking.rs:520:19
[INFO] [stdout]   38:     0x5d73615ccd6e - std::panic::catch_unwind::hbaf3cae49b3c6433
[INFO] [stdout]                                at /rustc/df4ca44d3fbc9301ee17f30f4d474e6ae4b05252/library/std/src/panic.rs:358:14
[INFO] [stdout]   39:     0x5d73615ccd6e - std::thread::Builder::spawn_unchecked_::{{closure}}::h8e141ea224820bce
[INFO] [stdout]                                at /rustc/df4ca44d3fbc9301ee17f30f4d474e6ae4b05252/library/std/src/thread/mod.rs:540:30
[INFO] [stdout]   40:     0x5d73615ccd6e - core::ops::function::FnOnce::call_once{{vtable.shim}}::h90d312fedd7b8ea8
[INFO] [stdout]                                at /rustc/df4ca44d3fbc9301ee17f30f4d474e6ae4b05252/library/core/src/ops/function.rs:250:5
[INFO] [stdout]   41:     0x5d7361671cbb - <alloc::boxed::Box<F,A> as core::ops::function::FnOnce<Args>>::call_once::h69aa08ddb6adb8b6
[INFO] [stdout]                                at /rustc/df4ca44d3fbc9301ee17f30f4d474e6ae4b05252/library/alloc/src/boxed.rs:2454:9
[INFO] [stdout]   42:     0x5d7361671cbb - <alloc::boxed::Box<F,A> as core::ops::function::FnOnce<Args>>::call_once::h5aa36efdb79c806f
[INFO] [stdout]                                at /rustc/df4ca44d3fbc9301ee17f30f4d474e6ae4b05252/library/alloc/src/boxed.rs:2454:9
[INFO] [stdout]   43:     0x5d7361671cbb - std::sys::pal::unix::thread::Thread::new::thread_start::h6cd80a1b4be5158d
[INFO] [stdout]                                at /rustc/df4ca44d3fbc9301ee17f30f4d474e6ae4b05252/library/std/src/sys/pal/unix/thread.rs:105:17
[INFO] [stdout]   44:     0x7ab4afa5fac3 - <unknown>
[INFO] [stdout]   45:     0x7ab4afaf0a04 - clone
[INFO] [stdout]   46:                0x0 - <unknown>
[INFO] [stdout] 
[INFO] [stdout] 
[INFO] [stdout] failures:
[INFO] [stdout]     default_input
[INFO] [stdout]     default_output
[INFO] [stdout]     specified_input
[INFO] [stdout]     specified_output
[INFO] [stdout] 
[INFO] [stdout] test result: FAILED. 1 passed; 4 failed; 0 ignored; 0 measured; 0 filtered out; finished in 0.02s
[INFO] [stdout] 
[INFO] [stderr] error: test failed, to rerun pass `--test alto`
[INFO] running `Command { std: "docker" "inspect" "7b9dba371688b293593f8cc14477f59fa182913a3a05e02f66f59f38595f95eb", kill_on_drop: false }`
[INFO] running `Command { std: "docker" "rm" "-f" "7b9dba371688b293593f8cc14477f59fa182913a3a05e02f66f59f38595f95eb", kill_on_drop: false }`
[INFO] [stdout] 7b9dba371688b293593f8cc14477f59fa182913a3a05e02f66f59f38595f95eb
