[INFO] fetching crate alloy-signer 0.5.4...
[INFO] testing alloy-signer-0.5.4 against nightly-2024-10-28 for randomize-layout
[INFO] extracting crate alloy-signer 0.5.4 into /workspace/builds/worker-6-tc1/source
[INFO] validating manifest of crates.io crate alloy-signer 0.5.4 on toolchain nightly-2024-10-28
[INFO] running `Command { std: CARGO_HOME="/workspace/cargo-home" RUSTUP_HOME="/workspace/rustup-home" "/workspace/cargo-home/bin/cargo" "+nightly-2024-10-28" "metadata" "--manifest-path" "Cargo.toml" "--no-deps", kill_on_drop: false }`
[INFO] started tweaking crates.io crate alloy-signer 0.5.4
[INFO] finished tweaking crates.io crate alloy-signer 0.5.4
[INFO] tweaked toml for crates.io crate alloy-signer 0.5.4 written to /workspace/builds/worker-6-tc1/source/Cargo.toml
[INFO] running `Command { std: CARGO_HOME="/workspace/cargo-home" RUSTUP_HOME="/workspace/rustup-home" "/workspace/cargo-home/bin/cargo" "+nightly-2024-10-28" "generate-lockfile" "--manifest-path" "Cargo.toml", kill_on_drop: false }`
[INFO] [stderr]     Updating crates.io index
[INFO] [stderr]      Locking 202 packages to latest compatible versions
[INFO] running `Command { std: CARGO_HOME="/workspace/cargo-home" RUSTUP_HOME="/workspace/rustup-home" "/workspace/cargo-home/bin/cargo" "+nightly-2024-10-28" "fetch" "--manifest-path" "Cargo.toml", kill_on_drop: false }`
[INFO] [stderr]  Downloading crates ...
[INFO] [stderr]   Downloaded assert_matches v1.5.0
[INFO] [stderr]   Downloaded alloy-signer v0.5.4
[INFO] [stderr]   Downloaded async-trait v0.1.83
[INFO] [stderr]   Downloaded alloy-rpc-types-eth v0.5.4
[INFO] [stderr]   Downloaded alloy-eip2930 v0.1.0
[INFO] [stderr]   Downloaded alloy-signer-local v0.5.4
[INFO] [stderr]   Downloaded alloy-sol-type-parser v0.8.10
[INFO] [stderr]   Downloaded alloy-json-rpc v0.5.4
[INFO] [stderr]   Downloaded alloy-consensus v0.5.4
[INFO] [stderr]   Downloaded alloy-dyn-abi v0.8.10
[INFO] [stderr]   Downloaded alloy-network-primitives v0.5.4
[INFO] [stderr]   Downloaded alloy-json-abi v0.8.10
[INFO] [stderr]   Downloaded alloy-eip7702 v0.3.2
[INFO] [stderr]   Downloaded alloy-network v0.5.4
[INFO] [stderr]   Downloaded alloy-eips v0.5.4
[INFO] [stderr]   Downloaded c-kzg v1.0.3
[INFO] running `Command { std: "docker" "create" "-v" "/var/lib/crater-agent-workspace/builds/worker-6-tc1/target:/opt/rustwide/target:rw,Z" "-v" "/var/lib/crater-agent-workspace/builds/worker-6-tc1/source:/opt/rustwide/workdir:ro,Z" "-v" "/var/lib/crater-agent-workspace/cargo-home:/opt/rustwide/cargo-home:ro,Z" "-v" "/var/lib/crater-agent-workspace/rustup-home:/opt/rustwide/rustup-home:ro,Z" "-e" "SOURCE_DIR=/opt/rustwide/workdir" "-e" "CARGO_TARGET_DIR=/opt/rustwide/target" "-e" "CARGO_HOME=/opt/rustwide/cargo-home" "-e" "RUSTUP_HOME=/opt/rustwide/rustup-home" "-w" "/opt/rustwide/workdir" "-m" "1610612736" "--user" "0:0" "--network" "none" "ghcr.io/rust-lang/crates-build-env/linux@sha256:4a844ea9eb2546a2d2c7022eacef16ef2e8229c7fbb2c7d4d55a9ceca922f72d" "/opt/rustwide/cargo-home/bin/cargo" "+nightly-2024-10-28" "metadata" "--no-deps" "--format-version=1", kill_on_drop: false }`
[INFO] [stdout] cb442140f5729cfde2ad20f22d183a8216b12b1c1c1afe544f8f516e36885aec
[INFO] running `Command { std: "docker" "start" "-a" "cb442140f5729cfde2ad20f22d183a8216b12b1c1c1afe544f8f516e36885aec", kill_on_drop: false }`
[INFO] running `Command { std: "docker" "inspect" "cb442140f5729cfde2ad20f22d183a8216b12b1c1c1afe544f8f516e36885aec", kill_on_drop: false }`
[INFO] running `Command { std: "docker" "rm" "-f" "cb442140f5729cfde2ad20f22d183a8216b12b1c1c1afe544f8f516e36885aec", kill_on_drop: false }`
[INFO] [stdout] cb442140f5729cfde2ad20f22d183a8216b12b1c1c1afe544f8f516e36885aec
[INFO] running `Command { std: "docker" "create" "-v" "/var/lib/crater-agent-workspace/builds/worker-6-tc1/target:/opt/rustwide/target:rw,Z" "-v" "/var/lib/crater-agent-workspace/builds/worker-6-tc1/source:/opt/rustwide/workdir:ro,Z" "-v" "/var/lib/crater-agent-workspace/cargo-home:/opt/rustwide/cargo-home:ro,Z" "-v" "/var/lib/crater-agent-workspace/rustup-home:/opt/rustwide/rustup-home:ro,Z" "-e" "SOURCE_DIR=/opt/rustwide/workdir" "-e" "CARGO_TARGET_DIR=/opt/rustwide/target" "-e" "CARGO_INCREMENTAL=0" "-e" "RUST_BACKTRACE=full" "-e" "RUSTFLAGS=--cap-lints=forbid" "-e" "RUSTDOCFLAGS=--cap-lints=forbid" "-e" "CARGO_HOME=/opt/rustwide/cargo-home" "-e" "RUSTUP_HOME=/opt/rustwide/rustup-home" "-w" "/opt/rustwide/workdir" "-m" "1610612736" "--user" "0:0" "--network" "none" "ghcr.io/rust-lang/crates-build-env/linux@sha256:4a844ea9eb2546a2d2c7022eacef16ef2e8229c7fbb2c7d4d55a9ceca922f72d" "/opt/rustwide/cargo-home/bin/cargo" "+nightly-2024-10-28" "build" "--frozen" "--message-format=json", kill_on_drop: false }`
[INFO] [stdout] faf280b5e5aa19e0daab6dce85a1865e2adf6bf111b9d4693b07299d1e95a506
[INFO] running `Command { std: "docker" "start" "-a" "faf280b5e5aa19e0daab6dce85a1865e2adf6bf111b9d4693b07299d1e95a506", kill_on_drop: false }`
[INFO] [stderr]    Compiling zeroize v1.8.1
[INFO] [stderr]    Compiling generic-array v0.14.7
[INFO] [stderr]    Compiling subtle v2.6.1
[INFO] [stderr]    Compiling libc v0.2.161
[INFO] [stderr]    Compiling const-oid v0.9.6
[INFO] [stderr]    Compiling proc-macro2 v1.0.89
[INFO] [stderr]    Compiling base16ct v0.2.0
[INFO] [stderr]    Compiling crunchy v0.2.2
[INFO] [stderr]    Compiling tiny-keccak v2.0.2
[INFO] [stderr]    Compiling paste v1.0.15
[INFO] [stderr]    Compiling unicode-xid v0.2.6
[INFO] [stderr]    Compiling thiserror v1.0.66
[INFO] [stderr]    Compiling ruint-macro v1.2.1
[INFO] [stderr]    Compiling const-hex v1.13.1
[INFO] [stderr]    Compiling hex-literal v0.4.1
[INFO] [stderr]    Compiling bytes v1.8.0
[INFO] [stderr]    Compiling der v0.7.9
[INFO] [stderr]    Compiling ruint v1.12.3
[INFO] [stderr]    Compiling block-buffer v0.10.4
[INFO] [stderr]    Compiling crypto-common v0.1.6
[INFO] [stderr]    Compiling quote v1.0.37
[INFO] [stderr]    Compiling digest v0.10.7
[INFO] [stderr]    Compiling getrandom v0.2.15
[INFO] [stderr]    Compiling syn v2.0.86
[INFO] [stderr]    Compiling sec1 v0.7.3
[INFO] [stderr]    Compiling spki v0.7.3
[INFO] [stderr]    Compiling hmac v0.12.1
[INFO] [stderr]    Compiling sha2 v0.10.8
[INFO] [stderr]    Compiling rand_core v0.6.4
[INFO] [stderr]    Compiling rfc6979 v0.4.0
[INFO] [stderr]    Compiling ff v0.13.0
[INFO] [stderr]    Compiling crypto-bigint v0.5.5
[INFO] [stderr]    Compiling signature v2.2.0
[INFO] [stderr]    Compiling group v0.13.0
[INFO] [stderr]    Compiling elliptic-curve v0.13.8
[INFO] [stderr]    Compiling ecdsa v0.16.9
[INFO] [stderr]    Compiling k256 v0.13.4
[INFO] [stderr]    Compiling derive_more-impl v1.0.0
[INFO] [stderr]    Compiling thiserror-impl v1.0.66
[INFO] [stderr]    Compiling auto_impl v1.2.0
[INFO] [stderr]    Compiling async-trait v0.1.83
[INFO] [stderr]    Compiling derive_more v1.0.0
[INFO] [stderr]    Compiling alloy-primitives v0.8.10
[INFO] [stderr]    Compiling alloy-signer v0.5.4 (/opt/rustwide/workdir)
[INFO] [stderr]     Finished `dev` profile [unoptimized + debuginfo] target(s) in 8.83s
[INFO] running `Command { std: "docker" "inspect" "faf280b5e5aa19e0daab6dce85a1865e2adf6bf111b9d4693b07299d1e95a506", kill_on_drop: false }`
[INFO] running `Command { std: "docker" "rm" "-f" "faf280b5e5aa19e0daab6dce85a1865e2adf6bf111b9d4693b07299d1e95a506", kill_on_drop: false }`
[INFO] [stdout] faf280b5e5aa19e0daab6dce85a1865e2adf6bf111b9d4693b07299d1e95a506
[INFO] running `Command { std: "docker" "create" "-v" "/var/lib/crater-agent-workspace/builds/worker-6-tc1/target:/opt/rustwide/target:rw,Z" "-v" "/var/lib/crater-agent-workspace/builds/worker-6-tc1/source:/opt/rustwide/workdir:ro,Z" "-v" "/var/lib/crater-agent-workspace/cargo-home:/opt/rustwide/cargo-home:ro,Z" "-v" "/var/lib/crater-agent-workspace/rustup-home:/opt/rustwide/rustup-home:ro,Z" "-e" "SOURCE_DIR=/opt/rustwide/workdir" "-e" "CARGO_TARGET_DIR=/opt/rustwide/target" "-e" "CARGO_INCREMENTAL=0" "-e" "RUST_BACKTRACE=full" "-e" "RUSTFLAGS=--cap-lints=forbid" "-e" "RUSTDOCFLAGS=--cap-lints=forbid" "-e" "CARGO_HOME=/opt/rustwide/cargo-home" "-e" "RUSTUP_HOME=/opt/rustwide/rustup-home" "-w" "/opt/rustwide/workdir" "-m" "1610612736" "--user" "0:0" "--network" "none" "ghcr.io/rust-lang/crates-build-env/linux@sha256:4a844ea9eb2546a2d2c7022eacef16ef2e8229c7fbb2c7d4d55a9ceca922f72d" "/opt/rustwide/cargo-home/bin/cargo" "+nightly-2024-10-28" "test" "--frozen" "--no-run" "--message-format=json", kill_on_drop: false }`
[INFO] [stdout] d11b15d99cb43bbc996c729a4f3aeb1b6dfd5583ddb5dbd8834635346449089f
[INFO] running `Command { std: "docker" "start" "-a" "d11b15d99cb43bbc996c729a4f3aeb1b6dfd5583ddb5dbd8834635346449089f", kill_on_drop: false }`
[INFO] [stderr]    Compiling serde v1.0.214
[INFO] [stderr]    Compiling arrayvec v0.7.6
[INFO] [stderr]    Compiling foldhash v0.1.3
[INFO] [stderr]    Compiling serde_json v1.0.132
[INFO] [stderr]    Compiling const-hex v1.13.1
[INFO] [stderr]    Compiling equivalent v1.0.1
[INFO] [stderr]    Compiling proc-macro-error-attr2 v2.0.0
[INFO] [stderr]    Compiling dunce v1.0.5
[INFO] [stderr]    Compiling hashbrown v0.15.0
[INFO] [stderr]    Compiling once_cell v1.20.2
[INFO] [stderr]    Compiling byteorder v1.5.0
[INFO] [stderr]    Compiling serde_derive v1.0.214
[INFO] [stderr]    Compiling alloy-rlp-derive v0.3.9
[INFO] [stderr]    Compiling syn-solidity v0.8.10
[INFO] [stderr]    Compiling zerocopy-derive v0.7.35
[INFO] [stderr]    Compiling pin-project-lite v0.2.15
[INFO] [stderr]    Compiling tracing-attributes v0.1.27
[INFO] [stderr]    Compiling either v1.13.0
[INFO] [stderr]    Compiling rustix v0.38.38
[INFO] [stderr]    Compiling linux-raw-sys v0.4.14
[INFO] [stderr]    Compiling futures-utils-wasm v0.1.0
[INFO] [stderr]    Compiling tracing-core v0.1.32
[INFO] [stderr]    Compiling bitflags v2.6.0
[INFO] [stderr]    Compiling tokio-macros v2.4.0
[INFO] [stderr]    Compiling fastrand v2.1.1
[INFO] [stderr]    Compiling assert_matches v1.5.0
[INFO] [stderr]    Compiling itertools v0.13.0
[INFO] [stderr]    Compiling proc-macro-error2 v2.0.1
[INFO] [stderr]    Compiling indexmap v2.6.0
[INFO] [stderr]    Compiling tokio v1.41.0
[INFO] [stderr]    Compiling zerocopy v0.7.35
[INFO] [stderr]    Compiling tracing v0.1.40
[INFO] [stderr]    Compiling ppv-lite86 v0.2.20
[INFO] [stderr]    Compiling rand_chacha v0.3.1
[INFO] [stderr]    Compiling rand v0.8.5
[INFO] [stderr]    Compiling tempfile v3.13.0
[INFO] [stderr]    Compiling alloy-sol-macro-input v0.8.10
[INFO] [stderr]    Compiling alloy-sol-macro-expander v0.8.10
[INFO] [stderr]    Compiling alloy-sol-macro v0.8.10
[INFO] [stderr]    Compiling bytes v1.8.0
[INFO] [stderr]    Compiling alloy-rlp v0.3.9
[INFO] [stderr]    Compiling ruint v1.12.3
[INFO] [stderr]    Compiling alloy-primitives v0.8.10
[INFO] [stderr]    Compiling alloy-eip7702 v0.3.2
[INFO] [stderr]    Compiling alloy-serde v0.5.4
[INFO] [stderr]    Compiling alloy-eip2930 v0.1.0
[INFO] [stderr]    Compiling alloy-sol-types v0.8.10
[INFO] [stderr]    Compiling alloy-signer v0.5.4
[INFO] [stderr]    Compiling alloy-signer v0.5.4 (/opt/rustwide/workdir)
[INFO] [stderr]    Compiling alloy-eips v0.5.4
[INFO] [stderr]    Compiling alloy-consensus v0.5.4
[INFO] [stderr]    Compiling alloy-network-primitives v0.5.4
[INFO] [stderr]    Compiling alloy-json-rpc v0.5.4
[INFO] [stderr]    Compiling alloy-rpc-types-eth v0.5.4
[INFO] [stderr]    Compiling alloy-network v0.5.4
[INFO] [stderr]    Compiling alloy-signer-local v0.5.4
[INFO] [stderr]     Finished `test` profile [unoptimized + debuginfo] target(s) in 20.85s
[INFO] running `Command { std: "docker" "inspect" "d11b15d99cb43bbc996c729a4f3aeb1b6dfd5583ddb5dbd8834635346449089f", kill_on_drop: false }`
[INFO] running `Command { std: "docker" "rm" "-f" "d11b15d99cb43bbc996c729a4f3aeb1b6dfd5583ddb5dbd8834635346449089f", kill_on_drop: false }`
[INFO] [stdout] d11b15d99cb43bbc996c729a4f3aeb1b6dfd5583ddb5dbd8834635346449089f
[INFO] running `Command { std: "docker" "create" "-v" "/var/lib/crater-agent-workspace/builds/worker-6-tc1/target:/opt/rustwide/target:rw,Z" "-v" "/var/lib/crater-agent-workspace/builds/worker-6-tc1/source:/opt/rustwide/workdir:ro,Z" "-v" "/var/lib/crater-agent-workspace/cargo-home:/opt/rustwide/cargo-home:ro,Z" "-v" "/var/lib/crater-agent-workspace/rustup-home:/opt/rustwide/rustup-home:ro,Z" "-e" "SOURCE_DIR=/opt/rustwide/workdir" "-e" "CARGO_TARGET_DIR=/opt/rustwide/target" "-e" "CARGO_INCREMENTAL=0" "-e" "RUST_BACKTRACE=full" "-e" "RUSTFLAGS=--cap-lints=forbid" "-e" "RUSTDOCFLAGS=--cap-lints=forbid" "-e" "CARGO_HOME=/opt/rustwide/cargo-home" "-e" "RUSTUP_HOME=/opt/rustwide/rustup-home" "-w" "/opt/rustwide/workdir" "-m" "1610612736" "--user" "0:0" "--network" "none" "ghcr.io/rust-lang/crates-build-env/linux@sha256:4a844ea9eb2546a2d2c7022eacef16ef2e8229c7fbb2c7d4d55a9ceca922f72d" "/opt/rustwide/cargo-home/bin/cargo" "+nightly-2024-10-28" "test" "--frozen", kill_on_drop: false }`
[INFO] [stdout] 376ff02202a851f254ff2de18c25b1220b7fd443ae7f828b7075afe41cd176c8
[INFO] running `Command { std: "docker" "start" "-a" "376ff02202a851f254ff2de18c25b1220b7fd443ae7f828b7075afe41cd176c8", kill_on_drop: false }`
[INFO] [stderr]     Finished `test` profile [unoptimized + debuginfo] target(s) in 0.21s
[INFO] [stderr]      Running unittests src/lib.rs (/opt/rustwide/target/debug/deps/alloy_signer-156edf6ed18e4f66)
[INFO] [stdout] 
[INFO] [stdout] running 4 tests
[INFO] [stdout] test utils::tests::test_public_key_to_address ... ok
[INFO] [stdout] test utils::tests::test_raw_public_key_to_address ... ok
[INFO] [stdout] test signer::tests::unimplemented ... ok
[INFO] [stdout] test utils::tests::test_raw_public_key_to_address_panics - should panic ... ok
[INFO] [stdout] 
[INFO] [stdout] test result: ok. 4 passed; 0 failed; 0 ignored; 0 measured; 0 filtered out; finished in 0.03s
[INFO] [stdout] 
[INFO] [stderr]    Doc-tests alloy_signer
[INFO] [stdout] 
[INFO] [stdout] running 2 tests
[INFO] [stdout] test src/../README.md - (line 22) ... FAILED
[INFO] [stdout] test src/../README.md - (line 41) ... ok
[INFO] [stdout] 
[INFO] [stdout] failures:
[INFO] [stdout] 
[INFO] [stdout] ---- src/../README.md - (line 22) stdout ----
[INFO] [stdout] error[E0599]: no method named `sign_message_sync` found for struct `LocalSigner` in the current scope
[INFO] [stdout]    --> src/../README.md:32:24
[INFO] [stdout]     |
[INFO] [stdout] 13  | let signature = signer.sign_message_sync(message.as_bytes())?;
[INFO] [stdout]     |                        ^^^^^^^^^^^^^^^^^
[INFO] [stdout]     |
[INFO] [stdout] note: there are multiple different versions of crate `alloy_signer` in the dependency graph
[INFO] [stdout]    --> /opt/rustwide/cargo-home/registry/src/index.crates.io-6f17d22bba15001f/alloy-signer-0.5.4/src/signer.rs:95:1
[INFO] [stdout]     |
[INFO] [stdout] 95  | pub trait SignerSync<Sig = Signature> {
[INFO] [stdout]     | ^^^^^^^^^^^^^^^^^^^^^^^^^^^^^^^^^^^^^ this is the trait that is needed
[INFO] [stdout] ...
[INFO] [stdout] 103 |     fn sign_message_sync(&self, message: &[u8]) -> Result<Sig> {
[INFO] [stdout]     |     ---------------------------------------------------------- the method is available for `LocalSigner<ecdsa::signing::SigningKey<Secp256k1>>` here
[INFO] [stdout]     |
[INFO] [stdout]    ::: src/../README.md:24:28
[INFO] [stdout]     |
[INFO] [stdout] 5   | use alloy_signer::{Signer, SignerSync};
[INFO] [stdout]     |                            ---------- `SignerSync` imported here doesn't correspond to the right version of crate `alloy_signer`
[INFO] [stdout]     |
[INFO] [stdout]    ::: /opt/rustwide/workdir/src/signer.rs:95:1
[INFO] [stdout]     |
[INFO] [stdout] 95  | pub trait SignerSync<Sig = Signature> {
[INFO] [stdout]     | ------------------------------------- this is the trait that was imported
[INFO] [stdout] help: there is a method `sign_message` with a similar name
[INFO] [stdout]     |
[INFO] [stdout] 13  | let signature = signer.sign_message(message.as_bytes())?;
[INFO] [stdout]     |                        ~~~~~~~~~~~~
[INFO] [stdout] 
[INFO] [stdout] error: aborting due to 1 previous error
[INFO] [stdout] 
[INFO] [stdout] For more information about this error, try `rustc --explain E0599`.
[INFO] [stdout] Couldn't compile the test.
[INFO] [stdout] 
[INFO] [stdout] failures:
[INFO] [stdout]     src/../README.md - (line 22)
[INFO] [stdout] 
[INFO] [stdout] test result: FAILED. 1 passed; 1 failed; 0 ignored; 0 measured; 0 filtered out; finished in 0.38s
[INFO] [stdout] 
[INFO] [stderr] error: doctest failed, to rerun pass `--doc`
[INFO] running `Command { std: "docker" "inspect" "376ff02202a851f254ff2de18c25b1220b7fd443ae7f828b7075afe41cd176c8", kill_on_drop: false }`
[INFO] running `Command { std: "docker" "rm" "-f" "376ff02202a851f254ff2de18c25b1220b7fd443ae7f828b7075afe41cd176c8", kill_on_drop: false }`
[INFO] [stdout] 376ff02202a851f254ff2de18c25b1220b7fd443ae7f828b7075afe41cd176c8
