[INFO] fetching crate alipay-global 0.1.4...
[INFO] testing alipay-global-0.1.4 against nightly-2024-10-28 for randomize-layout
[INFO] extracting crate alipay-global 0.1.4 into /workspace/builds/worker-0-tc1/source
[INFO] validating manifest of crates.io crate alipay-global 0.1.4 on toolchain nightly-2024-10-28
[INFO] running `Command { std: CARGO_HOME="/workspace/cargo-home" RUSTUP_HOME="/workspace/rustup-home" "/workspace/cargo-home/bin/cargo" "+nightly-2024-10-28" "metadata" "--manifest-path" "Cargo.toml" "--no-deps", kill_on_drop: false }`
[INFO] started tweaking crates.io crate alipay-global 0.1.4
[INFO] finished tweaking crates.io crate alipay-global 0.1.4
[INFO] tweaked toml for crates.io crate alipay-global 0.1.4 written to /workspace/builds/worker-0-tc1/source/Cargo.toml
[INFO] running `Command { std: CARGO_HOME="/workspace/cargo-home" RUSTUP_HOME="/workspace/rustup-home" "/workspace/cargo-home/bin/cargo" "+nightly-2024-10-28" "generate-lockfile" "--manifest-path" "Cargo.toml", kill_on_drop: false }`
[INFO] [stderr]     Updating crates.io index
[INFO] [stderr]      Locking 149 packages to latest compatible versions
[INFO] [stderr]       Adding base64 v0.21.7 (available: v0.22.1)
[INFO] [stderr]       Adding juniper v0.15.12 (available: v0.16.1)
[INFO] [stderr]       Adding rsa v0.6.1 (available: v0.9.6)
[INFO] [stderr]       Adding strum v0.25.0 (available: v0.26.3)
[INFO] [stderr]       Adding strum_macros v0.25.3 (available: v0.26.4)
[INFO] running `Command { std: CARGO_HOME="/workspace/cargo-home" RUSTUP_HOME="/workspace/rustup-home" "/workspace/cargo-home/bin/cargo" "+nightly-2024-10-28" "fetch" "--manifest-path" "Cargo.toml", kill_on_drop: false }`
[INFO] [stderr]  Downloading crates ...
[INFO] [stderr]   Downloaded url v2.5.2
[INFO] [stderr]   Downloaded tinyvec_macros v0.1.1
[INFO] [stderr]   Downloaded urlencoding v2.1.3
[INFO] [stderr]   Downloaded equivalent v1.0.1
[INFO] [stderr]   Downloaded android_system_properties v0.1.5
[INFO] [stderr]   Downloaded tinyvec v1.8.0
[INFO] [stderr]   Downloaded wasm-bindgen-macro v0.2.95
[INFO] [stderr]   Downloaded unreachable v1.0.0
[INFO] [stderr]   Downloaded strum v0.25.0
[INFO] [stderr]   Downloaded uuid v1.11.0
[INFO] [stderr]   Downloaded getrandom v0.1.16
[INFO] [stderr]   Downloaded core-foundation-sys v0.8.7
[INFO] [stderr]   Downloaded form_urlencoded v1.2.1
[INFO] [stderr]   Downloaded rand_core v0.5.1
[INFO] [stderr]   Downloaded hex v0.4.3
[INFO] [stderr]   Downloaded heck v0.4.1
[INFO] [stderr]   Downloaded rand_chacha v0.2.2
[INFO] [stderr]   Downloaded async-trait v0.1.83
[INFO] [stderr]   Downloaded wasi v0.9.0+wasi-snapshot-preview1
[INFO] [stderr]   Downloaded bson v1.2.4
[INFO] [stderr]   Downloaded base64 v0.21.7
[INFO] [stderr]   Downloaded iana-time-zone v0.1.61
[INFO] [stderr]   Downloaded rand v0.7.3
[INFO] [stderr]   Downloaded hashbrown v0.12.3
[INFO] [stderr]   Downloaded combine v3.8.1
[INFO] [stderr]   Downloaded flate2 v1.0.34
[INFO] [stderr]   Downloaded num-bigint-dig v0.8.4
[INFO] [stderr]   Downloaded futures-util v0.3.31
[INFO] [stderr]   Downloaded juniper v0.15.12
[INFO] [stderr]   Downloaded rustls-webpki v0.102.8
[INFO] [stderr]   Downloaded hashbrown v0.15.0
[INFO] [stderr]   Downloaded chrono v0.4.38
[INFO] [stderr]   Downloaded webpki-roots v0.26.6
[INFO] [stderr]   Downloaded idna v0.5.0
[INFO] [stderr]   Downloaded serde_json v1.0.132
[INFO] [stderr]   Downloaded ureq v2.10.1
[INFO] [stderr]   Downloaded rustls v0.23.16
[INFO] [stderr]   Downloaded unicode-normalization v0.1.24
[INFO] [stderr]   Downloaded memchr v2.7.4
[INFO] [stderr]   Downloaded wasm-bindgen v0.2.95
[INFO] [stderr]   Downloaded graphql-parser v0.3.0
[INFO] [stderr]   Downloaded cc v1.1.31
[INFO] [stderr]   Downloaded indexmap v2.6.0
[INFO] [stderr]   Downloaded js-sys v0.3.72
[INFO] [stderr]   Downloaded bumpalo v3.16.0
[INFO] [stderr]   Downloaded wasm-bindgen-backend v0.2.95
[INFO] [stderr]   Downloaded futures v0.3.31
[INFO] [stderr]   Downloaded crypto-bigint v0.3.2
[INFO] [stderr]   Downloaded der v0.5.1
[INFO] [stderr]   Downloaded typenum v1.17.0
[INFO] [stderr]   Downloaded base64 v0.22.1
[INFO] [stderr]   Downloaded spin v0.9.8
[INFO] [stderr]   Downloaded base64 v0.13.1
[INFO] [stderr]   Downloaded pin-project-lite v0.2.15
[INFO] [stderr]   Downloaded proc-macro-error v1.0.4
[INFO] [stderr]   Downloaded juniper_codegen v0.15.9
[INFO] [stderr]   Downloaded smartstring v1.0.1
[INFO] [stderr]   Downloaded static_assertions v1.1.0
[INFO] [stderr]   Downloaded pkcs1 v0.3.3
[INFO] [stderr]   Downloaded pkcs8 v0.8.0
[INFO] [stderr]   Downloaded sha2 v0.10.8
[INFO] [stderr]   Downloaded unicode-bidi v0.3.17
[INFO] [stderr]   Downloaded wasm-bindgen-macro-support v0.2.95
[INFO] [stderr]   Downloaded futures-io v0.3.31
[INFO] [stderr]   Downloaded futures-core v0.3.31
[INFO] [stderr]   Downloaded futures-task v0.3.31
[INFO] [stderr]   Downloaded futures-enum v0.1.17
[INFO] [stderr]   Downloaded proc-macro-error-attr v1.0.4
[INFO] [stderr]   Downloaded num-iter v0.1.45
[INFO] [stderr]   Downloaded rsa v0.6.1
[INFO] [stderr]   Downloaded cpufeatures v0.2.14
[INFO] [stderr]   Downloaded digest v0.10.7
[INFO] [stderr]   Downloaded rustversion v1.0.18
[INFO] [stderr]   Downloaded adler2 v2.0.0
[INFO] [stderr]   Downloaded miniz_oxide v0.8.0
[INFO] [stderr]   Downloaded log v0.4.22
[INFO] [stderr]   Downloaded zeroize v1.8.1
[INFO] [stderr]   Downloaded rustls-pki-types v1.10.0
[INFO] [stderr]   Downloaded iana-time-zone-haiku v0.1.2
[INFO] [stderr]   Downloaded windows-core v0.52.0
[INFO] [stderr]   Downloaded futures-channel v0.3.31
[INFO] [stderr]   Downloaded ascii v0.9.3
[INFO] [stderr]   Downloaded void v1.0.2
[INFO] [stderr]   Downloaded thiserror-impl v1.0.66
[INFO] [stderr]   Downloaded indexmap v1.9.3
[INFO] [stderr]   Downloaded pem-rfc7468 v0.3.1
[INFO] [stderr]   Downloaded smallvec v1.13.2
[INFO] [stderr]   Downloaded block-buffer v0.10.4
[INFO] [stderr]   Downloaded crc32fast v1.4.2
[INFO] [stderr]   Downloaded ryu v1.0.18
[INFO] [stderr]   Downloaded linked-hash-map v0.5.6
[INFO] [stderr]   Downloaded either v1.13.0
[INFO] [stderr]   Downloaded uuid v0.8.2
[INFO] [stderr]   Downloaded base64ct v1.6.0
[INFO] [stderr]   Downloaded encoding_rs v0.8.35
[INFO] [stderr]   Downloaded generic-array v0.14.7
[INFO] [stderr]   Downloaded rand_hc v0.2.0
[INFO] [stderr]   Downloaded android-tzdata v0.1.1
[INFO] [stderr]   Downloaded wasm-bindgen-shared v0.2.95
[INFO] [stderr]   Downloaded futures-sink v0.3.31
[INFO] [stderr]   Downloaded pin-utils v0.1.0
[INFO] [stderr]   Downloaded const-oid v0.7.1
[INFO] [stderr]   Downloaded thiserror v1.0.66
[INFO] [stderr]   Downloaded num-integer v0.1.46
[INFO] [stderr]   Downloaded untrusted v0.9.0
[INFO] [stderr]   Downloaded derive_utils v0.11.2
[INFO] [stderr]   Downloaded version_check v0.9.5
[INFO] [stderr]   Downloaded crypto-common v0.1.6
[INFO] [stderr]   Downloaded strum_macros v0.25.3
[INFO] [stderr]   Downloaded shlex v1.3.0
[INFO] [stderr]   Downloaded itoa v1.0.11
[INFO] [stderr]   Downloaded percent-encoding v2.3.1
[INFO] [stderr]   Downloaded spki v0.5.4
[INFO] [stderr]   Downloaded subtle v2.6.1
[INFO] [stderr]   Downloaded ring v0.17.8
[INFO] running `Command { std: "docker" "create" "-v" "/var/lib/crater-agent-workspace/builds/worker-0-tc1/target:/opt/rustwide/target:rw,Z" "-v" "/var/lib/crater-agent-workspace/builds/worker-0-tc1/source:/opt/rustwide/workdir:ro,Z" "-v" "/var/lib/crater-agent-workspace/cargo-home:/opt/rustwide/cargo-home:ro,Z" "-v" "/var/lib/crater-agent-workspace/rustup-home:/opt/rustwide/rustup-home:ro,Z" "-e" "SOURCE_DIR=/opt/rustwide/workdir" "-e" "CARGO_TARGET_DIR=/opt/rustwide/target" "-e" "CARGO_HOME=/opt/rustwide/cargo-home" "-e" "RUSTUP_HOME=/opt/rustwide/rustup-home" "-w" "/opt/rustwide/workdir" "-m" "1610612736" "--user" "0:0" "--network" "none" "ghcr.io/rust-lang/crates-build-env/linux@sha256:4a844ea9eb2546a2d2c7022eacef16ef2e8229c7fbb2c7d4d55a9ceca922f72d" "/opt/rustwide/cargo-home/bin/cargo" "+nightly-2024-10-28" "metadata" "--no-deps" "--format-version=1", kill_on_drop: false }`
[INFO] [stdout] fc6edded6a4a9a88b40b049256c9a255c188e3027aa48cc236cdf5ba7ca1a253
[INFO] running `Command { std: "docker" "start" "-a" "fc6edded6a4a9a88b40b049256c9a255c188e3027aa48cc236cdf5ba7ca1a253", kill_on_drop: false }`
[INFO] running `Command { std: "docker" "inspect" "fc6edded6a4a9a88b40b049256c9a255c188e3027aa48cc236cdf5ba7ca1a253", kill_on_drop: false }`
[INFO] running `Command { std: "docker" "rm" "-f" "fc6edded6a4a9a88b40b049256c9a255c188e3027aa48cc236cdf5ba7ca1a253", kill_on_drop: false }`
[INFO] [stdout] fc6edded6a4a9a88b40b049256c9a255c188e3027aa48cc236cdf5ba7ca1a253
[INFO] running `Command { std: "docker" "create" "-v" "/var/lib/crater-agent-workspace/builds/worker-0-tc1/target:/opt/rustwide/target:rw,Z" "-v" "/var/lib/crater-agent-workspace/builds/worker-0-tc1/source:/opt/rustwide/workdir:ro,Z" "-v" "/var/lib/crater-agent-workspace/cargo-home:/opt/rustwide/cargo-home:ro,Z" "-v" "/var/lib/crater-agent-workspace/rustup-home:/opt/rustwide/rustup-home:ro,Z" "-e" "SOURCE_DIR=/opt/rustwide/workdir" "-e" "CARGO_TARGET_DIR=/opt/rustwide/target" "-e" "CARGO_INCREMENTAL=0" "-e" "RUST_BACKTRACE=full" "-e" "RUSTFLAGS=--cap-lints=forbid" "-e" "RUSTDOCFLAGS=--cap-lints=forbid" "-e" "CARGO_HOME=/opt/rustwide/cargo-home" "-e" "RUSTUP_HOME=/opt/rustwide/rustup-home" "-w" "/opt/rustwide/workdir" "-m" "1610612736" "--user" "0:0" "--network" "none" "ghcr.io/rust-lang/crates-build-env/linux@sha256:4a844ea9eb2546a2d2c7022eacef16ef2e8229c7fbb2c7d4d55a9ceca922f72d" "/opt/rustwide/cargo-home/bin/cargo" "+nightly-2024-10-28" "build" "--frozen" "--message-format=json", kill_on_drop: false }`
[INFO] [stdout] e67355392814db08920af66ea4e0b1589841ad13399c337c371f4a5a49aa8370
[INFO] running `Command { std: "docker" "start" "-a" "e67355392814db08920af66ea4e0b1589841ad13399c337c371f4a5a49aa8370", kill_on_drop: false }`
[INFO] [stderr]    Compiling version_check v0.9.5
[INFO] [stderr]    Compiling libc v0.2.161
[INFO] [stderr]    Compiling typenum v1.17.0
[INFO] [stderr]    Compiling byteorder v1.5.0
[INFO] [stderr]    Compiling serde v1.0.214
[INFO] [stderr]    Compiling spin v0.9.8
[INFO] [stderr]    Compiling subtle v2.6.1
[INFO] [stderr]    Compiling shlex v1.3.0
[INFO] [stderr]    Compiling getrandom v0.1.16
[INFO] [stderr]    Compiling syn v1.0.109
[INFO] [stderr]    Compiling memchr v2.7.4
[INFO] [stderr]    Compiling num-traits v0.2.19
[INFO] [stderr]    Compiling base64ct v1.6.0
[INFO] [stderr]    Compiling tinyvec_macros v0.1.1
[INFO] [stderr]    Compiling syn v2.0.86
[INFO] [stderr]    Compiling zeroize v1.8.1
[INFO] [stderr]    Compiling tinyvec v1.8.0
[INFO] [stderr]    Compiling serde_json v1.0.132
[INFO] [stderr]    Compiling cc v1.1.31
[INFO] [stderr]    Compiling hashbrown v0.15.0
[INFO] [stderr]    Compiling const-oid v0.7.1
[INFO] [stderr]    Compiling equivalent v1.0.1
[INFO] [stderr]    Compiling lazy_static v1.5.0
[INFO] [stderr]    Compiling untrusted v0.9.0
[INFO] [stderr]    Compiling percent-encoding v2.3.1
[INFO] [stderr]    Compiling ryu v1.0.18
[INFO] [stderr]    Compiling pem-rfc7468 v0.3.1
[INFO] [stderr]    Compiling futures-core v0.3.31
[INFO] [stderr]    Compiling void v1.0.2
[INFO] [stderr]    Compiling generic-array v0.14.7
[INFO] [stderr]    Compiling proc-macro-error-attr v1.0.4
[INFO] [stderr]    Compiling proc-macro-error v1.0.4
[INFO] [stderr]    Compiling rustls-pki-types v1.10.0
[INFO] [stderr]    Compiling futures-sink v0.3.31
[INFO] [stderr]    Compiling thiserror v1.0.66
[INFO] [stderr]    Compiling unicode-bidi v0.3.17
[INFO] [stderr]    Compiling itoa v1.0.11
[INFO] [stderr]    Compiling unreachable v1.0.0
[INFO] [stderr]    Compiling smartstring v1.0.1
[INFO] [stderr]    Compiling form_urlencoded v1.2.1
[INFO] [stderr]    Compiling indexmap v1.9.3
[INFO] [stderr]    Compiling adler2 v2.0.0
[INFO] [stderr]    Compiling num-bigint-dig v0.8.4
[INFO] [stderr]    Compiling pin-utils v0.1.0
[INFO] [stderr]    Compiling ascii v0.9.3
[INFO] [stderr]    Compiling rustversion v1.0.18
[INFO] [stderr]    Compiling rustls v0.23.16
[INFO] [stderr]    Compiling futures-task v0.3.31
[INFO] [stderr]    Compiling indexmap v2.6.0
[INFO] [stderr]    Compiling iana-time-zone v0.1.61
[INFO] [stderr]    Compiling pin-project-lite v0.2.15
[INFO] [stderr]    Compiling either v1.13.0
[INFO] [stderr]    Compiling unicode-normalization v0.1.24
[INFO] [stderr]    Compiling futures-util v0.3.31
[INFO] [stderr]    Compiling getrandom v0.2.15
[INFO] [stderr]    Compiling num-integer v0.1.46
[INFO] [stderr]    Compiling miniz_oxide v0.8.0
[INFO] [stderr]    Compiling rand_core v0.6.4
[INFO] [stderr]    Compiling rand_core v0.5.1
[INFO] [stderr]    Compiling combine v3.8.1
[INFO] [stderr]    Compiling futures-channel v0.3.31
[INFO] [stderr]    Compiling crc32fast v1.4.2
[INFO] [stderr]    Compiling linked-hash-map v0.5.6
[INFO] [stderr]    Compiling base64 v0.13.1
[INFO] [stderr]    Compiling smallvec v1.13.2
[INFO] [stderr]    Compiling log v0.4.22
[INFO] [stderr]    Compiling futures-io v0.3.31
[INFO] [stderr]    Compiling num-iter v0.1.45
[INFO] [stderr]    Compiling once_cell v1.20.2
[INFO] [stderr]    Compiling idna v0.5.0
[INFO] [stderr]    Compiling hashbrown v0.12.3
[INFO] [stderr]    Compiling static_assertions v1.1.0
[INFO] [stderr]    Compiling hex v0.4.3
[INFO] [stderr]    Compiling uuid v0.8.2
[INFO] [stderr]    Compiling webpki-roots v0.26.6
[INFO] [stderr]    Compiling encoding_rs v0.8.35
[INFO] [stderr]    Compiling flate2 v1.0.34
[INFO] [stderr]    Compiling cpufeatures v0.2.14
[INFO] [stderr]    Compiling ring v0.17.8
[INFO] [stderr]    Compiling heck v0.4.1
[INFO] [stderr]    Compiling base64 v0.22.1
[INFO] [stderr]    Compiling strum v0.25.0
[INFO] [stderr]    Compiling crypto-bigint v0.3.2
[INFO] [stderr]    Compiling crypto-common v0.1.6
[INFO] [stderr]    Compiling block-buffer v0.10.4
[INFO] [stderr]    Compiling urlencoding v2.1.3
[INFO] [stderr]    Compiling url v2.5.2
[INFO] [stderr]    Compiling digest v0.10.7
[INFO] [stderr]    Compiling base64 v0.21.7
[INFO] [stderr]    Compiling sha2 v0.10.8
[INFO] [stderr]    Compiling der v0.5.1
[INFO] [stderr]    Compiling spki v0.5.4
[INFO] [stderr]    Compiling futures v0.3.31
[INFO] [stderr]    Compiling pkcs8 v0.8.0
[INFO] [stderr]    Compiling derive_utils v0.11.2
[INFO] [stderr]    Compiling pkcs1 v0.3.3
[INFO] [stderr]    Compiling futures-enum v0.1.17
[INFO] [stderr]    Compiling juniper_codegen v0.15.9
[INFO] [stderr]    Compiling zerocopy-derive v0.7.35
[INFO] [stderr]    Compiling serde_derive v1.0.214
[INFO] [stderr]    Compiling thiserror-impl v1.0.66
[INFO] [stderr]    Compiling async-trait v0.1.83
[INFO] [stderr]    Compiling strum_macros v0.25.3
[INFO] [stderr]    Compiling zerocopy v0.7.35
[INFO] [stderr]    Compiling graphql-parser v0.3.0
[INFO] [stderr]    Compiling ppv-lite86 v0.2.20
[INFO] [stderr]    Compiling rustls-webpki v0.102.8
[INFO] [stderr]    Compiling rand_chacha v0.3.1
[INFO] [stderr]    Compiling rand_chacha v0.2.2
[INFO] [stderr]    Compiling rand v0.7.3
[INFO] [stderr]    Compiling rand v0.8.5
[INFO] [stderr]    Compiling rsa v0.6.1
[INFO] [stderr]    Compiling chrono v0.4.38
[INFO] [stderr]    Compiling uuid v1.11.0
[INFO] [stderr]    Compiling ureq v2.10.1
[INFO] [stderr]    Compiling bson v1.2.4
[INFO] [stderr]    Compiling juniper v0.15.12
[INFO] [stderr]    Compiling alipay-global v0.1.4 (/opt/rustwide/workdir)
[INFO] [stdout] warning: unused import: `std::fmt::format`
[INFO] [stdout]  --> src/errors.rs:1:5
[INFO] [stdout]   |
[INFO] [stdout] 1 | use std::fmt::format;
[INFO] [stdout]   |     ^^^^^^^^^^^^^^^^
[INFO] [stdout]   |
[INFO] [stdout]   = note: `#[warn(unused_imports)]` on by default
[INFO] [stdout] 
[INFO] [stdout] 
[INFO] [stdout] warning: unused import: `base64::Engine`
[INFO] [stdout]  --> src/models.rs:2:5
[INFO] [stdout]   |
[INFO] [stdout] 2 | use base64::Engine;
[INFO] [stdout]   |     ^^^^^^^^^^^^^^
[INFO] [stdout] 
[INFO] [stdout] 
[INFO] [stdout] warning: unused imports: `GraphQLEnum` and `GraphQLObject`
[INFO] [stdout]  --> src/models.rs:4:15
[INFO] [stdout]   |
[INFO] [stdout] 4 | use juniper::{GraphQLEnum, GraphQLObject};
[INFO] [stdout]   |               ^^^^^^^^^^^  ^^^^^^^^^^^^^
[INFO] [stdout] 
[INFO] [stdout] 
[INFO] [stdout] warning: unused imports: `Hash`, `PaddingScheme`, and `PublicKey`
[INFO] [stdout]  --> src/models.rs:8:5
[INFO] [stdout]   |
[INFO] [stdout] 8 |     Hash, PaddingScheme, PublicKey, RsaPrivateKey, RsaPublicKey,
[INFO] [stdout]   |     ^^^^  ^^^^^^^^^^^^^  ^^^^^^^^^
[INFO] [stdout] 
[INFO] [stdout] 
[INFO] [stdout] warning: unnecessary parentheses around `if` condition
[INFO] [stdout]   --> src/models.rs:48:12
[INFO] [stdout]    |
[INFO] [stdout] 48 |         if (self.private_key_pem_file.is_some()) {
[INFO] [stdout]    |            ^                                   ^
[INFO] [stdout]    |
[INFO] [stdout]    = note: `#[warn(unused_parens)]` on by default
[INFO] [stdout] help: remove these parentheses
[INFO] [stdout]    |
[INFO] [stdout] 48 -         if (self.private_key_pem_file.is_some()) {
[INFO] [stdout] 48 +         if self.private_key_pem_file.is_some() {
[INFO] [stdout]    |
[INFO] [stdout] 
[INFO] [stdout] 
[INFO] [stdout] warning: unnecessary parentheses around `if` condition
[INFO] [stdout]   --> src/models.rs:63:12
[INFO] [stdout]    |
[INFO] [stdout] 63 |         if (self.alipay_public_key_pem_file.is_some()) {
[INFO] [stdout]    |            ^                                         ^
[INFO] [stdout]    |
[INFO] [stdout] help: remove these parentheses
[INFO] [stdout]    |
[INFO] [stdout] 63 -         if (self.alipay_public_key_pem_file.is_some()) {
[INFO] [stdout] 63 +         if self.alipay_public_key_pem_file.is_some() {
[INFO] [stdout]    |
[INFO] [stdout] 
[INFO] [stdout] 
[INFO] [stdout] warning: variant `MINI_APP` should have an upper camel case name
[INFO] [stdout]    --> src/models.rs:297:5
[INFO] [stdout]     |
[INFO] [stdout] 297 |     MINI_APP,
[INFO] [stdout]     |     ^^^^^^^^ help: convert the identifier to upper camel case: `MiniApp`
[INFO] [stdout]     |
[INFO] [stdout]     = note: `#[warn(non_camel_case_types)]` on by default
[INFO] [stdout] 
[INFO] [stdout] 
[INFO] [stdout] warning: variant `ACCESS_DENIED` should have an upper camel case name
[INFO] [stdout]    --> src/models.rs:554:5
[INFO] [stdout]     |
[INFO] [stdout] 554 |     ACCESS_DENIED,
[INFO] [stdout]     |     ^^^^^^^^^^^^^ help: convert the identifier to upper camel case: `AccessDenied`
[INFO] [stdout] 
[INFO] [stdout] 
[INFO] [stdout] warning: variant `INVALID_API` should have an upper camel case name
[INFO] [stdout]    --> src/models.rs:555:5
[INFO] [stdout]     |
[INFO] [stdout] 555 |     INVALID_API,
[INFO] [stdout]     |     ^^^^^^^^^^^ help: convert the identifier to upper camel case: `InvalidApi`
[INFO] [stdout] 
[INFO] [stdout] 
[INFO] [stdout] warning: variant `CURRENCY_NOT_SUPPORT` should have an upper camel case name
[INFO] [stdout]    --> src/models.rs:556:5
[INFO] [stdout]     |
[INFO] [stdout] 556 |     CURRENCY_NOT_SUPPORT,
[INFO] [stdout]     |     ^^^^^^^^^^^^^^^^^^^^ help: convert the identifier to upper camel case: `CurrencyNotSupport`
[INFO] [stdout] 
[INFO] [stdout] 
[INFO] [stdout] warning: variant `EXPIRED_CODE` should have an upper camel case name
[INFO] [stdout]    --> src/models.rs:557:5
[INFO] [stdout]     |
[INFO] [stdout] 557 |     EXPIRED_CODE,
[INFO] [stdout]     |     ^^^^^^^^^^^^ help: convert the identifier to upper camel case: `ExpiredCode`
[INFO] [stdout] 
[INFO] [stdout] 
[INFO] [stdout] warning: variant `FRAUD_REJECT` should have an upper camel case name
[INFO] [stdout]    --> src/models.rs:558:5
[INFO] [stdout]     |
[INFO] [stdout] 558 |     FRAUD_REJECT,
[INFO] [stdout]     |     ^^^^^^^^^^^^ help: convert the identifier to upper camel case: `FraudReject`
[INFO] [stdout] 
[INFO] [stdout] 
[INFO] [stdout] warning: variant `INVALID_ACCESS_TOKEN` should have an upper camel case name
[INFO] [stdout]    --> src/models.rs:559:5
[INFO] [stdout]     |
[INFO] [stdout] 559 |     INVALID_ACCESS_TOKEN,
[INFO] [stdout]     |     ^^^^^^^^^^^^^^^^^^^^ help: convert the identifier to upper camel case: `InvalidAccessToken`
[INFO] [stdout] 
[INFO] [stdout] 
[INFO] [stdout] warning: variant `INVALID_CONTRACT` should have an upper camel case name
[INFO] [stdout]    --> src/models.rs:560:5
[INFO] [stdout]     |
[INFO] [stdout] 560 |     INVALID_CONTRACT,
[INFO] [stdout]     |     ^^^^^^^^^^^^^^^^ help: convert the identifier to upper camel case: `InvalidContract`
[INFO] [stdout] 
[INFO] [stdout] 
[INFO] [stdout] warning: variant `INVALID_MERCHANT_STATUS` should have an upper camel case name
[INFO] [stdout]    --> src/models.rs:561:5
[INFO] [stdout]     |
[INFO] [stdout] 561 |     INVALID_MERCHANT_STATUS,
[INFO] [stdout]     |     ^^^^^^^^^^^^^^^^^^^^^^^ help: convert the identifier to upper camel case: `InvalidMerchantStatus`
[INFO] [stdout] 
[INFO] [stdout] 
[INFO] [stdout] warning: variant `INVALID_PAYMENT_CODE` should have an upper camel case name
[INFO] [stdout]    --> src/models.rs:562:5
[INFO] [stdout]     |
[INFO] [stdout] 562 |     INVALID_PAYMENT_CODE,
[INFO] [stdout]     |     ^^^^^^^^^^^^^^^^^^^^ help: convert the identifier to upper camel case: `InvalidPaymentCode`
[INFO] [stdout] 
[INFO] [stdout] 
[INFO] [stdout] warning: variant `INVALID_PAYMENT_METHOD_META_DATA` should have an upper camel case name
[INFO] [stdout]    --> src/models.rs:563:5
[INFO] [stdout]     |
[INFO] [stdout] 563 |     INVALID_PAYMENT_METHOD_META_DATA,
[INFO] [stdout]     |     ^^^^^^^^^^^^^^^^^^^^^^^^^^^^^^^^ help: convert the identifier to upper camel case: `InvalidPaymentMethodMetaData`
[INFO] [stdout] 
[INFO] [stdout] 
[INFO] [stdout] warning: variant `KEY_NOT_FOUND` should have an upper camel case name
[INFO] [stdout]    --> src/models.rs:564:5
[INFO] [stdout]     |
[INFO] [stdout] 564 |     KEY_NOT_FOUND,
[INFO] [stdout]     |     ^^^^^^^^^^^^^ help: convert the identifier to upper camel case: `KeyNotFound`
[INFO] [stdout] 
[INFO] [stdout] 
[INFO] [stdout] warning: variant `MERCHANT_KYB_NOT_QUALIFIED` should have an upper camel case name
[INFO] [stdout]    --> src/models.rs:565:5
[INFO] [stdout]     |
[INFO] [stdout] 565 |     MERCHANT_KYB_NOT_QUALIFIED,
[INFO] [stdout]     |     ^^^^^^^^^^^^^^^^^^^^^^^^^^ help: convert the identifier to upper camel case: `MerchantKybNotQualified`
[INFO] [stdout] 
[INFO] [stdout] 
[INFO] [stdout] warning: variant `MERCHANT_NOT_REGISTERED` should have an upper camel case name
[INFO] [stdout]    --> src/models.rs:566:5
[INFO] [stdout]     |
[INFO] [stdout] 566 |     MERCHANT_NOT_REGISTERED,
[INFO] [stdout]     |     ^^^^^^^^^^^^^^^^^^^^^^^ help: convert the identifier to upper camel case: `MerchantNotRegistered`
[INFO] [stdout] 
[INFO] [stdout] 
[INFO] [stdout] warning: variant `NO_INTERFACE_DEF` should have an upper camel case name
[INFO] [stdout]    --> src/models.rs:567:5
[INFO] [stdout]     |
[INFO] [stdout] 567 |     NO_INTERFACE_DEF,
[INFO] [stdout]     |     ^^^^^^^^^^^^^^^^ help: convert the identifier to upper camel case: `NoInterfaceDef`
[INFO] [stdout] 
[INFO] [stdout] 
[INFO] [stdout] warning: variant `NO_PAY_OPTIONS` should have an upper camel case name
[INFO] [stdout]    --> src/models.rs:568:5
[INFO] [stdout]     |
[INFO] [stdout] 568 |     NO_PAY_OPTIONS,
[INFO] [stdout]     |     ^^^^^^^^^^^^^^ help: convert the identifier to upper camel case: `NoPayOptions`
[INFO] [stdout] 
[INFO] [stdout] 
[INFO] [stdout] warning: variant `ORDER_IS_CANCELED` should have an upper camel case name
[INFO] [stdout]    --> src/models.rs:569:5
[INFO] [stdout]     |
[INFO] [stdout] 569 |     ORDER_IS_CANCELED,
[INFO] [stdout]     |     ^^^^^^^^^^^^^^^^^ help: convert the identifier to upper camel case: `OrderIsCanceled`
[INFO] [stdout] 
[INFO] [stdout] 
[INFO] [stdout] warning: variant `ORDER_IS_CLOSED` should have an upper camel case name
[INFO] [stdout]    --> src/models.rs:570:5
[INFO] [stdout]     |
[INFO] [stdout] 570 |     ORDER_IS_CLOSED,
[INFO] [stdout]     |     ^^^^^^^^^^^^^^^ help: convert the identifier to upper camel case: `OrderIsClosed`
[INFO] [stdout] 
[INFO] [stdout] 
[INFO] [stdout] warning: variant `PARAM_ILLEGAL` should have an upper camel case name
[INFO] [stdout]    --> src/models.rs:571:5
[INFO] [stdout]     |
[INFO] [stdout] 571 |     PARAM_ILLEGAL,
[INFO] [stdout]     |     ^^^^^^^^^^^^^ help: convert the identifier to upper camel case: `ParamIllegal`
[INFO] [stdout] 
[INFO] [stdout] 
[INFO] [stdout] warning: variant `PAYMENT_AMOUNT_EXCEED_LIMIT` should have an upper camel case name
[INFO] [stdout]    --> src/models.rs:572:5
[INFO] [stdout]     |
[INFO] [stdout] 572 |     PAYMENT_AMOUNT_EXCEED_LIMIT,
[INFO] [stdout]     |     ^^^^^^^^^^^^^^^^^^^^^^^^^^^ help: convert the identifier to upper camel case: `PaymentAmountExceedLimit`
[INFO] [stdout] 
[INFO] [stdout] 
[INFO] [stdout] warning: variant `PAYMENT_COUNT_EXCEED_LIMIT` should have an upper camel case name
[INFO] [stdout]    --> src/models.rs:573:5
[INFO] [stdout]     |
[INFO] [stdout] 573 |     PAYMENT_COUNT_EXCEED_LIMIT,
[INFO] [stdout]     |     ^^^^^^^^^^^^^^^^^^^^^^^^^^ help: convert the identifier to upper camel case: `PaymentCountExceedLimit`
[INFO] [stdout] 
[INFO] [stdout] 
[INFO] [stdout] warning: variant `PAYMENT_NOT_QUALIFIED` should have an upper camel case name
[INFO] [stdout]    --> src/models.rs:574:5
[INFO] [stdout]     |
[INFO] [stdout] 574 |     PAYMENT_NOT_QUALIFIED,
[INFO] [stdout]     |     ^^^^^^^^^^^^^^^^^^^^^ help: convert the identifier to upper camel case: `PaymentNotQualified`
[INFO] [stdout] 
[INFO] [stdout] 
[INFO] [stdout] warning: variant `PROCESS_FAIL` should have an upper camel case name
[INFO] [stdout]    --> src/models.rs:575:5
[INFO] [stdout]     |
[INFO] [stdout] 575 |     PROCESS_FAIL,
[INFO] [stdout]     |     ^^^^^^^^^^^^ help: convert the identifier to upper camel case: `ProcessFail`
[INFO] [stdout] 
[INFO] [stdout] 
[INFO] [stdout] warning: variant `REPEAT_REQ_INCONSISTENT` should have an upper camel case name
[INFO] [stdout]    --> src/models.rs:576:5
[INFO] [stdout]     |
[INFO] [stdout] 576 |     REPEAT_REQ_INCONSISTENT,
[INFO] [stdout]     |     ^^^^^^^^^^^^^^^^^^^^^^^ help: convert the identifier to upper camel case: `RepeatReqInconsistent`
[INFO] [stdout] 
[INFO] [stdout] 
[INFO] [stdout] warning: variant `RISK_REJECT` should have an upper camel case name
[INFO] [stdout]    --> src/models.rs:577:5
[INFO] [stdout]     |
[INFO] [stdout] 577 |     RISK_REJECT,
[INFO] [stdout]     |     ^^^^^^^^^^^ help: convert the identifier to upper camel case: `RiskReject`
[INFO] [stdout] 
[INFO] [stdout] 
[INFO] [stdout] warning: variant `SETTLE_CONTRACT_NOT_MATCH` should have an upper camel case name
[INFO] [stdout]    --> src/models.rs:578:5
[INFO] [stdout]     |
[INFO] [stdout] 578 |     SETTLE_CONTRACT_NOT_MATCH,
[INFO] [stdout]     |     ^^^^^^^^^^^^^^^^^^^^^^^^^ help: convert the identifier to upper camel case: `SettleContractNotMatch`
[INFO] [stdout] 
[INFO] [stdout] 
[INFO] [stdout] warning: variant `SYSTEM_ERROR` should have an upper camel case name
[INFO] [stdout]    --> src/models.rs:579:5
[INFO] [stdout]     |
[INFO] [stdout] 579 |     SYSTEM_ERROR,
[INFO] [stdout]     |     ^^^^^^^^^^^^ help: convert the identifier to upper camel case: `SystemError`
[INFO] [stdout] 
[INFO] [stdout] 
[INFO] [stdout] warning: variant `USER_AMOUNT_EXCEED_LIMIT` should have an upper camel case name
[INFO] [stdout]    --> src/models.rs:580:5
[INFO] [stdout]     |
[INFO] [stdout] 580 |     USER_AMOUNT_EXCEED_LIMIT,
[INFO] [stdout]     |     ^^^^^^^^^^^^^^^^^^^^^^^^ help: convert the identifier to upper camel case: `UserAmountExceedLimit`
[INFO] [stdout] 
[INFO] [stdout] 
[INFO] [stdout] warning: variant `USER_BALANCE_NOT_ENOUGH` should have an upper camel case name
[INFO] [stdout]    --> src/models.rs:581:5
[INFO] [stdout]     |
[INFO] [stdout] 581 |     USER_BALANCE_NOT_ENOUGH,
[INFO] [stdout]     |     ^^^^^^^^^^^^^^^^^^^^^^^ help: convert the identifier to upper camel case: `UserBalanceNotEnough`
[INFO] [stdout] 
[INFO] [stdout] 
[INFO] [stdout] warning: variant `USER_KYC_NOT_QUALIFIED` should have an upper camel case name
[INFO] [stdout]    --> src/models.rs:582:5
[INFO] [stdout]     |
[INFO] [stdout] 582 |     USER_KYC_NOT_QUALIFIED,
[INFO] [stdout]     |     ^^^^^^^^^^^^^^^^^^^^^^ help: convert the identifier to upper camel case: `UserKycNotQualified`
[INFO] [stdout] 
[INFO] [stdout] 
[INFO] [stdout] warning: variant `PAYMENT_IN_PROCESS` should have an upper camel case name
[INFO] [stdout]    --> src/models.rs:583:5
[INFO] [stdout]     |
[INFO] [stdout] 583 |     PAYMENT_IN_PROCESS,
[INFO] [stdout]     |     ^^^^^^^^^^^^^^^^^^ help: convert the identifier to upper camel case: `PaymentInProcess`
[INFO] [stdout] 
[INFO] [stdout] 
[INFO] [stdout] warning: variant `REQUEST_TRAFFIC_EXCEED_LIMIT` should have an upper camel case name
[INFO] [stdout]    --> src/models.rs:584:5
[INFO] [stdout]     |
[INFO] [stdout] 584 |     REQUEST_TRAFFIC_EXCEED_LIMIT,
[INFO] [stdout]     |     ^^^^^^^^^^^^^^^^^^^^^^^^^^^^ help: convert the identifier to upper camel case: `RequestTrafficExceedLimit`
[INFO] [stdout] 
[INFO] [stdout] 
[INFO] [stdout] warning: variant `UNKNOWN_EXCEPTION` should have an upper camel case name
[INFO] [stdout]    --> src/models.rs:585:5
[INFO] [stdout]     |
[INFO] [stdout] 585 |     UNKNOWN_EXCEPTION,
[INFO] [stdout]     |     ^^^^^^^^^^^^^^^^^ help: convert the identifier to upper camel case: `UnknownException`
[INFO] [stdout] 
[INFO] [stdout] 
[INFO] [stdout] warning: variant `USER_NOT_EXIST` should have an upper camel case name
[INFO] [stdout]    --> src/models.rs:586:5
[INFO] [stdout]     |
[INFO] [stdout] 586 |     USER_NOT_EXIST,
[INFO] [stdout]     |     ^^^^^^^^^^^^^^ help: convert the identifier to upper camel case: `UserNotExist`
[INFO] [stdout] 
[INFO] [stdout] 
[INFO] [stdout] warning: variant `ORDER_NOT_EXIST` should have an upper camel case name
[INFO] [stdout]    --> src/models.rs:587:5
[INFO] [stdout]     |
[INFO] [stdout] 587 |     ORDER_NOT_EXIST,
[INFO] [stdout]     |     ^^^^^^^^^^^^^^^ help: convert the identifier to upper camel case: `OrderNotExist`
[INFO] [stdout] 
[INFO] [stdout] 
[INFO] [stdout] warning: variant `ORDER_STATUS_INVALID` should have an upper camel case name
[INFO] [stdout]    --> src/models.rs:588:5
[INFO] [stdout]     |
[INFO] [stdout] 588 |     ORDER_STATUS_INVALID,
[INFO] [stdout]     |     ^^^^^^^^^^^^^^^^^^^^ help: convert the identifier to upper camel case: `OrderStatusInvalid`
[INFO] [stdout] 
[INFO] [stdout] 
[INFO] [stdout] warning: variant `USER_PAYMENT_VERIFICATION_FAILED` should have an upper camel case name
[INFO] [stdout]    --> src/models.rs:589:5
[INFO] [stdout]     |
[INFO] [stdout] 589 |     USER_PAYMENT_VERIFICATION_FAILED,
[INFO] [stdout]     |     ^^^^^^^^^^^^^^^^^^^^^^^^^^^^^^^^ help: convert the identifier to upper camel case: `UserPaymentVerificationFailed`
[INFO] [stdout] 
[INFO] [stdout] 
[INFO] [stdout] warning: variant `USER_STATUS_ABNORMAL` should have an upper camel case name
[INFO] [stdout]    --> src/models.rs:590:5
[INFO] [stdout]     |
[INFO] [stdout] 590 |     USER_STATUS_ABNORMAL,
[INFO] [stdout]     |     ^^^^^^^^^^^^^^^^^^^^ help: convert the identifier to upper camel case: `UserStatusAbnormal`
[INFO] [stdout] 
[INFO] [stdout] 
[INFO] [stdout] warning: variant `VERIFY_TIMES_EXCEED_LIMIT` should have an upper camel case name
[INFO] [stdout]    --> src/models.rs:591:5
[INFO] [stdout]     |
[INFO] [stdout] 591 |     VERIFY_TIMES_EXCEED_LIMIT,
[INFO] [stdout]     |     ^^^^^^^^^^^^^^^^^^^^^^^^^ help: convert the identifier to upper camel case: `VerifyTimesExceedLimit`
[INFO] [stdout] 
[INFO] [stdout] 
[INFO] [stdout] warning: variant `VERIFY_UNMATCHED` should have an upper camel case name
[INFO] [stdout]    --> src/models.rs:592:5
[INFO] [stdout]     |
[INFO] [stdout] 592 |     VERIFY_UNMATCHED,
[INFO] [stdout]     |     ^^^^^^^^^^^^^^^^ help: convert the identifier to upper camel case: `VerifyUnmatched`
[INFO] [stdout] 
[INFO] [stdout] 
[INFO] [stdout] warning: variant `AUTHENTICATION_REQUIRED` should have an upper camel case name
[INFO] [stdout]    --> src/models.rs:593:5
[INFO] [stdout]     |
[INFO] [stdout] 593 |     AUTHENTICATION_REQUIRED,
[INFO] [stdout]     |     ^^^^^^^^^^^^^^^^^^^^^^^ help: convert the identifier to upper camel case: `AuthenticationRequired`
[INFO] [stdout] 
[INFO] [stdout] 
[INFO] [stdout] warning: variant `SELECTED_CARD_BRAND_NOT_AVAILABLE` should have an upper camel case name
[INFO] [stdout]    --> src/models.rs:594:5
[INFO] [stdout]     |
[INFO] [stdout] 594 |     SELECTED_CARD_BRAND_NOT_AVAILABLE,
[INFO] [stdout]     |     ^^^^^^^^^^^^^^^^^^^^^^^^^^^^^^^^^ help: convert the identifier to upper camel case: `SelectedCardBrandNotAvailable`
[INFO] [stdout] 
[INFO] [stdout] 
[INFO] [stdout] warning: variant `PAYMENT_PROHIBITED` should have an upper camel case name
[INFO] [stdout]    --> src/models.rs:595:5
[INFO] [stdout]     |
[INFO] [stdout] 595 |     PAYMENT_PROHIBITED,
[INFO] [stdout]     |     ^^^^^^^^^^^^^^^^^^ help: convert the identifier to upper camel case: `PaymentProhibited`
[INFO] [stdout] 
[INFO] [stdout] 
[INFO] [stdout] warning: variant `REFUND_AMOUNT_EXCEED` should have an upper camel case name
[INFO] [stdout]    --> src/models.rs:596:5
[INFO] [stdout]     |
[INFO] [stdout] 596 |     REFUND_AMOUNT_EXCEED,
[INFO] [stdout]     |     ^^^^^^^^^^^^^^^^^^^^ help: convert the identifier to upper camel case: `RefundAmountExceed`
[INFO] [stdout] 
[INFO] [stdout] 
[INFO] [stdout] warning: variant `REFUND_WINDOW_EXCEED` should have an upper camel case name
[INFO] [stdout]    --> src/models.rs:597:5
[INFO] [stdout]     |
[INFO] [stdout] 597 |     REFUND_WINDOW_EXCEED,
[INFO] [stdout]     |     ^^^^^^^^^^^^^^^^^^^^ help: convert the identifier to upper camel case: `RefundWindowExceed`
[INFO] [stdout] 
[INFO] [stdout] 
[INFO] [stdout] warning: variant `REFUND_IN_PROCESS` should have an upper camel case name
[INFO] [stdout]    --> src/models.rs:598:5
[INFO] [stdout]     |
[INFO] [stdout] 598 |     REFUND_IN_PROCESS,
[INFO] [stdout]     |     ^^^^^^^^^^^^^^^^^ help: convert the identifier to upper camel case: `RefundInProcess`
[INFO] [stdout] 
[INFO] [stdout] 
[INFO] [stdout] warning: variant `REFUND_NOT_SUPPORTED` should have an upper camel case name
[INFO] [stdout]    --> src/models.rs:599:5
[INFO] [stdout]     |
[INFO] [stdout] 599 |     REFUND_NOT_SUPPORTED,
[INFO] [stdout]     |     ^^^^^^^^^^^^^^^^^^^^ help: convert the identifier to upper camel case: `RefundNotSupported`
[INFO] [stdout] 
[INFO] [stdout] 
[INFO] [stdout] warning: unused import: `std::str::FromStr`
[INFO] [stdout]  --> src/pay.rs:1:5
[INFO] [stdout]   |
[INFO] [stdout] 1 | use std::str::FromStr;
[INFO] [stdout]   |     ^^^^^^^^^^^^^^^^^
[INFO] [stdout] 
[INFO] [stdout] 
[INFO] [stdout] warning: unused imports: `AlipayAction` and `Signable`
[INFO] [stdout]  --> src/pay.rs:4:85
[INFO] [stdout]   |
[INFO] [stdout] 4 | use super::models::{AlipayClientSecret, CashierPaymentSimple, RequestEnv, Response, Signable, AlipayAction};
[INFO] [stdout]   |                                                                                     ^^^^^^^^  ^^^^^^^^^^^^
[INFO] [stdout] 
[INFO] [stdout] 
[INFO] [stdout] warning: unused import: `rsa::Hash`
[INFO] [stdout]  --> src/pay.rs:9:5
[INFO] [stdout]   |
[INFO] [stdout] 9 | use rsa::Hash;
[INFO] [stdout]   |     ^^^^^^^^^
[INFO] [stdout] 
[INFO] [stdout] 
[INFO] [stdout] warning: unused import: `borrow::BorrowMut`
[INFO] [stdout]  --> src/sign.rs:2:5
[INFO] [stdout]   |
[INFO] [stdout] 2 |     borrow::BorrowMut,
[INFO] [stdout]   |     ^^^^^^^^^^^^^^^^^
[INFO] [stdout] 
[INFO] [stdout] 
[INFO] [stdout] warning: unused imports: `RsaPrivateKey`, `RsaPublicKey`, `pkcs1::DecodeRsaPrivateKey`, and `pkcs8::DecodePublicKey`
[INFO] [stdout]  --> src/sign.rs:7:5
[INFO] [stdout]   |
[INFO] [stdout] 7 |     pkcs1::DecodeRsaPrivateKey, pkcs8::DecodePublicKey, Hash, PaddingScheme, PublicKey,
[INFO] [stdout]   |     ^^^^^^^^^^^^^^^^^^^^^^^^^^  ^^^^^^^^^^^^^^^^^^^^^^
[INFO] [stdout] 8 |     RsaPrivateKey, RsaPublicKey,
[INFO] [stdout]   |     ^^^^^^^^^^^^^  ^^^^^^^^^^^^
[INFO] [stdout] 
[INFO] [stdout] 
[INFO] [stdout] warning: unused import: `DateTime`
[INFO] [stdout]  --> src/webhook.rs:1:14
[INFO] [stdout]   |
[INFO] [stdout] 1 | use chrono::{DateTime, Utc};
[INFO] [stdout]   |              ^^^^^^^^
[INFO] [stdout] 
[INFO] [stdout] 
[INFO] [stdout] warning: unused imports: `CashierPaymentInquiry`, `NotifyPayment`, and `RequestEnv`
[INFO] [stdout]  --> src/webhook.rs:7:25
[INFO] [stdout]   |
[INFO] [stdout] 7 |     AlipayClientSecret, CashierPaymentInquiry, RequestEnv,
[INFO] [stdout]   |                         ^^^^^^^^^^^^^^^^^^^^^  ^^^^^^^^^^
[INFO] [stdout] 8 |     NotifyPayment, WebhookData, WebhookResponse, WebhookResponseInput,
[INFO] [stdout]   |     ^^^^^^^^^^^^^
[INFO] [stdout] 
[INFO] [stdout] 
[INFO] [stdout] warning: unused import: `super::response::parse_response`
[INFO] [stdout]   --> src/webhook.rs:12:5
[INFO] [stdout]    |
[INFO] [stdout] 12 | use super::response::parse_response;
[INFO] [stdout]    |     ^^^^^^^^^^^^^^^^^^^^^^^^^^^^^^^
[INFO] [stdout] 
[INFO] [stdout] 
[INFO] [stdout] warning: use of deprecated function `base64::decode`: Use Engine::decode
[INFO] [stdout]   --> src/sign.rs:36:43
[INFO] [stdout]    |
[INFO] [stdout] 36 |     if let Ok(decode_signature) = base64::decode(signature) {
[INFO] [stdout]    |                                           ^^^^^^
[INFO] [stdout]    |
[INFO] [stdout]    = note: `#[warn(deprecated)]` on by default
[INFO] [stdout] 
[INFO] [stdout] 
[INFO] [stdout] warning: unused variable: `verify`
[INFO] [stdout]   --> src/inquiry.rs:41:9
[INFO] [stdout]    |
[INFO] [stdout] 41 |     let verify = verify(
[INFO] [stdout]    |         ^^^^^^ help: if this is intentional, prefix it with an underscore: `_verify`
[INFO] [stdout]    |
[INFO] [stdout]    = note: `#[warn(unused_variables)]` on by default
[INFO] [stdout] 
[INFO] [stdout] 
[INFO] [stdout] warning: unused variable: `value`
[INFO] [stdout]    --> src/models.rs:354:13
[INFO] [stdout]     |
[INFO] [stdout] 354 |     fn from(value: &CashierPaymentSimple) -> Self {
[INFO] [stdout]     |             ^^^^^ help: if this is intentional, prefix it with an underscore: `_value`
[INFO] [stdout] 
[INFO] [stdout] 
[INFO] [stdout] warning: unused variable: `verify`
[INFO] [stdout]   --> src/pay.rs:52:9
[INFO] [stdout]    |
[INFO] [stdout] 52 |     let verify = verify(
[INFO] [stdout]    |         ^^^^^^ help: if this is intentional, prefix it with an underscore: `_verify`
[INFO] [stdout] 
[INFO] [stdout] 
[INFO] [stdout] warning: unused variable: `verify`
[INFO] [stdout]   --> src/refund.rs:42:9
[INFO] [stdout]    |
[INFO] [stdout] 42 |     let verify = verify(
[INFO] [stdout]    |         ^^^^^^ help: if this is intentional, prefix it with an underscore: `_verify`
[INFO] [stdout] 
[INFO] [stdout] 
[INFO] [stdout] warning: unused variable: `verify`
[INFO] [stdout]   --> src/webhook.rs:18:9
[INFO] [stdout]    |
[INFO] [stdout] 18 |     let verify = verify(
[INFO] [stdout]    |         ^^^^^^ help: if this is intentional, prefix it with an underscore: `_verify`
[INFO] [stdout] 
[INFO] [stdout] 
[INFO] [stderr]     Finished `dev` profile [unoptimized + debuginfo] target(s) in 13.83s
[INFO] running `Command { std: "docker" "inspect" "e67355392814db08920af66ea4e0b1589841ad13399c337c371f4a5a49aa8370", kill_on_drop: false }`
[INFO] running `Command { std: "docker" "rm" "-f" "e67355392814db08920af66ea4e0b1589841ad13399c337c371f4a5a49aa8370", kill_on_drop: false }`
[INFO] [stdout] e67355392814db08920af66ea4e0b1589841ad13399c337c371f4a5a49aa8370
[INFO] running `Command { std: "docker" "create" "-v" "/var/lib/crater-agent-workspace/builds/worker-0-tc1/target:/opt/rustwide/target:rw,Z" "-v" "/var/lib/crater-agent-workspace/builds/worker-0-tc1/source:/opt/rustwide/workdir:ro,Z" "-v" "/var/lib/crater-agent-workspace/cargo-home:/opt/rustwide/cargo-home:ro,Z" "-v" "/var/lib/crater-agent-workspace/rustup-home:/opt/rustwide/rustup-home:ro,Z" "-e" "SOURCE_DIR=/opt/rustwide/workdir" "-e" "CARGO_TARGET_DIR=/opt/rustwide/target" "-e" "CARGO_INCREMENTAL=0" "-e" "RUST_BACKTRACE=full" "-e" "RUSTFLAGS=--cap-lints=forbid" "-e" "RUSTDOCFLAGS=--cap-lints=forbid" "-e" "CARGO_HOME=/opt/rustwide/cargo-home" "-e" "RUSTUP_HOME=/opt/rustwide/rustup-home" "-w" "/opt/rustwide/workdir" "-m" "1610612736" "--user" "0:0" "--network" "none" "ghcr.io/rust-lang/crates-build-env/linux@sha256:4a844ea9eb2546a2d2c7022eacef16ef2e8229c7fbb2c7d4d55a9ceca922f72d" "/opt/rustwide/cargo-home/bin/cargo" "+nightly-2024-10-28" "test" "--frozen" "--no-run" "--message-format=json", kill_on_drop: false }`
[INFO] [stdout] 1f3fa501393f86c90673ba3aec65066f5f75c95d47902bc87a4051d96c3a7f89
[INFO] running `Command { std: "docker" "start" "-a" "1f3fa501393f86c90673ba3aec65066f5f75c95d47902bc87a4051d96c3a7f89", kill_on_drop: false }`
[INFO] [stdout] warning: unused import: `std::fmt::format`
[INFO] [stdout]  --> src/errors.rs:1:5
[INFO] [stdout]   |
[INFO] [stdout] 1 | use std::fmt::format;
[INFO] [stdout]   |     ^^^^^^^^^^^^^^^^
[INFO] [stdout]   |
[INFO] [stdout]   = note: `#[warn(unused_imports)]` on by default
[INFO] [stdout] 
[INFO] [stdout] 
[INFO] [stdout] warning: unused import: `base64::Engine`
[INFO] [stdout]  --> src/models.rs:2:5
[INFO] [stdout]   |
[INFO] [stdout] 2 | use base64::Engine;
[INFO] [stdout]   |     ^^^^^^^^^^^^^^
[INFO] [stdout] 
[INFO] [stdout] 
[INFO] [stdout] warning: unused imports: `GraphQLEnum` and `GraphQLObject`
[INFO] [stdout]  --> src/models.rs:4:15
[INFO] [stdout]   |
[INFO] [stdout] 4 | use juniper::{GraphQLEnum, GraphQLObject};
[INFO] [stdout]   |               ^^^^^^^^^^^  ^^^^^^^^^^^^^
[INFO] [stdout] 
[INFO] [stdout] 
[INFO] [stdout] warning: unused imports: `Hash`, `PaddingScheme`, and `PublicKey`
[INFO] [stdout]  --> src/models.rs:8:5
[INFO] [stdout]   |
[INFO] [stdout] 8 |     Hash, PaddingScheme, PublicKey, RsaPrivateKey, RsaPublicKey,
[INFO] [stdout]   |     ^^^^  ^^^^^^^^^^^^^  ^^^^^^^^^
[INFO] [stdout] 
[INFO] [stdout] 
[INFO] [stdout] warning: unnecessary parentheses around `if` condition
[INFO] [stdout]   --> src/models.rs:48:12
[INFO] [stdout]    |
[INFO] [stdout] 48 |         if (self.private_key_pem_file.is_some()) {
[INFO] [stdout]    |            ^                                   ^
[INFO] [stdout]    |
[INFO] [stdout]    = note: `#[warn(unused_parens)]` on by default
[INFO] [stdout] help: remove these parentheses
[INFO] [stdout]    |
[INFO] [stdout] 48 -         if (self.private_key_pem_file.is_some()) {
[INFO] [stdout] 48 +         if self.private_key_pem_file.is_some() {
[INFO] [stdout]    |
[INFO] [stdout] 
[INFO] [stdout] 
[INFO] [stdout] warning: unnecessary parentheses around `if` condition
[INFO] [stdout]   --> src/models.rs:63:12
[INFO] [stdout]    |
[INFO] [stdout] 63 |         if (self.alipay_public_key_pem_file.is_some()) {
[INFO] [stdout]    |            ^                                         ^
[INFO] [stdout]    |
[INFO] [stdout] help: remove these parentheses
[INFO] [stdout]    |
[INFO] [stdout] 63 -         if (self.alipay_public_key_pem_file.is_some()) {
[INFO] [stdout] 63 +         if self.alipay_public_key_pem_file.is_some() {
[INFO] [stdout]    |
[INFO] [stdout] 
[INFO] [stdout] 
[INFO] [stdout] warning: variant `MINI_APP` should have an upper camel case name
[INFO] [stdout]    --> src/models.rs:297:5
[INFO] [stdout]     |
[INFO] [stdout] 297 |     MINI_APP,
[INFO] [stdout]     |     ^^^^^^^^ help: convert the identifier to upper camel case: `MiniApp`
[INFO] [stdout]     |
[INFO] [stdout]     = note: `#[warn(non_camel_case_types)]` on by default
[INFO] [stdout] 
[INFO] [stdout] 
[INFO] [stdout] warning: variant `ACCESS_DENIED` should have an upper camel case name
[INFO] [stdout]    --> src/models.rs:554:5
[INFO] [stdout]     |
[INFO] [stdout] 554 |     ACCESS_DENIED,
[INFO] [stdout]     |     ^^^^^^^^^^^^^ help: convert the identifier to upper camel case: `AccessDenied`
[INFO] [stdout] 
[INFO] [stdout] 
[INFO] [stdout] warning: variant `INVALID_API` should have an upper camel case name
[INFO] [stdout]    --> src/models.rs:555:5
[INFO] [stdout]     |
[INFO] [stdout] 555 |     INVALID_API,
[INFO] [stdout]     |     ^^^^^^^^^^^ help: convert the identifier to upper camel case: `InvalidApi`
[INFO] [stdout] 
[INFO] [stdout] 
[INFO] [stdout] warning: variant `CURRENCY_NOT_SUPPORT` should have an upper camel case name
[INFO] [stdout]    --> src/models.rs:556:5
[INFO] [stdout]     |
[INFO] [stdout] 556 |     CURRENCY_NOT_SUPPORT,
[INFO] [stdout]     |     ^^^^^^^^^^^^^^^^^^^^ help: convert the identifier to upper camel case: `CurrencyNotSupport`
[INFO] [stdout] 
[INFO] [stdout] 
[INFO] [stdout] warning: variant `EXPIRED_CODE` should have an upper camel case name
[INFO] [stdout]    --> src/models.rs:557:5
[INFO] [stdout]     |
[INFO] [stdout] 557 |     EXPIRED_CODE,
[INFO] [stdout]     |     ^^^^^^^^^^^^ help: convert the identifier to upper camel case: `ExpiredCode`
[INFO] [stdout] 
[INFO] [stdout] 
[INFO] [stdout] warning: variant `FRAUD_REJECT` should have an upper camel case name
[INFO] [stdout]    --> src/models.rs:558:5
[INFO] [stdout]     |
[INFO] [stdout] 558 |     FRAUD_REJECT,
[INFO] [stdout]     |     ^^^^^^^^^^^^ help: convert the identifier to upper camel case: `FraudReject`
[INFO] [stdout] 
[INFO] [stdout] 
[INFO] [stdout] warning: variant `INVALID_ACCESS_TOKEN` should have an upper camel case name
[INFO] [stdout]    --> src/models.rs:559:5
[INFO] [stdout]     |
[INFO] [stdout] 559 |     INVALID_ACCESS_TOKEN,
[INFO] [stdout]     |     ^^^^^^^^^^^^^^^^^^^^ help: convert the identifier to upper camel case: `InvalidAccessToken`
[INFO] [stdout] 
[INFO] [stdout] 
[INFO] [stdout] warning: variant `INVALID_CONTRACT` should have an upper camel case name
[INFO] [stdout]    --> src/models.rs:560:5
[INFO] [stdout]     |
[INFO] [stdout] 560 |     INVALID_CONTRACT,
[INFO] [stdout]     |     ^^^^^^^^^^^^^^^^ help: convert the identifier to upper camel case: `InvalidContract`
[INFO] [stdout] 
[INFO] [stdout] 
[INFO] [stdout] warning: variant `INVALID_MERCHANT_STATUS` should have an upper camel case name
[INFO] [stdout]    --> src/models.rs:561:5
[INFO] [stdout]     |
[INFO] [stdout] 561 |     INVALID_MERCHANT_STATUS,
[INFO] [stdout]     |     ^^^^^^^^^^^^^^^^^^^^^^^ help: convert the identifier to upper camel case: `InvalidMerchantStatus`
[INFO] [stdout] 
[INFO] [stdout] 
[INFO] [stdout] warning: variant `INVALID_PAYMENT_CODE` should have an upper camel case name
[INFO] [stdout]    --> src/models.rs:562:5
[INFO] [stdout]     |
[INFO] [stdout] 562 |     INVALID_PAYMENT_CODE,
[INFO] [stdout]     |     ^^^^^^^^^^^^^^^^^^^^ help: convert the identifier to upper camel case: `InvalidPaymentCode`
[INFO] [stdout] 
[INFO] [stdout] 
[INFO] [stdout] warning: variant `INVALID_PAYMENT_METHOD_META_DATA` should have an upper camel case name
[INFO] [stdout]    --> src/models.rs:563:5
[INFO] [stdout]     |
[INFO] [stdout] 563 |     INVALID_PAYMENT_METHOD_META_DATA,
[INFO] [stdout]     |     ^^^^^^^^^^^^^^^^^^^^^^^^^^^^^^^^ help: convert the identifier to upper camel case: `InvalidPaymentMethodMetaData`
[INFO] [stdout] 
[INFO] [stdout] 
[INFO] [stdout] warning: variant `KEY_NOT_FOUND` should have an upper camel case name
[INFO] [stdout]    --> src/models.rs:564:5
[INFO] [stdout]     |
[INFO] [stdout] 564 |     KEY_NOT_FOUND,
[INFO] [stdout]     |     ^^^^^^^^^^^^^ help: convert the identifier to upper camel case: `KeyNotFound`
[INFO] [stdout] 
[INFO] [stdout] 
[INFO] [stdout] warning: variant `MERCHANT_KYB_NOT_QUALIFIED` should have an upper camel case name
[INFO] [stdout]    --> src/models.rs:565:5
[INFO] [stdout]     |
[INFO] [stdout] 565 |     MERCHANT_KYB_NOT_QUALIFIED,
[INFO] [stdout]     |     ^^^^^^^^^^^^^^^^^^^^^^^^^^ help: convert the identifier to upper camel case: `MerchantKybNotQualified`
[INFO] [stdout] 
[INFO] [stdout] 
[INFO] [stdout] warning: variant `MERCHANT_NOT_REGISTERED` should have an upper camel case name
[INFO] [stdout]    --> src/models.rs:566:5
[INFO] [stdout]     |
[INFO] [stdout] 566 |     MERCHANT_NOT_REGISTERED,
[INFO] [stdout]     |     ^^^^^^^^^^^^^^^^^^^^^^^ help: convert the identifier to upper camel case: `MerchantNotRegistered`
[INFO] [stdout] 
[INFO] [stdout] 
[INFO] [stdout] warning: variant `NO_INTERFACE_DEF` should have an upper camel case name
[INFO] [stdout]    --> src/models.rs:567:5
[INFO] [stdout]     |
[INFO] [stdout] 567 |     NO_INTERFACE_DEF,
[INFO] [stdout]     |     ^^^^^^^^^^^^^^^^ help: convert the identifier to upper camel case: `NoInterfaceDef`
[INFO] [stdout] 
[INFO] [stdout] 
[INFO] [stdout] warning: variant `NO_PAY_OPTIONS` should have an upper camel case name
[INFO] [stdout]    --> src/models.rs:568:5
[INFO] [stdout]     |
[INFO] [stdout] 568 |     NO_PAY_OPTIONS,
[INFO] [stdout]     |     ^^^^^^^^^^^^^^ help: convert the identifier to upper camel case: `NoPayOptions`
[INFO] [stdout] 
[INFO] [stdout] 
[INFO] [stdout] warning: variant `ORDER_IS_CANCELED` should have an upper camel case name
[INFO] [stdout]    --> src/models.rs:569:5
[INFO] [stdout]     |
[INFO] [stdout] 569 |     ORDER_IS_CANCELED,
[INFO] [stdout]     |     ^^^^^^^^^^^^^^^^^ help: convert the identifier to upper camel case: `OrderIsCanceled`
[INFO] [stdout] 
[INFO] [stdout] 
[INFO] [stdout] warning: variant `ORDER_IS_CLOSED` should have an upper camel case name
[INFO] [stdout]    --> src/models.rs:570:5
[INFO] [stdout]     |
[INFO] [stdout] 570 |     ORDER_IS_CLOSED,
[INFO] [stdout]     |     ^^^^^^^^^^^^^^^ help: convert the identifier to upper camel case: `OrderIsClosed`
[INFO] [stdout] 
[INFO] [stdout] 
[INFO] [stdout] warning: variant `PARAM_ILLEGAL` should have an upper camel case name
[INFO] [stdout]    --> src/models.rs:571:5
[INFO] [stdout]     |
[INFO] [stdout] 571 |     PARAM_ILLEGAL,
[INFO] [stdout]     |     ^^^^^^^^^^^^^ help: convert the identifier to upper camel case: `ParamIllegal`
[INFO] [stdout] 
[INFO] [stdout] 
[INFO] [stdout] warning: variant `PAYMENT_AMOUNT_EXCEED_LIMIT` should have an upper camel case name
[INFO] [stdout]    --> src/models.rs:572:5
[INFO] [stdout]     |
[INFO] [stdout] 572 |     PAYMENT_AMOUNT_EXCEED_LIMIT,
[INFO] [stdout]     |     ^^^^^^^^^^^^^^^^^^^^^^^^^^^ help: convert the identifier to upper camel case: `PaymentAmountExceedLimit`
[INFO] [stdout] 
[INFO] [stdout] 
[INFO] [stdout] warning: variant `PAYMENT_COUNT_EXCEED_LIMIT` should have an upper camel case name
[INFO] [stdout]    --> src/models.rs:573:5
[INFO] [stdout]     |
[INFO] [stdout] 573 |     PAYMENT_COUNT_EXCEED_LIMIT,
[INFO] [stdout]     |     ^^^^^^^^^^^^^^^^^^^^^^^^^^ help: convert the identifier to upper camel case: `PaymentCountExceedLimit`
[INFO] [stdout] 
[INFO] [stdout] 
[INFO] [stdout] warning: variant `PAYMENT_NOT_QUALIFIED` should have an upper camel case name
[INFO] [stdout]    --> src/models.rs:574:5
[INFO] [stdout]     |
[INFO] [stdout] 574 |     PAYMENT_NOT_QUALIFIED,
[INFO] [stdout]     |     ^^^^^^^^^^^^^^^^^^^^^ help: convert the identifier to upper camel case: `PaymentNotQualified`
[INFO] [stdout] 
[INFO] [stdout] 
[INFO] [stdout] warning: variant `PROCESS_FAIL` should have an upper camel case name
[INFO] [stdout]    --> src/models.rs:575:5
[INFO] [stdout]     |
[INFO] [stdout] 575 |     PROCESS_FAIL,
[INFO] [stdout]     |     ^^^^^^^^^^^^ help: convert the identifier to upper camel case: `ProcessFail`
[INFO] [stdout] 
[INFO] [stdout] 
[INFO] [stdout] warning: variant `REPEAT_REQ_INCONSISTENT` should have an upper camel case name
[INFO] [stdout]    --> src/models.rs:576:5
[INFO] [stdout]     |
[INFO] [stdout] 576 |     REPEAT_REQ_INCONSISTENT,
[INFO] [stdout]     |     ^^^^^^^^^^^^^^^^^^^^^^^ help: convert the identifier to upper camel case: `RepeatReqInconsistent`
[INFO] [stdout] 
[INFO] [stdout] 
[INFO] [stdout] warning: variant `RISK_REJECT` should have an upper camel case name
[INFO] [stdout]    --> src/models.rs:577:5
[INFO] [stdout]     |
[INFO] [stdout] 577 |     RISK_REJECT,
[INFO] [stdout]     |     ^^^^^^^^^^^ help: convert the identifier to upper camel case: `RiskReject`
[INFO] [stdout] 
[INFO] [stdout] 
[INFO] [stdout] warning: variant `SETTLE_CONTRACT_NOT_MATCH` should have an upper camel case name
[INFO] [stdout]    --> src/models.rs:578:5
[INFO] [stdout]     |
[INFO] [stdout] 578 |     SETTLE_CONTRACT_NOT_MATCH,
[INFO] [stdout]     |     ^^^^^^^^^^^^^^^^^^^^^^^^^ help: convert the identifier to upper camel case: `SettleContractNotMatch`
[INFO] [stdout] 
[INFO] [stdout] 
[INFO] [stdout] warning: variant `SYSTEM_ERROR` should have an upper camel case name
[INFO] [stdout]    --> src/models.rs:579:5
[INFO] [stdout]     |
[INFO] [stdout] 579 |     SYSTEM_ERROR,
[INFO] [stdout]     |     ^^^^^^^^^^^^ help: convert the identifier to upper camel case: `SystemError`
[INFO] [stdout] 
[INFO] [stdout] 
[INFO] [stdout] warning: variant `USER_AMOUNT_EXCEED_LIMIT` should have an upper camel case name
[INFO] [stdout]    --> src/models.rs:580:5
[INFO] [stdout]     |
[INFO] [stdout] 580 |     USER_AMOUNT_EXCEED_LIMIT,
[INFO] [stdout]     |     ^^^^^^^^^^^^^^^^^^^^^^^^ help: convert the identifier to upper camel case: `UserAmountExceedLimit`
[INFO] [stdout] 
[INFO] [stdout] 
[INFO] [stdout] warning: variant `USER_BALANCE_NOT_ENOUGH` should have an upper camel case name
[INFO] [stdout]    --> src/models.rs:581:5
[INFO] [stdout]     |
[INFO] [stdout] 581 |     USER_BALANCE_NOT_ENOUGH,
[INFO] [stdout]     |     ^^^^^^^^^^^^^^^^^^^^^^^ help: convert the identifier to upper camel case: `UserBalanceNotEnough`
[INFO] [stdout] 
[INFO] [stdout] 
[INFO] [stdout] warning: variant `USER_KYC_NOT_QUALIFIED` should have an upper camel case name
[INFO] [stdout]    --> src/models.rs:582:5
[INFO] [stdout]     |
[INFO] [stdout] 582 |     USER_KYC_NOT_QUALIFIED,
[INFO] [stdout]     |     ^^^^^^^^^^^^^^^^^^^^^^ help: convert the identifier to upper camel case: `UserKycNotQualified`
[INFO] [stdout] 
[INFO] [stdout] 
[INFO] [stdout] warning: variant `PAYMENT_IN_PROCESS` should have an upper camel case name
[INFO] [stdout]    --> src/models.rs:583:5
[INFO] [stdout]     |
[INFO] [stdout] 583 |     PAYMENT_IN_PROCESS,
[INFO] [stdout]     |     ^^^^^^^^^^^^^^^^^^ help: convert the identifier to upper camel case: `PaymentInProcess`
[INFO] [stdout] 
[INFO] [stdout] 
[INFO] [stdout] warning: variant `REQUEST_TRAFFIC_EXCEED_LIMIT` should have an upper camel case name
[INFO] [stdout]    --> src/models.rs:584:5
[INFO] [stdout]     |
[INFO] [stdout] 584 |     REQUEST_TRAFFIC_EXCEED_LIMIT,
[INFO] [stdout]     |     ^^^^^^^^^^^^^^^^^^^^^^^^^^^^ help: convert the identifier to upper camel case: `RequestTrafficExceedLimit`
[INFO] [stdout] 
[INFO] [stdout] 
[INFO] [stdout] warning: variant `UNKNOWN_EXCEPTION` should have an upper camel case name
[INFO] [stdout]    --> src/models.rs:585:5
[INFO] [stdout]     |
[INFO] [stdout] 585 |     UNKNOWN_EXCEPTION,
[INFO] [stdout]     |     ^^^^^^^^^^^^^^^^^ help: convert the identifier to upper camel case: `UnknownException`
[INFO] [stdout] 
[INFO] [stdout] 
[INFO] [stdout] warning: variant `USER_NOT_EXIST` should have an upper camel case name
[INFO] [stdout]    --> src/models.rs:586:5
[INFO] [stdout]     |
[INFO] [stdout] 586 |     USER_NOT_EXIST,
[INFO] [stdout]     |     ^^^^^^^^^^^^^^ help: convert the identifier to upper camel case: `UserNotExist`
[INFO] [stdout] 
[INFO] [stdout] 
[INFO] [stdout] warning: variant `ORDER_NOT_EXIST` should have an upper camel case name
[INFO] [stdout]    --> src/models.rs:587:5
[INFO] [stdout]     |
[INFO] [stdout] 587 |     ORDER_NOT_EXIST,
[INFO] [stdout]     |     ^^^^^^^^^^^^^^^ help: convert the identifier to upper camel case: `OrderNotExist`
[INFO] [stdout] 
[INFO] [stdout] 
[INFO] [stdout] warning: variant `ORDER_STATUS_INVALID` should have an upper camel case name
[INFO] [stdout]    --> src/models.rs:588:5
[INFO] [stdout]     |
[INFO] [stdout] 588 |     ORDER_STATUS_INVALID,
[INFO] [stdout]     |     ^^^^^^^^^^^^^^^^^^^^ help: convert the identifier to upper camel case: `OrderStatusInvalid`
[INFO] [stdout] 
[INFO] [stdout] 
[INFO] [stdout] warning: variant `USER_PAYMENT_VERIFICATION_FAILED` should have an upper camel case name
[INFO] [stdout]    --> src/models.rs:589:5
[INFO] [stdout]     |
[INFO] [stdout] 589 |     USER_PAYMENT_VERIFICATION_FAILED,
[INFO] [stdout]     |     ^^^^^^^^^^^^^^^^^^^^^^^^^^^^^^^^ help: convert the identifier to upper camel case: `UserPaymentVerificationFailed`
[INFO] [stdout] 
[INFO] [stdout] 
[INFO] [stdout] warning: variant `USER_STATUS_ABNORMAL` should have an upper camel case name
[INFO] [stdout]    --> src/models.rs:590:5
[INFO] [stdout]     |
[INFO] [stdout] 590 |     USER_STATUS_ABNORMAL,
[INFO] [stdout]     |     ^^^^^^^^^^^^^^^^^^^^ help: convert the identifier to upper camel case: `UserStatusAbnormal`
[INFO] [stdout] 
[INFO] [stdout] 
[INFO] [stdout] warning: variant `VERIFY_TIMES_EXCEED_LIMIT` should have an upper camel case name
[INFO] [stdout]    --> src/models.rs:591:5
[INFO] [stdout]     |
[INFO] [stdout] 591 |     VERIFY_TIMES_EXCEED_LIMIT,
[INFO] [stdout]     |     ^^^^^^^^^^^^^^^^^^^^^^^^^ help: convert the identifier to upper camel case: `VerifyTimesExceedLimit`
[INFO] [stdout] 
[INFO] [stdout] 
[INFO] [stdout] warning: variant `VERIFY_UNMATCHED` should have an upper camel case name
[INFO] [stdout]    --> src/models.rs:592:5
[INFO] [stdout]     |
[INFO] [stdout] 592 |     VERIFY_UNMATCHED,
[INFO] [stdout]     |     ^^^^^^^^^^^^^^^^ help: convert the identifier to upper camel case: `VerifyUnmatched`
[INFO] [stdout] 
[INFO] [stdout] 
[INFO] [stdout] warning: variant `AUTHENTICATION_REQUIRED` should have an upper camel case name
[INFO] [stdout]    --> src/models.rs:593:5
[INFO] [stdout]     |
[INFO] [stdout] 593 |     AUTHENTICATION_REQUIRED,
[INFO] [stdout]     |     ^^^^^^^^^^^^^^^^^^^^^^^ help: convert the identifier to upper camel case: `AuthenticationRequired`
[INFO] [stdout] 
[INFO] [stdout] 
[INFO] [stdout] warning: variant `SELECTED_CARD_BRAND_NOT_AVAILABLE` should have an upper camel case name
[INFO] [stdout]    --> src/models.rs:594:5
[INFO] [stdout]     |
[INFO] [stdout] 594 |     SELECTED_CARD_BRAND_NOT_AVAILABLE,
[INFO] [stdout]     |     ^^^^^^^^^^^^^^^^^^^^^^^^^^^^^^^^^ help: convert the identifier to upper camel case: `SelectedCardBrandNotAvailable`
[INFO] [stdout] 
[INFO] [stdout] 
[INFO] [stdout] warning: variant `PAYMENT_PROHIBITED` should have an upper camel case name
[INFO] [stdout]    --> src/models.rs:595:5
[INFO] [stdout]     |
[INFO] [stdout] 595 |     PAYMENT_PROHIBITED,
[INFO] [stdout]     |     ^^^^^^^^^^^^^^^^^^ help: convert the identifier to upper camel case: `PaymentProhibited`
[INFO] [stdout] 
[INFO] [stdout] 
[INFO] [stdout] warning: variant `REFUND_AMOUNT_EXCEED` should have an upper camel case name
[INFO] [stdout]    --> src/models.rs:596:5
[INFO] [stdout]     |
[INFO] [stdout] 596 |     REFUND_AMOUNT_EXCEED,
[INFO] [stdout]     |     ^^^^^^^^^^^^^^^^^^^^ help: convert the identifier to upper camel case: `RefundAmountExceed`
[INFO] [stdout] 
[INFO] [stdout] 
[INFO] [stdout] warning: variant `REFUND_WINDOW_EXCEED` should have an upper camel case name
[INFO] [stdout]    --> src/models.rs:597:5
[INFO] [stdout]     |
[INFO] [stdout] 597 |     REFUND_WINDOW_EXCEED,
[INFO] [stdout]     |     ^^^^^^^^^^^^^^^^^^^^ help: convert the identifier to upper camel case: `RefundWindowExceed`
[INFO] [stdout] 
[INFO] [stdout] 
[INFO] [stdout] warning: variant `REFUND_IN_PROCESS` should have an upper camel case name
[INFO] [stdout]    --> src/models.rs:598:5
[INFO] [stdout]     |
[INFO] [stdout] 598 |     REFUND_IN_PROCESS,
[INFO] [stdout]     |     ^^^^^^^^^^^^^^^^^ help: convert the identifier to upper camel case: `RefundInProcess`
[INFO] [stdout] 
[INFO] [stdout] 
[INFO] [stdout] warning: variant `REFUND_NOT_SUPPORTED` should have an upper camel case name
[INFO] [stdout]    --> src/models.rs:599:5
[INFO] [stdout]     |
[INFO] [stdout] 599 |     REFUND_NOT_SUPPORTED,
[INFO] [stdout]     |     ^^^^^^^^^^^^^^^^^^^^ help: convert the identifier to upper camel case: `RefundNotSupported`
[INFO] [stdout] 
[INFO] [stdout] 
[INFO] [stdout] warning: unused import: `std::str::FromStr`
[INFO] [stdout]  --> src/pay.rs:1:5
[INFO] [stdout]   |
[INFO] [stdout] 1 | use std::str::FromStr;
[INFO] [stdout]   |     ^^^^^^^^^^^^^^^^^
[INFO] [stdout] 
[INFO] [stdout] 
[INFO] [stdout] warning: unused imports: `AlipayAction` and `Signable`
[INFO] [stdout]  --> src/pay.rs:4:85
[INFO] [stdout]   |
[INFO] [stdout] 4 | use super::models::{AlipayClientSecret, CashierPaymentSimple, RequestEnv, Response, Signable, AlipayAction};
[INFO] [stdout]   |                                                                                     ^^^^^^^^  ^^^^^^^^^^^^
[INFO] [stdout] 
[INFO] [stdout] 
[INFO] [stdout] warning: unused import: `rsa::Hash`
[INFO] [stdout]  --> src/pay.rs:9:5
[INFO] [stdout]   |
[INFO] [stdout] 9 | use rsa::Hash;
[INFO] [stdout]   |     ^^^^^^^^^
[INFO] [stdout] 
[INFO] [stdout] 
[INFO] [stdout] warning: unused import: `borrow::BorrowMut`
[INFO] [stdout]  --> src/sign.rs:2:5
[INFO] [stdout]   |
[INFO] [stdout] 2 |     borrow::BorrowMut,
[INFO] [stdout]   |     ^^^^^^^^^^^^^^^^^
[INFO] [stdout] 
[INFO] [stdout] 
[INFO] [stdout] warning: unused imports: `RsaPrivateKey`, `RsaPublicKey`, `pkcs1::DecodeRsaPrivateKey`, and `pkcs8::DecodePublicKey`
[INFO] [stdout]  --> src/sign.rs:7:5
[INFO] [stdout]   |
[INFO] [stdout] 7 |     pkcs1::DecodeRsaPrivateKey, pkcs8::DecodePublicKey, Hash, PaddingScheme, PublicKey,
[INFO] [stdout]   |     ^^^^^^^^^^^^^^^^^^^^^^^^^^  ^^^^^^^^^^^^^^^^^^^^^^
[INFO] [stdout] 8 |     RsaPrivateKey, RsaPublicKey,
[INFO] [stdout]   |     ^^^^^^^^^^^^^  ^^^^^^^^^^^^
[INFO] [stdout] 
[INFO] [stdout] 
[INFO] [stdout] warning: unused import: `DateTime`
[INFO] [stdout]  --> src/webhook.rs:1:14
[INFO] [stdout]   |
[INFO] [stdout] 1 | use chrono::{DateTime, Utc};
[INFO] [stdout]   |              ^^^^^^^^
[INFO] [stdout] 
[INFO] [stdout] 
[INFO] [stdout] warning: unused imports: `CashierPaymentInquiry`, `NotifyPayment`, and `RequestEnv`
[INFO] [stdout]  --> src/webhook.rs:7:25
[INFO] [stdout]   |
[INFO] [stdout] 7 |     AlipayClientSecret, CashierPaymentInquiry, RequestEnv,
[INFO] [stdout]   |                         ^^^^^^^^^^^^^^^^^^^^^  ^^^^^^^^^^
[INFO] [stdout] 8 |     NotifyPayment, WebhookData, WebhookResponse, WebhookResponseInput,
[INFO] [stdout]   |     ^^^^^^^^^^^^^
[INFO] [stdout] 
[INFO] [stdout] 
[INFO] [stdout] warning: unused import: `super::response::parse_response`
[INFO] [stdout]   --> src/webhook.rs:12:5
[INFO] [stdout]    |
[INFO] [stdout] 12 | use super::response::parse_response;
[INFO] [stdout]    |     ^^^^^^^^^^^^^^^^^^^^^^^^^^^^^^^
[INFO] [stdout] 
[INFO] [stdout] 
[INFO] [stdout] warning: use of deprecated function `base64::decode`: Use Engine::decode
[INFO] [stdout]   --> src/sign.rs:36:43
[INFO] [stdout]    |
[INFO] [stdout] 36 |     if let Ok(decode_signature) = base64::decode(signature) {
[INFO] [stdout]    |                                           ^^^^^^
[INFO] [stdout]    |
[INFO] [stdout]    = note: `#[warn(deprecated)]` on by default
[INFO] [stdout] 
[INFO] [stdout] 
[INFO] [stdout] warning: unused variable: `verify`
[INFO] [stdout]   --> src/inquiry.rs:41:9
[INFO] [stdout]    |
[INFO] [stdout] 41 |     let verify = verify(
[INFO] [stdout]    |         ^^^^^^ help: if this is intentional, prefix it with an underscore: `_verify`
[INFO] [stdout]    |
[INFO] [stdout]    = note: `#[warn(unused_variables)]` on by default
[INFO] [stdout] 
[INFO] [stdout] 
[INFO] [stdout] warning: unused variable: `value`
[INFO] [stdout]    --> src/models.rs:354:13
[INFO] [stdout]     |
[INFO] [stdout] 354 |     fn from(value: &CashierPaymentSimple) -> Self {
[INFO] [stdout]     |             ^^^^^ help: if this is intentional, prefix it with an underscore: `_value`
[INFO] [stdout] 
[INFO] [stdout] 
[INFO] [stdout] warning: unused variable: `verify`
[INFO] [stdout]   --> src/pay.rs:52:9
[INFO] [stdout]    |
[INFO] [stdout] 52 |     let verify = verify(
[INFO] [stdout]    |         ^^^^^^ help: if this is intentional, prefix it with an underscore: `_verify`
[INFO] [stdout] 
[INFO] [stdout] 
[INFO] [stderr]    Compiling alipay-global v0.1.4 (/opt/rustwide/workdir)
[INFO] [stdout] warning: unused variable: `verify`
[INFO] [stdout]   --> src/refund.rs:42:9
[INFO] [stdout]    |
[INFO] [stdout] 42 |     let verify = verify(
[INFO] [stdout]    |         ^^^^^^ help: if this is intentional, prefix it with an underscore: `_verify`
[INFO] [stdout] 
[INFO] [stdout] 
[INFO] [stdout] warning: unused variable: `verify`
[INFO] [stdout]   --> src/webhook.rs:18:9
[INFO] [stdout]    |
[INFO] [stdout] 18 |     let verify = verify(
[INFO] [stdout]    |         ^^^^^^ help: if this is intentional, prefix it with an underscore: `_verify`
[INFO] [stdout] 
[INFO] [stdout] 
[INFO] [stdout] warning: unused import: `std::fmt::format`
[INFO] [stdout]  --> src/errors.rs:1:5
[INFO] [stdout]   |
[INFO] [stdout] 1 | use std::fmt::format;
[INFO] [stdout]   |     ^^^^^^^^^^^^^^^^
[INFO] [stdout]   |
[INFO] [stdout]   = note: `#[warn(unused_imports)]` on by default
[INFO] [stdout] 
[INFO] [stdout] 
[INFO] [stdout] warning: unused import: `base64::Engine`
[INFO] [stdout]  --> src/models.rs:2:5
[INFO] [stdout]   |
[INFO] [stdout] 2 | use base64::Engine;
[INFO] [stdout]   |     ^^^^^^^^^^^^^^
[INFO] [stdout] 
[INFO] [stdout] 
[INFO] [stdout] warning: unused imports: `GraphQLEnum` and `GraphQLObject`
[INFO] [stdout]  --> src/models.rs:4:15
[INFO] [stdout]   |
[INFO] [stdout] 4 | use juniper::{GraphQLEnum, GraphQLObject};
[INFO] [stdout]   |               ^^^^^^^^^^^  ^^^^^^^^^^^^^
[INFO] [stdout] 
[INFO] [stdout] 
[INFO] [stdout] warning: unused imports: `Hash`, `PaddingScheme`, and `PublicKey`
[INFO] [stdout]  --> src/models.rs:8:5
[INFO] [stdout]   |
[INFO] [stdout] 8 |     Hash, PaddingScheme, PublicKey, RsaPrivateKey, RsaPublicKey,
[INFO] [stdout]   |     ^^^^  ^^^^^^^^^^^^^  ^^^^^^^^^
[INFO] [stdout] 
[INFO] [stdout] 
[INFO] [stdout] warning: unnecessary parentheses around `if` condition
[INFO] [stdout]   --> src/models.rs:48:12
[INFO] [stdout]    |
[INFO] [stdout] 48 |         if (self.private_key_pem_file.is_some()) {
[INFO] [stdout]    |            ^                                   ^
[INFO] [stdout]    |
[INFO] [stdout]    = note: `#[warn(unused_parens)]` on by default
[INFO] [stdout] help: remove these parentheses
[INFO] [stdout]    |
[INFO] [stdout] 48 -         if (self.private_key_pem_file.is_some()) {
[INFO] [stdout] 48 +         if self.private_key_pem_file.is_some() {
[INFO] [stdout]    |
[INFO] [stdout] 
[INFO] [stdout] 
[INFO] [stdout] warning: unnecessary parentheses around `if` condition
[INFO] [stdout]   --> src/models.rs:63:12
[INFO] [stdout]    |
[INFO] [stdout] 63 |         if (self.alipay_public_key_pem_file.is_some()) {
[INFO] [stdout]    |            ^                                         ^
[INFO] [stdout]    |
[INFO] [stdout] help: remove these parentheses
[INFO] [stdout]    |
[INFO] [stdout] 63 -         if (self.alipay_public_key_pem_file.is_some()) {
[INFO] [stdout] 63 +         if self.alipay_public_key_pem_file.is_some() {
[INFO] [stdout]    |
[INFO] [stdout] 
[INFO] [stdout] 
[INFO] [stdout] warning: variant `MINI_APP` should have an upper camel case name
[INFO] [stdout]    --> src/models.rs:297:5
[INFO] [stdout]     |
[INFO] [stdout] 297 |     MINI_APP,
[INFO] [stdout]     |     ^^^^^^^^ help: convert the identifier to upper camel case: `MiniApp`
[INFO] [stdout]     |
[INFO] [stdout]     = note: `#[warn(non_camel_case_types)]` on by default
[INFO] [stdout] 
[INFO] [stdout] 
[INFO] [stdout] warning: variant `ACCESS_DENIED` should have an upper camel case name
[INFO] [stdout]    --> src/models.rs:554:5
[INFO] [stdout]     |
[INFO] [stdout] 554 |     ACCESS_DENIED,
[INFO] [stdout]     |     ^^^^^^^^^^^^^ help: convert the identifier to upper camel case: `AccessDenied`
[INFO] [stdout] 
[INFO] [stdout] 
[INFO] [stdout] warning: variant `INVALID_API` should have an upper camel case name
[INFO] [stdout]    --> src/models.rs:555:5
[INFO] [stdout]     |
[INFO] [stdout] 555 |     INVALID_API,
[INFO] [stdout]     |     ^^^^^^^^^^^ help: convert the identifier to upper camel case: `InvalidApi`
[INFO] [stdout] 
[INFO] [stdout] 
[INFO] [stdout] warning: variant `CURRENCY_NOT_SUPPORT` should have an upper camel case name
[INFO] [stdout]    --> src/models.rs:556:5
[INFO] [stdout]     |
[INFO] [stdout] 556 |     CURRENCY_NOT_SUPPORT,
[INFO] [stdout]     |     ^^^^^^^^^^^^^^^^^^^^ help: convert the identifier to upper camel case: `CurrencyNotSupport`
[INFO] [stdout] 
[INFO] [stdout] 
[INFO] [stdout] warning: variant `EXPIRED_CODE` should have an upper camel case name
[INFO] [stdout]    --> src/models.rs:557:5
[INFO] [stdout]     |
[INFO] [stdout] 557 |     EXPIRED_CODE,
[INFO] [stdout]     |     ^^^^^^^^^^^^ help: convert the identifier to upper camel case: `ExpiredCode`
[INFO] [stdout] 
[INFO] [stdout] 
[INFO] [stdout] warning: variant `FRAUD_REJECT` should have an upper camel case name
[INFO] [stdout]    --> src/models.rs:558:5
[INFO] [stdout]     |
[INFO] [stdout] 558 |     FRAUD_REJECT,
[INFO] [stdout]     |     ^^^^^^^^^^^^ help: convert the identifier to upper camel case: `FraudReject`
[INFO] [stdout] 
[INFO] [stdout] 
[INFO] [stdout] warning: variant `INVALID_ACCESS_TOKEN` should have an upper camel case name
[INFO] [stdout]    --> src/models.rs:559:5
[INFO] [stdout]     |
[INFO] [stdout] 559 |     INVALID_ACCESS_TOKEN,
[INFO] [stdout]     |     ^^^^^^^^^^^^^^^^^^^^ help: convert the identifier to upper camel case: `InvalidAccessToken`
[INFO] [stdout] 
[INFO] [stdout] 
[INFO] [stdout] warning: variant `INVALID_CONTRACT` should have an upper camel case name
[INFO] [stdout]    --> src/models.rs:560:5
[INFO] [stdout]     |
[INFO] [stdout] 560 |     INVALID_CONTRACT,
[INFO] [stdout]     |     ^^^^^^^^^^^^^^^^ help: convert the identifier to upper camel case: `InvalidContract`
[INFO] [stdout] 
[INFO] [stdout] 
[INFO] [stdout] warning: variant `INVALID_MERCHANT_STATUS` should have an upper camel case name
[INFO] [stdout]    --> src/models.rs:561:5
[INFO] [stdout]     |
[INFO] [stdout] 561 |     INVALID_MERCHANT_STATUS,
[INFO] [stdout]     |     ^^^^^^^^^^^^^^^^^^^^^^^ help: convert the identifier to upper camel case: `InvalidMerchantStatus`
[INFO] [stdout] 
[INFO] [stdout] 
[INFO] [stdout] warning: variant `INVALID_PAYMENT_CODE` should have an upper camel case name
[INFO] [stdout]    --> src/models.rs:562:5
[INFO] [stdout]     |
[INFO] [stdout] 562 |     INVALID_PAYMENT_CODE,
[INFO] [stdout]     |     ^^^^^^^^^^^^^^^^^^^^ help: convert the identifier to upper camel case: `InvalidPaymentCode`
[INFO] [stdout] 
[INFO] [stdout] 
[INFO] [stdout] warning: variant `INVALID_PAYMENT_METHOD_META_DATA` should have an upper camel case name
[INFO] [stdout]    --> src/models.rs:563:5
[INFO] [stdout]     |
[INFO] [stdout] 563 |     INVALID_PAYMENT_METHOD_META_DATA,
[INFO] [stdout]     |     ^^^^^^^^^^^^^^^^^^^^^^^^^^^^^^^^ help: convert the identifier to upper camel case: `InvalidPaymentMethodMetaData`
[INFO] [stdout] 
[INFO] [stdout] 
[INFO] [stdout] warning: variant `KEY_NOT_FOUND` should have an upper camel case name
[INFO] [stdout]    --> src/models.rs:564:5
[INFO] [stdout]     |
[INFO] [stdout] 564 |     KEY_NOT_FOUND,
[INFO] [stdout]     |     ^^^^^^^^^^^^^ help: convert the identifier to upper camel case: `KeyNotFound`
[INFO] [stdout] 
[INFO] [stdout] 
[INFO] [stdout] warning: variant `MERCHANT_KYB_NOT_QUALIFIED` should have an upper camel case name
[INFO] [stdout]    --> src/models.rs:565:5
[INFO] [stdout]     |
[INFO] [stdout] 565 |     MERCHANT_KYB_NOT_QUALIFIED,
[INFO] [stdout]     |     ^^^^^^^^^^^^^^^^^^^^^^^^^^ help: convert the identifier to upper camel case: `MerchantKybNotQualified`
[INFO] [stdout] 
[INFO] [stdout] 
[INFO] [stdout] warning: variant `MERCHANT_NOT_REGISTERED` should have an upper camel case name
[INFO] [stdout]    --> src/models.rs:566:5
[INFO] [stdout]     |
[INFO] [stdout] 566 |     MERCHANT_NOT_REGISTERED,
[INFO] [stdout]     |     ^^^^^^^^^^^^^^^^^^^^^^^ help: convert the identifier to upper camel case: `MerchantNotRegistered`
[INFO] [stdout] 
[INFO] [stdout] 
[INFO] [stdout] warning: variant `NO_INTERFACE_DEF` should have an upper camel case name
[INFO] [stdout]    --> src/models.rs:567:5
[INFO] [stdout]     |
[INFO] [stdout] 567 |     NO_INTERFACE_DEF,
[INFO] [stdout]     |     ^^^^^^^^^^^^^^^^ help: convert the identifier to upper camel case: `NoInterfaceDef`
[INFO] [stdout] 
[INFO] [stdout] 
[INFO] [stdout] warning: variant `NO_PAY_OPTIONS` should have an upper camel case name
[INFO] [stdout]    --> src/models.rs:568:5
[INFO] [stdout]     |
[INFO] [stdout] 568 |     NO_PAY_OPTIONS,
[INFO] [stdout]     |     ^^^^^^^^^^^^^^ help: convert the identifier to upper camel case: `NoPayOptions`
[INFO] [stdout] 
[INFO] [stdout] 
[INFO] [stdout] warning: variant `ORDER_IS_CANCELED` should have an upper camel case name
[INFO] [stdout]    --> src/models.rs:569:5
[INFO] [stdout]     |
[INFO] [stdout] 569 |     ORDER_IS_CANCELED,
[INFO] [stdout]     |     ^^^^^^^^^^^^^^^^^ help: convert the identifier to upper camel case: `OrderIsCanceled`
[INFO] [stdout] 
[INFO] [stdout] 
[INFO] [stdout] warning: variant `ORDER_IS_CLOSED` should have an upper camel case name
[INFO] [stdout]    --> src/models.rs:570:5
[INFO] [stdout]     |
[INFO] [stdout] 570 |     ORDER_IS_CLOSED,
[INFO] [stdout]     |     ^^^^^^^^^^^^^^^ help: convert the identifier to upper camel case: `OrderIsClosed`
[INFO] [stdout] 
[INFO] [stdout] 
[INFO] [stdout] warning: variant `PARAM_ILLEGAL` should have an upper camel case name
[INFO] [stdout]    --> src/models.rs:571:5
[INFO] [stdout]     |
[INFO] [stdout] 571 |     PARAM_ILLEGAL,
[INFO] [stdout]     |     ^^^^^^^^^^^^^ help: convert the identifier to upper camel case: `ParamIllegal`
[INFO] [stdout] 
[INFO] [stdout] 
[INFO] [stdout] warning: variant `PAYMENT_AMOUNT_EXCEED_LIMIT` should have an upper camel case name
[INFO] [stdout]    --> src/models.rs:572:5
[INFO] [stdout]     |
[INFO] [stdout] 572 |     PAYMENT_AMOUNT_EXCEED_LIMIT,
[INFO] [stdout]     |     ^^^^^^^^^^^^^^^^^^^^^^^^^^^ help: convert the identifier to upper camel case: `PaymentAmountExceedLimit`
[INFO] [stdout] 
[INFO] [stdout] 
[INFO] [stdout] warning: variant `PAYMENT_COUNT_EXCEED_LIMIT` should have an upper camel case name
[INFO] [stdout]    --> src/models.rs:573:5
[INFO] [stdout]     |
[INFO] [stdout] 573 |     PAYMENT_COUNT_EXCEED_LIMIT,
[INFO] [stdout]     |     ^^^^^^^^^^^^^^^^^^^^^^^^^^ help: convert the identifier to upper camel case: `PaymentCountExceedLimit`
[INFO] [stdout] 
[INFO] [stdout] 
[INFO] [stdout] warning: variant `PAYMENT_NOT_QUALIFIED` should have an upper camel case name
[INFO] [stdout]    --> src/models.rs:574:5
[INFO] [stdout]     |
[INFO] [stdout] 574 |     PAYMENT_NOT_QUALIFIED,
[INFO] [stdout]     |     ^^^^^^^^^^^^^^^^^^^^^ help: convert the identifier to upper camel case: `PaymentNotQualified`
[INFO] [stdout] 
[INFO] [stdout] 
[INFO] [stdout] warning: variant `PROCESS_FAIL` should have an upper camel case name
[INFO] [stdout]    --> src/models.rs:575:5
[INFO] [stdout]     |
[INFO] [stdout] 575 |     PROCESS_FAIL,
[INFO] [stdout]     |     ^^^^^^^^^^^^ help: convert the identifier to upper camel case: `ProcessFail`
[INFO] [stdout] 
[INFO] [stdout] 
[INFO] [stdout] warning: variant `REPEAT_REQ_INCONSISTENT` should have an upper camel case name
[INFO] [stdout]    --> src/models.rs:576:5
[INFO] [stdout]     |
[INFO] [stdout] 576 |     REPEAT_REQ_INCONSISTENT,
[INFO] [stdout]     |     ^^^^^^^^^^^^^^^^^^^^^^^ help: convert the identifier to upper camel case: `RepeatReqInconsistent`
[INFO] [stdout] 
[INFO] [stdout] 
[INFO] [stdout] warning: variant `RISK_REJECT` should have an upper camel case name
[INFO] [stdout]    --> src/models.rs:577:5
[INFO] [stdout]     |
[INFO] [stdout] 577 |     RISK_REJECT,
[INFO] [stdout]     |     ^^^^^^^^^^^ help: convert the identifier to upper camel case: `RiskReject`
[INFO] [stdout] 
[INFO] [stdout] 
[INFO] [stdout] warning: variant `SETTLE_CONTRACT_NOT_MATCH` should have an upper camel case name
[INFO] [stdout]    --> src/models.rs:578:5
[INFO] [stdout]     |
[INFO] [stdout] 578 |     SETTLE_CONTRACT_NOT_MATCH,
[INFO] [stdout]     |     ^^^^^^^^^^^^^^^^^^^^^^^^^ help: convert the identifier to upper camel case: `SettleContractNotMatch`
[INFO] [stdout] 
[INFO] [stdout] 
[INFO] [stdout] warning: variant `SYSTEM_ERROR` should have an upper camel case name
[INFO] [stdout]    --> src/models.rs:579:5
[INFO] [stdout]     |
[INFO] [stdout] 579 |     SYSTEM_ERROR,
[INFO] [stdout]     |     ^^^^^^^^^^^^ help: convert the identifier to upper camel case: `SystemError`
[INFO] [stdout] 
[INFO] [stdout] 
[INFO] [stdout] warning: variant `USER_AMOUNT_EXCEED_LIMIT` should have an upper camel case name
[INFO] [stdout]    --> src/models.rs:580:5
[INFO] [stdout]     |
[INFO] [stdout] 580 |     USER_AMOUNT_EXCEED_LIMIT,
[INFO] [stdout]     |     ^^^^^^^^^^^^^^^^^^^^^^^^ help: convert the identifier to upper camel case: `UserAmountExceedLimit`
[INFO] [stdout] 
[INFO] [stdout] 
[INFO] [stdout] warning: variant `USER_BALANCE_NOT_ENOUGH` should have an upper camel case name
[INFO] [stdout]    --> src/models.rs:581:5
[INFO] [stdout]     |
[INFO] [stdout] 581 |     USER_BALANCE_NOT_ENOUGH,
[INFO] [stdout]     |     ^^^^^^^^^^^^^^^^^^^^^^^ help: convert the identifier to upper camel case: `UserBalanceNotEnough`
[INFO] [stdout] 
[INFO] [stdout] 
[INFO] [stdout] warning: variant `USER_KYC_NOT_QUALIFIED` should have an upper camel case name
[INFO] [stdout]    --> src/models.rs:582:5
[INFO] [stdout]     |
[INFO] [stdout] 582 |     USER_KYC_NOT_QUALIFIED,
[INFO] [stdout]     |     ^^^^^^^^^^^^^^^^^^^^^^ help: convert the identifier to upper camel case: `UserKycNotQualified`
[INFO] [stdout] 
[INFO] [stdout] 
[INFO] [stdout] warning: variant `PAYMENT_IN_PROCESS` should have an upper camel case name
[INFO] [stdout]    --> src/models.rs:583:5
[INFO] [stdout]     |
[INFO] [stdout] 583 |     PAYMENT_IN_PROCESS,
[INFO] [stdout]     |     ^^^^^^^^^^^^^^^^^^ help: convert the identifier to upper camel case: `PaymentInProcess`
[INFO] [stdout] 
[INFO] [stdout] 
[INFO] [stdout] warning: variant `REQUEST_TRAFFIC_EXCEED_LIMIT` should have an upper camel case name
[INFO] [stdout]    --> src/models.rs:584:5
[INFO] [stdout]     |
[INFO] [stdout] 584 |     REQUEST_TRAFFIC_EXCEED_LIMIT,
[INFO] [stdout]     |     ^^^^^^^^^^^^^^^^^^^^^^^^^^^^ help: convert the identifier to upper camel case: `RequestTrafficExceedLimit`
[INFO] [stdout] 
[INFO] [stdout] 
[INFO] [stdout] warning: variant `UNKNOWN_EXCEPTION` should have an upper camel case name
[INFO] [stdout]    --> src/models.rs:585:5
[INFO] [stdout]     |
[INFO] [stdout] 585 |     UNKNOWN_EXCEPTION,
[INFO] [stdout]     |     ^^^^^^^^^^^^^^^^^ help: convert the identifier to upper camel case: `UnknownException`
[INFO] [stdout] 
[INFO] [stdout] 
[INFO] [stdout] warning: variant `USER_NOT_EXIST` should have an upper camel case name
[INFO] [stdout]    --> src/models.rs:586:5
[INFO] [stdout]     |
[INFO] [stdout] 586 |     USER_NOT_EXIST,
[INFO] [stdout]     |     ^^^^^^^^^^^^^^ help: convert the identifier to upper camel case: `UserNotExist`
[INFO] [stdout] 
[INFO] [stdout] 
[INFO] [stdout] warning: variant `ORDER_NOT_EXIST` should have an upper camel case name
[INFO] [stdout]    --> src/models.rs:587:5
[INFO] [stdout]     |
[INFO] [stdout] 587 |     ORDER_NOT_EXIST,
[INFO] [stdout]     |     ^^^^^^^^^^^^^^^ help: convert the identifier to upper camel case: `OrderNotExist`
[INFO] [stdout] 
[INFO] [stdout] 
[INFO] [stdout] warning: variant `ORDER_STATUS_INVALID` should have an upper camel case name
[INFO] [stdout]    --> src/models.rs:588:5
[INFO] [stdout]     |
[INFO] [stdout] 588 |     ORDER_STATUS_INVALID,
[INFO] [stdout]     |     ^^^^^^^^^^^^^^^^^^^^ help: convert the identifier to upper camel case: `OrderStatusInvalid`
[INFO] [stdout] 
[INFO] [stdout] 
[INFO] [stdout] warning: variant `USER_PAYMENT_VERIFICATION_FAILED` should have an upper camel case name
[INFO] [stdout]    --> src/models.rs:589:5
[INFO] [stdout]     |
[INFO] [stdout] 589 |     USER_PAYMENT_VERIFICATION_FAILED,
[INFO] [stdout]     |     ^^^^^^^^^^^^^^^^^^^^^^^^^^^^^^^^ help: convert the identifier to upper camel case: `UserPaymentVerificationFailed`
[INFO] [stdout] 
[INFO] [stdout] 
[INFO] [stdout] warning: variant `USER_STATUS_ABNORMAL` should have an upper camel case name
[INFO] [stdout]    --> src/models.rs:590:5
[INFO] [stdout]     |
[INFO] [stdout] 590 |     USER_STATUS_ABNORMAL,
[INFO] [stdout]     |     ^^^^^^^^^^^^^^^^^^^^ help: convert the identifier to upper camel case: `UserStatusAbnormal`
[INFO] [stdout] 
[INFO] [stdout] 
[INFO] [stdout] warning: variant `VERIFY_TIMES_EXCEED_LIMIT` should have an upper camel case name
[INFO] [stdout]    --> src/models.rs:591:5
[INFO] [stdout]     |
[INFO] [stdout] 591 |     VERIFY_TIMES_EXCEED_LIMIT,
[INFO] [stdout]     |     ^^^^^^^^^^^^^^^^^^^^^^^^^ help: convert the identifier to upper camel case: `VerifyTimesExceedLimit`
[INFO] [stdout] 
[INFO] [stdout] 
[INFO] [stdout] warning: variant `VERIFY_UNMATCHED` should have an upper camel case name
[INFO] [stdout]    --> src/models.rs:592:5
[INFO] [stdout]     |
[INFO] [stdout] 592 |     VERIFY_UNMATCHED,
[INFO] [stdout]     |     ^^^^^^^^^^^^^^^^ help: convert the identifier to upper camel case: `VerifyUnmatched`
[INFO] [stdout] 
[INFO] [stdout] 
[INFO] [stdout] warning: variant `AUTHENTICATION_REQUIRED` should have an upper camel case name
[INFO] [stdout]    --> src/models.rs:593:5
[INFO] [stdout]     |
[INFO] [stdout] 593 |     AUTHENTICATION_REQUIRED,
[INFO] [stdout]     |     ^^^^^^^^^^^^^^^^^^^^^^^ help: convert the identifier to upper camel case: `AuthenticationRequired`
[INFO] [stdout] 
[INFO] [stdout] 
[INFO] [stdout] warning: variant `SELECTED_CARD_BRAND_NOT_AVAILABLE` should have an upper camel case name
[INFO] [stdout]    --> src/models.rs:594:5
[INFO] [stdout]     |
[INFO] [stdout] 594 |     SELECTED_CARD_BRAND_NOT_AVAILABLE,
[INFO] [stdout]     |     ^^^^^^^^^^^^^^^^^^^^^^^^^^^^^^^^^ help: convert the identifier to upper camel case: `SelectedCardBrandNotAvailable`
[INFO] [stdout] 
[INFO] [stdout] 
[INFO] [stdout] warning: variant `PAYMENT_PROHIBITED` should have an upper camel case name
[INFO] [stdout]    --> src/models.rs:595:5
[INFO] [stdout]     |
[INFO] [stdout] 595 |     PAYMENT_PROHIBITED,
[INFO] [stdout]     |     ^^^^^^^^^^^^^^^^^^ help: convert the identifier to upper camel case: `PaymentProhibited`
[INFO] [stdout] 
[INFO] [stdout] 
[INFO] [stdout] warning: variant `REFUND_AMOUNT_EXCEED` should have an upper camel case name
[INFO] [stdout]    --> src/models.rs:596:5
[INFO] [stdout]     |
[INFO] [stdout] 596 |     REFUND_AMOUNT_EXCEED,
[INFO] [stdout]     |     ^^^^^^^^^^^^^^^^^^^^ help: convert the identifier to upper camel case: `RefundAmountExceed`
[INFO] [stdout] 
[INFO] [stdout] 
[INFO] [stdout] warning: variant `REFUND_WINDOW_EXCEED` should have an upper camel case name
[INFO] [stdout]    --> src/models.rs:597:5
[INFO] [stdout]     |
[INFO] [stdout] 597 |     REFUND_WINDOW_EXCEED,
[INFO] [stdout]     |     ^^^^^^^^^^^^^^^^^^^^ help: convert the identifier to upper camel case: `RefundWindowExceed`
[INFO] [stdout] 
[INFO] [stdout] 
[INFO] [stdout] warning: variant `REFUND_IN_PROCESS` should have an upper camel case name
[INFO] [stdout]    --> src/models.rs:598:5
[INFO] [stdout]     |
[INFO] [stdout] 598 |     REFUND_IN_PROCESS,
[INFO] [stdout]     |     ^^^^^^^^^^^^^^^^^ help: convert the identifier to upper camel case: `RefundInProcess`
[INFO] [stdout] 
[INFO] [stdout] 
[INFO] [stdout] warning: variant `REFUND_NOT_SUPPORTED` should have an upper camel case name
[INFO] [stdout]    --> src/models.rs:599:5
[INFO] [stdout]     |
[INFO] [stdout] 599 |     REFUND_NOT_SUPPORTED,
[INFO] [stdout]     |     ^^^^^^^^^^^^^^^^^^^^ help: convert the identifier to upper camel case: `RefundNotSupported`
[INFO] [stdout] 
[INFO] [stdout] 
[INFO] [stdout] warning: unused import: `std::str::FromStr`
[INFO] [stdout]  --> src/pay.rs:1:5
[INFO] [stdout]   |
[INFO] [stdout] 1 | use std::str::FromStr;
[INFO] [stdout]   |     ^^^^^^^^^^^^^^^^^
[INFO] [stdout] 
[INFO] [stdout] 
[INFO] [stdout] warning: unused import: `Signable`
[INFO] [stdout]  --> src/pay.rs:4:85
[INFO] [stdout]   |
[INFO] [stdout] 4 | use super::models::{AlipayClientSecret, CashierPaymentSimple, RequestEnv, Response, Signable, AlipayAction};
[INFO] [stdout]   |                                                                                     ^^^^^^^^
[INFO] [stdout] 
[INFO] [stdout] 
[INFO] [stdout] warning: unused import: `rsa::Hash`
[INFO] [stdout]  --> src/pay.rs:9:5
[INFO] [stdout]   |
[INFO] [stdout] 9 | use rsa::Hash;
[INFO] [stdout]   |     ^^^^^^^^^
[INFO] [stdout] 
[INFO] [stdout] 
[INFO] [stdout] warning: unused import: `borrow::BorrowMut`
[INFO] [stdout]  --> src/sign.rs:2:5
[INFO] [stdout]   |
[INFO] [stdout] 2 |     borrow::BorrowMut,
[INFO] [stdout]   |     ^^^^^^^^^^^^^^^^^
[INFO] [stdout] 
[INFO] [stdout] 
[INFO] [stdout] warning: unused imports: `RsaPrivateKey`, `RsaPublicKey`, `pkcs1::DecodeRsaPrivateKey`, and `pkcs8::DecodePublicKey`
[INFO] [stdout]  --> src/sign.rs:7:5
[INFO] [stdout]   |
[INFO] [stdout] 7 |     pkcs1::DecodeRsaPrivateKey, pkcs8::DecodePublicKey, Hash, PaddingScheme, PublicKey,
[INFO] [stdout]   |     ^^^^^^^^^^^^^^^^^^^^^^^^^^  ^^^^^^^^^^^^^^^^^^^^^^
[INFO] [stdout] 8 |     RsaPrivateKey, RsaPublicKey,
[INFO] [stdout]   |     ^^^^^^^^^^^^^  ^^^^^^^^^^^^
[INFO] [stdout] 
[INFO] [stdout] 
[INFO] [stdout] warning: unused import: `DateTime`
[INFO] [stdout]  --> src/webhook.rs:1:14
[INFO] [stdout]   |
[INFO] [stdout] 1 | use chrono::{DateTime, Utc};
[INFO] [stdout]   |              ^^^^^^^^
[INFO] [stdout] 
[INFO] [stdout] 
[INFO] [stdout] warning: unused imports: `CashierPaymentInquiry`, `NotifyPayment`, and `RequestEnv`
[INFO] [stdout]  --> src/webhook.rs:7:25
[INFO] [stdout]   |
[INFO] [stdout] 7 |     AlipayClientSecret, CashierPaymentInquiry, RequestEnv,
[INFO] [stdout]   |                         ^^^^^^^^^^^^^^^^^^^^^  ^^^^^^^^^^
[INFO] [stdout] 8 |     NotifyPayment, WebhookData, WebhookResponse, WebhookResponseInput,
[INFO] [stdout]   |     ^^^^^^^^^^^^^
[INFO] [stdout] 
[INFO] [stdout] 
[INFO] [stdout] warning: unused import: `super::response::parse_response`
[INFO] [stdout]   --> src/webhook.rs:12:5
[INFO] [stdout]    |
[INFO] [stdout] 12 | use super::response::parse_response;
[INFO] [stdout]    |     ^^^^^^^^^^^^^^^^^^^^^^^^^^^^^^^
[INFO] [stdout] 
[INFO] [stdout] 
[INFO] [stdout] warning: use of deprecated function `base64::decode`: Use Engine::decode
[INFO] [stdout]   --> src/sign.rs:36:43
[INFO] [stdout]    |
[INFO] [stdout] 36 |     if let Ok(decode_signature) = base64::decode(signature) {
[INFO] [stdout]    |                                           ^^^^^^
[INFO] [stdout]    |
[INFO] [stdout]    = note: `#[warn(deprecated)]` on by default
[INFO] [stdout] 
[INFO] [stdout] 
[INFO] [stdout] warning: unused variable: `verify`
[INFO] [stdout]   --> src/inquiry.rs:41:9
[INFO] [stdout]    |
[INFO] [stdout] 41 |     let verify = verify(
[INFO] [stdout]    |         ^^^^^^ help: if this is intentional, prefix it with an underscore: `_verify`
[INFO] [stdout]    |
[INFO] [stdout]    = note: `#[warn(unused_variables)]` on by default
[INFO] [stdout] 
[INFO] [stdout] 
[INFO] [stdout] warning: unused variable: `value`
[INFO] [stdout]    --> src/models.rs:354:13
[INFO] [stdout]     |
[INFO] [stdout] 354 |     fn from(value: &CashierPaymentSimple) -> Self {
[INFO] [stdout]     |             ^^^^^ help: if this is intentional, prefix it with an underscore: `_value`
[INFO] [stdout] 
[INFO] [stdout] 
[INFO] [stdout] warning: unused variable: `verify`
[INFO] [stdout]   --> src/pay.rs:52:9
[INFO] [stdout]    |
[INFO] [stdout] 52 |     let verify = verify(
[INFO] [stdout]    |         ^^^^^^ help: if this is intentional, prefix it with an underscore: `_verify`
[INFO] [stdout] 
[INFO] [stdout] 
[INFO] [stdout] warning: unused variable: `verify`
[INFO] [stdout]   --> src/refund.rs:42:9
[INFO] [stdout]    |
[INFO] [stdout] 42 |     let verify = verify(
[INFO] [stdout]    |         ^^^^^^ help: if this is intentional, prefix it with an underscore: `_verify`
[INFO] [stdout] 
[INFO] [stdout] 
[INFO] [stdout] warning: unused variable: `verify`
[INFO] [stdout]   --> src/webhook.rs:18:9
[INFO] [stdout]    |
[INFO] [stdout] 18 |     let verify = verify(
[INFO] [stdout]    |         ^^^^^^ help: if this is intentional, prefix it with an underscore: `_verify`
[INFO] [stdout] 
[INFO] [stdout] 
[INFO] [stderr]     Finished `test` profile [unoptimized + debuginfo] target(s) in 1.87s
[INFO] running `Command { std: "docker" "inspect" "1f3fa501393f86c90673ba3aec65066f5f75c95d47902bc87a4051d96c3a7f89", kill_on_drop: false }`
[INFO] running `Command { std: "docker" "rm" "-f" "1f3fa501393f86c90673ba3aec65066f5f75c95d47902bc87a4051d96c3a7f89", kill_on_drop: false }`
[INFO] [stdout] 1f3fa501393f86c90673ba3aec65066f5f75c95d47902bc87a4051d96c3a7f89
[INFO] running `Command { std: "docker" "create" "-v" "/var/lib/crater-agent-workspace/builds/worker-0-tc1/target:/opt/rustwide/target:rw,Z" "-v" "/var/lib/crater-agent-workspace/builds/worker-0-tc1/source:/opt/rustwide/workdir:ro,Z" "-v" "/var/lib/crater-agent-workspace/cargo-home:/opt/rustwide/cargo-home:ro,Z" "-v" "/var/lib/crater-agent-workspace/rustup-home:/opt/rustwide/rustup-home:ro,Z" "-e" "SOURCE_DIR=/opt/rustwide/workdir" "-e" "CARGO_TARGET_DIR=/opt/rustwide/target" "-e" "CARGO_INCREMENTAL=0" "-e" "RUST_BACKTRACE=full" "-e" "RUSTFLAGS=--cap-lints=forbid" "-e" "RUSTDOCFLAGS=--cap-lints=forbid" "-e" "CARGO_HOME=/opt/rustwide/cargo-home" "-e" "RUSTUP_HOME=/opt/rustwide/rustup-home" "-w" "/opt/rustwide/workdir" "-m" "1610612736" "--user" "0:0" "--network" "none" "ghcr.io/rust-lang/crates-build-env/linux@sha256:4a844ea9eb2546a2d2c7022eacef16ef2e8229c7fbb2c7d4d55a9ceca922f72d" "/opt/rustwide/cargo-home/bin/cargo" "+nightly-2024-10-28" "test" "--frozen", kill_on_drop: false }`
[INFO] [stdout] 3195f0c7ec6f97fe4490138012923c4f6ca5c1a3899b82c49e621a1aa7ddf0e0
[INFO] running `Command { std: "docker" "start" "-a" "3195f0c7ec6f97fe4490138012923c4f6ca5c1a3899b82c49e621a1aa7ddf0e0", kill_on_drop: false }`
[INFO] [stderr] warning: unused import: `std::fmt::format`
[INFO] [stderr]  --> src/errors.rs:1:5
[INFO] [stderr]   |
[INFO] [stderr] 1 | use std::fmt::format;
[INFO] [stderr]   |     ^^^^^^^^^^^^^^^^
[INFO] [stderr]   |
[INFO] [stderr]   = note: `#[warn(unused_imports)]` on by default
[INFO] [stderr] 
[INFO] [stderr] warning: unused import: `base64::Engine`
[INFO] [stderr]  --> src/models.rs:2:5
[INFO] [stderr]   |
[INFO] [stderr] 2 | use base64::Engine;
[INFO] [stderr]   |     ^^^^^^^^^^^^^^
[INFO] [stderr] 
[INFO] [stderr] warning: unused imports: `GraphQLEnum` and `GraphQLObject`
[INFO] [stderr]  --> src/models.rs:4:15
[INFO] [stderr]   |
[INFO] [stderr] 4 | use juniper::{GraphQLEnum, GraphQLObject};
[INFO] [stderr]   |               ^^^^^^^^^^^  ^^^^^^^^^^^^^
[INFO] [stderr] 
[INFO] [stderr] warning: unused imports: `Hash`, `PaddingScheme`, and `PublicKey`
[INFO] [stderr]  --> src/models.rs:8:5
[INFO] [stderr]   |
[INFO] [stderr] 8 |     Hash, PaddingScheme, PublicKey, RsaPrivateKey, RsaPublicKey,
[INFO] [stderr]   |     ^^^^  ^^^^^^^^^^^^^  ^^^^^^^^^
[INFO] [stderr] 
[INFO] [stderr] warning: unnecessary parentheses around `if` condition
[INFO] [stderr]   --> src/models.rs:48:12
[INFO] [stderr]    |
[INFO] [stderr] 48 |         if (self.private_key_pem_file.is_some()) {
[INFO] [stderr]    |            ^                                   ^
[INFO] [stderr]    |
[INFO] [stderr]    = note: `#[warn(unused_parens)]` on by default
[INFO] [stderr] help: remove these parentheses
[INFO] [stderr]    |
[INFO] [stderr] 48 -         if (self.private_key_pem_file.is_some()) {
[INFO] [stderr] 48 +         if self.private_key_pem_file.is_some() {
[INFO] [stderr]    |
[INFO] [stderr] 
[INFO] [stderr] warning: unnecessary parentheses around `if` condition
[INFO] [stderr]   --> src/models.rs:63:12
[INFO] [stderr]    |
[INFO] [stderr] 63 |         if (self.alipay_public_key_pem_file.is_some()) {
[INFO] [stderr]    |            ^                                         ^
[INFO] [stderr]    |
[INFO] [stderr] help: remove these parentheses
[INFO] [stderr]    |
[INFO] [stderr] 63 -         if (self.alipay_public_key_pem_file.is_some()) {
[INFO] [stderr] 63 +         if self.alipay_public_key_pem_file.is_some() {
[INFO] [stderr]    |
[INFO] [stderr] 
[INFO] [stderr] warning: variant `MINI_APP` should have an upper camel case name
[INFO] [stderr]    --> src/models.rs:297:5
[INFO] [stderr]     |
[INFO] [stderr] 297 |     MINI_APP,
[INFO] [stderr]     |     ^^^^^^^^ help: convert the identifier to upper camel case: `MiniApp`
[INFO] [stderr]     |
[INFO] [stderr]     = note: `#[warn(non_camel_case_types)]` on by default
[INFO] [stderr] 
[INFO] [stderr] warning: variant `ACCESS_DENIED` should have an upper camel case name
[INFO] [stderr]    --> src/models.rs:554:5
[INFO] [stderr]     |
[INFO] [stderr] 554 |     ACCESS_DENIED,
[INFO] [stderr]     |     ^^^^^^^^^^^^^ help: convert the identifier to upper camel case: `AccessDenied`
[INFO] [stderr] 
[INFO] [stderr] warning: variant `INVALID_API` should have an upper camel case name
[INFO] [stderr]    --> src/models.rs:555:5
[INFO] [stderr]     |
[INFO] [stderr] 555 |     INVALID_API,
[INFO] [stderr]     |     ^^^^^^^^^^^ help: convert the identifier to upper camel case: `InvalidApi`
[INFO] [stderr] 
[INFO] [stderr] warning: variant `CURRENCY_NOT_SUPPORT` should have an upper camel case name
[INFO] [stderr]    --> src/models.rs:556:5
[INFO] [stderr]     |
[INFO] [stderr] 556 |     CURRENCY_NOT_SUPPORT,
[INFO] [stderr]     |     ^^^^^^^^^^^^^^^^^^^^ help: convert the identifier to upper camel case: `CurrencyNotSupport`
[INFO] [stderr] 
[INFO] [stderr] warning: variant `EXPIRED_CODE` should have an upper camel case name
[INFO] [stderr]    --> src/models.rs:557:5
[INFO] [stderr]     |
[INFO] [stderr] 557 |     EXPIRED_CODE,
[INFO] [stderr]     |     ^^^^^^^^^^^^ help: convert the identifier to upper camel case: `ExpiredCode`
[INFO] [stderr] 
[INFO] [stderr] warning: variant `FRAUD_REJECT` should have an upper camel case name
[INFO] [stderr]    --> src/models.rs:558:5
[INFO] [stderr]     |
[INFO] [stderr] 558 |     FRAUD_REJECT,
[INFO] [stderr]     |     ^^^^^^^^^^^^ help: convert the identifier to upper camel case: `FraudReject`
[INFO] [stderr] 
[INFO] [stderr] warning: variant `INVALID_ACCESS_TOKEN` should have an upper camel case name
[INFO] [stderr]    --> src/models.rs:559:5
[INFO] [stderr]     |
[INFO] [stderr] 559 |     INVALID_ACCESS_TOKEN,
[INFO] [stderr]     |     ^^^^^^^^^^^^^^^^^^^^ help: convert the identifier to upper camel case: `InvalidAccessToken`
[INFO] [stderr] 
[INFO] [stderr] warning: variant `INVALID_CONTRACT` should have an upper camel case name
[INFO] [stderr]    --> src/models.rs:560:5
[INFO] [stderr]     |
[INFO] [stderr] 560 |     INVALID_CONTRACT,
[INFO] [stderr]     |     ^^^^^^^^^^^^^^^^ help: convert the identifier to upper camel case: `InvalidContract`
[INFO] [stderr] 
[INFO] [stderr] warning: variant `INVALID_MERCHANT_STATUS` should have an upper camel case name
[INFO] [stderr]    --> src/models.rs:561:5
[INFO] [stderr]     |
[INFO] [stderr] 561 |     INVALID_MERCHANT_STATUS,
[INFO] [stderr]     |     ^^^^^^^^^^^^^^^^^^^^^^^ help: convert the identifier to upper camel case: `InvalidMerchantStatus`
[INFO] [stderr] 
[INFO] [stderr] warning: variant `INVALID_PAYMENT_CODE` should have an upper camel case name
[INFO] [stderr]    --> src/models.rs:562:5
[INFO] [stderr]     |
[INFO] [stderr] 562 |     INVALID_PAYMENT_CODE,
[INFO] [stderr]     |     ^^^^^^^^^^^^^^^^^^^^ help: convert the identifier to upper camel case: `InvalidPaymentCode`
[INFO] [stderr] 
[INFO] [stderr] warning: variant `INVALID_PAYMENT_METHOD_META_DATA` should have an upper camel case name
[INFO] [stderr]    --> src/models.rs:563:5
[INFO] [stderr]     |
[INFO] [stderr] 563 |     INVALID_PAYMENT_METHOD_META_DATA,
[INFO] [stderr]     |     ^^^^^^^^^^^^^^^^^^^^^^^^^^^^^^^^ help: convert the identifier to upper camel case: `InvalidPaymentMethodMetaData`
[INFO] [stderr] 
[INFO] [stderr] warning: variant `KEY_NOT_FOUND` should have an upper camel case name
[INFO] [stderr]    --> src/models.rs:564:5
[INFO] [stderr]     |
[INFO] [stderr] 564 |     KEY_NOT_FOUND,
[INFO] [stderr]     |     ^^^^^^^^^^^^^ help: convert the identifier to upper camel case: `KeyNotFound`
[INFO] [stderr] 
[INFO] [stderr] warning: variant `MERCHANT_KYB_NOT_QUALIFIED` should have an upper camel case name
[INFO] [stderr]    --> src/models.rs:565:5
[INFO] [stderr]     |
[INFO] [stderr] 565 |     MERCHANT_KYB_NOT_QUALIFIED,
[INFO] [stderr]     |     ^^^^^^^^^^^^^^^^^^^^^^^^^^ help: convert the identifier to upper camel case: `MerchantKybNotQualified`
[INFO] [stderr] 
[INFO] [stderr] warning: variant `MERCHANT_NOT_REGISTERED` should have an upper camel case name
[INFO] [stderr]    --> src/models.rs:566:5
[INFO] [stderr]     |
[INFO] [stderr] 566 |     MERCHANT_NOT_REGISTERED,
[INFO] [stderr]     |     ^^^^^^^^^^^^^^^^^^^^^^^ help: convert the identifier to upper camel case: `MerchantNotRegistered`
[INFO] [stderr] 
[INFO] [stderr] warning: variant `NO_INTERFACE_DEF` should have an upper camel case name
[INFO] [stderr]    --> src/models.rs:567:5
[INFO] [stderr]     |
[INFO] [stderr] 567 |     NO_INTERFACE_DEF,
[INFO] [stderr]     |     ^^^^^^^^^^^^^^^^ help: convert the identifier to upper camel case: `NoInterfaceDef`
[INFO] [stderr] 
[INFO] [stderr] warning: variant `NO_PAY_OPTIONS` should have an upper camel case name
[INFO] [stderr]    --> src/models.rs:568:5
[INFO] [stderr]     |
[INFO] [stderr] 568 |     NO_PAY_OPTIONS,
[INFO] [stderr]     |     ^^^^^^^^^^^^^^ help: convert the identifier to upper camel case: `NoPayOptions`
[INFO] [stderr] 
[INFO] [stderr] warning: variant `ORDER_IS_CANCELED` should have an upper camel case name
[INFO] [stderr]    --> src/models.rs:569:5
[INFO] [stderr]     |
[INFO] [stderr] 569 |     ORDER_IS_CANCELED,
[INFO] [stderr]     |     ^^^^^^^^^^^^^^^^^ help: convert the identifier to upper camel case: `OrderIsCanceled`
[INFO] [stderr] 
[INFO] [stderr] warning: variant `ORDER_IS_CLOSED` should have an upper camel case name
[INFO] [stderr]    --> src/models.rs:570:5
[INFO] [stderr]     |
[INFO] [stderr] 570 |     ORDER_IS_CLOSED,
[INFO] [stderr]     |     ^^^^^^^^^^^^^^^ help: convert the identifier to upper camel case: `OrderIsClosed`
[INFO] [stderr] 
[INFO] [stderr] warning: variant `PARAM_ILLEGAL` should have an upper camel case name
[INFO] [stderr]    --> src/models.rs:571:5
[INFO] [stderr]     |
[INFO] [stderr] 571 |     PARAM_ILLEGAL,
[INFO] [stderr]     |     ^^^^^^^^^^^^^ help: convert the identifier to upper camel case: `ParamIllegal`
[INFO] [stderr] 
[INFO] [stderr] warning: variant `PAYMENT_AMOUNT_EXCEED_LIMIT` should have an upper camel case name
[INFO] [stderr]    --> src/models.rs:572:5
[INFO] [stderr]     |
[INFO] [stderr] 572 |     PAYMENT_AMOUNT_EXCEED_LIMIT,
[INFO] [stderr]     |     ^^^^^^^^^^^^^^^^^^^^^^^^^^^ help: convert the identifier to upper camel case: `PaymentAmountExceedLimit`
[INFO] [stderr] 
[INFO] [stderr] warning: variant `PAYMENT_COUNT_EXCEED_LIMIT` should have an upper camel case name
[INFO] [stderr]    --> src/models.rs:573:5
[INFO] [stderr]     |
[INFO] [stderr] 573 |     PAYMENT_COUNT_EXCEED_LIMIT,
[INFO] [stderr]     |     ^^^^^^^^^^^^^^^^^^^^^^^^^^ help: convert the identifier to upper camel case: `PaymentCountExceedLimit`
[INFO] [stderr] 
[INFO] [stderr] warning: variant `PAYMENT_NOT_QUALIFIED` should have an upper camel case name
[INFO] [stderr]    --> src/models.rs:574:5
[INFO] [stderr]     |
[INFO] [stderr] 574 |     PAYMENT_NOT_QUALIFIED,
[INFO] [stderr]     |     ^^^^^^^^^^^^^^^^^^^^^ help: convert the identifier to upper camel case: `PaymentNotQualified`
[INFO] [stderr] 
[INFO] [stderr] warning: variant `PROCESS_FAIL` should have an upper camel case name
[INFO] [stderr]    --> src/models.rs:575:5
[INFO] [stderr]     |
[INFO] [stderr] 575 |     PROCESS_FAIL,
[INFO] [stderr]     |     ^^^^^^^^^^^^ help: convert the identifier to upper camel case: `ProcessFail`
[INFO] [stderr] 
[INFO] [stderr] warning: variant `REPEAT_REQ_INCONSISTENT` should have an upper camel case name
[INFO] [stderr]    --> src/models.rs:576:5
[INFO] [stderr]     |
[INFO] [stderr] 576 |     REPEAT_REQ_INCONSISTENT,
[INFO] [stderr]     |     ^^^^^^^^^^^^^^^^^^^^^^^ help: convert the identifier to upper camel case: `RepeatReqInconsistent`
[INFO] [stderr] 
[INFO] [stderr] warning: variant `RISK_REJECT` should have an upper camel case name
[INFO] [stderr]    --> src/models.rs:577:5
[INFO] [stderr]     |
[INFO] [stderr] 577 |     RISK_REJECT,
[INFO] [stderr]     |     ^^^^^^^^^^^ help: convert the identifier to upper camel case: `RiskReject`
[INFO] [stderr] 
[INFO] [stderr] warning: variant `SETTLE_CONTRACT_NOT_MATCH` should have an upper camel case name
[INFO] [stderr]    --> src/models.rs:578:5
[INFO] [stderr]     |
[INFO] [stderr] 578 |     SETTLE_CONTRACT_NOT_MATCH,
[INFO] [stderr]     |     ^^^^^^^^^^^^^^^^^^^^^^^^^ help: convert the identifier to upper camel case: `SettleContractNotMatch`
[INFO] [stderr] 
[INFO] [stderr] warning: variant `SYSTEM_ERROR` should have an upper camel case name
[INFO] [stderr]    --> src/models.rs:579:5
[INFO] [stderr]     |
[INFO] [stderr] 579 |     SYSTEM_ERROR,
[INFO] [stderr]     |     ^^^^^^^^^^^^ help: convert the identifier to upper camel case: `SystemError`
[INFO] [stderr] 
[INFO] [stderr] warning: variant `USER_AMOUNT_EXCEED_LIMIT` should have an upper camel case name
[INFO] [stderr]    --> src/models.rs:580:5
[INFO] [stderr]     |
[INFO] [stderr] 580 |     USER_AMOUNT_EXCEED_LIMIT,
[INFO] [stderr]     |     ^^^^^^^^^^^^^^^^^^^^^^^^ help: convert the identifier to upper camel case: `UserAmountExceedLimit`
[INFO] [stderr] 
[INFO] [stderr] warning: variant `USER_BALANCE_NOT_ENOUGH` should have an upper camel case name
[INFO] [stderr]    --> src/models.rs:581:5
[INFO] [stderr]     |
[INFO] [stderr] 581 |     USER_BALANCE_NOT_ENOUGH,
[INFO] [stderr]     |     ^^^^^^^^^^^^^^^^^^^^^^^ help: convert the identifier to upper camel case: `UserBalanceNotEnough`
[INFO] [stderr] 
[INFO] [stderr] warning: variant `USER_KYC_NOT_QUALIFIED` should have an upper camel case name
[INFO] [stderr]    --> src/models.rs:582:5
[INFO] [stderr]     |
[INFO] [stderr] 582 |     USER_KYC_NOT_QUALIFIED,
[INFO] [stderr]     |     ^^^^^^^^^^^^^^^^^^^^^^ help: convert the identifier to upper camel case: `UserKycNotQualified`
[INFO] [stderr] 
[INFO] [stderr] warning: variant `PAYMENT_IN_PROCESS` should have an upper camel case name
[INFO] [stderr]    --> src/models.rs:583:5
[INFO] [stderr]     |
[INFO] [stderr] 583 |     PAYMENT_IN_PROCESS,
[INFO] [stderr]     |     ^^^^^^^^^^^^^^^^^^ help: convert the identifier to upper camel case: `PaymentInProcess`
[INFO] [stderr] 
[INFO] [stderr] warning: variant `REQUEST_TRAFFIC_EXCEED_LIMIT` should have an upper camel case name
[INFO] [stderr]    --> src/models.rs:584:5
[INFO] [stderr]     |
[INFO] [stderr] 584 |     REQUEST_TRAFFIC_EXCEED_LIMIT,
[INFO] [stderr]     |     ^^^^^^^^^^^^^^^^^^^^^^^^^^^^ help: convert the identifier to upper camel case: `RequestTrafficExceedLimit`
[INFO] [stderr] 
[INFO] [stderr] warning: variant `UNKNOWN_EXCEPTION` should have an upper camel case name
[INFO] [stderr]    --> src/models.rs:585:5
[INFO] [stderr]     |
[INFO] [stderr] 585 |     UNKNOWN_EXCEPTION,
[INFO] [stderr]     |     ^^^^^^^^^^^^^^^^^ help: convert the identifier to upper camel case: `UnknownException`
[INFO] [stderr] 
[INFO] [stderr] warning: variant `USER_NOT_EXIST` should have an upper camel case name
[INFO] [stderr]    --> src/models.rs:586:5
[INFO] [stderr]     |
[INFO] [stderr] 586 |     USER_NOT_EXIST,
[INFO] [stderr]     |     ^^^^^^^^^^^^^^ help: convert the identifier to upper camel case: `UserNotExist`
[INFO] [stderr] 
[INFO] [stderr] warning: variant `ORDER_NOT_EXIST` should have an upper camel case name
[INFO] [stderr]    --> src/models.rs:587:5
[INFO] [stderr]     |
[INFO] [stderr] 587 |     ORDER_NOT_EXIST,
[INFO] [stderr]     |     ^^^^^^^^^^^^^^^ help: convert the identifier to upper camel case: `OrderNotExist`
[INFO] [stderr] 
[INFO] [stderr] warning: variant `ORDER_STATUS_INVALID` should have an upper camel case name
[INFO] [stderr]    --> src/models.rs:588:5
[INFO] [stderr]     |
[INFO] [stderr] 588 |     ORDER_STATUS_INVALID,
[INFO] [stderr]     |     ^^^^^^^^^^^^^^^^^^^^ help: convert the identifier to upper camel case: `OrderStatusInvalid`
[INFO] [stderr] 
[INFO] [stderr] warning: variant `USER_PAYMENT_VERIFICATION_FAILED` should have an upper camel case name
[INFO] [stderr]    --> src/models.rs:589:5
[INFO] [stderr]     |
[INFO] [stderr] 589 |     USER_PAYMENT_VERIFICATION_FAILED,
[INFO] [stderr]     |     ^^^^^^^^^^^^^^^^^^^^^^^^^^^^^^^^ help: convert the identifier to upper camel case: `UserPaymentVerificationFailed`
[INFO] [stderr] 
[INFO] [stderr] warning: variant `USER_STATUS_ABNORMAL` should have an upper camel case name
[INFO] [stderr]    --> src/models.rs:590:5
[INFO] [stderr]     |
[INFO] [stderr] 590 |     USER_STATUS_ABNORMAL,
[INFO] [stderr]     |     ^^^^^^^^^^^^^^^^^^^^ help: convert the identifier to upper camel case: `UserStatusAbnormal`
[INFO] [stderr] 
[INFO] [stderr] warning: variant `VERIFY_TIMES_EXCEED_LIMIT` should have an upper camel case name
[INFO] [stderr]    --> src/models.rs:591:5
[INFO] [stderr]     |
[INFO] [stderr] 591 |     VERIFY_TIMES_EXCEED_LIMIT,
[INFO] [stderr]     |     ^^^^^^^^^^^^^^^^^^^^^^^^^ help: convert the identifier to upper camel case: `VerifyTimesExceedLimit`
[INFO] [stderr] 
[INFO] [stderr] warning: variant `VERIFY_UNMATCHED` should have an upper camel case name
[INFO] [stderr]    --> src/models.rs:592:5
[INFO] [stderr]     |
[INFO] [stderr] 592 |     VERIFY_UNMATCHED,
[INFO] [stderr]     |     ^^^^^^^^^^^^^^^^ help: convert the identifier to upper camel case: `VerifyUnmatched`
[INFO] [stderr] 
[INFO] [stderr] warning: variant `AUTHENTICATION_REQUIRED` should have an upper camel case name
[INFO] [stderr]    --> src/models.rs:593:5
[INFO] [stderr]     |
[INFO] [stderr] 593 |     AUTHENTICATION_REQUIRED,
[INFO] [stderr]     |     ^^^^^^^^^^^^^^^^^^^^^^^ help: convert the identifier to upper camel case: `AuthenticationRequired`
[INFO] [stderr] 
[INFO] [stderr] warning: variant `SELECTED_CARD_BRAND_NOT_AVAILABLE` should have an upper camel case name
[INFO] [stderr]    --> src/models.rs:594:5
[INFO] [stderr]     |
[INFO] [stderr] 594 |     SELECTED_CARD_BRAND_NOT_AVAILABLE,
[INFO] [stderr]     |     ^^^^^^^^^^^^^^^^^^^^^^^^^^^^^^^^^ help: convert the identifier to upper camel case: `SelectedCardBrandNotAvailable`
[INFO] [stderr] 
[INFO] [stderr] warning: variant `PAYMENT_PROHIBITED` should have an upper camel case name
[INFO] [stderr]    --> src/models.rs:595:5
[INFO] [stderr]     |
[INFO] [stderr] 595 |     PAYMENT_PROHIBITED,
[INFO] [stderr]     |     ^^^^^^^^^^^^^^^^^^ help: convert the identifier to upper camel case: `PaymentProhibited`
[INFO] [stderr] 
[INFO] [stderr] warning: variant `REFUND_AMOUNT_EXCEED` should have an upper camel case name
[INFO] [stderr]    --> src/models.rs:596:5
[INFO] [stderr]     |
[INFO] [stderr] 596 |     REFUND_AMOUNT_EXCEED,
[INFO] [stderr]     |     ^^^^^^^^^^^^^^^^^^^^ help: convert the identifier to upper camel case: `RefundAmountExceed`
[INFO] [stderr] 
[INFO] [stderr] warning: variant `REFUND_WINDOW_EXCEED` should have an upper camel case name
[INFO] [stderr]    --> src/models.rs:597:5
[INFO] [stderr]     |
[INFO] [stderr] 597 |     REFUND_WINDOW_EXCEED,
[INFO] [stderr]     |     ^^^^^^^^^^^^^^^^^^^^ help: convert the identifier to upper camel case: `RefundWindowExceed`
[INFO] [stderr] 
[INFO] [stderr] warning: variant `REFUND_IN_PROCESS` should have an upper camel case name
[INFO] [stderr]    --> src/models.rs:598:5
[INFO] [stderr]     |
[INFO] [stderr] 598 |     REFUND_IN_PROCESS,
[INFO] [stderr]     |     ^^^^^^^^^^^^^^^^^ help: convert the identifier to upper camel case: `RefundInProcess`
[INFO] [stderr] 
[INFO] [stderr] warning: variant `REFUND_NOT_SUPPORTED` should have an upper camel case name
[INFO] [stderr]    --> src/models.rs:599:5
[INFO] [stderr]     |
[INFO] [stderr] 599 |     REFUND_NOT_SUPPORTED,
[INFO] [stderr]     |     ^^^^^^^^^^^^^^^^^^^^ help: convert the identifier to upper camel case: `RefundNotSupported`
[INFO] [stderr] 
[INFO] [stderr] warning: unused import: `std::str::FromStr`
[INFO] [stderr]  --> src/pay.rs:1:5
[INFO] [stderr]   |
[INFO] [stderr] 1 | use std::str::FromStr;
[INFO] [stderr]   |     ^^^^^^^^^^^^^^^^^
[INFO] [stderr] 
[INFO] [stderr] warning: unused imports: `AlipayAction` and `Signable`
[INFO] [stderr]  --> src/pay.rs:4:85
[INFO] [stderr]   |
[INFO] [stderr] 4 | use super::models::{AlipayClientSecret, CashierPaymentSimple, RequestEnv, Response, Signable, AlipayAction};
[INFO] [stderr]   |                                                                                     ^^^^^^^^  ^^^^^^^^^^^^
[INFO] [stderr] 
[INFO] [stderr] warning: unused import: `rsa::Hash`
[INFO] [stderr]  --> src/pay.rs:9:5
[INFO] [stderr]   |
[INFO] [stderr] 9 | use rsa::Hash;
[INFO] [stderr]   |     ^^^^^^^^^
[INFO] [stderr] 
[INFO] [stderr] warning: unused import: `borrow::BorrowMut`
[INFO] [stderr]  --> src/sign.rs:2:5
[INFO] [stderr]   |
[INFO] [stderr] 2 |     borrow::BorrowMut,
[INFO] [stderr]   |     ^^^^^^^^^^^^^^^^^
[INFO] [stderr] 
[INFO] [stderr] warning: unused imports: `RsaPrivateKey`, `RsaPublicKey`, `pkcs1::DecodeRsaPrivateKey`, and `pkcs8::DecodePublicKey`
[INFO] [stderr]  --> src/sign.rs:7:5
[INFO] [stderr]   |
[INFO] [stderr] 7 |     pkcs1::DecodeRsaPrivateKey, pkcs8::DecodePublicKey, Hash, PaddingScheme, PublicKey,
[INFO] [stderr]   |     ^^^^^^^^^^^^^^^^^^^^^^^^^^  ^^^^^^^^^^^^^^^^^^^^^^
[INFO] [stderr] 8 |     RsaPrivateKey, RsaPublicKey,
[INFO] [stderr]   |     ^^^^^^^^^^^^^  ^^^^^^^^^^^^
[INFO] [stderr] 
[INFO] [stderr] warning: unused import: `DateTime`
[INFO] [stderr]  --> src/webhook.rs:1:14
[INFO] [stderr]   |
[INFO] [stderr] 1 | use chrono::{DateTime, Utc};
[INFO] [stderr]   |              ^^^^^^^^
[INFO] [stderr] 
[INFO] [stderr] warning: unused imports: `CashierPaymentInquiry`, `NotifyPayment`, and `RequestEnv`
[INFO] [stderr]  --> src/webhook.rs:7:25
[INFO] [stderr]   |
[INFO] [stderr] 7 |     AlipayClientSecret, CashierPaymentInquiry, RequestEnv,
[INFO] [stderr]   |                         ^^^^^^^^^^^^^^^^^^^^^  ^^^^^^^^^^
[INFO] [stderr] 8 |     NotifyPayment, WebhookData, WebhookResponse, WebhookResponseInput,
[INFO] [stderr]   |     ^^^^^^^^^^^^^
[INFO] [stderr] 
[INFO] [stderr] warning: unused import: `super::response::parse_response`
[INFO] [stderr]   --> src/webhook.rs:12:5
[INFO] [stderr]    |
[INFO] [stderr] 12 | use super::response::parse_response;
[INFO] [stderr]    |     ^^^^^^^^^^^^^^^^^^^^^^^^^^^^^^^
[INFO] [stderr] 
[INFO] [stderr] warning: use of deprecated function `base64::decode`: Use Engine::decode
[INFO] [stderr]   --> src/sign.rs:36:43
[INFO] [stderr]    |
[INFO] [stderr] 36 |     if let Ok(decode_signature) = base64::decode(signature) {
[INFO] [stderr]    |                                           ^^^^^^
[INFO] [stderr]    |
[INFO] [stderr]    = note: `#[warn(deprecated)]` on by default
[INFO] [stderr] 
[INFO] [stderr] warning: unused variable: `verify`
[INFO] [stderr]   --> src/inquiry.rs:41:9
[INFO] [stderr]    |
[INFO] [stderr] 41 |     let verify = verify(
[INFO] [stderr]    |         ^^^^^^ help: if this is intentional, prefix it with an underscore: `_verify`
[INFO] [stderr]    |
[INFO] [stderr]    = note: `#[warn(unused_variables)]` on by default
[INFO] [stderr] 
[INFO] [stderr] warning: unused variable: `value`
[INFO] [stderr]    --> src/models.rs:354:13
[INFO] [stderr]     |
[INFO] [stderr] 354 |     fn from(value: &CashierPaymentSimple) -> Self {
[INFO] [stderr]     |             ^^^^^ help: if this is intentional, prefix it with an underscore: `_value`
[INFO] [stderr] 
[INFO] [stderr] warning: unused variable: `verify`
[INFO] [stderr]   --> src/pay.rs:52:9
[INFO] [stderr]    |
[INFO] [stderr] 52 |     let verify = verify(
[INFO] [stderr]    |         ^^^^^^ help: if this is intentional, prefix it with an underscore: `_verify`
[INFO] [stderr] 
[INFO] [stderr] warning: unused variable: `verify`
[INFO] [stderr]   --> src/refund.rs:42:9
[INFO] [stderr]    |
[INFO] [stderr] 42 |     let verify = verify(
[INFO] [stderr]    |         ^^^^^^ help: if this is intentional, prefix it with an underscore: `_verify`
[INFO] [stderr] 
[INFO] [stderr] warning: unused variable: `verify`
[INFO] [stderr]   --> src/webhook.rs:18:9
[INFO] [stderr]    |
[INFO] [stderr] 18 |     let verify = verify(
[INFO] [stderr]    |         ^^^^^^ help: if this is intentional, prefix it with an underscore: `_verify`
[INFO] [stderr] 
[INFO] [stderr] warning: unused import: `Signable`
[INFO] [stderr]  --> src/pay.rs:4:85
[INFO] [stderr]   |
[INFO] [stderr] 4 | use super::models::{AlipayClientSecret, CashierPaymentSimple, RequestEnv, Response, Signable, AlipayAction};
[INFO] [stderr]   |                                                                                     ^^^^^^^^
[INFO] [stderr] 
[INFO] [stderr] warning: `alipay-global` (lib) generated 67 warnings (run `cargo fix --lib -p alipay-global` to apply 14 suggestions)
[INFO] [stderr] warning: `alipay-global` (lib test) generated 67 warnings (66 duplicates) (run `cargo fix --lib -p alipay-global --tests` to apply 1 suggestion)
[INFO] [stderr]     Finished `test` profile [unoptimized + debuginfo] target(s) in 0.14s
[INFO] [stderr]      Running unittests src/lib.rs (/opt/rustwide/target/debug/deps/alipay_global-c071594c009d0a21)
[INFO] [stdout] 
[INFO] [stdout] running 1 test
[INFO] [stdout] test pay::tests::test_req ... FAILED
[INFO] [stdout] 
[INFO] [stdout] failures:
[INFO] [stdout] 
[INFO] [stdout] ---- pay::tests::test_req stdout ----
[INFO] [stdout] thread 'pay::tests::test_req' panicked at src/pay.rs:77:52:
[INFO] [stdout] Missing CLIENT_ID environment variable: NotPresent
[INFO] [stdout] stack backtrace:
[INFO] [stdout]    0:     0x5e7784c23e9a - std::backtrace_rs::backtrace::libunwind::trace::h207520d6e9873551
[INFO] [stdout]                                at /rustc/df4ca44d3fbc9301ee17f30f4d474e6ae4b05252/library/std/src/../../backtrace/src/backtrace/libunwind.rs:116:5
[INFO] [stdout]    1:     0x5e7784c23e9a - std::backtrace_rs::backtrace::trace_unsynchronized::h2ed7433f370e3eca
[INFO] [stdout]                                at /rustc/df4ca44d3fbc9301ee17f30f4d474e6ae4b05252/library/std/src/../../backtrace/src/backtrace/mod.rs:66:5
[INFO] [stdout]    2:     0x5e7784c23e9a - std::sys::backtrace::_print_fmt::h916fac51166b18d7
[INFO] [stdout]                                at /rustc/df4ca44d3fbc9301ee17f30f4d474e6ae4b05252/library/std/src/sys/backtrace.rs:66:9
[INFO] [stdout]    3:     0x5e7784c23e9a - <std::sys::backtrace::BacktraceLock::print::DisplayBacktrace as core::fmt::Display>::fmt::ha0a4c9b8ce3802e6
[INFO] [stdout]                                at /rustc/df4ca44d3fbc9301ee17f30f4d474e6ae4b05252/library/std/src/sys/backtrace.rs:39:26
[INFO] [stdout]    4:     0x5e7784c4df23 - core::fmt::rt::Argument::fmt::h4cfc8587d52b3eb5
[INFO] [stdout]                                at /rustc/df4ca44d3fbc9301ee17f30f4d474e6ae4b05252/library/core/src/fmt/rt.rs:177:76
[INFO] [stdout]    5:     0x5e7784c4df23 - core::fmt::write::h522cc39e5b36ae9f
[INFO] [stdout]                                at /rustc/df4ca44d3fbc9301ee17f30f4d474e6ae4b05252/library/core/src/fmt/mod.rs:1190:21
[INFO] [stdout]    6:     0x5e7784c1fa23 - std::io::Write::write_fmt::h7d3c26752da97734
[INFO] [stdout]                                at /rustc/df4ca44d3fbc9301ee17f30f4d474e6ae4b05252/library/std/src/io/mod.rs:1839:15
[INFO] [stdout]    7:     0x5e7784c23ce2 - std::sys::backtrace::BacktraceLock::print::h4b9e00b29e9c0942
[INFO] [stdout]                                at /rustc/df4ca44d3fbc9301ee17f30f4d474e6ae4b05252/library/std/src/sys/backtrace.rs:42:9
[INFO] [stdout]    8:     0x5e7784c2532a - std::panicking::default_hook::{{closure}}::hb59b88280d0324d9
[INFO] [stdout]                                at /rustc/df4ca44d3fbc9301ee17f30f4d474e6ae4b05252/library/std/src/panicking.rs:268:22
[INFO] [stdout]    9:     0x5e7784c25134 - std::panicking::default_hook::he1dd496665be4a29
[INFO] [stdout]                                at /rustc/df4ca44d3fbc9301ee17f30f4d474e6ae4b05252/library/std/src/panicking.rs:292:9
[INFO] [stdout]   10:     0x5e77848282b9 - <alloc::boxed::Box<F,A> as core::ops::function::Fn<Args>>::call::h4ff71de18744e1dc
[INFO] [stdout]                                at /rustc/df4ca44d3fbc9301ee17f30f4d474e6ae4b05252/library/alloc/src/boxed.rs:2468:9
[INFO] [stdout]   11:     0x5e77848282b9 - test::test_main::{{closure}}::hcf7c055ce117aa81
[INFO] [stdout]                                at /rustc/df4ca44d3fbc9301ee17f30f4d474e6ae4b05252/library/test/src/lib.rs:133:21
[INFO] [stdout]   12:     0x5e7784c25a28 - <alloc::boxed::Box<F,A> as core::ops::function::Fn<Args>>::call::h1d66c6bbd60c9692
[INFO] [stdout]                                at /rustc/df4ca44d3fbc9301ee17f30f4d474e6ae4b05252/library/alloc/src/boxed.rs:2468:9
[INFO] [stdout]   13:     0x5e7784c25a28 - std::panicking::rust_panic_with_hook::h2ff17fe8f26dfcf8
[INFO] [stdout]                                at /rustc/df4ca44d3fbc9301ee17f30f4d474e6ae4b05252/library/std/src/panicking.rs:809:13
[INFO] [stdout]   14:     0x5e7784c257ea - std::panicking::begin_panic_handler::{{closure}}::h4fad77951c07e101
[INFO] [stdout]                                at /rustc/df4ca44d3fbc9301ee17f30f4d474e6ae4b05252/library/std/src/panicking.rs:674:13
[INFO] [stdout]   15:     0x5e7784c24379 - std::sys::backtrace::__rust_end_short_backtrace::hb1a25b3da5d0ea08
[INFO] [stdout]                                at /rustc/df4ca44d3fbc9301ee17f30f4d474e6ae4b05252/library/std/src/sys/backtrace.rs:170:18
[INFO] [stdout]   16:     0x5e7784c2547c - rust_begin_unwind
[INFO] [stdout]                                at /rustc/df4ca44d3fbc9301ee17f30f4d474e6ae4b05252/library/std/src/panicking.rs:665:5
[INFO] [stdout]   17:     0x5e7784c4c0f0 - core::panicking::panic_fmt::ha9db07b529f9b256
[INFO] [stdout]                                at /rustc/df4ca44d3fbc9301ee17f30f4d474e6ae4b05252/library/core/src/panicking.rs:75:14
[INFO] [stdout]   18:     0x5e7784c4c5d6 - core::result::unwrap_failed::h5e8218e4d4338b8a
[INFO] [stdout]                                at /rustc/df4ca44d3fbc9301ee17f30f4d474e6ae4b05252/library/core/src/result.rs:1698:5
[INFO] [stdout]   19:     0x5e77847e0df6 - core::result::Result<T,E>::expect::hda82301c794896df
[INFO] [stdout]                                at /rustc/df4ca44d3fbc9301ee17f30f4d474e6ae4b05252/library/core/src/result.rs:1060:23
[INFO] [stdout]   20:     0x5e77847e41f5 - alipay_global::pay::tests::test_req::hda13ab1b3c4e5c7d
[INFO] [stdout]                                at /opt/rustwide/workdir/src/pay.rs:77:25
[INFO] [stdout]   21:     0x5e77847e4187 - alipay_global::pay::tests::test_req::{{closure}}::ha02c8bb64a3cd1e6
[INFO] [stdout]                                at /opt/rustwide/workdir/src/pay.rs:76:18
[INFO] [stdout]   22:     0x5e77847e5626 - core::ops::function::FnOnce::call_once::h68167fb60cfeff87
[INFO] [stdout]                                at /rustc/df4ca44d3fbc9301ee17f30f4d474e6ae4b05252/library/core/src/ops/function.rs:250:5
[INFO] [stdout]   23:     0x5e778482cb8b - core::ops::function::FnOnce::call_once::h22c3ba5715e93f05
[INFO] [stdout]                                at /rustc/df4ca44d3fbc9301ee17f30f4d474e6ae4b05252/library/core/src/ops/function.rs:250:5
[INFO] [stdout]   24:     0x5e778482cb8b - test::__rust_begin_short_backtrace::h8e82d8113d0da17f
[INFO] [stdout]                                at /rustc/df4ca44d3fbc9301ee17f30f4d474e6ae4b05252/library/test/src/lib.rs:621:18
[INFO] [stdout]   25:     0x5e778482c507 - test::run_test_in_process::{{closure}}::h33235f4f20b7b7c7
[INFO] [stdout]                                at /rustc/df4ca44d3fbc9301ee17f30f4d474e6ae4b05252/library/test/src/lib.rs:644:60
[INFO] [stdout]   26:     0x5e778482c507 - <core::panic::unwind_safe::AssertUnwindSafe<F> as core::ops::function::FnOnce<()>>::call_once::hb5043206310c586f
[INFO] [stdout]                                at /rustc/df4ca44d3fbc9301ee17f30f4d474e6ae4b05252/library/core/src/panic/unwind_safe.rs:272:9
[INFO] [stdout]   27:     0x5e778482c507 - std::panicking::try::do_call::h9ad4731a60ab23e2
[INFO] [stdout]                                at /rustc/df4ca44d3fbc9301ee17f30f4d474e6ae4b05252/library/std/src/panicking.rs:557:40
[INFO] [stdout]   28:     0x5e778482c507 - std::panicking::try::h3824d23db772a716
[INFO] [stdout]                                at /rustc/df4ca44d3fbc9301ee17f30f4d474e6ae4b05252/library/std/src/panicking.rs:520:19
[INFO] [stdout]   29:     0x5e778482c507 - std::panic::catch_unwind::h5afd514605fde46b
[INFO] [stdout]                                at /rustc/df4ca44d3fbc9301ee17f30f4d474e6ae4b05252/library/std/src/panic.rs:358:14
[INFO] [stdout]   30:     0x5e778482c507 - test::run_test_in_process::h0d5cbfa7067d1720
[INFO] [stdout]                                at /rustc/df4ca44d3fbc9301ee17f30f4d474e6ae4b05252/library/test/src/lib.rs:644:27
[INFO] [stdout]   31:     0x5e778482c507 - test::run_test::{{closure}}::h708eb8872708115d
[INFO] [stdout]                                at /rustc/df4ca44d3fbc9301ee17f30f4d474e6ae4b05252/library/test/src/lib.rs:565:43
[INFO] [stdout]   32:     0x5e77847efc24 - test::run_test::{{closure}}::h392c51cee94713ab
[INFO] [stdout]                                at /rustc/df4ca44d3fbc9301ee17f30f4d474e6ae4b05252/library/test/src/lib.rs:595:41
[INFO] [stdout]   33:     0x5e77847efc24 - std::sys::backtrace::__rust_begin_short_backtrace::h2f40290710935a8b
[INFO] [stdout]                                at /rustc/df4ca44d3fbc9301ee17f30f4d474e6ae4b05252/library/std/src/sys/backtrace.rs:154:18
[INFO] [stdout]   34:     0x5e77847f33ce - std::thread::Builder::spawn_unchecked_::{{closure}}::{{closure}}::h3fd968d89053a903
[INFO] [stdout]                                at /rustc/df4ca44d3fbc9301ee17f30f4d474e6ae4b05252/library/std/src/thread/mod.rs:541:17
[INFO] [stdout]   35:     0x5e77847f33ce - <core::panic::unwind_safe::AssertUnwindSafe<F> as core::ops::function::FnOnce<()>>::call_once::h743f637ba4229880
[INFO] [stdout]                                at /rustc/df4ca44d3fbc9301ee17f30f4d474e6ae4b05252/library/core/src/panic/unwind_safe.rs:272:9
[INFO] [stdout]   36:     0x5e77847f33ce - std::panicking::try::do_call::h07440897322525a6
[INFO] [stdout]                                at /rustc/df4ca44d3fbc9301ee17f30f4d474e6ae4b05252/library/std/src/panicking.rs:557:40
[INFO] [stdout]   37:     0x5e77847f33ce - std::panicking::try::he5a2e00188156637
[INFO] [stdout]                                at /rustc/df4ca44d3fbc9301ee17f30f4d474e6ae4b05252/library/std/src/panicking.rs:520:19
[INFO] [stdout]   38:     0x5e77847f33ce - std::panic::catch_unwind::hbaf3cae49b3c6433
[INFO] [stdout]                                at /rustc/df4ca44d3fbc9301ee17f30f4d474e6ae4b05252/library/std/src/panic.rs:358:14
[INFO] [stderr] error: test failed, to rerun pass `--lib`
[INFO] [stdout]   39:     0x5e77847f33ce - std::thread::Builder::spawn_unchecked_::{{closure}}::h8e141ea224820bce
[INFO] [stdout]                                at /rustc/df4ca44d3fbc9301ee17f30f4d474e6ae4b05252/library/std/src/thread/mod.rs:540:30
[INFO] [stdout]   40:     0x5e77847f33ce - core::ops::function::FnOnce::call_once{{vtable.shim}}::h90d312fedd7b8ea8
[INFO] [stdout]                                at /rustc/df4ca44d3fbc9301ee17f30f4d474e6ae4b05252/library/core/src/ops/function.rs:250:5
[INFO] [stdout]   41:     0x5e7784c298ab - <alloc::boxed::Box<F,A> as core::ops::function::FnOnce<Args>>::call_once::h69aa08ddb6adb8b6
[INFO] [stdout]                                at /rustc/df4ca44d3fbc9301ee17f30f4d474e6ae4b05252/library/alloc/src/boxed.rs:2454:9
[INFO] [stdout]   42:     0x5e7784c298ab - <alloc::boxed::Box<F,A> as core::ops::function::FnOnce<Args>>::call_once::h5aa36efdb79c806f
[INFO] [stdout]                                at /rustc/df4ca44d3fbc9301ee17f30f4d474e6ae4b05252/library/alloc/src/boxed.rs:2454:9
[INFO] [stdout]   43:     0x5e7784c298ab - std::sys::pal::unix::thread::Thread::new::thread_start::h6cd80a1b4be5158d
[INFO] [stdout]                                at /rustc/df4ca44d3fbc9301ee17f30f4d474e6ae4b05252/library/std/src/sys/pal/unix/thread.rs:105:17
[INFO] [stdout]   44:     0x7631c912dac3 - <unknown>
[INFO] [stdout]   45:     0x7631c91bea04 - clone
[INFO] [stdout]   46:                0x0 - <unknown>
[INFO] [stdout] 
[INFO] [stdout] 
[INFO] [stdout] failures:
[INFO] [stdout]     pay::tests::test_req
[INFO] [stdout] 
[INFO] [stdout] test result: FAILED. 0 passed; 1 failed; 0 ignored; 0 measured; 0 filtered out; finished in 0.04s
[INFO] [stdout] 
[INFO] running `Command { std: "docker" "inspect" "3195f0c7ec6f97fe4490138012923c4f6ca5c1a3899b82c49e621a1aa7ddf0e0", kill_on_drop: false }`
[INFO] running `Command { std: "docker" "rm" "-f" "3195f0c7ec6f97fe4490138012923c4f6ca5c1a3899b82c49e621a1aa7ddf0e0", kill_on_drop: false }`
[INFO] [stdout] 3195f0c7ec6f97fe4490138012923c4f6ca5c1a3899b82c49e621a1aa7ddf0e0
