[INFO] fetching crate ale 0.1.3...
[INFO] testing ale-0.1.3 against nightly-2024-10-28 for randomize-layout
[INFO] extracting crate ale 0.1.3 into /workspace/builds/worker-6-tc1/source
[INFO] validating manifest of crates.io crate ale 0.1.3 on toolchain nightly-2024-10-28
[INFO] running `Command { std: CARGO_HOME="/workspace/cargo-home" RUSTUP_HOME="/workspace/rustup-home" "/workspace/cargo-home/bin/cargo" "+nightly-2024-10-28" "metadata" "--manifest-path" "Cargo.toml" "--no-deps", kill_on_drop: false }`
[INFO] started tweaking crates.io crate ale 0.1.3
[INFO] finished tweaking crates.io crate ale 0.1.3
[INFO] tweaked toml for crates.io crate ale 0.1.3 written to /workspace/builds/worker-6-tc1/source/Cargo.toml
[INFO] crate crates.io crate ale 0.1.3 already has a lockfile, it will not be regenerated
[INFO] running `Command { std: CARGO_HOME="/workspace/cargo-home" RUSTUP_HOME="/workspace/rustup-home" "/workspace/cargo-home/bin/cargo" "+nightly-2024-10-28" "fetch" "--manifest-path" "Cargo.toml", kill_on_drop: false }`
[INFO] [stderr]     Updating crates.io index
[INFO] [stderr]  Downloading crates ...
[INFO] [stderr]   Downloaded winit_input_helper v0.5.0
[INFO] [stderr]   Downloaded lazy_static v1.4.0
[INFO] [stderr]   Downloaded x11-dl v2.18.5
[INFO] [stderr]   Downloaded cfg-if v0.1.10
[INFO] [stderr]   Downloaded dlib v0.4.1
[INFO] [stderr]   Downloaded pkg-config v0.3.17
[INFO] [stderr]   Downloaded semver-parser v0.7.0
[INFO] [stderr]   Downloaded objc_exception v0.1.2
[INFO] [stderr]   Downloaded android_glue v0.2.3
[INFO] [stderr]   Downloaded semver v0.9.0
[INFO] [stderr]   Downloaded foreign-types v0.3.2
[INFO] [stderr]   Downloaded ws2_32-sys v0.2.1
[INFO] [stderr]   Downloaded maybe-uninit v2.0.0
[INFO] [stderr]   Downloaded parking_lot v0.9.0
[INFO] [stderr]   Downloaded rustc_version v0.2.3
[INFO] [stderr]   Downloaded vec_map v0.8.2
[INFO] [stderr]   Downloaded getrandom v0.1.14
[INFO] [stderr]   Downloaded rusttype v0.8.3
[INFO] [stderr]   Downloaded gfx-backend-empty v0.4.0
[INFO] [stderr]   Downloaded range-alloc v0.1.0
[INFO] [stderr]   Downloaded core-video-sys v0.1.4
[INFO] [stderr]   Downloaded rdrand v0.4.0
[INFO] [stderr]   Downloaded fxhash v0.2.1
[INFO] [stderr]   Downloaded libloading v0.5.2
[INFO] [stderr]   Downloaded relevant v0.4.2
[INFO] [stderr]   Downloaded wasi v0.9.0+wasi-snapshot-preview1
[INFO] [stderr]   Downloaded hibitset v0.6.3
[INFO] [stderr]   Downloaded wio v0.2.2
[INFO] [stderr]   Downloaded rendy-memory v0.5.2
[INFO] [stderr]   Downloaded copyless v0.1.4
[INFO] [stderr]   Downloaded gfx-backend-dx11 v0.4.6
[INFO] [stderr]   Downloaded cocoa v0.20.0
[INFO] [stderr]   Downloaded js-sys v0.3.39
[INFO] [stderr]   Downloaded atom v0.3.5
[INFO] [stderr]   Downloaded bumpalo v3.2.1
[INFO] [stderr]   Downloaded gfx-backend-metal v0.4.5
[INFO] [stderr]   Downloaded wgpu-native v0.4.3
[INFO] [stderr]   Downloaded syn v0.15.44
[INFO] [stderr]   Downloaded syn v1.0.18
[INFO] [stderr]   Downloaded ash v0.29.0
[INFO] [stderr]   Downloaded winapi v0.2.8
[INFO] [stderr]   Downloaded libc v0.2.69
[INFO] [stderr]   Downloaded wasm-bindgen v0.2.62
[INFO] [stderr]   Downloaded gfx-backend-dx12 v0.4.3
[INFO] [stderr]   Downloaded nix v0.14.1
[INFO] [stderr]   Downloaded winit v0.21.0
[INFO] [stderr]   Downloaded zerocopy-derive v0.1.4
[INFO] [stderr]   Downloaded arrayvec v0.5.1
[INFO] [stderr]   Downloaded x11 v2.18.2
[INFO] [stderr]   Downloaded metal v0.18.0
[INFO] [stderr]   Downloaded gfx-backend-vulkan v0.4.3
[INFO] [stderr]   Downloaded parking_lot_core v0.6.2
[INFO] [stderr]   Downloaded quote v1.0.4
[INFO] [stderr]   Downloaded wasm-bindgen-backend v0.2.62
[INFO] [stderr]   Downloaded smithay-client-toolkit v0.6.6
[INFO] [stderr]   Downloaded mio v0.6.22
[INFO] [stderr]   Downloaded proc-macro2 v1.0.12
[INFO] [stderr]   Downloaded unicode-xid v0.2.0
[INFO] [stderr]   Downloaded wasm-bindgen-macro-support v0.2.62
[INFO] [stderr]   Downloaded cocoa v0.19.1
[INFO] [stderr]   Downloaded cmake v0.1.42
[INFO] [stderr]   Downloaded wasm-bindgen-macro v0.2.62
[INFO] [stderr]   Downloaded xml-rs v0.8.3
[INFO] [stderr]   Downloaded spirv_cross v0.16.0
[INFO] [stderr]   Downloaded rand v0.7.3
[INFO] [stderr]   Downloaded rand v0.4.6
[INFO] [stderr]   Downloaded core-graphics v0.17.3
[INFO] [stderr]   Downloaded ale-sys v0.1.2
[INFO] [stderr]   Downloaded zerocopy v0.2.8
[INFO] [stderr]   Downloaded winapi v0.3.8
[INFO] [stderr]   Downloaded core-foundation v0.7.0
[INFO] [stderr]   Downloaded objc v0.2.7
[INFO] [stderr]   Downloaded scopeguard v1.1.0
[INFO] [stderr]   Downloaded parking_lot_core v0.7.2
[INFO] [stderr]   Downloaded rusttype v0.7.9
[INFO] [stderr]   Downloaded wayland-protocols v0.23.6
[INFO] [stderr]   Downloaded smallvec v0.6.13
[INFO] [stderr]   Downloaded synstructure v0.10.2
[INFO] [stderr]   Downloaded d3d12 v0.3.0
[INFO] [stderr]   Downloaded shared_library v0.1.9
[INFO] [stderr]   Downloaded rand_core v0.4.2
[INFO] [stderr]   Downloaded tempdir v0.3.7
[INFO] [stderr]   Downloaded core-foundation v0.6.4
[INFO] [stderr]   Downloaded percent-encoding v2.1.0
[INFO] [stderr]   Downloaded ordered-float v1.0.2
[INFO] [stderr]   Downloaded andrew v0.2.1
[INFO] [stderr]   Downloaded lazycell v1.2.1
[INFO] [stderr]   Downloaded iovec v0.1.4
[INFO] [stderr]   Downloaded gfx-auxil v0.1.0
[INFO] [stderr]   Downloaded gfx-hal v0.4.1
[INFO] [stderr]   Downloaded rand_core v0.5.1
[INFO] [stderr]   Downloaded instant v0.1.3
[INFO] [stderr]   Downloaded cloudabi v0.0.3
[INFO] [stderr]   Downloaded winapi-util v0.1.5
[INFO] [stderr]   Downloaded walkdir v2.3.1
[INFO] [stderr]   Downloaded slab v0.4.2
[INFO] [stderr]   Downloaded block v0.1.6
[INFO] [stderr]   Downloaded foreign-types-shared v0.1.1
[INFO] [stderr]   Downloaded core-graphics v0.19.0
[INFO] [stderr]   Downloaded malloc_buf v0.0.6
[INFO] [stderr]   Downloaded raw-window-handle v0.3.3
[INFO] [stderr]   Downloaded fuchsia-zircon-sys v0.3.3
[INFO] [stderr]   Downloaded void v1.0.2
[INFO] [stderr]   Downloaded smallvec v1.4.0
[INFO] [stderr]   Downloaded approx v0.3.2
[INFO] [stderr]   Downloaded memmap v0.7.0
[INFO] [stderr]   Downloaded calloop v0.4.4
[INFO] [stderr]   Downloaded kernel32-sys v0.2.2
[INFO] [stderr]   Downloaded cc v1.0.52
[INFO] [stderr]   Downloaded wayland-sys v0.23.6
[INFO] [stderr]   Downloaded wasm-bindgen-shared v0.2.62
[INFO] [stderr]   Downloaded rand_chacha v0.2.2
[INFO] [stderr]   Downloaded rand_hc v0.2.0
[INFO] [stderr]   Downloaded fuchsia-cprng v0.1.1
[INFO] [stderr]   Downloaded stb_truetype v0.3.1
[INFO] [stderr]   Downloaded downcast-rs v1.1.1
[INFO] [stderr]   Downloaded miow v0.2.1
[INFO] [stderr]   Downloaded net2 v0.2.34
[INFO] [stderr]   Downloaded bitflags v1.2.1
[INFO] [stderr]   Downloaded proc-macro2 v0.4.30
[INFO] [stderr]   Downloaded wayland-client v0.23.6
[INFO] [stderr]   Downloaded storage-map v0.2.0
[INFO] [stderr]   Downloaded rendy-descriptor v0.5.1
[INFO] [stderr]   Downloaded parking_lot v0.10.2
[INFO] [stderr]   Downloaded autocfg v1.0.0
[INFO] [stderr]   Downloaded num-traits v0.2.11
[INFO] [stderr]   Downloaded unicode-xid v0.1.0
[INFO] [stderr]   Downloaded core-foundation-sys v0.7.0
[INFO] [stderr]   Downloaded winapi-build v0.1.1
[INFO] [stderr]   Downloaded remove_dir_all v0.5.2
[INFO] [stderr]   Downloaded dispatch v0.2.0
[INFO] [stderr]   Downloaded byteorder v1.3.4
[INFO] [stderr]   Downloaded log v0.4.8
[INFO] [stderr]   Downloaded colorful v0.2.1
[INFO] [stderr]   Downloaded ppv-lite86 v0.2.6
[INFO] [stderr]   Downloaded rand_core v0.3.1
[INFO] [stderr]   Downloaded core-foundation-sys v0.6.2
[INFO] [stderr]   Downloaded lock_api v0.3.4
[INFO] [stderr]   Downloaded redox_syscall v0.1.56
[INFO] [stderr]   Downloaded line_drawing v0.7.0
[INFO] [stderr]   Downloaded same-file v1.0.6
[INFO] [stderr]   Downloaded xdg v2.2.0
[INFO] [stderr]   Downloaded winapi-i686-pc-windows-gnu v0.4.0
[INFO] [stderr]   Downloaded winapi-x86_64-pc-windows-gnu v0.4.0
[INFO] [stderr]   Downloaded mio-extras v2.0.6
[INFO] [stderr]   Downloaded fuchsia-zircon v0.3.3
[INFO] [stderr]   Downloaded wayland-commons v0.23.6
[INFO] [stderr]   Downloaded quote v0.6.13
[INFO] [stderr]   Downloaded wayland-scanner v0.23.6
[INFO] [stderr]   Downloaded wgpu v0.4.0
[INFO] [stderr]   Downloaded pixels v0.0.2
[INFO] running `Command { std: "docker" "create" "-v" "/var/lib/crater-agent-workspace/builds/worker-6-tc1/target:/opt/rustwide/target:rw,Z" "-v" "/var/lib/crater-agent-workspace/builds/worker-6-tc1/source:/opt/rustwide/workdir:ro,Z" "-v" "/var/lib/crater-agent-workspace/cargo-home:/opt/rustwide/cargo-home:ro,Z" "-v" "/var/lib/crater-agent-workspace/rustup-home:/opt/rustwide/rustup-home:ro,Z" "-e" "SOURCE_DIR=/opt/rustwide/workdir" "-e" "CARGO_TARGET_DIR=/opt/rustwide/target" "-e" "CARGO_HOME=/opt/rustwide/cargo-home" "-e" "RUSTUP_HOME=/opt/rustwide/rustup-home" "-w" "/opt/rustwide/workdir" "-m" "1610612736" "--user" "0:0" "--network" "none" "ghcr.io/rust-lang/crates-build-env/linux@sha256:4a844ea9eb2546a2d2c7022eacef16ef2e8229c7fbb2c7d4d55a9ceca922f72d" "/opt/rustwide/cargo-home/bin/cargo" "+nightly-2024-10-28" "metadata" "--no-deps" "--format-version=1", kill_on_drop: false }`
[INFO] [stdout] bbe7804576e8856bd707ed694f49ea2b4e239caaa6253d236af0e0d9ab9c5de2
[INFO] running `Command { std: "docker" "start" "-a" "bbe7804576e8856bd707ed694f49ea2b4e239caaa6253d236af0e0d9ab9c5de2", kill_on_drop: false }`
[INFO] running `Command { std: "docker" "inspect" "bbe7804576e8856bd707ed694f49ea2b4e239caaa6253d236af0e0d9ab9c5de2", kill_on_drop: false }`
[INFO] running `Command { std: "docker" "rm" "-f" "bbe7804576e8856bd707ed694f49ea2b4e239caaa6253d236af0e0d9ab9c5de2", kill_on_drop: false }`
[INFO] [stdout] bbe7804576e8856bd707ed694f49ea2b4e239caaa6253d236af0e0d9ab9c5de2
[INFO] running `Command { std: "docker" "create" "-v" "/var/lib/crater-agent-workspace/builds/worker-6-tc1/target:/opt/rustwide/target:rw,Z" "-v" "/var/lib/crater-agent-workspace/builds/worker-6-tc1/source:/opt/rustwide/workdir:ro,Z" "-v" "/var/lib/crater-agent-workspace/cargo-home:/opt/rustwide/cargo-home:ro,Z" "-v" "/var/lib/crater-agent-workspace/rustup-home:/opt/rustwide/rustup-home:ro,Z" "-e" "SOURCE_DIR=/opt/rustwide/workdir" "-e" "CARGO_TARGET_DIR=/opt/rustwide/target" "-e" "CARGO_INCREMENTAL=0" "-e" "RUST_BACKTRACE=full" "-e" "RUSTFLAGS=--cap-lints=forbid" "-e" "RUSTDOCFLAGS=--cap-lints=forbid" "-e" "CARGO_HOME=/opt/rustwide/cargo-home" "-e" "RUSTUP_HOME=/opt/rustwide/rustup-home" "-w" "/opt/rustwide/workdir" "-m" "1610612736" "--user" "0:0" "--network" "none" "ghcr.io/rust-lang/crates-build-env/linux@sha256:4a844ea9eb2546a2d2c7022eacef16ef2e8229c7fbb2c7d4d55a9ceca922f72d" "/opt/rustwide/cargo-home/bin/cargo" "+nightly-2024-10-28" "build" "--frozen" "--message-format=json", kill_on_drop: false }`
[INFO] [stdout] 129141ac2b28e70b85941582dedf86fa6f68e6e467a34a746e8841ab7ab252ac
[INFO] running `Command { std: "docker" "start" "-a" "129141ac2b28e70b85941582dedf86fa6f68e6e467a34a746e8841ab7ab252ac", kill_on_drop: false }`
[INFO] [stderr]    Compiling libc v0.2.69
[INFO] [stderr]    Compiling remove_dir_all v0.5.2
[INFO] [stderr]    Compiling cc v1.0.52
[INFO] [stderr]    Compiling cmake v0.1.42
[INFO] [stderr]    Compiling rand v0.4.6
[INFO] [stderr]    Compiling tempdir v0.3.7
[INFO] [stderr]    Compiling ale-sys v0.1.2
[INFO] [stderr]    Compiling ale v0.1.3 (/opt/rustwide/workdir)
[INFO] [stderr]     Finished `dev` profile [unoptimized + debuginfo] target(s) in 11.16s
[INFO] running `Command { std: "docker" "inspect" "129141ac2b28e70b85941582dedf86fa6f68e6e467a34a746e8841ab7ab252ac", kill_on_drop: false }`
[INFO] running `Command { std: "docker" "rm" "-f" "129141ac2b28e70b85941582dedf86fa6f68e6e467a34a746e8841ab7ab252ac", kill_on_drop: false }`
[INFO] [stdout] 129141ac2b28e70b85941582dedf86fa6f68e6e467a34a746e8841ab7ab252ac
[INFO] running `Command { std: "docker" "create" "-v" "/var/lib/crater-agent-workspace/builds/worker-6-tc1/target:/opt/rustwide/target:rw,Z" "-v" "/var/lib/crater-agent-workspace/builds/worker-6-tc1/source:/opt/rustwide/workdir:ro,Z" "-v" "/var/lib/crater-agent-workspace/cargo-home:/opt/rustwide/cargo-home:ro,Z" "-v" "/var/lib/crater-agent-workspace/rustup-home:/opt/rustwide/rustup-home:ro,Z" "-e" "SOURCE_DIR=/opt/rustwide/workdir" "-e" "CARGO_TARGET_DIR=/opt/rustwide/target" "-e" "CARGO_INCREMENTAL=0" "-e" "RUST_BACKTRACE=full" "-e" "RUSTFLAGS=--cap-lints=forbid" "-e" "RUSTDOCFLAGS=--cap-lints=forbid" "-e" "CARGO_HOME=/opt/rustwide/cargo-home" "-e" "RUSTUP_HOME=/opt/rustwide/rustup-home" "-w" "/opt/rustwide/workdir" "-m" "1610612736" "--user" "0:0" "--network" "none" "ghcr.io/rust-lang/crates-build-env/linux@sha256:4a844ea9eb2546a2d2c7022eacef16ef2e8229c7fbb2c7d4d55a9ceca922f72d" "/opt/rustwide/cargo-home/bin/cargo" "+nightly-2024-10-28" "test" "--frozen" "--no-run" "--message-format=json", kill_on_drop: false }`
[INFO] [stdout] 6fdbf9c32458a9be23c6d5fba6e7b81115ce2c8c865d68d415fb89b50069cac8
[INFO] running `Command { std: "docker" "start" "-a" "6fdbf9c32458a9be23c6d5fba6e7b81115ce2c8c865d68d415fb89b50069cac8", kill_on_drop: false }`
[INFO] [stderr]    Compiling cfg-if v0.1.10
[INFO] [stderr]    Compiling proc-macro2 v0.4.30
[INFO] [stderr]    Compiling bitflags v1.2.1
[INFO] [stderr]    Compiling unicode-xid v0.1.0
[INFO] [stderr]    Compiling log v0.4.8
[INFO] [stderr]    Compiling maybe-uninit v2.0.0
[INFO] [stderr]    Compiling byteorder v1.3.4
[INFO] [stderr]    Compiling lazy_static v1.4.0
[INFO] [stderr]    Compiling autocfg v1.0.0
[INFO] [stderr]    Compiling slab v0.4.2
[INFO] [stderr]    Compiling pkg-config v0.3.17
[INFO] [stderr]    Compiling semver-parser v0.7.0
[INFO] [stderr]    Compiling xml-rs v0.8.3
[INFO] [stderr]    Compiling libloading v0.5.2
[INFO] [stderr]    Compiling nix v0.14.1
[INFO] [stderr]    Compiling raw-window-handle v0.3.3
[INFO] [stderr]    Compiling net2 v0.2.34
[INFO] [stderr]    Compiling iovec v0.1.4
[INFO] [stderr]    Compiling void v1.0.2
[INFO] [stderr]    Compiling scopeguard v1.1.0
[INFO] [stderr]    Compiling lazycell v1.2.1
[INFO] [stderr]    Compiling syn v0.15.44
[INFO] [stderr]    Compiling lock_api v0.3.4
[INFO] [stderr]    Compiling shared_library v0.1.9
[INFO] [stderr]    Compiling semver v0.9.0
[INFO] [stderr]    Compiling getrandom v0.1.14
[INFO] [stderr]    Compiling smallvec v0.6.13
[INFO] [stderr]    Compiling num-traits v0.2.11
[INFO] [stderr]    Compiling mio v0.6.22
[INFO] [stderr]    Compiling relevant v0.4.2
[INFO] [stderr]    Compiling same-file v1.0.6
[INFO] [stderr]    Compiling rustc_version v0.2.3
[INFO] [stderr]    Compiling dlib v0.4.1
[INFO] [stderr]    Compiling downcast-rs v1.1.1
[INFO] [stderr]    Compiling wayland-sys v0.23.6
[INFO] [stderr]    Compiling atom v0.3.5
[INFO] [stderr]    Compiling walkdir v2.3.1
[INFO] [stderr]    Compiling ash v0.29.0
[INFO] [stderr]    Compiling arrayvec v0.5.1
[INFO] [stderr]    Compiling gfx-hal v0.4.1
[INFO] [stderr]    Compiling xdg v2.2.0
[INFO] [stderr]    Compiling x11 v2.18.2
[INFO] [stderr]    Compiling hibitset v0.6.3
[INFO] [stderr]    Compiling x11-dl v2.18.5
[INFO] [stderr]    Compiling parking_lot_core v0.6.2
[INFO] [stderr]    Compiling stb_truetype v0.3.1
[INFO] [stderr]    Compiling parking_lot v0.9.0
[INFO] [stderr]    Compiling quote v0.6.13
[INFO] [stderr]    Compiling wayland-scanner v0.23.6
[INFO] [stderr]    Compiling smallvec v1.4.0
[INFO] [stderr]    Compiling colorful v0.2.1
[INFO] [stderr]    Compiling fxhash v0.2.1
[INFO] [stderr]    Compiling mio-extras v2.0.6
[INFO] [stderr]    Compiling memmap v0.7.0
[INFO] [stderr]    Compiling parking_lot_core v0.7.2
[INFO] [stderr]    Compiling vec_map v0.8.2
[INFO] [stderr]    Compiling copyless v0.1.4
[INFO] [stderr]    Compiling rand_core v0.5.1
[INFO] [stderr]    Compiling percent-encoding v2.1.0
[INFO] [stderr]    Compiling instant v0.1.3
[INFO] [stderr]    Compiling ppv-lite86 v0.2.6
[INFO] [stderr]    Compiling parking_lot v0.10.2
[INFO] [stderr]    Compiling approx v0.3.2
[INFO] [stderr]    Compiling ordered-float v1.0.2
[INFO] [stderr]    Compiling line_drawing v0.7.0
[INFO] [stderr]    Compiling rusttype v0.8.3
[INFO] [stderr]    Compiling rand_chacha v0.2.2
[INFO] [stderr]    Compiling rusttype v0.7.9
[INFO] [stderr]    Compiling andrew v0.2.1
[INFO] [stderr]    Compiling rand v0.7.3
[INFO] [stderr]    Compiling wayland-client v0.23.6
[INFO] [stderr]    Compiling wayland-protocols v0.23.6
[INFO] [stderr]    Compiling rendy-memory v0.5.2
[INFO] [stderr]    Compiling rendy-descriptor v0.5.1
[INFO] [stderr]    Compiling gfx-backend-empty v0.4.0
[INFO] [stderr]    Compiling wayland-commons v0.23.6
[INFO] [stderr]    Compiling calloop v0.4.4
[INFO] [stderr]    Compiling synstructure v0.10.2
[INFO] [stderr]    Compiling zerocopy-derive v0.1.4
[INFO] [stderr]    Compiling zerocopy v0.2.8
[INFO] [stderr]    Compiling gfx-backend-vulkan v0.4.3
[INFO] [stderr]    Compiling wgpu-native v0.4.3
[INFO] [stderr]    Compiling wgpu v0.4.0
[INFO] [stderr]    Compiling pixels v0.0.2
[INFO] [stderr]    Compiling smithay-client-toolkit v0.6.6
[INFO] [stderr]    Compiling winit v0.21.0
[INFO] [stderr]    Compiling winit_input_helper v0.5.0
[INFO] [stderr]    Compiling ale v0.1.3 (/opt/rustwide/workdir)
[INFO] [stderr]     Finished `test` profile [unoptimized + debuginfo] target(s) in 38.53s
[INFO] running `Command { std: "docker" "inspect" "6fdbf9c32458a9be23c6d5fba6e7b81115ce2c8c865d68d415fb89b50069cac8", kill_on_drop: false }`
[INFO] running `Command { std: "docker" "rm" "-f" "6fdbf9c32458a9be23c6d5fba6e7b81115ce2c8c865d68d415fb89b50069cac8", kill_on_drop: false }`
[INFO] [stdout] 6fdbf9c32458a9be23c6d5fba6e7b81115ce2c8c865d68d415fb89b50069cac8
[INFO] running `Command { std: "docker" "create" "-v" "/var/lib/crater-agent-workspace/builds/worker-6-tc1/target:/opt/rustwide/target:rw,Z" "-v" "/var/lib/crater-agent-workspace/builds/worker-6-tc1/source:/opt/rustwide/workdir:ro,Z" "-v" "/var/lib/crater-agent-workspace/cargo-home:/opt/rustwide/cargo-home:ro,Z" "-v" "/var/lib/crater-agent-workspace/rustup-home:/opt/rustwide/rustup-home:ro,Z" "-e" "SOURCE_DIR=/opt/rustwide/workdir" "-e" "CARGO_TARGET_DIR=/opt/rustwide/target" "-e" "CARGO_INCREMENTAL=0" "-e" "RUST_BACKTRACE=full" "-e" "RUSTFLAGS=--cap-lints=forbid" "-e" "RUSTDOCFLAGS=--cap-lints=forbid" "-e" "CARGO_HOME=/opt/rustwide/cargo-home" "-e" "RUSTUP_HOME=/opt/rustwide/rustup-home" "-w" "/opt/rustwide/workdir" "-m" "1610612736" "--user" "0:0" "--network" "none" "ghcr.io/rust-lang/crates-build-env/linux@sha256:4a844ea9eb2546a2d2c7022eacef16ef2e8229c7fbb2c7d4d55a9ceca922f72d" "/opt/rustwide/cargo-home/bin/cargo" "+nightly-2024-10-28" "test" "--frozen", kill_on_drop: false }`
[INFO] [stdout] 946cae0b8fe9a68f425c5fd9355a73e7cde59a48793582a139b33599669be2f3
[INFO] running `Command { std: "docker" "start" "-a" "946cae0b8fe9a68f425c5fd9355a73e7cde59a48793582a139b33599669be2f3", kill_on_drop: false }`
[INFO] [stderr]     Finished `test` profile [unoptimized + debuginfo] target(s) in 0.07s
[INFO] [stderr]      Running unittests src/lib.rs (/opt/rustwide/target/debug/deps/ale-43b62cd990764209)
[INFO] [stdout] 
[INFO] [stdout] running 0 tests
[INFO] [stdout] 
[INFO] [stdout] test result: ok. 0 passed; 0 failed; 0 ignored; 0 measured; 0 filtered out; finished in 0.00s
[INFO] [stdout] 
[INFO] [stderr]    Doc-tests ale
[INFO] [stdout] 
[INFO] [stdout] running 1 test
[INFO] [stdout] test src/lib.rs - Ale::load_rom (line 62) ... FAILED
[INFO] [stdout] 
[INFO] [stdout] failures:
[INFO] [stdout] 
[INFO] [stdout] ---- src/lib.rs - Ale::load_rom (line 62) stdout ----
[INFO] [stdout] error: linking with `cc` failed: exit status: 1
[INFO] [stdout]   |
[INFO] [stdout]   = note: LC_ALL="C" PATH="/opt/rustwide/rustup-home/toolchains/nightly-2024-10-28-x86_64-unknown-linux-gnu/lib/rustlib/x86_64-unknown-linux-gnu/bin:/opt/rustwide/rustup-home/toolchains/nightly-2024-10-28-x86_64-unknown-linux-gnu/lib/rustlib/x86_64-unknown-linux-gnu/bin/self-contained:/opt/rustwide/cargo-home/bin:/usr/local/sbin:/usr/local/bin:/usr/sbin:/usr/bin:/sbin:/bin" VSLANG="1033" "cc" "-m64" "/tmp/rustc2ES3oB/symbols.o" "/tmp/rustdoctestVIHWSk/rust_out.rust_out.16b4434b3f29390-cgu.0.rcgu.o" "/tmp/rustdoctestVIHWSk/rust_out.433cx8cl382ppljrnwzuxa40f.rcgu.o" "-Wl,--as-needed" "-Wl,-Bstatic" "/opt/rustwide/target/debug/deps/libale-a6998e6644c8ce1b.rlib" "/opt/rustwide/target/debug/deps/libtempdir-253ebb83b75410b3.rlib" "/opt/rustwide/target/debug/deps/libremove_dir_all-c8809e222586623c.rlib" "/opt/rustwide/target/debug/deps/librand-bd4223636c1be4ed.rlib" "/opt/rustwide/target/debug/deps/liblibc-1c721b4fcce6282c.rlib" "/opt/rustwide/target/debug/deps/libale_sys-fc252c1f18b54c80.rlib" "/opt/rustwide/rustup-home/toolchains/nightly-2024-10-28-x86_64-unknown-linux-gnu/lib/rustlib/x86_64-unknown-linux-gnu/lib/libstd-fb8c387236db3c10.rlib" "/opt/rustwide/rustup-home/toolchains/nightly-2024-10-28-x86_64-unknown-linux-gnu/lib/rustlib/x86_64-unknown-linux-gnu/lib/libpanic_unwind-b251837809b2f64b.rlib" "/opt/rustwide/rustup-home/toolchains/nightly-2024-10-28-x86_64-unknown-linux-gnu/lib/rustlib/x86_64-unknown-linux-gnu/lib/libobject-cbef83eaa4e01f04.rlib" "/opt/rustwide/rustup-home/toolchains/nightly-2024-10-28-x86_64-unknown-linux-gnu/lib/rustlib/x86_64-unknown-linux-gnu/lib/libmemchr-12a772286de2fca7.rlib" "/opt/rustwide/rustup-home/toolchains/nightly-2024-10-28-x86_64-unknown-linux-gnu/lib/rustlib/x86_64-unknown-linux-gnu/lib/libaddr2line-023bbe5ada7abfc3.rlib" "/opt/rustwide/rustup-home/toolchains/nightly-2024-10-28-x86_64-unknown-linux-gnu/lib/rustlib/x86_64-unknown-linux-gnu/lib/libgimli-de2bcdf10ec69c2b.rlib" "/opt/rustwide/rustup-home/toolchains/nightly-2024-10-28-x86_64-unknown-linux-gnu/lib/rustlib/x86_64-unknown-linux-gnu/lib/librustc_demangle-8e1754df350800fd.rlib" "/opt/rustwide/rustup-home/toolchains/nightly-2024-10-28-x86_64-unknown-linux-gnu/lib/rustlib/x86_64-unknown-linux-gnu/lib/libstd_detect-06c2ab7b9c32e037.rlib" "/opt/rustwide/rustup-home/toolchains/nightly-2024-10-28-x86_64-unknown-linux-gnu/lib/rustlib/x86_64-unknown-linux-gnu/lib/libhashbrown-51d2621fc57a281b.rlib" "/opt/rustwide/rustup-home/toolchains/nightly-2024-10-28-x86_64-unknown-linux-gnu/lib/rustlib/x86_64-unknown-linux-gnu/lib/librustc_std_workspace_alloc-54a930408793772f.rlib" "/opt/rustwide/rustup-home/toolchains/nightly-2024-10-28-x86_64-unknown-linux-gnu/lib/rustlib/x86_64-unknown-linux-gnu/lib/libminiz_oxide-0c7d01cba400dcb2.rlib" "/opt/rustwide/rustup-home/toolchains/nightly-2024-10-28-x86_64-unknown-linux-gnu/lib/rustlib/x86_64-unknown-linux-gnu/lib/libadler-b9f84d69e331b75b.rlib" "/opt/rustwide/rustup-home/toolchains/nightly-2024-10-28-x86_64-unknown-linux-gnu/lib/rustlib/x86_64-unknown-linux-gnu/lib/libunwind-eec95493246aae39.rlib" "/opt/rustwide/rustup-home/toolchains/nightly-2024-10-28-x86_64-unknown-linux-gnu/lib/rustlib/x86_64-unknown-linux-gnu/lib/libcfg_if-6f6676c475e08ab0.rlib" "/opt/rustwide/rustup-home/toolchains/nightly-2024-10-28-x86_64-unknown-linux-gnu/lib/rustlib/x86_64-unknown-linux-gnu/lib/liblibc-799d520624f8b2e0.rlib" "/opt/rustwide/rustup-home/toolchains/nightly-2024-10-28-x86_64-unknown-linux-gnu/lib/rustlib/x86_64-unknown-linux-gnu/lib/liballoc-fcf93d4842acd9a9.rlib" "/opt/rustwide/rustup-home/toolchains/nightly-2024-10-28-x86_64-unknown-linux-gnu/lib/rustlib/x86_64-unknown-linux-gnu/lib/librustc_std_workspace_core-395a38b8e0851c9b.rlib" "/opt/rustwide/rustup-home/toolchains/nightly-2024-10-28-x86_64-unknown-linux-gnu/lib/rustlib/x86_64-unknown-linux-gnu/lib/libcore-d453bab70303062c.rlib" "/opt/rustwide/rustup-home/toolchains/nightly-2024-10-28-x86_64-unknown-linux-gnu/lib/rustlib/x86_64-unknown-linux-gnu/lib/libcompiler_builtins-0e6386368b0a24e8.rlib" "-Wl,-Bdynamic" "-lutil" "-ldl" "-lutil" "-lgcc_s" "-lutil" "-lrt" "-lpthread" "-lm" "-ldl" "-lc" "-B/opt/rustwide/rustup-home/toolchains/nightly-2024-10-28-x86_64-unknown-linux-gnu/lib/rustlib/x86_64-unknown-linux-gnu/bin/gcc-ld" "-fuse-ld=lld" "-Wl,--eh-frame-hdr" "-Wl,-z,noexecstack" "-L" "/opt/rustwide/target/debug/build/ale-sys-2c9219f5f815fdd3/out/build/lib" "-L" "/opt/rustwide/target/debug/build/libloading-d50060542ca50a18/out" "-L" "/usr/lib/x86_64-linux-gnu" "-L" "/opt/rustwide/rustup-home/toolchains/nightly-2024-10-28-x86_64-unknown-linux-gnu/lib/rustlib/x86_64-unknown-linux-gnu/lib" "-o" "/tmp/rustdoctestVIHWSk/rust_out" "-Wl,--gc-sections" "-pie" "-Wl,-z,relro,-z,now" "-nodefaultlibs"
[INFO] [stdout]   = note: rust-lld: error: undefined symbol: operator delete(void*)
[INFO] [stdout]           >>> referenced by ale_c_wrapper.h:8 (/opt/rustwide/cargo-home/registry/src/index.crates.io-6f17d22bba15001f/ale-sys-0.1.2/ale/ale_py/ale_c_wrapper.h:8)
[INFO] [stdout]           >>>               ale_c_wrapper.cpp.o:(ALE_new.cold) in archive /opt/rustwide/target/debug/deps/libale_sys-fc252c1f18b54c80.rlib
[INFO] [stdout]           >>> referenced by ale_c_wrapper.h:9 (/opt/rustwide/cargo-home/registry/src/index.crates.io-6f17d22bba15001f/ale-sys-0.1.2/ale/ale_py/ale_c_wrapper.h:9)
[INFO] [stdout]           >>>               ale_c_wrapper.cpp.o:(ALE_del) in archive /opt/rustwide/target/debug/deps/libale_sys-fc252c1f18b54c80.rlib
[INFO] [stdout]           >>> referenced by new_allocator.h:145 (/usr/include/c++/11/ext/new_allocator.h:145)
[INFO] [stdout]           >>>               ale_c_wrapper.cpp.o:(loadROM.cold) in archive /opt/rustwide/target/debug/deps/libale_sys-fc252c1f18b54c80.rlib
[INFO] [stdout]           >>> referenced 1287 more times
[INFO] [stdout]           
[INFO] [stdout]           rust-lld: error: undefined symbol: operator new(unsigned long)
[INFO] [stdout]           >>> referenced by ale_c_wrapper.h:8 (/opt/rustwide/cargo-home/registry/src/index.crates.io-6f17d22bba15001f/ale-sys-0.1.2/ale/ale_py/ale_c_wrapper.h:8)
[INFO] [stdout]           >>>               ale_c_wrapper.cpp.o:(ALE_new) in archive /opt/rustwide/target/debug/deps/libale_sys-fc252c1f18b54c80.rlib
[INFO] [stdout]           >>> referenced by ale_interface.cpp:78 (/opt/rustwide/cargo-home/registry/src/index.crates.io-6f17d22bba15001f/ale-sys-0.1.2/ale/src/ale_interface.cpp:78)
[INFO] [stdout]           >>>               ale_interface.cpp.o:(ale::ALEInterface::createOSystem(std::unique_ptr<OSystem, std::default_delete<OSystem>>&, std::unique_ptr<Settings, std::default_delete<Settings>>&)) in archive /opt/rustwide/target/debug/deps/libale_sys-fc252c1f18b54c80.rlib
[INFO] [stdout]           >>> referenced by ale_interface.cpp:79 (/opt/rustwide/cargo-home/registry/src/index.crates.io-6f17d22bba15001f/ale-sys-0.1.2/ale/src/ale_interface.cpp:79)
[INFO] [stdout]           >>>               ale_interface.cpp.o:(ale::ALEInterface::createOSystem(std::unique_ptr<OSystem, std::default_delete<OSystem>>&, std::unique_ptr<Settings, std::default_delete<Settings>>&)) in archive /opt/rustwide/target/debug/deps/libale_sys-fc252c1f18b54c80.rlib
[INFO] [stdout]           >>> referenced 317 more times
[INFO] [stdout]           
[INFO] [stdout]           rust-lld: error: undefined symbol: std::__cxx11::basic_string<char, std::char_traits<char>, std::allocator<char>>::_M_create(unsigned long&, unsigned long)
[INFO] [stdout]           >>> referenced by basic_string.tcc:219 (/usr/include/c++/11/bits/basic_string.tcc:219)
[INFO] [stdout]           >>>               ale_c_wrapper.cpp.o:(loadROM) in archive /opt/rustwide/target/debug/deps/libale_sys-fc252c1f18b54c80.rlib
[INFO] [stdout]           >>> referenced by basic_string.tcc:219 (/usr/include/c++/11/bits/basic_string.tcc:219)
[INFO] [stdout]           >>>               ScreenExporter.cpp.o:(ale::ScreenExporter::ScreenExporter(ale::ColourPalette&, std::__cxx11::basic_string<char, std::char_traits<char>, std::allocator<char>> const&)) in archive /opt/rustwide/target/debug/deps/libale_sys-fc252c1f18b54c80.rlib
[INFO] [stdout]           >>> referenced by basic_string.tcc:219 (/usr/include/c++/11/bits/basic_string.tcc:219)
[INFO] [stdout]           >>>               OSystem.cxx.o:(OSystem::setConfigPaths()) in archive /opt/rustwide/target/debug/deps/libale_sys-fc252c1f18b54c80.rlib
[INFO] [stdout]           >>> referenced 99 more times
[INFO] [stdout]           
[INFO] [stdout]           rust-lld: error: undefined symbol: std::__throw_logic_error(char const*)
[INFO] [stdout]           >>> referenced by basic_string.tcc:212 (/usr/include/c++/11/bits/basic_string.tcc:212)
[INFO] [stdout]           >>>               ale_c_wrapper.cpp.o:(loadROM) in archive /opt/rustwide/target/debug/deps/libale_sys-fc252c1f18b54c80.rlib
[INFO] [stdout]           >>> referenced by basic_string.tcc:212 (/usr/include/c++/11/bits/basic_string.tcc:212)
[INFO] [stdout]           >>>               ScreenExporter.cpp.o:(ale::ScreenExporter::ScreenExporter(ale::ColourPalette&, std::__cxx11::basic_string<char, std::char_traits<char>, std::allocator<char>> const&)) in archive /opt/rustwide/target/debug/deps/libale_sys-fc252c1f18b54c80.rlib
[INFO] [stdout]           >>> referenced by basic_string.tcc:212 (/usr/include/c++/11/bits/basic_string.tcc:212)
[INFO] [stdout]           >>>               OSystem.cxx.o:(OSystem::setConfigPaths()) in archive /opt/rustwide/target/debug/deps/libale_sys-fc252c1f18b54c80.rlib
[INFO] [stdout]           >>> referenced 81 more times
[INFO] [stdout]           
[INFO] [stdout]           rust-lld: error: undefined symbol: std::ios_base::Init::Init()
[INFO] [stdout]           >>> referenced by iostream:74 (/usr/include/c++/11/iostream:74)
[INFO] [stdout]           >>>               ale_c_wrapper.cpp.o:(_GLOBAL__sub_I_ale_c_wrapper.cpp) in archive /opt/rustwide/target/debug/deps/libale_sys-fc252c1f18b54c80.rlib
[INFO] [stdout]           >>> referenced by iostream:74 (/usr/include/c++/11/iostream:74)
[INFO] [stdout]           >>>               Log.cpp.o:(_GLOBAL__sub_I_Log.cpp) in archive /opt/rustwide/target/debug/deps/libale_sys-fc252c1f18b54c80.rlib
[INFO] [stdout]           >>> referenced by iostream:74 (/usr/include/c++/11/iostream:74)
[INFO] [stdout]           >>>               ColourPalette.cpp.o:(_GLOBAL__sub_I_ColourPalette.cpp) in archive /opt/rustwide/target/debug/deps/libale_sys-fc252c1f18b54c80.rlib
[INFO] [stdout]           >>> referenced 139 more times
[INFO] [stdout]           
[INFO] [stdout]           rust-lld: error: undefined symbol: std::ios_base::Init::~Init()
[INFO] [stdout]           >>> referenced by iostream:74 (/usr/include/c++/11/iostream:74)
[INFO] [stdout]           >>>               ale_c_wrapper.cpp.o:(_GLOBAL__sub_I_ale_c_wrapper.cpp) in archive /opt/rustwide/target/debug/deps/libale_sys-fc252c1f18b54c80.rlib
[INFO] [stdout]           >>> referenced by iostream:74 (/usr/include/c++/11/iostream:74)
[INFO] [stdout]           >>>               Log.cpp.o:(_GLOBAL__sub_I_Log.cpp) in archive /opt/rustwide/target/debug/deps/libale_sys-fc252c1f18b54c80.rlib
[INFO] [stdout]           >>> referenced by iostream:74 (/usr/include/c++/11/iostream:74)
[INFO] [stdout]           >>>               ColourPalette.cpp.o:(_GLOBAL__sub_I_ColourPalette.cpp) in archive /opt/rustwide/target/debug/deps/libale_sys-fc252c1f18b54c80.rlib
[INFO] [stdout]           >>> referenced 139 more times
[INFO] [stdout]           
[INFO] [stdout]           rust-lld: error: undefined symbol: std::__cxx11::basic_string<char, std::char_traits<char>, std::allocator<char>>::~basic_string()
[INFO] [stdout]           >>> referenced by ale_interface.hpp:51 (/opt/rustwide/cargo-home/registry/src/index.crates.io-6f17d22bba15001f/ale-sys-0.1.2/ale/src/ale_interface.hpp:51)
[INFO] [stdout]           >>>               ale_c_wrapper.cpp.o:(_GLOBAL__sub_I_ale_c_wrapper.cpp) in archive /opt/rustwide/target/debug/deps/libale_sys-fc252c1f18b54c80.rlib
[INFO] [stdout]           >>> referenced by Cart.cxx:472 (/opt/rustwide/cargo-home/registry/src/index.crates.io-6f17d22bba15001f/ale-sys-0.1.2/ale/src/emucore/Cart.cxx:472)
[INFO] [stdout]           >>>               Cart.cxx.o:(_GLOBAL__sub_I_Cart.cxx) in archive /opt/rustwide/target/debug/deps/libale_sys-fc252c1f18b54c80.rlib
[INFO] [stdout]           >>> referenced by ale_interface.hpp:51 (/opt/rustwide/cargo-home/registry/src/index.crates.io-6f17d22bba15001f/ale-sys-0.1.2/ale/src/ale_interface.hpp:51)
[INFO] [stdout]           >>>               ale_interface.cpp.o:(_GLOBAL__sub_I_ale_interface.cpp) in archive /opt/rustwide/target/debug/deps/libale_sys-fc252c1f18b54c80.rlib
[INFO] [stdout]           >>> referenced 2 more times
[INFO] [stdout]           
[INFO] [stdout]           rust-lld: error: undefined symbol: __gxx_personality_v0
[INFO] [stdout]           >>> referenced by ale_c_wrapper.cpp
[INFO] [stdout]           >>>               ale_c_wrapper.cpp.o:(DW.ref.__gxx_personality_v0) in archive /opt/rustwide/target/debug/deps/libale_sys-fc252c1f18b54c80.rlib
[INFO] [stdout]           
[INFO] [stdout]           rust-lld: error: undefined symbol: std::__cxx11::basic_string<char, std::char_traits<char>, std::allocator<char>>::compare(char const*) const
[INFO] [stdout]           >>> referenced by basic_string.h:6250 (/usr/include/c++/11/bits/basic_string.h:6250)
[INFO] [stdout]           >>>               ColourPalette.cpp.o:(ale::ColourPalette::setPalette(std::__cxx11::basic_string<char, std::char_traits<char>, std::allocator<char>> const&, std::__cxx11::basic_string<char, std::char_traits<char>, std::allocator<char>> const&)) in archive /opt/rustwide/target/debug/deps/libale_sys-fc252c1f18b54c80.rlib
[INFO] [stdout]           >>> referenced by basic_string.h:6250 (/usr/include/c++/11/bits/basic_string.h:6250)
[INFO] [stdout]           >>>               ColourPalette.cpp.o:(ale::ColourPalette::setPalette(std::__cxx11::basic_string<char, std::char_traits<char>, std::allocator<char>> const&, std::__cxx11::basic_string<char, std::char_traits<char>, std::allocator<char>> const&)) in archive /opt/rustwide/target/debug/deps/libale_sys-fc252c1f18b54c80.rlib
[INFO] [stdout]           >>> referenced by basic_string.h:6250 (/usr/include/c++/11/bits/basic_string.h:6250)
[INFO] [stdout]           >>>               ColourPalette.cpp.o:(ale::ColourPalette::setPalette(std::__cxx11::basic_string<char, std::char_traits<char>, std::allocator<char>> const&, std::__cxx11::basic_string<char, std::char_traits<char>, std::allocator<char>> const&)) in archive /opt/rustwide/target/debug/deps/libale_sys-fc252c1f18b54c80.rlib
[INFO] [stdout]           >>> referenced 93 more times
[INFO] [stdout]           
[INFO] [stdout]           rust-lld: error: undefined symbol: std::__cxx11::basic_string<char, std::char_traits<char>, std::allocator<char>>::compare(unsigned long, unsigned long, char const*) const
[INFO] [stdout]           >>> referenced by ColourPalette.cpp:134 (/opt/rustwide/cargo-home/registry/src/index.crates.io-6f17d22bba15001f/ale-sys-0.1.2/ale/src/common/ColourPalette.cpp:134)
[INFO] [stdout]           >>>               ColourPalette.cpp.o:(ale::ColourPalette::setPalette(std::__cxx11::basic_string<char, std::char_traits<char>, std::allocator<char>> const&, std::__cxx11::basic_string<char, std::char_traits<char>, std::allocator<char>> const&)) in archive /opt/rustwide/target/debug/deps/libale_sys-fc252c1f18b54c80.rlib
[INFO] [stdout]           >>> referenced by ColourPalette.cpp:136 (/opt/rustwide/cargo-home/registry/src/index.crates.io-6f17d22bba15001f/ale-sys-0.1.2/ale/src/common/ColourPalette.cpp:136)
[INFO] [stdout]           >>>               ColourPalette.cpp.o:(ale::ColourPalette::setPalette(std::__cxx11::basic_string<char, std::char_traits<char>, std::allocator<char>> const&, std::__cxx11::basic_string<char, std::char_traits<char>, std::allocator<char>> const&)) in archive /opt/rustwide/target/debug/deps/libale_sys-fc252c1f18b54c80.rlib
[INFO] [stdout]           >>> referenced by TIA.cxx:205 (/opt/rustwide/cargo-home/registry/src/index.crates.io-6f17d22bba15001f/ale-sys-0.1.2/ale/src/emucore/TIA.cxx:205)
[INFO] [stdout]           >>>               TIA.cxx.o:(TIA::reset()) in archive /opt/rustwide/target/debug/deps/libale_sys-fc252c1f18b54c80.rlib
[INFO] [stdout]           
[INFO] [stdout]           rust-lld: error: undefined symbol: std::basic_filebuf<char, std::char_traits<char>>::~basic_filebuf()
[INFO] [stdout]           >>> referenced by ColourPalette.cpp
[INFO] [stdout]           >>>               ColourPalette.cpp.o:(ale::ColourPalette::loadUserPalette(std::__cxx11::basic_string<char, std::char_traits<char>, std::allocator<char>> const&) (.cold)) in archive /opt/rustwide/target/debug/deps/libale_sys-fc252c1f18b54c80.rlib
[INFO] [stdout]           >>> referenced by fstream:801 (/usr/include/c++/11/fstream:801)
[INFO] [stdout]           >>>               ScreenExporter.cpp.o:(ale::ScreenExporter::save(ale::ALEScreen const&, std::__cxx11::basic_string<char, std::char_traits<char>, std::allocator<char>> const&) const (.cold)) in archive /opt/rustwide/target/debug/deps/libale_sys-fc252c1f18b54c80.rlib
[INFO] [stdout]           >>> referenced by fstream:539 (/usr/include/c++/11/fstream:539)
[INFO] [stdout]           >>>               ale_interface.cpp.o:(ale::ALEInterface::isSupportedRom(std::unique_ptr<OSystem, std::default_delete<OSystem>>&) (.cold)) in archive /opt/rustwide/target/debug/deps/libale_sys-fc252c1f18b54c80.rlib
[INFO] [stdout]           >>> referenced 3 more times
[INFO] [stdout]           
[INFO] [stdout]           rust-lld: error: undefined symbol: vtable for std::basic_ios<char, std::char_traits<char>>
[INFO] [stdout]           >>> referenced by basic_ios.h:282 (/usr/include/c++/11/bits/basic_ios.h:282)
[INFO] [stdout]           >>>               ColourPalette.cpp.o:(ale::ColourPalette::loadUserPalette(std::__cxx11::basic_string<char, std::char_traits<char>, std::allocator<char>> const&) (.cold)) in archive /opt/rustwide/target/debug/deps/libale_sys-fc252c1f18b54c80.rlib
[INFO] [stdout]           >>> referenced by basic_ios.h:462 (/usr/include/c++/11/bits/basic_ios.h:462)
[INFO] [stdout]           >>>               ColourPalette.cpp.o:(ale::ColourPalette::loadUserPalette(std::__cxx11::basic_string<char, std::char_traits<char>, std::allocator<char>> const&)) in archive /opt/rustwide/target/debug/deps/libale_sys-fc252c1f18b54c80.rlib
[INFO] [stdout]           >>> referenced by basic_ios.h:282 (/usr/include/c++/11/bits/basic_ios.h:282)
[INFO] [stdout]           >>>               ColourPalette.cpp.o:(ale::ColourPalette::loadUserPalette(std::__cxx11::basic_string<char, std::char_traits<char>, std::allocator<char>> const&)) in archive /opt/rustwide/target/debug/deps/libale_sys-fc252c1f18b54c80.rlib
[INFO] [stdout]           >>> referenced 39 more times
[INFO] [stdout]           >>> the vtable symbol may be undefined because the class is missing its key function (see https://lld.llvm.org/missingkeyfunction)
[INFO] [stdout]           
[INFO] [stdout]           rust-lld: error: undefined symbol: std::ios_base::~ios_base()
[INFO] [stdout]           >>> referenced by basic_ios.h:282 (/usr/include/c++/11/bits/basic_ios.h:282)
[INFO] [stdout]           >>>               ColourPalette.cpp.o:(ale::ColourPalette::loadUserPalette(std::__cxx11::basic_string<char, std::char_traits<char>, std::allocator<char>> const&) (.cold)) in archive /opt/rustwide/target/debug/deps/libale_sys-fc252c1f18b54c80.rlib
[INFO] [stdout]           >>> referenced by basic_ios.h:282 (/usr/include/c++/11/bits/basic_ios.h:282)
[INFO] [stdout]           >>>               ColourPalette.cpp.o:(ale::ColourPalette::loadUserPalette(std::__cxx11::basic_string<char, std::char_traits<char>, std::allocator<char>> const&)) in archive /opt/rustwide/target/debug/deps/libale_sys-fc252c1f18b54c80.rlib
[INFO] [stdout]           >>> referenced by basic_ios.h:282 (/usr/include/c++/11/bits/basic_ios.h:282)
[INFO] [stdout]           >>>               ScreenExporter.cpp.o:(ale::ScreenExporter::save(ale::ALEScreen const&, std::__cxx11::basic_string<char, std::char_traits<char>, std::allocator<char>> const&) const (.cold)) in archive /opt/rustwide/target/debug/deps/libale_sys-fc252c1f18b54c80.rlib
[INFO] [stdout]           >>> referenced 25 more times
[INFO] [stdout]           
[INFO] [stdout]           rust-lld: error: undefined symbol: __cxa_begin_catch
[INFO] [stdout]           >>> referenced by fstream:255 (/usr/include/c++/11/fstream:255)
[INFO] [stdout]           >>>               ColourPalette.cpp.o:(ale::ColourPalette::loadUserPalette(std::__cxx11::basic_string<char, std::char_traits<char>, std::allocator<char>> const&) (.cold)) in archive /opt/rustwide/target/debug/deps/libale_sys-fc252c1f18b54c80.rlib
[INFO] [stdout]           >>> referenced by fstream:255 (/usr/include/c++/11/fstream:255)
[INFO] [stdout]           >>>               ColourPalette.cpp.o:(ale::ColourPalette::loadUserPalette(std::__cxx11::basic_string<char, std::char_traits<char>, std::allocator<char>> const&) (.cold)) in archive /opt/rustwide/target/debug/deps/libale_sys-fc252c1f18b54c80.rlib
[INFO] [stdout]           >>> referenced by fstream:255 (/usr/include/c++/11/fstream:255)
[INFO] [stdout]           >>>               ScreenExporter.cpp.o:(ale::ScreenExporter::save(ale::ALEScreen const&, std::__cxx11::basic_string<char, std::char_traits<char>, std::allocator<char>> const&) const (.cold)) in archive /opt/rustwide/target/debug/deps/libale_sys-fc252c1f18b54c80.rlib
[INFO] [stdout]           >>> referenced 117 more times
[INFO] [stdout]           
[INFO] [stdout]           rust-lld: error: undefined symbol: __cxa_end_catch
[INFO] [stdout]           >>> referenced by fstream:255 (/usr/include/c++/11/fstream:255)
[INFO] [stdout]           >>>               ColourPalette.cpp.o:(ale::ColourPalette::loadUserPalette(std::__cxx11::basic_string<char, std::char_traits<char>, std::allocator<char>> const&) (.cold)) in archive /opt/rustwide/target/debug/deps/libale_sys-fc252c1f18b54c80.rlib
[INFO] [stdout]           >>> referenced by fstream:255 (/usr/include/c++/11/fstream:255)
[INFO] [stdout]           >>>               ColourPalette.cpp.o:(ale::ColourPalette::loadUserPalette(std::__cxx11::basic_string<char, std::char_traits<char>, std::allocator<char>> const&) (.cold)) in archive /opt/rustwide/target/debug/deps/libale_sys-fc252c1f18b54c80.rlib
[INFO] [stdout]           >>> referenced by fstream:255 (/usr/include/c++/11/fstream:255)
[INFO] [stdout]           >>>               ScreenExporter.cpp.o:(ale::ScreenExporter::save(ale::ALEScreen const&, std::__cxx11::basic_string<char, std::char_traits<char>, std::allocator<char>> const&) const (.cold)) in archive /opt/rustwide/target/debug/deps/libale_sys-fc252c1f18b54c80.rlib
[INFO] [stdout]           >>> referenced 213 more times
[INFO] [stdout]           
[INFO] [stdout]           rust-lld: error: undefined symbol: std::basic_ifstream<char, std::char_traits<char>>::~basic_ifstream()
[INFO] [stdout]           >>> referenced by ColourPalette.cpp:210 (/opt/rustwide/cargo-home/registry/src/index.crates.io-6f17d22bba15001f/ale-sys-0.1.2/ale/src/common/ColourPalette.cpp:210)
[INFO] [stdout]           >>>               ColourPalette.cpp.o:(ale::ColourPalette::loadUserPalette(std::__cxx11::basic_string<char, std::char_traits<char>, std::allocator<char>> const&) (.cold)) in archive /opt/rustwide/target/debug/deps/libale_sys-fc252c1f18b54c80.rlib
[INFO] [stdout]           >>> referenced by ale_interface.cpp:99 (/opt/rustwide/cargo-home/registry/src/index.crates.io-6f17d22bba15001f/ale-sys-0.1.2/ale/src/ale_interface.cpp:99)
[INFO] [stdout]           >>>               ale_interface.cpp.o:(ale::ALEInterface::isSupportedRom(std::unique_ptr<OSystem, std::default_delete<OSystem>>&) (.cold)) in archive /opt/rustwide/target/debug/deps/libale_sys-fc252c1f18b54c80.rlib
[INFO] [stdout]           >>> referenced by PropsSet.cxx:203 (/opt/rustwide/cargo-home/registry/src/index.crates.io-6f17d22bba15001f/ale-sys-0.1.2/ale/src/emucore/PropsSet.cxx:203)
[INFO] [stdout]           >>>               PropsSet.cxx.o:(PropertiesSet::load(std::__cxx11::basic_string<char, std::char_traits<char>, std::allocator<char>> const&, bool) (.cold)) in archive /opt/rustwide/target/debug/deps/libale_sys-fc252c1f18b54c80.rlib
[INFO] [stdout]           >>> referenced 1 more times
[INFO] [stdout]           
[INFO] [stdout]           rust-lld: error: undefined symbol: std::ios_base::ios_base()
[INFO] [stdout]           >>> referenced by basic_ios.h:462 (/usr/include/c++/11/bits/basic_ios.h:462)
[INFO] [stdout]           >>>               ColourPalette.cpp.o:(ale::ColourPalette::loadUserPalette(std::__cxx11::basic_string<char, std::char_traits<char>, std::allocator<char>> const&)) in archive /opt/rustwide/target/debug/deps/libale_sys-fc252c1f18b54c80.rlib
[INFO] [stdout]           >>> referenced by basic_ios.h:462 (/usr/include/c++/11/bits/basic_ios.h:462)
[INFO] [stdout]           >>>               ScreenExporter.cpp.o:(ale::ScreenExporter::save(ale::ALEScreen const&, std::__cxx11::basic_string<char, std::char_traits<char>, std::allocator<char>> const&) const) in archive /opt/rustwide/target/debug/deps/libale_sys-fc252c1f18b54c80.rlib
[INFO] [stdout]           >>> referenced by basic_ios.h:462 (/usr/include/c++/11/bits/basic_ios.h:462)
[INFO] [stdout]           >>>               ScreenExporter.cpp.o:(ale::ScreenExporter::saveNext(ale::ALEScreen const&)) in archive /opt/rustwide/target/debug/deps/libale_sys-fc252c1f18b54c80.rlib
[INFO] [stdout]           >>> referenced 11 more times
[INFO] [stdout]           
[INFO] [stdout]           rust-lld: error: undefined symbol: VTT for std::basic_ifstream<char, std::char_traits<char>>
[INFO] [stdout]           >>> referenced by istream:607 (/usr/include/c++/11/istream:607)
[INFO] [stdout]           >>>               ColourPalette.cpp.o:(ale::ColourPalette::loadUserPalette(std::__cxx11::basic_string<char, std::char_traits<char>, std::allocator<char>> const&)) in archive /opt/rustwide/target/debug/deps/libale_sys-fc252c1f18b54c80.rlib
[INFO] [stdout]           >>> referenced by istream:607 (/usr/include/c++/11/istream:607)
[INFO] [stdout]           >>>               ale_interface.cpp.o:(ale::ALEInterface::isSupportedRom(std::unique_ptr<OSystem, std::default_delete<OSystem>>&)) in archive /opt/rustwide/target/debug/deps/libale_sys-fc252c1f18b54c80.rlib
[INFO] [stdout]           >>> referenced by istream:607 (/usr/include/c++/11/istream:607)
[INFO] [stdout]           >>>               PropsSet.cxx.o:(PropertiesSet::load(std::__cxx11::basic_string<char, std::char_traits<char>, std::allocator<char>> const&, bool)) in archive /opt/rustwide/target/debug/deps/libale_sys-fc252c1f18b54c80.rlib
[INFO] [stdout]           >>> referenced 1 more times
[INFO] [stdout]           
[INFO] [stdout]           rust-lld: error: undefined symbol: std::basic_ios<char, std::char_traits<char>>::init(std::basic_streambuf<char, std::char_traits<char>>*)
[INFO] [stdout]           >>> referenced by istream:608 (/usr/include/c++/11/istream:608)
[INFO] [stdout]           >>>               ColourPalette.cpp.o:(ale::ColourPalette::loadUserPalette(std::__cxx11::basic_string<char, std::char_traits<char>, std::allocator<char>> const&)) in archive /opt/rustwide/target/debug/deps/libale_sys-fc252c1f18b54c80.rlib
[INFO] [stdout]           >>> referenced by fstream:537 (/usr/include/c++/11/fstream:537)
[INFO] [stdout]           >>>               ColourPalette.cpp.o:(ale::ColourPalette::loadUserPalette(std::__cxx11::basic_string<char, std::char_traits<char>, std::allocator<char>> const&)) in archive /opt/rustwide/target/debug/deps/libale_sys-fc252c1f18b54c80.rlib
[INFO] [stdout]           >>> referenced by ostream:398 (/usr/include/c++/11/ostream:398)
[INFO] [stdout]           >>>               ScreenExporter.cpp.o:(ale::ScreenExporter::save(ale::ALEScreen const&, std::__cxx11::basic_string<char, std::char_traits<char>, std::allocator<char>> const&) const) in archive /opt/rustwide/target/debug/deps/libale_sys-fc252c1f18b54c80.rlib
[INFO] [stdout]           >>> referenced 25 more times
[INFO] [stdout]           
[INFO] [stdout]           rust-lld: error: undefined symbol: vtable for std::basic_ifstream<char, std::char_traits<char>>
[INFO] [stdout]           >>> referenced by fstream:535 (/usr/include/c++/11/fstream:535)
[INFO] [stdout]           >>>               ColourPalette.cpp.o:(ale::ColourPalette::loadUserPalette(std::__cxx11::basic_string<char, std::char_traits<char>, std::allocator<char>> const&)) in archive /opt/rustwide/target/debug/deps/libale_sys-fc252c1f18b54c80.rlib
[INFO] [stdout]           >>> referenced by fstream:535 (/usr/include/c++/11/fstream:535)
[INFO] [stdout]           >>>               ColourPalette.cpp.o:(ale::ColourPalette::loadUserPalette(std::__cxx11::basic_string<char, std::char_traits<char>, std::allocator<char>> const&)) in archive /opt/rustwide/target/debug/deps/libale_sys-fc252c1f18b54c80.rlib
[INFO] [stdout]           >>> referenced by fstream:605 (/usr/include/c++/11/fstream:605)
[INFO] [stdout]           >>>               ColourPalette.cpp.o:(ale::ColourPalette::loadUserPalette(std::__cxx11::basic_string<char, std::char_traits<char>, std::allocator<char>> const&)) in archive /opt/rustwide/target/debug/deps/libale_sys-fc252c1f18b54c80.rlib
[INFO] [stdout]           >>> referenced 16 more times
[INFO] [stdout]           >>> the vtable symbol may be undefined because the class is missing its key function (see https://lld.llvm.org/missingkeyfunction)
[INFO] [stdout]           
[INFO] [stdout]           rust-lld: error: too many errors emitted, stopping now (use --error-limit=0 to see all errors)
[INFO] [stdout]           collect2: error: ld returned 1 exit status
[INFO] [stdout]           
[INFO] [stdout] 
[INFO] [stdout] error: aborting due to 1 previous error
[INFO] [stdout] 
[INFO] [stdout] Couldn't compile the test.
[INFO] [stdout] 
[INFO] [stdout] failures:
[INFO] [stdout]     src/lib.rs - Ale::load_rom (line 62)
[INFO] [stdout] 
[INFO] [stdout] test result: FAILED. 0 passed; 1 failed; 0 ignored; 0 measured; 0 filtered out; finished in 0.16s
[INFO] [stdout] 
[INFO] [stderr] error: doctest failed, to rerun pass `--doc`
[INFO] running `Command { std: "docker" "inspect" "946cae0b8fe9a68f425c5fd9355a73e7cde59a48793582a139b33599669be2f3", kill_on_drop: false }`
[INFO] running `Command { std: "docker" "rm" "-f" "946cae0b8fe9a68f425c5fd9355a73e7cde59a48793582a139b33599669be2f3", kill_on_drop: false }`
[INFO] [stdout] 946cae0b8fe9a68f425c5fd9355a73e7cde59a48793582a139b33599669be2f3
