[INFO] fetching crate alacritty 0.14.0...
[INFO] testing alacritty-0.14.0 against nightly-2024-10-28+rustflags=-Zrandomize-layout for randomize-layout
[INFO] extracting crate alacritty 0.14.0 into /workspace/builds/worker-3-tc2/source
[INFO] validating manifest of crates.io crate alacritty 0.14.0 on toolchain nightly-2024-10-28
[INFO] running `Command { std: CARGO_HOME="/workspace/cargo-home" RUSTUP_HOME="/workspace/rustup-home" "/workspace/cargo-home/bin/cargo" "+nightly-2024-10-28" "metadata" "--manifest-path" "Cargo.toml" "--no-deps", kill_on_drop: false }`
[INFO] started tweaking crates.io crate alacritty 0.14.0
[INFO] finished tweaking crates.io crate alacritty 0.14.0
[INFO] tweaked toml for crates.io crate alacritty 0.14.0 written to /workspace/builds/worker-3-tc2/source/Cargo.toml
[INFO] crate crates.io crate alacritty 0.14.0 already has a lockfile, it will not be regenerated
[INFO] running `Command { std: CARGO_HOME="/workspace/cargo-home" RUSTUP_HOME="/workspace/rustup-home" "/workspace/cargo-home/bin/cargo" "+nightly-2024-10-28" "fetch" "--manifest-path" "Cargo.toml", kill_on_drop: false }`
[INFO] running `Command { std: "docker" "create" "-v" "/var/lib/crater-agent-workspace/builds/worker-3-tc2/target:/opt/rustwide/target:rw,Z" "-v" "/var/lib/crater-agent-workspace/builds/worker-3-tc2/source:/opt/rustwide/workdir:ro,Z" "-v" "/var/lib/crater-agent-workspace/cargo-home:/opt/rustwide/cargo-home:ro,Z" "-v" "/var/lib/crater-agent-workspace/rustup-home:/opt/rustwide/rustup-home:ro,Z" "-e" "SOURCE_DIR=/opt/rustwide/workdir" "-e" "CARGO_TARGET_DIR=/opt/rustwide/target" "-e" "CARGO_HOME=/opt/rustwide/cargo-home" "-e" "RUSTUP_HOME=/opt/rustwide/rustup-home" "-w" "/opt/rustwide/workdir" "-m" "1610612736" "--user" "0:0" "--network" "none" "ghcr.io/rust-lang/crates-build-env/linux@sha256:4a844ea9eb2546a2d2c7022eacef16ef2e8229c7fbb2c7d4d55a9ceca922f72d" "/opt/rustwide/cargo-home/bin/cargo" "+nightly-2024-10-28" "metadata" "--no-deps" "--format-version=1", kill_on_drop: false }`
[INFO] [stdout] e574143233fbcabbf45457c748aeaa271f2135b6e4d0c882e031df34e752370b
[INFO] running `Command { std: "docker" "start" "-a" "e574143233fbcabbf45457c748aeaa271f2135b6e4d0c882e031df34e752370b", kill_on_drop: false }`
[INFO] running `Command { std: "docker" "inspect" "e574143233fbcabbf45457c748aeaa271f2135b6e4d0c882e031df34e752370b", kill_on_drop: false }`
[INFO] running `Command { std: "docker" "rm" "-f" "e574143233fbcabbf45457c748aeaa271f2135b6e4d0c882e031df34e752370b", kill_on_drop: false }`
[INFO] [stdout] e574143233fbcabbf45457c748aeaa271f2135b6e4d0c882e031df34e752370b
[INFO] running `Command { std: "docker" "create" "-v" "/var/lib/crater-agent-workspace/builds/worker-3-tc2/target:/opt/rustwide/target:rw,Z" "-v" "/var/lib/crater-agent-workspace/builds/worker-3-tc2/source:/opt/rustwide/workdir:ro,Z" "-v" "/var/lib/crater-agent-workspace/cargo-home:/opt/rustwide/cargo-home:ro,Z" "-v" "/var/lib/crater-agent-workspace/rustup-home:/opt/rustwide/rustup-home:ro,Z" "-e" "SOURCE_DIR=/opt/rustwide/workdir" "-e" "CARGO_TARGET_DIR=/opt/rustwide/target" "-e" "CARGO_INCREMENTAL=0" "-e" "RUST_BACKTRACE=full" "-e" "RUSTFLAGS=--cap-lints=forbid -Zrandomize-layout" "-e" "RUSTDOCFLAGS=--cap-lints=forbid" "-e" "CARGO_HOME=/opt/rustwide/cargo-home" "-e" "RUSTUP_HOME=/opt/rustwide/rustup-home" "-w" "/opt/rustwide/workdir" "-m" "1610612736" "--user" "0:0" "--network" "none" "ghcr.io/rust-lang/crates-build-env/linux@sha256:4a844ea9eb2546a2d2c7022eacef16ef2e8229c7fbb2c7d4d55a9ceca922f72d" "/opt/rustwide/cargo-home/bin/cargo" "+nightly-2024-10-28" "build" "--frozen" "--message-format=json", kill_on_drop: false }`
[INFO] [stdout] e32e01e46c962e1f339fa47121fe98ea8bc8794649ffddcb77e23591ac65337f
[INFO] running `Command { std: "docker" "start" "-a" "e32e01e46c962e1f339fa47121fe98ea8bc8794649ffddcb77e23591ac65337f", kill_on_drop: false }`
[INFO] [stderr]    Compiling proc-macro2 v1.0.86
[INFO] [stderr]    Compiling unicode-ident v1.0.12
[INFO] [stderr]    Compiling serde v1.0.204
[INFO] [stderr]    Compiling once_cell v1.19.0
[INFO] [stderr]    Compiling itoa v1.0.11
[INFO] [stderr]    Compiling rustix v0.38.34
[INFO] [stderr]    Compiling linux-raw-sys v0.4.14
[INFO] [stderr]    Compiling cc v1.1.5
[INFO] [stderr]    Compiling smallvec v1.13.2
[INFO] [stderr]    Compiling autocfg v1.3.0
[INFO] [stderr]    Compiling scoped-tls v1.0.1
[INFO] [stderr]    Compiling downcast-rs v1.2.1
[INFO] [stderr]    Compiling memchr v2.7.4
[INFO] [stderr]    Compiling libloading v0.8.4
[INFO] [stderr]    Compiling wayland-sys v0.31.4
[INFO] [stderr]    Compiling khronos_api v3.1.0
[INFO] [stderr]    Compiling wayland-client v0.31.5
[INFO] [stderr]    Compiling xml-rs v0.8.20
[INFO] [stderr]    Compiling pin-project-lite v0.2.14
[INFO] [stderr]    Compiling tracing-core v0.1.32
[INFO] [stderr]    Compiling log v0.4.22
[INFO] [stderr]    Compiling thiserror v1.0.62
[INFO] [stderr]    Compiling yeslogic-fontconfig-sys v5.0.0
[INFO] [stderr]    Compiling xkeysym v0.2.1
[INFO] [stderr]    Compiling xcursor v0.3.5
[INFO] [stderr]    Compiling dlib v0.5.2
[INFO] [stderr]    Compiling utf8parse v0.2.2
[INFO] [stderr]    Compiling cfg_aliases v0.2.1
[INFO] [stderr]    Compiling smithay-client-toolkit v0.19.2
[INFO] [stderr]    Compiling memmap2 v0.9.4
[INFO] [stderr]    Compiling x11-dl v2.21.0
[INFO] [stderr]    Compiling hashbrown v0.14.5
[INFO] [stderr]    Compiling equivalent v1.0.1
[INFO] [stderr]    Compiling crossfont v0.8.0
[INFO] [stderr]    Compiling simd-adler32 v0.3.7
[INFO] [stderr]    Compiling version_check v0.9.4
[INFO] [stderr]    Compiling tracing v0.1.40
[INFO] [stderr]    Compiling slab v0.4.9
[INFO] [stderr]    Compiling lock_api v0.4.12
[INFO] [stderr]    Compiling parking_lot_core v0.9.10
[INFO] [stderr]    Compiling foreign-types-shared v0.3.1
[INFO] [stderr]    Compiling x11rb-protocol v0.13.1
[INFO] [stderr]    Compiling crossbeam-utils v0.8.20
[INFO] [stderr]    Compiling quote v1.0.36
[INFO] [stderr]    Compiling strict-num v0.1.1
[INFO] [stderr]    Compiling quick-xml v0.34.0
[INFO] [stderr]    Compiling as-raw-xcb-connection v1.0.1
[INFO] [stderr]    Compiling gl_generator v0.14.0
[INFO] [stderr]    Compiling indexmap v2.5.0
[INFO] [stderr]    Compiling bytemuck v1.16.1
[INFO] [stderr]    Compiling arrayref v0.3.7
[INFO] [stderr]    Compiling ahash v0.8.11
[INFO] [stderr]    Compiling syn v2.0.71
[INFO] [stderr]    Compiling tiny-skia-path v0.11.4
[INFO] [stderr]    Compiling anstyle-parse v0.2.4
[INFO] [stderr]    Compiling scopeguard v1.2.0
[INFO] [stderr]    Compiling colorchoice v1.0.1
[INFO] [stderr]    Compiling signal-hook v0.3.17
[INFO] [stderr]    Compiling cstr v0.2.12
[INFO] [stderr]    Compiling winnow v0.6.18
[INFO] [stderr]    Compiling anstyle-query v1.1.0
[INFO] [stderr]    Compiling anstyle v1.0.7
[INFO] [stderr]    Compiling bitflags v1.3.2
[INFO] [stderr]    Compiling is_terminal_polyfill v1.70.0
[INFO] [stderr]    Compiling arrayvec v0.7.4
[INFO] [stderr]    Compiling miniz_oxide v0.7.4
[INFO] [stderr]    Compiling vte_generate_state_changes v0.1.2
[INFO] [stderr]    Compiling anstream v0.6.14
[INFO] [stderr]    Compiling wayland-scanner v0.31.4
[INFO] [stderr]    Compiling winit v0.30.4
[INFO] [stderr]    Compiling glutin v0.32.0
[INFO] [stderr]    Compiling inotify-sys v0.1.5
[INFO] [stderr]    Compiling glutin_egl_sys v0.7.0
[INFO] [stderr]    Compiling glutin_glx_sys v0.6.0
[INFO] [stderr]    Compiling signal-hook-registry v1.4.2
[INFO] [stderr]    Compiling wayland-backend v0.3.6
[INFO] [stderr]    Compiling freetype-sys v0.20.1
[INFO] [stderr]    Compiling getrandom v0.2.15
[INFO] [stderr]    Compiling serde_json v1.0.120
[INFO] [stderr]    Compiling heck v0.5.0
[INFO] [stderr]    Compiling raw-window-handle v0.6.2
[INFO] [stderr]    Compiling clap_lex v0.7.1
[INFO] [stderr]    Compiling zerocopy v0.7.35
[INFO] [stderr]    Compiling strsim v0.11.1
[INFO] [stderr]    Compiling regex-syntax v0.8.4
[INFO] [stderr]    Compiling same-file v1.0.6
[INFO] [stderr]    Compiling ryu v1.0.18
[INFO] [stderr]    Compiling clap_builder v4.5.9
[INFO] [stderr]    Compiling walkdir v2.5.0
[INFO] [stderr]    Compiling crossbeam-channel v0.5.13
[INFO] [stderr]    Compiling flate2 v1.0.30
[INFO] [stderr]    Compiling parking_lot v0.12.3
[INFO] [stderr]    Compiling alacritty v0.14.0 (/opt/rustwide/workdir)
[INFO] [stderr]    Compiling inotify v0.9.6
[INFO] [stderr]    Compiling fdeflate v0.3.4
[INFO] [stderr]    Compiling filetime v0.2.23
[INFO] [stderr]    Compiling fastrand v2.1.0
[INFO] [stderr]    Compiling unicode-width v0.1.13
[INFO] [stderr]    Compiling percent-encoding v2.3.1
[INFO] [stderr]    Compiling unsafe-libyaml v0.2.11
[INFO] [stderr]    Compiling base64 v0.22.1
[INFO] [stderr]    Compiling home v0.5.9
[INFO] [stderr]    Compiling xdg v2.5.2
[INFO] [stderr]    Compiling png v0.17.13
[INFO] [stderr]    Compiling serde_derive v1.0.204
[INFO] [stderr]    Compiling thiserror-impl v1.0.62
[INFO] [stderr]    Compiling foreign-types-macros v0.2.3
[INFO] [stderr]    Compiling clap_derive v4.5.8
[INFO] [stderr]    Compiling alacritty_config_derive v0.2.4
[INFO] [stderr]    Compiling regex-automata v0.4.7
[INFO] [stderr]    Compiling foreign-types v0.5.0
[INFO] [stderr]    Compiling clap v4.5.9
[INFO] [stderr]    Compiling bitflags v2.6.0
[INFO] [stderr]    Compiling cursor-icon v1.1.0
[INFO] [stderr]    Compiling toml_datetime v0.6.8
[INFO] [stderr]    Compiling serde_spanned v0.6.7
[INFO] [stderr]    Compiling smol_str v0.2.2
[INFO] [stderr]    Compiling dpi v0.1.1
[INFO] [stderr]    Compiling serde_yaml v0.9.34+deprecated
[INFO] [stderr]    Compiling toml_edit v0.22.21
[INFO] [stderr]    Compiling tiny-skia v0.11.4
[INFO] [stderr]    Compiling xkbcommon-dl v0.4.2
[INFO] [stderr]    Compiling vte v0.13.0
[INFO] [stderr]    Compiling mio v0.8.11
[INFO] [stderr]    Compiling notify v6.1.1
[INFO] [stderr]    Compiling toml v0.8.14
[INFO] [stderr]    Compiling alacritty_config v0.2.2
[INFO] [stderr]    Compiling freetype-rs v0.36.0
[INFO] [stderr]    Compiling polling v3.7.2
[INFO] [stderr]    Compiling x11rb v0.13.1
[INFO] [stderr]    Compiling rustix-openpty v0.1.1
[INFO] [stderr]    Compiling tempfile v3.12.0
[INFO] [stderr]    Compiling calloop v0.13.0
[INFO] [stderr]    Compiling alacritty_terminal v0.24.1
[INFO] [stderr]    Compiling wayland-csd-frame v0.3.0
[INFO] [stderr]    Compiling x11-clipboard v0.9.3
[INFO] [stderr]    Compiling wayland-protocols v0.32.3
[INFO] [stderr]    Compiling calloop-wayland-source v0.3.0
[INFO] [stderr]    Compiling wayland-cursor v0.31.5
[INFO] [stderr]    Compiling wayland-protocols-wlr v0.3.3
[INFO] [stderr]    Compiling wayland-protocols-plasma v0.3.3
[INFO] [stderr]    Compiling smithay-clipboard v0.7.2
[INFO] [stderr]    Compiling sctk-adwaita v0.10.1
[INFO] [stderr]    Compiling copypasta v0.10.1
[INFO] [stderr]     Finished `dev` profile [unoptimized + debuginfo] target(s) in 46.46s
[INFO] running `Command { std: "docker" "inspect" "e32e01e46c962e1f339fa47121fe98ea8bc8794649ffddcb77e23591ac65337f", kill_on_drop: false }`
[INFO] running `Command { std: "docker" "rm" "-f" "e32e01e46c962e1f339fa47121fe98ea8bc8794649ffddcb77e23591ac65337f", kill_on_drop: false }`
[INFO] [stdout] e32e01e46c962e1f339fa47121fe98ea8bc8794649ffddcb77e23591ac65337f
[INFO] running `Command { std: "docker" "create" "-v" "/var/lib/crater-agent-workspace/builds/worker-3-tc2/target:/opt/rustwide/target:rw,Z" "-v" "/var/lib/crater-agent-workspace/builds/worker-3-tc2/source:/opt/rustwide/workdir:ro,Z" "-v" "/var/lib/crater-agent-workspace/cargo-home:/opt/rustwide/cargo-home:ro,Z" "-v" "/var/lib/crater-agent-workspace/rustup-home:/opt/rustwide/rustup-home:ro,Z" "-e" "SOURCE_DIR=/opt/rustwide/workdir" "-e" "CARGO_TARGET_DIR=/opt/rustwide/target" "-e" "CARGO_INCREMENTAL=0" "-e" "RUST_BACKTRACE=full" "-e" "RUSTFLAGS=--cap-lints=forbid -Zrandomize-layout" "-e" "RUSTDOCFLAGS=--cap-lints=forbid" "-e" "CARGO_HOME=/opt/rustwide/cargo-home" "-e" "RUSTUP_HOME=/opt/rustwide/rustup-home" "-w" "/opt/rustwide/workdir" "-m" "1610612736" "--user" "0:0" "--network" "none" "ghcr.io/rust-lang/crates-build-env/linux@sha256:4a844ea9eb2546a2d2c7022eacef16ef2e8229c7fbb2c7d4d55a9ceca922f72d" "/opt/rustwide/cargo-home/bin/cargo" "+nightly-2024-10-28" "test" "--frozen" "--no-run" "--message-format=json", kill_on_drop: false }`
[INFO] [stdout] 1a1f1d7405d2aab15411eb3a7049861734731cee3b10df31fb8757aa726ec485
[INFO] running `Command { std: "docker" "start" "-a" "1a1f1d7405d2aab15411eb3a7049861734731cee3b10df31fb8757aa726ec485", kill_on_drop: false }`
[INFO] [stderr]    Compiling clap_complete v4.5.8
[INFO] [stderr]    Compiling alacritty v0.14.0 (/opt/rustwide/workdir)
[INFO] [stderr]     Finished `test` profile [unoptimized + debuginfo] target(s) in 8.51s
[INFO] running `Command { std: "docker" "inspect" "1a1f1d7405d2aab15411eb3a7049861734731cee3b10df31fb8757aa726ec485", kill_on_drop: false }`
[INFO] running `Command { std: "docker" "rm" "-f" "1a1f1d7405d2aab15411eb3a7049861734731cee3b10df31fb8757aa726ec485", kill_on_drop: false }`
[INFO] [stdout] 1a1f1d7405d2aab15411eb3a7049861734731cee3b10df31fb8757aa726ec485
[INFO] running `Command { std: "docker" "create" "-v" "/var/lib/crater-agent-workspace/builds/worker-3-tc2/target:/opt/rustwide/target:rw,Z" "-v" "/var/lib/crater-agent-workspace/builds/worker-3-tc2/source:/opt/rustwide/workdir:ro,Z" "-v" "/var/lib/crater-agent-workspace/cargo-home:/opt/rustwide/cargo-home:ro,Z" "-v" "/var/lib/crater-agent-workspace/rustup-home:/opt/rustwide/rustup-home:ro,Z" "-e" "SOURCE_DIR=/opt/rustwide/workdir" "-e" "CARGO_TARGET_DIR=/opt/rustwide/target" "-e" "CARGO_INCREMENTAL=0" "-e" "RUST_BACKTRACE=full" "-e" "RUSTFLAGS=--cap-lints=forbid -Zrandomize-layout" "-e" "RUSTDOCFLAGS=--cap-lints=forbid" "-e" "CARGO_HOME=/opt/rustwide/cargo-home" "-e" "RUSTUP_HOME=/opt/rustwide/rustup-home" "-w" "/opt/rustwide/workdir" "-m" "1610612736" "--user" "0:0" "--network" "none" "ghcr.io/rust-lang/crates-build-env/linux@sha256:4a844ea9eb2546a2d2c7022eacef16ef2e8229c7fbb2c7d4d55a9ceca922f72d" "/opt/rustwide/cargo-home/bin/cargo" "+nightly-2024-10-28" "test" "--frozen", kill_on_drop: false }`
[INFO] [stdout] 75df2a0142d125bb610e0f851b3a2184550f57fd90a9d3ec6b7c211bb6797d07
[INFO] running `Command { std: "docker" "start" "-a" "75df2a0142d125bb610e0f851b3a2184550f57fd90a9d3ec6b7c211bb6797d07", kill_on_drop: false }`
[INFO] [stderr]     Finished `test` profile [unoptimized + debuginfo] target(s) in 0.13s
[INFO] [stderr]      Running unittests src/main.rs (/opt/rustwide/target/debug/deps/alacritty-46e73ab0a317deac)
[INFO] [stdout] 
[INFO] [stdout] running 79 tests
[INFO] [stdout] test cli::tests::dynamic_title_not_overridden_by_config ... ok
[INFO] [stdout] test cli::tests::dynamic_title_ignoring_options_by_default ... ok
[INFO] [stdout] test cli::tests::invalid_hex_to_decimal ... ok
[INFO] [stdout] test cli::tests::float_option_as_value ... ok
[INFO] [stdout] test cli::tests::invalid_option_as_value ... ok
[INFO] [stdout] test cli::tests::parse_invalid_class ... ok
[INFO] [stdout] test cli::tests::parse_general_class ... ok
[INFO] [stdout] test cli::tests::valid_decimal ... ok
[INFO] [stdout] test cli::tests::valid_hex_to_decimal ... ok
[INFO] [stdout] test cli::tests::parse_instance_class ... ok
[INFO] [stdout] test config::bindings::tests::binding_matches_identical_mode ... ok
[INFO] [stdout] test config::bindings::tests::binding_matches_itself ... ok
[INFO] [stdout] test config::bindings::tests::binding_matches_mode_notmode ... ok
[INFO] [stdout] test config::bindings::tests::binding_matches_modes ... ok
[INFO] [stdout] test config::bindings::tests::binding_matches_different_action ... ok
[INFO] [stdout] test cli::tests::valid_option_as_value ... ok
[INFO] [stdout] test config::bindings::tests::binding_trigger_input ... ok
[INFO] [stdout] test config::bindings::tests::binding_trigger_modes ... ok
[INFO] [stdout] test config::bindings::tests::binding_trigger_mods ... ok
[INFO] [stdout] test config::bindings::tests::binding_trigger_notmodes ... ok
[INFO] [stdout] test config::bindings::tests::binding_with_mode_matches_empty_mode ... ok
[INFO] [stdout] test config::bindings::tests::mods_binding_requires_strict_match ... ok
[INFO] [stdout] test config::bindings::tests::binding_without_mode_matches_any_mode ... ok
[INFO] [stdout] test config::bindings::tests::binding_matches_partial_intersection ... ok
[INFO] [stdout] test config::bindings::tests::binding_matches_notmodes ... ok
[INFO] [stdout] test config::bindings::tests::binding_mismatches_unrelated ... ok
[INFO] [stdout] test config::bindings::tests::binding_mismatches_notmode ... ok
[INFO] [stdout] test config::serde_utils::tests::merge_primitive ... ok
[INFO] [stdout] test config::serde_utils::tests::merge_sequence ... ok
[INFO] [stdout] test config::tests::empty_yaml_to_toml ... ok
[INFO] [stdout] test config::tests::empty_config ... ok
[INFO] [stdout] test config::tests::yaml_with_nulls ... ok
[INFO] [stdout] test config::serde_utils::tests::merge_tables ... ok
[INFO] [stdout] test display::damage::tests::add_viewport_damage ... ok
[INFO] [stdout] test display::damage::tests::damage_rect_math ... ok
[INFO] [stdout] test input::tests::process_binding_appcursormode_appkeypadmode_nomod_require_appcursor ... ok
[INFO] [stdout] test input::tests::process_binding_fail_with_extra_mods ... ok
[INFO] [stdout] test input::tests::double_click ... ok
[INFO] [stdout] test input::tests::double_click_failed ... ok
[INFO] [stdout] test display::hint::tests::hint_label_generation ... ok
[INFO] [stdout] test input::tests::process_binding_nomode_nomod_require_appcursor ... ok
[INFO] [stdout] test input::tests::single_click ... ok
[INFO] [stdout] test input::tests::process_binding_nomode_nomod_require_not_appcursor ... ok
[INFO] [stdout] test input::tests::multi_click_separate_buttons ... ok
[INFO] [stdout] test input::tests::process_binding_appcursormode_nomod_require_appcursor ... ok
[INFO] [stdout] test display::hint::tests::collect_unique_hyperlinks ... ok
[INFO] [stdout] test input::tests::single_middle_click ... ok
[INFO] [stdout] test display::hint::tests::closed_bracket_does_not_result_in_infinite_iterator ... ok
[INFO] [stdout] test input::tests::process_binding_nomode_nomod_require_shift ... ok
[INFO] [stdout] test input::tests::process_binding_nomode_controlmod ... ok
[INFO] [stdout] test input::tests::process_binding_nomode_shiftmod_require_shift ... ok
[INFO] [stdout] test input::tests::single_right_click ... ok
[INFO] [stdout] test input::tests::triple_click ... ok
[INFO] [stdout] test message_bar::tests::add_newline_for_button ... ok
[INFO] [stdout] test message_bar::tests::appends_close_button ... ok
[INFO] [stdout] test message_bar::tests::empty_with_shortterm ... ok
[INFO] [stdout] test message_bar::tests::hide_button_when_too_narrow ... ok
[INFO] [stdout] test message_bar::tests::multiline_close_button_first_line ... ok
[INFO] [stdout] test message_bar::tests::pop ... ok
[INFO] [stdout] test message_bar::tests::remove_duplicates ... ok
[INFO] [stdout] test input::tests::triple_click_failed ... ok
[INFO] [stdout] test message_bar::tests::hide_truncated_when_too_narrow ... ok
[INFO] [stdout] test message_bar::tests::remove_target ... ok
[INFO] [stdout] test message_bar::tests::splits_on_newline ... ok
[INFO] [stdout] test message_bar::tests::strip_whitespace_at_linebreak ... ok
[INFO] [stdout] test message_bar::tests::splits_on_length ... ok
[INFO] [stdout] test message_bar::tests::wrap_with_unicode ... ok
[INFO] [stdout] test migrate::tests::migrate_empty ... ok
[INFO] [stdout] test migrate::tests::move_values ... ok
[INFO] [stdout] test renderer::text::builtin_font::tests::builtin_line_drawing_glyphs_coverage ... ok
[INFO] [stdout] test renderer::text::builtin_font::tests::builtin_powerline_glyphs_coverage ... ok
[INFO] [stdout] test message_bar::tests::truncates_long_messages ... ok
[INFO] [stdout] test message_bar::tests::wrap_on_words ... ok
[INFO] [stdout] test string::tests::into_shortened_with_shortener ... ok
[INFO] [stdout] test string::tests::into_shortened_without_shortener ... ok
[INFO] [stdout] test config::ui_config::tests::negative_url_parsing_regex_test ... ok
[INFO] [stdout] test display::hint::tests::visible_regex_match_covers_entire_viewport ... ok
[INFO] [stdout] test config::ui_config::tests::positive_url_parsing_regex_test ... ok
[INFO] [stdout] test cli::tests::completions ... FAILED
[INFO] [stdout] 
[INFO] [stdout] failures:
[INFO] [stdout] 
[INFO] [stdout] ---- cli::tests::completions stdout ----
[INFO] [stdout] thread 'cli::tests::completions' panicked at src/cli.rs:531:79:
[INFO] [stdout] called `Result::unwrap()` on an `Err` value: Os { code: 2, kind: NotFound, message: "No such file or directory" }
[INFO] [stdout] stack backtrace:
[INFO] [stdout]    0:     0x5e768219608a - std::backtrace_rs::backtrace::libunwind::trace::h207520d6e9873551
[INFO] [stdout]                                at /rustc/df4ca44d3fbc9301ee17f30f4d474e6ae4b05252/library/std/src/../../backtrace/src/backtrace/libunwind.rs:116:5
[INFO] [stdout]    1:     0x5e768219608a - std::backtrace_rs::backtrace::trace_unsynchronized::h2ed7433f370e3eca
[INFO] [stdout]                                at /rustc/df4ca44d3fbc9301ee17f30f4d474e6ae4b05252/library/std/src/../../backtrace/src/backtrace/mod.rs:66:5
[INFO] [stdout]    2:     0x5e768219608a - std::sys::backtrace::_print_fmt::h916fac51166b18d7
[INFO] [stdout]                                at /rustc/df4ca44d3fbc9301ee17f30f4d474e6ae4b05252/library/std/src/sys/backtrace.rs:66:9
[INFO] [stdout]    3:     0x5e768219608a - <std::sys::backtrace::BacktraceLock::print::DisplayBacktrace as core::fmt::Display>::fmt::ha0a4c9b8ce3802e6
[INFO] [stdout]                                at /rustc/df4ca44d3fbc9301ee17f30f4d474e6ae4b05252/library/std/src/sys/backtrace.rs:39:26
[INFO] [stdout]    4:     0x5e76821c0173 - core::fmt::rt::Argument::fmt::h4cfc8587d52b3eb5
[INFO] [stdout]                                at /rustc/df4ca44d3fbc9301ee17f30f4d474e6ae4b05252/library/core/src/fmt/rt.rs:177:76
[INFO] [stdout]    5:     0x5e76821c0173 - core::fmt::write::h522cc39e5b36ae9f
[INFO] [stdout]                                at /rustc/df4ca44d3fbc9301ee17f30f4d474e6ae4b05252/library/core/src/fmt/mod.rs:1190:21
[INFO] [stdout]    6:     0x5e7682192c13 - std::io::Write::write_fmt::h7d3c26752da97734
[INFO] [stdout]                                at /rustc/df4ca44d3fbc9301ee17f30f4d474e6ae4b05252/library/std/src/io/mod.rs:1839:15
[INFO] [stdout]    7:     0x5e7682195ed2 - std::sys::backtrace::BacktraceLock::print::h4b9e00b29e9c0942
[INFO] [stdout]                                at /rustc/df4ca44d3fbc9301ee17f30f4d474e6ae4b05252/library/std/src/sys/backtrace.rs:42:9
[INFO] [stdout]    8:     0x5e768219751a - std::panicking::default_hook::{{closure}}::hb59b88280d0324d9
[INFO] [stdout]                                at /rustc/df4ca44d3fbc9301ee17f30f4d474e6ae4b05252/library/std/src/panicking.rs:268:22
[INFO] [stdout]    9:     0x5e7682197324 - std::panicking::default_hook::he1dd496665be4a29
[INFO] [stdout]                                at /rustc/df4ca44d3fbc9301ee17f30f4d474e6ae4b05252/library/std/src/panicking.rs:292:9
[INFO] [stdout]   10:     0x5e7681c7fc19 - <alloc::boxed::Box<F,A> as core::ops::function::Fn<Args>>::call::h4ff71de18744e1dc
[INFO] [stdout]                                at /rustc/df4ca44d3fbc9301ee17f30f4d474e6ae4b05252/library/alloc/src/boxed.rs:2468:9
[INFO] [stdout]   11:     0x5e7681c7fc19 - test::test_main::{{closure}}::hcf7c055ce117aa81
[INFO] [stdout]                                at /rustc/df4ca44d3fbc9301ee17f30f4d474e6ae4b05252/library/test/src/lib.rs:133:21
[INFO] [stdout]   12:     0x5e7682197c18 - <alloc::boxed::Box<F,A> as core::ops::function::Fn<Args>>::call::h1d66c6bbd60c9692
[INFO] [stdout]                                at /rustc/df4ca44d3fbc9301ee17f30f4d474e6ae4b05252/library/alloc/src/boxed.rs:2468:9
[INFO] [stdout]   13:     0x5e7682197c18 - std::panicking::rust_panic_with_hook::h2ff17fe8f26dfcf8
[INFO] [stdout]                                at /rustc/df4ca44d3fbc9301ee17f30f4d474e6ae4b05252/library/std/src/panicking.rs:809:13
[INFO] [stdout]   14:     0x5e76821979da - std::panicking::begin_panic_handler::{{closure}}::h4fad77951c07e101
[INFO] [stdout]                                at /rustc/df4ca44d3fbc9301ee17f30f4d474e6ae4b05252/library/std/src/panicking.rs:674:13
[INFO] [stdout]   15:     0x5e7682196569 - std::sys::backtrace::__rust_end_short_backtrace::hb1a25b3da5d0ea08
[INFO] [stdout]                                at /rustc/df4ca44d3fbc9301ee17f30f4d474e6ae4b05252/library/std/src/sys/backtrace.rs:170:18
[INFO] [stdout]   16:     0x5e768219766c - rust_begin_unwind
[INFO] [stdout]                                at /rustc/df4ca44d3fbc9301ee17f30f4d474e6ae4b05252/library/std/src/panicking.rs:665:5
[INFO] [stdout]   17:     0x5e76821bd580 - core::panicking::panic_fmt::ha9db07b529f9b256
[INFO] [stdout]                                at /rustc/df4ca44d3fbc9301ee17f30f4d474e6ae4b05252/library/core/src/panicking.rs:75:14
[INFO] [stdout]   18:     0x5e76821bda66 - core::result::unwrap_failed::h5e8218e4d4338b8a
[INFO] [stdout]                                at /rustc/df4ca44d3fbc9301ee17f30f4d474e6ae4b05252/library/core/src/result.rs:1698:5
[INFO] [stdout]   19:     0x5e7681be6495 - core::result::Result<T,E>::unwrap::h0efaaf336c5b1f46
[INFO] [stdout]                                at /rustc/df4ca44d3fbc9301ee17f30f4d474e6ae4b05252/library/core/src/result.rs:1103:23
[INFO] [stdout]   20:     0x5e7681be6495 - alacritty::cli::tests::completions::h46ad08b6594b66fa
[INFO] [stdout]                                at /opt/rustwide/workdir/src/cli.rs:531:28
[INFO] [stdout]   21:     0x5e7681be6127 - alacritty::cli::tests::completions::{{closure}}::h5ddf3770cf8575d7
[INFO] [stdout]                                at /opt/rustwide/workdir/src/cli.rs:518:21
[INFO] [stdout]   22:     0x5e7681ba8fe6 - core::ops::function::FnOnce::call_once::h909e181b6055af3e
[INFO] [stdout]                                at /rustc/df4ca44d3fbc9301ee17f30f4d474e6ae4b05252/library/core/src/ops/function.rs:250:5
[INFO] [stdout]   23:     0x5e7681c844eb - core::ops::function::FnOnce::call_once::h22c3ba5715e93f05
[INFO] [stdout]                                at /rustc/df4ca44d3fbc9301ee17f30f4d474e6ae4b05252/library/core/src/ops/function.rs:250:5
[INFO] [stdout]   24:     0x5e7681c844eb - test::__rust_begin_short_backtrace::h8e82d8113d0da17f
[INFO] [stdout]                                at /rustc/df4ca44d3fbc9301ee17f30f4d474e6ae4b05252/library/test/src/lib.rs:621:18
[INFO] [stdout]   25:     0x5e7681c83e67 - test::run_test_in_process::{{closure}}::h33235f4f20b7b7c7
[INFO] [stdout]                                at /rustc/df4ca44d3fbc9301ee17f30f4d474e6ae4b05252/library/test/src/lib.rs:644:60
[INFO] [stdout]   26:     0x5e7681c83e67 - <core::panic::unwind_safe::AssertUnwindSafe<F> as core::ops::function::FnOnce<()>>::call_once::hb5043206310c586f
[INFO] [stdout]                                at /rustc/df4ca44d3fbc9301ee17f30f4d474e6ae4b05252/library/core/src/panic/unwind_safe.rs:272:9
[INFO] [stdout]   27:     0x5e7681c83e67 - std::panicking::try::do_call::h9ad4731a60ab23e2
[INFO] [stdout]                                at /rustc/df4ca44d3fbc9301ee17f30f4d474e6ae4b05252/library/std/src/panicking.rs:557:40
[INFO] [stdout]   28:     0x5e7681c83e67 - std::panicking::try::h3824d23db772a716
[INFO] [stdout]                                at /rustc/df4ca44d3fbc9301ee17f30f4d474e6ae4b05252/library/std/src/panicking.rs:520:19
[INFO] [stdout]   29:     0x5e7681c83e67 - std::panic::catch_unwind::h5afd514605fde46b
[INFO] [stdout]                                at /rustc/df4ca44d3fbc9301ee17f30f4d474e6ae4b05252/library/std/src/panic.rs:358:14
[INFO] [stdout]   30:     0x5e7681c83e67 - test::run_test_in_process::h0d5cbfa7067d1720
[INFO] [stdout]                                at /rustc/df4ca44d3fbc9301ee17f30f4d474e6ae4b05252/library/test/src/lib.rs:644:27
[INFO] [stdout]   31:     0x5e7681c83e67 - test::run_test::{{closure}}::h708eb8872708115d
[INFO] [stdout]                                at /rustc/df4ca44d3fbc9301ee17f30f4d474e6ae4b05252/library/test/src/lib.rs:565:43
[INFO] [stdout]   32:     0x5e7681c47584 - test::run_test::{{closure}}::h392c51cee94713ab
[INFO] [stdout]                                at /rustc/df4ca44d3fbc9301ee17f30f4d474e6ae4b05252/library/test/src/lib.rs:595:41
[INFO] [stdout]   33:     0x5e7681c47584 - std::sys::backtrace::__rust_begin_short_backtrace::h2f40290710935a8b
[INFO] [stdout]                                at /rustc/df4ca44d3fbc9301ee17f30f4d474e6ae4b05252/library/std/src/sys/backtrace.rs:154:18
[INFO] [stdout]   34:     0x5e7681c4ad2e - std::thread::Builder::spawn_unchecked_::{{closure}}::{{closure}}::h3fd968d89053a903
[INFO] [stdout]                                at /rustc/df4ca44d3fbc9301ee17f30f4d474e6ae4b05252/library/std/src/thread/mod.rs:541:17
[INFO] [stdout]   35:     0x5e7681c4ad2e - <core::panic::unwind_safe::AssertUnwindSafe<F> as core::ops::function::FnOnce<()>>::call_once::h743f637ba4229880
[INFO] [stdout]                                at /rustc/df4ca44d3fbc9301ee17f30f4d474e6ae4b05252/library/core/src/panic/unwind_safe.rs:272:9
[INFO] [stdout]   36:     0x5e7681c4ad2e - std::panicking::try::do_call::h07440897322525a6
[INFO] [stdout]                                at /rustc/df4ca44d3fbc9301ee17f30f4d474e6ae4b05252/library/std/src/panicking.rs:557:40
[INFO] [stdout]   37:     0x5e7681c4ad2e - std::panicking::try::he5a2e00188156637
[INFO] [stdout]                                at /rustc/df4ca44d3fbc9301ee17f30f4d474e6ae4b05252/library/std/src/panicking.rs:520:19
[INFO] [stdout]   38:     0x5e7681c4ad2e - std::panic::catch_unwind::hbaf3cae49b3c6433
[INFO] [stdout]                                at /rustc/df4ca44d3fbc9301ee17f30f4d474e6ae4b05252/library/std/src/panic.rs:358:14
[INFO] [stdout]   39:     0x5e7681c4ad2e - std::thread::Builder::spawn_unchecked_::{{closure}}::h8e141ea224820bce
[INFO] [stdout]                                at /rustc/df4ca44d3fbc9301ee17f30f4d474e6ae4b05252/library/std/src/thread/mod.rs:540:30
[INFO] [stdout]   40:     0x5e7681c4ad2e - core::ops::function::FnOnce::call_once{{vtable.shim}}::h90d312fedd7b8ea8
[INFO] [stdout]                                at /rustc/df4ca44d3fbc9301ee17f30f4d474e6ae4b05252/library/core/src/ops/function.rs:250:5
[INFO] [stdout]   41:     0x5e768219ba4b - <alloc::boxed::Box<F,A> as core::ops::function::FnOnce<Args>>::call_once::h69aa08ddb6adb8b6
[INFO] [stdout]                                at /rustc/df4ca44d3fbc9301ee17f30f4d474e6ae4b05252/library/alloc/src/boxed.rs:2454:9
[INFO] [stdout]   42:     0x5e768219ba4b - <alloc::boxed::Box<F,A> as core::ops::function::FnOnce<Args>>::call_once::h5aa36efdb79c806f
[INFO] [stdout]                                at /rustc/df4ca44d3fbc9301ee17f30f4d474e6ae4b05252/library/alloc/src/boxed.rs:2454:9
[INFO] [stdout]   43:     0x5e768219ba4b - std::sys::pal::unix::thread::Thread::new::thread_start::h6cd80a1b4be5158d
[INFO] [stdout]                                at /rustc/df4ca44d3fbc9301ee17f30f4d474e6ae4b05252/library/std/src/sys/pal/unix/thread.rs:105:17
[INFO] [stdout]   44:     0x7cdaf9f00ac3 - <unknown>
[INFO] [stdout]   45:     0x7cdaf9f91a04 - clone
[INFO] [stdout]   46:                0x0 - <unknown>
[INFO] [stdout] 
[INFO] [stdout] 
[INFO] [stdout] failures:
[INFO] [stdout]     cli::tests::completions
[INFO] [stdout] 
[INFO] [stdout] test result: FAILED. 78 passed; 1 failed; 0 ignored; 0 measured; 0 filtered out; finished in 0.12s
[INFO] [stdout] 
[INFO] [stderr] error: test failed, to rerun pass `--bin alacritty`
[INFO] running `Command { std: "docker" "inspect" "75df2a0142d125bb610e0f851b3a2184550f57fd90a9d3ec6b7c211bb6797d07", kill_on_drop: false }`
[INFO] running `Command { std: "docker" "rm" "-f" "75df2a0142d125bb610e0f851b3a2184550f57fd90a9d3ec6b7c211bb6797d07", kill_on_drop: false }`
[INFO] [stdout] 75df2a0142d125bb610e0f851b3a2184550f57fd90a9d3ec6b7c211bb6797d07
