[INFO] fetching crate aide-axum-typed-multipart 0.13.0...
[INFO] testing aide-axum-typed-multipart-0.13.0 against nightly-2024-10-28+rustflags=-Zrandomize-layout for randomize-layout
[INFO] extracting crate aide-axum-typed-multipart 0.13.0 into /workspace/builds/worker-1-tc2/source
[INFO] validating manifest of crates.io crate aide-axum-typed-multipart 0.13.0 on toolchain nightly-2024-10-28
[INFO] running `Command { std: CARGO_HOME="/workspace/cargo-home" RUSTUP_HOME="/workspace/rustup-home" "/workspace/cargo-home/bin/cargo" "+nightly-2024-10-28" "metadata" "--manifest-path" "Cargo.toml" "--no-deps", kill_on_drop: false }`
[INFO] started tweaking crates.io crate aide-axum-typed-multipart 0.13.0
[INFO] finished tweaking crates.io crate aide-axum-typed-multipart 0.13.0
[INFO] tweaked toml for crates.io crate aide-axum-typed-multipart 0.13.0 written to /workspace/builds/worker-1-tc2/source/Cargo.toml
[INFO] running `Command { std: CARGO_HOME="/workspace/cargo-home" RUSTUP_HOME="/workspace/rustup-home" "/workspace/cargo-home/bin/cargo" "+nightly-2024-10-28" "generate-lockfile" "--manifest-path" "Cargo.toml", kill_on_drop: false }`
[INFO] [stderr]     Updating crates.io index
[INFO] [stderr]      Locking 126 packages to latest compatible versions
[INFO] [stderr]       Adding axum_typed_multipart v0.11.2 (available: v0.13.1)
[INFO] running `Command { std: CARGO_HOME="/workspace/cargo-home" RUSTUP_HOME="/workspace/rustup-home" "/workspace/cargo-home/bin/cargo" "+nightly-2024-10-28" "fetch" "--manifest-path" "Cargo.toml", kill_on_drop: false }`
[INFO] running `Command { std: "docker" "create" "-v" "/var/lib/crater-agent-workspace/builds/worker-1-tc2/target:/opt/rustwide/target:rw,Z" "-v" "/var/lib/crater-agent-workspace/builds/worker-1-tc2/source:/opt/rustwide/workdir:ro,Z" "-v" "/var/lib/crater-agent-workspace/cargo-home:/opt/rustwide/cargo-home:ro,Z" "-v" "/var/lib/crater-agent-workspace/rustup-home:/opt/rustwide/rustup-home:ro,Z" "-e" "SOURCE_DIR=/opt/rustwide/workdir" "-e" "CARGO_TARGET_DIR=/opt/rustwide/target" "-e" "CARGO_HOME=/opt/rustwide/cargo-home" "-e" "RUSTUP_HOME=/opt/rustwide/rustup-home" "-w" "/opt/rustwide/workdir" "-m" "1610612736" "--user" "0:0" "--network" "none" "ghcr.io/rust-lang/crates-build-env/linux@sha256:4a844ea9eb2546a2d2c7022eacef16ef2e8229c7fbb2c7d4d55a9ceca922f72d" "/opt/rustwide/cargo-home/bin/cargo" "+nightly-2024-10-28" "metadata" "--no-deps" "--format-version=1", kill_on_drop: false }`
[INFO] [stdout] 6d56797493c3aa1e6e5cec559494374b5044dcfc5a216772d17f38415e9e99c2
[INFO] running `Command { std: "docker" "start" "-a" "6d56797493c3aa1e6e5cec559494374b5044dcfc5a216772d17f38415e9e99c2", kill_on_drop: false }`
[INFO] running `Command { std: "docker" "inspect" "6d56797493c3aa1e6e5cec559494374b5044dcfc5a216772d17f38415e9e99c2", kill_on_drop: false }`
[INFO] running `Command { std: "docker" "rm" "-f" "6d56797493c3aa1e6e5cec559494374b5044dcfc5a216772d17f38415e9e99c2", kill_on_drop: false }`
[INFO] [stdout] 6d56797493c3aa1e6e5cec559494374b5044dcfc5a216772d17f38415e9e99c2
[INFO] running `Command { std: "docker" "create" "-v" "/var/lib/crater-agent-workspace/builds/worker-1-tc2/target:/opt/rustwide/target:rw,Z" "-v" "/var/lib/crater-agent-workspace/builds/worker-1-tc2/source:/opt/rustwide/workdir:ro,Z" "-v" "/var/lib/crater-agent-workspace/cargo-home:/opt/rustwide/cargo-home:ro,Z" "-v" "/var/lib/crater-agent-workspace/rustup-home:/opt/rustwide/rustup-home:ro,Z" "-e" "SOURCE_DIR=/opt/rustwide/workdir" "-e" "CARGO_TARGET_DIR=/opt/rustwide/target" "-e" "CARGO_INCREMENTAL=0" "-e" "RUST_BACKTRACE=full" "-e" "RUSTFLAGS=--cap-lints=forbid -Zrandomize-layout" "-e" "RUSTDOCFLAGS=--cap-lints=forbid" "-e" "CARGO_HOME=/opt/rustwide/cargo-home" "-e" "RUSTUP_HOME=/opt/rustwide/rustup-home" "-w" "/opt/rustwide/workdir" "-m" "1610612736" "--user" "0:0" "--network" "none" "ghcr.io/rust-lang/crates-build-env/linux@sha256:4a844ea9eb2546a2d2c7022eacef16ef2e8229c7fbb2c7d4d55a9ceca922f72d" "/opt/rustwide/cargo-home/bin/cargo" "+nightly-2024-10-28" "build" "--frozen" "--message-format=json", kill_on_drop: false }`
[INFO] [stdout] cd05cbbf4509b8910f5595bcade7f79f67ed1ace31befb76993ee2aab8ed7dd9
[INFO] running `Command { std: "docker" "start" "-a" "cd05cbbf4509b8910f5595bcade7f79f67ed1ace31befb76993ee2aab8ed7dd9", kill_on_drop: false }`
[INFO] [stderr]    Compiling proc-macro2 v1.0.89
[INFO] [stderr]    Compiling unicode-ident v1.0.13
[INFO] [stderr]    Compiling autocfg v1.4.0
[INFO] [stderr]    Compiling itoa v1.0.11
[INFO] [stderr]    Compiling fnv v1.0.7
[INFO] [stderr]    Compiling pin-project-lite v0.2.15
[INFO] [stderr]    Compiling version_check v0.9.5
[INFO] [stderr]    Compiling bytes v1.8.0
[INFO] [stderr]    Compiling serde v1.0.214
[INFO] [stderr]    Compiling libc v0.2.161
[INFO] [stderr]    Compiling futures-core v0.3.31
[INFO] [stderr]    Compiling futures-task v0.3.31
[INFO] [stderr]    Compiling pin-utils v0.1.0
[INFO] [stderr]    Compiling once_cell v1.20.2
[INFO] [stderr]    Compiling httparse v1.9.5
[INFO] [stderr]    Compiling ryu v1.0.18
[INFO] [stderr]    Compiling http v1.1.0
[INFO] [stderr]    Compiling log v0.4.22
[INFO] [stderr]    Compiling slab v0.4.9
[INFO] [stderr]    Compiling tracing-core v0.1.32
[INFO] [stderr]    Compiling memchr v2.7.4
[INFO] [stderr]    Compiling serde_json v1.0.132
[INFO] [stderr]    Compiling cfg-if v1.0.0
[INFO] [stderr]    Compiling proc-macro-error-attr v1.0.4
[INFO] [stderr]    Compiling syn v1.0.109
[INFO] [stderr]    Compiling tower-service v0.3.3
[INFO] [stderr]    Compiling quote v1.0.37
[INFO] [stderr]    Compiling rustversion v1.0.18
[INFO] [stderr]    Compiling strsim v0.11.1
[INFO] [stderr]    Compiling syn v2.0.86
[INFO] [stderr]    Compiling ident_case v1.0.1
[INFO] [stderr]    Compiling mio v1.0.2
[INFO] [stderr]    Compiling socket2 v0.5.7
[INFO] [stderr]    Compiling num-traits v0.2.19
[INFO] [stderr]    Compiling proc-macro-error v1.0.4
[INFO] [stderr]    Compiling multer v3.1.0
[INFO] [stderr]    Compiling http-body v1.0.1
[INFO] [stderr]    Compiling futures-channel v0.3.31
[INFO] [stderr]    Compiling rustix v0.38.38
[INFO] [stderr]    Compiling mime v0.3.17
[INFO] [stderr]    Compiling tower-layer v0.3.3
[INFO] [stderr]    Compiling percent-encoding v2.3.1
[INFO] [stderr]    Compiling thiserror v1.0.66
[INFO] [stderr]    Compiling httpdate v1.0.3
[INFO] [stderr]    Compiling smallvec v1.13.2
[INFO] [stderr]    Compiling form_urlencoded v1.2.1
[INFO] [stderr]    Compiling encoding_rs v0.8.35
[INFO] [stderr]    Compiling anyhow v1.0.91
[INFO] [stderr]    Compiling sync_wrapper v0.1.2
[INFO] [stderr]    Compiling sync_wrapper v1.0.1
[INFO] [stderr]    Compiling linux-raw-sys v0.4.14
[INFO] [stderr]    Compiling bitflags v2.6.0
[INFO] [stderr]    Compiling spin v0.9.8
[INFO] [stderr]    Compiling equivalent v1.0.1
[INFO] [stderr]    Compiling schemars v0.8.21
[INFO] [stderr]    Compiling hashbrown v0.15.0
[INFO] [stderr]    Compiling fastrand v2.1.1
[INFO] [stderr]    Compiling ubyte v0.10.4
[INFO] [stderr]    Compiling dyn-clone v1.0.17
[INFO] [stderr]    Compiling matchit v0.7.3
[INFO] [stderr]    Compiling iana-time-zone v0.1.61
[INFO] [stderr]    Compiling heck v0.5.0
[INFO] [stderr]    Compiling uuid v1.11.0
[INFO] [stderr]    Compiling chrono v0.4.38
[INFO] [stderr]    Compiling tempfile v3.13.0
[INFO] [stderr]    Compiling darling_core v0.20.10
[INFO] [stderr]    Compiling serde_derive_internals v0.29.1
[INFO] [stderr]    Compiling futures-macro v0.3.31
[INFO] [stderr]    Compiling serde_derive v1.0.214
[INFO] [stderr]    Compiling tracing-attributes v0.1.27
[INFO] [stderr]    Compiling tokio-macros v2.4.0
[INFO] [stderr]    Compiling thiserror-impl v1.0.66
[INFO] [stderr]    Compiling async-trait v0.1.83
[INFO] [stderr]    Compiling schemars_derive v0.8.21
[INFO] [stderr]    Compiling tokio v1.41.0
[INFO] [stderr]    Compiling futures-util v0.3.31
[INFO] [stderr]    Compiling tracing v0.1.40
[INFO] [stderr]    Compiling darling_macro v0.20.10
[INFO] [stderr]    Compiling darling v0.20.10
[INFO] [stderr]    Compiling axum_typed_multipart_macros v0.11.2
[INFO] [stderr]    Compiling http-body-util v0.1.2
[INFO] [stderr]    Compiling axum-core v0.4.5
[INFO] [stderr]    Compiling hyper v1.5.0
[INFO] [stderr]    Compiling tower v0.5.1
[INFO] [stderr]    Compiling serde_path_to_error v0.1.16
[INFO] [stderr]    Compiling indexmap v2.6.0
[INFO] [stderr]    Compiling serde_urlencoded v0.7.1
[INFO] [stderr]    Compiling hyper-util v0.1.10
[INFO] [stderr]    Compiling axum v0.7.7
[INFO] [stderr]    Compiling aide v0.13.4
[INFO] [stderr]    Compiling axum_typed_multipart v0.11.2
[INFO] [stderr]    Compiling aide-axum-typed-multipart v0.13.0 (/opt/rustwide/workdir)
[INFO] [stderr]     Finished `dev` profile [unoptimized + debuginfo] target(s) in 48.75s
[INFO] running `Command { std: "docker" "inspect" "cd05cbbf4509b8910f5595bcade7f79f67ed1ace31befb76993ee2aab8ed7dd9", kill_on_drop: false }`
[INFO] running `Command { std: "docker" "rm" "-f" "cd05cbbf4509b8910f5595bcade7f79f67ed1ace31befb76993ee2aab8ed7dd9", kill_on_drop: false }`
[INFO] [stdout] cd05cbbf4509b8910f5595bcade7f79f67ed1ace31befb76993ee2aab8ed7dd9
[INFO] running `Command { std: "docker" "create" "-v" "/var/lib/crater-agent-workspace/builds/worker-1-tc2/target:/opt/rustwide/target:rw,Z" "-v" "/var/lib/crater-agent-workspace/builds/worker-1-tc2/source:/opt/rustwide/workdir:ro,Z" "-v" "/var/lib/crater-agent-workspace/cargo-home:/opt/rustwide/cargo-home:ro,Z" "-v" "/var/lib/crater-agent-workspace/rustup-home:/opt/rustwide/rustup-home:ro,Z" "-e" "SOURCE_DIR=/opt/rustwide/workdir" "-e" "CARGO_TARGET_DIR=/opt/rustwide/target" "-e" "CARGO_INCREMENTAL=0" "-e" "RUST_BACKTRACE=full" "-e" "RUSTFLAGS=--cap-lints=forbid -Zrandomize-layout" "-e" "RUSTDOCFLAGS=--cap-lints=forbid" "-e" "CARGO_HOME=/opt/rustwide/cargo-home" "-e" "RUSTUP_HOME=/opt/rustwide/rustup-home" "-w" "/opt/rustwide/workdir" "-m" "1610612736" "--user" "0:0" "--network" "none" "ghcr.io/rust-lang/crates-build-env/linux@sha256:4a844ea9eb2546a2d2c7022eacef16ef2e8229c7fbb2c7d4d55a9ceca922f72d" "/opt/rustwide/cargo-home/bin/cargo" "+nightly-2024-10-28" "test" "--frozen" "--no-run" "--message-format=json", kill_on_drop: false }`
[INFO] [stdout] a89da6fe626b927769df3d87173e589277f52c24081b3bb8927ea2f6f04405f8
[INFO] running `Command { std: "docker" "start" "-a" "a89da6fe626b927769df3d87173e589277f52c24081b3bb8927ea2f6f04405f8", kill_on_drop: false }`
[INFO] [stderr]    Compiling aide-axum-typed-multipart v0.13.0 (/opt/rustwide/workdir)
[INFO] [stderr]     Finished `test` profile [unoptimized + debuginfo] target(s) in 0.46s
[INFO] running `Command { std: "docker" "inspect" "a89da6fe626b927769df3d87173e589277f52c24081b3bb8927ea2f6f04405f8", kill_on_drop: false }`
[INFO] running `Command { std: "docker" "rm" "-f" "a89da6fe626b927769df3d87173e589277f52c24081b3bb8927ea2f6f04405f8", kill_on_drop: false }`
[INFO] [stdout] a89da6fe626b927769df3d87173e589277f52c24081b3bb8927ea2f6f04405f8
[INFO] running `Command { std: "docker" "create" "-v" "/var/lib/crater-agent-workspace/builds/worker-1-tc2/target:/opt/rustwide/target:rw,Z" "-v" "/var/lib/crater-agent-workspace/builds/worker-1-tc2/source:/opt/rustwide/workdir:ro,Z" "-v" "/var/lib/crater-agent-workspace/cargo-home:/opt/rustwide/cargo-home:ro,Z" "-v" "/var/lib/crater-agent-workspace/rustup-home:/opt/rustwide/rustup-home:ro,Z" "-e" "SOURCE_DIR=/opt/rustwide/workdir" "-e" "CARGO_TARGET_DIR=/opt/rustwide/target" "-e" "CARGO_INCREMENTAL=0" "-e" "RUST_BACKTRACE=full" "-e" "RUSTFLAGS=--cap-lints=forbid -Zrandomize-layout" "-e" "RUSTDOCFLAGS=--cap-lints=forbid" "-e" "CARGO_HOME=/opt/rustwide/cargo-home" "-e" "RUSTUP_HOME=/opt/rustwide/rustup-home" "-w" "/opt/rustwide/workdir" "-m" "1610612736" "--user" "0:0" "--network" "none" "ghcr.io/rust-lang/crates-build-env/linux@sha256:4a844ea9eb2546a2d2c7022eacef16ef2e8229c7fbb2c7d4d55a9ceca922f72d" "/opt/rustwide/cargo-home/bin/cargo" "+nightly-2024-10-28" "test" "--frozen", kill_on_drop: false }`
[INFO] [stdout] 60250aed1fafb87096cdb4b42c7370956a1ebea1f5399cef843a1ae4b7106bbd
[INFO] running `Command { std: "docker" "start" "-a" "60250aed1fafb87096cdb4b42c7370956a1ebea1f5399cef843a1ae4b7106bbd", kill_on_drop: false }`
[INFO] [stderr]     Finished `test` profile [unoptimized + debuginfo] target(s) in 0.15s
[INFO] [stderr]      Running unittests src/lib.rs (/opt/rustwide/target/debug/deps/aide_axum_typed_multipart-5d4ddda7434434e9)
[INFO] [stdout] 
[INFO] [stdout] running 0 tests
[INFO] [stderr]    Doc-tests aide_axum_typed_multipart
[INFO] [stdout] 
[INFO] [stdout] test result: ok. 0 passed; 0 failed; 0 ignored; 0 measured; 0 filtered out; finished in 0.00s
[INFO] [stdout] 
[INFO] [stdout] 
[INFO] [stdout] running 1 test
[INFO] [stdout] test src/../README.md - (line 8) ... FAILED
[INFO] [stdout] 
[INFO] [stdout] failures:
[INFO] [stdout] 
[INFO] [stdout] ---- src/../README.md - (line 8) stdout ----
[INFO] [stdout] error: expected one of `:`, `@`, or `|`, found `<`
[INFO] [stdout]   --> src/../README.md:23:41
[INFO] [stdout]    |
[INFO] [stdout] 18 | async fn post_hello_world(TypedMultipart<MyMultipart>) -> StatusCode {
[INFO] [stdout]    |                                         ^ expected one of `:`, `@`, or `|`
[INFO] [stdout]    |
[INFO] [stdout]    = note: anonymous parameters are removed in the 2018 edition (see RFC 1685)
[INFO] [stdout] help: if this is a `self` type, give it a parameter name
[INFO] [stdout]    |
[INFO] [stdout] 18 | async fn post_hello_world(self: TypedMultipart<MyMultipart>) -> StatusCode {
[INFO] [stdout]    |                           +++++
[INFO] [stdout] help: if this is a type, explicitly ignore the parameter name
[INFO] [stdout]    |
[INFO] [stdout] 18 | async fn post_hello_world(_: TypedMultipart<MyMultipart>) -> StatusCode {
[INFO] [stdout]    |                           ++
[INFO] [stdout] 
[INFO] [stdout] error[E0277]: the trait bound `axum::body::Bytes: JsonSchema` is not satisfied
[INFO] [stdout]    --> src/../README.md:20:12
[INFO] [stdout]     |
[INFO] [stdout] 15  |     image: FieldData<Bytes>,
[INFO] [stdout]     |            ^^^^^^^^^^^^^^^^ the trait `JsonSchema` is not implemented for `axum::body::Bytes`, which is required by `aide_axum_typed_multipart::FieldData<axum::body::Bytes>: JsonSchema`
[INFO] [stdout]     |
[INFO] [stdout]     = help: the following other types implement trait `JsonSchema`:
[INFO] [stdout]               &'a T
[INFO] [stdout]               &'a mut T
[INFO] [stdout]               ()
[INFO] [stdout]               (T0, T1)
[INFO] [stdout]               (T0, T1, T2)
[INFO] [stdout]               (T0, T1, T2, T3)
[INFO] [stdout]               (T0, T1, T2, T3, T4)
[INFO] [stdout]               (T0, T1, T2, T3, T4, T5)
[INFO] [stdout]             and 183 others
[INFO] [stdout]     = note: required for `aide_axum_typed_multipart::FieldData<axum::body::Bytes>` to implement `JsonSchema`
[INFO] [stdout] note: required by a bound in `insert_object_property`
[INFO] [stdout]    --> /opt/rustwide/cargo-home/registry/src/index.crates.io-6f17d22bba15001f/schemars-0.8.21/src/_private.rs:126:43
[INFO] [stdout]     |
[INFO] [stdout] 126 | pub fn insert_object_property<T: ?Sized + JsonSchema>(
[INFO] [stdout]     |                                           ^^^^^^^^^^ required by this bound in `insert_object_property`
[INFO] [stdout] 
[INFO] [stdout] error: aborting due to 2 previous errors
[INFO] [stdout] 
[INFO] [stdout] For more information about this error, try `rustc --explain E0277`.
[INFO] [stdout] Couldn't compile the test.
[INFO] [stdout] 
[INFO] [stdout] failures:
[INFO] [stdout]     src/../README.md - (line 8)
[INFO] [stdout] 
[INFO] [stdout] test result: FAILED. 0 passed; 1 failed; 0 ignored; 0 measured; 0 filtered out; finished in 0.15s
[INFO] [stdout] 
[INFO] [stderr] error: doctest failed, to rerun pass `--doc`
[INFO] running `Command { std: "docker" "inspect" "60250aed1fafb87096cdb4b42c7370956a1ebea1f5399cef843a1ae4b7106bbd", kill_on_drop: false }`
[INFO] running `Command { std: "docker" "rm" "-f" "60250aed1fafb87096cdb4b42c7370956a1ebea1f5399cef843a1ae4b7106bbd", kill_on_drop: false }`
[INFO] [stdout] 60250aed1fafb87096cdb4b42c7370956a1ebea1f5399cef843a1ae4b7106bbd
