[INFO] fetching crate adlx 0.0.0-alpha.1...
[INFO] testing adlx-0.0.0-alpha.1 against nightly-2024-10-28 for randomize-layout
[INFO] extracting crate adlx 0.0.0-alpha.1 into /workspace/builds/worker-6-tc1/source
[INFO] validating manifest of crates.io crate adlx 0.0.0-alpha.1 on toolchain nightly-2024-10-28
[INFO] running `Command { std: CARGO_HOME="/workspace/cargo-home" RUSTUP_HOME="/workspace/rustup-home" "/workspace/cargo-home/bin/cargo" "+nightly-2024-10-28" "metadata" "--manifest-path" "Cargo.toml" "--no-deps", kill_on_drop: false }`
[INFO] started tweaking crates.io crate adlx 0.0.0-alpha.1
[INFO] finished tweaking crates.io crate adlx 0.0.0-alpha.1
[INFO] tweaked toml for crates.io crate adlx 0.0.0-alpha.1 written to /workspace/builds/worker-6-tc1/source/Cargo.toml
[INFO] crate crates.io crate adlx 0.0.0-alpha.1 already has a lockfile, it will not be regenerated
[INFO] running `Command { std: CARGO_HOME="/workspace/cargo-home" RUSTUP_HOME="/workspace/rustup-home" "/workspace/cargo-home/bin/cargo" "+nightly-2024-10-28" "fetch" "--manifest-path" "Cargo.toml", kill_on_drop: false }`
[INFO] [stderr]     Blocking waiting for file lock on package cache
[INFO] [stderr]     Blocking waiting for file lock on package cache
[INFO] [stderr]  Downloading crates ...
[INFO] [stderr]   Downloaded anyhow v1.0.82
[INFO] [stderr]   Downloaded libloading v0.8.3
[INFO] running `Command { std: "docker" "create" "-v" "/var/lib/crater-agent-workspace/builds/worker-6-tc1/target:/opt/rustwide/target:rw,Z" "-v" "/var/lib/crater-agent-workspace/builds/worker-6-tc1/source:/opt/rustwide/workdir:ro,Z" "-v" "/var/lib/crater-agent-workspace/cargo-home:/opt/rustwide/cargo-home:ro,Z" "-v" "/var/lib/crater-agent-workspace/rustup-home:/opt/rustwide/rustup-home:ro,Z" "-e" "SOURCE_DIR=/opt/rustwide/workdir" "-e" "CARGO_TARGET_DIR=/opt/rustwide/target" "-e" "CARGO_HOME=/opt/rustwide/cargo-home" "-e" "RUSTUP_HOME=/opt/rustwide/rustup-home" "-w" "/opt/rustwide/workdir" "-m" "1610612736" "--user" "0:0" "--network" "none" "ghcr.io/rust-lang/crates-build-env/linux@sha256:4a844ea9eb2546a2d2c7022eacef16ef2e8229c7fbb2c7d4d55a9ceca922f72d" "/opt/rustwide/cargo-home/bin/cargo" "+nightly-2024-10-28" "metadata" "--no-deps" "--format-version=1", kill_on_drop: false }`
[INFO] [stdout] 76b63c01b331e64eb0d62dafad99bce64fb6d9ada13cb2d31d74038db97c2bb4
[INFO] running `Command { std: "docker" "start" "-a" "76b63c01b331e64eb0d62dafad99bce64fb6d9ada13cb2d31d74038db97c2bb4", kill_on_drop: false }`
[INFO] running `Command { std: "docker" "inspect" "76b63c01b331e64eb0d62dafad99bce64fb6d9ada13cb2d31d74038db97c2bb4", kill_on_drop: false }`
[INFO] running `Command { std: "docker" "rm" "-f" "76b63c01b331e64eb0d62dafad99bce64fb6d9ada13cb2d31d74038db97c2bb4", kill_on_drop: false }`
[INFO] [stdout] 76b63c01b331e64eb0d62dafad99bce64fb6d9ada13cb2d31d74038db97c2bb4
[INFO] running `Command { std: "docker" "create" "-v" "/var/lib/crater-agent-workspace/builds/worker-6-tc1/target:/opt/rustwide/target:rw,Z" "-v" "/var/lib/crater-agent-workspace/builds/worker-6-tc1/source:/opt/rustwide/workdir:ro,Z" "-v" "/var/lib/crater-agent-workspace/cargo-home:/opt/rustwide/cargo-home:ro,Z" "-v" "/var/lib/crater-agent-workspace/rustup-home:/opt/rustwide/rustup-home:ro,Z" "-e" "SOURCE_DIR=/opt/rustwide/workdir" "-e" "CARGO_TARGET_DIR=/opt/rustwide/target" "-e" "CARGO_INCREMENTAL=0" "-e" "RUST_BACKTRACE=full" "-e" "RUSTFLAGS=--cap-lints=forbid" "-e" "RUSTDOCFLAGS=--cap-lints=forbid" "-e" "CARGO_HOME=/opt/rustwide/cargo-home" "-e" "RUSTUP_HOME=/opt/rustwide/rustup-home" "-w" "/opt/rustwide/workdir" "-m" "1610612736" "--user" "0:0" "--network" "none" "ghcr.io/rust-lang/crates-build-env/linux@sha256:4a844ea9eb2546a2d2c7022eacef16ef2e8229c7fbb2c7d4d55a9ceca922f72d" "/opt/rustwide/cargo-home/bin/cargo" "+nightly-2024-10-28" "build" "--frozen" "--message-format=json", kill_on_drop: false }`
[INFO] [stdout] c6f8ad1c795ae0a34e0e10f4ef16fc3ef141d44897ffe3f946ed6424848dcbbe
[INFO] running `Command { std: "docker" "start" "-a" "c6f8ad1c795ae0a34e0e10f4ef16fc3ef141d44897ffe3f946ed6424848dcbbe", kill_on_drop: false }`
[INFO] [stderr]    Compiling anyhow v1.0.82
[INFO] [stderr]    Compiling cfg-if v1.0.0
[INFO] [stderr]    Compiling libloading v0.8.3
[INFO] [stderr]    Compiling adlx v0.0.0-alpha.1 (/opt/rustwide/workdir)
[INFO] [stderr]     Finished `dev` profile [unoptimized + debuginfo] target(s) in 1.42s
[INFO] running `Command { std: "docker" "inspect" "c6f8ad1c795ae0a34e0e10f4ef16fc3ef141d44897ffe3f946ed6424848dcbbe", kill_on_drop: false }`
[INFO] running `Command { std: "docker" "rm" "-f" "c6f8ad1c795ae0a34e0e10f4ef16fc3ef141d44897ffe3f946ed6424848dcbbe", kill_on_drop: false }`
[INFO] [stdout] c6f8ad1c795ae0a34e0e10f4ef16fc3ef141d44897ffe3f946ed6424848dcbbe
[INFO] running `Command { std: "docker" "create" "-v" "/var/lib/crater-agent-workspace/builds/worker-6-tc1/target:/opt/rustwide/target:rw,Z" "-v" "/var/lib/crater-agent-workspace/builds/worker-6-tc1/source:/opt/rustwide/workdir:ro,Z" "-v" "/var/lib/crater-agent-workspace/cargo-home:/opt/rustwide/cargo-home:ro,Z" "-v" "/var/lib/crater-agent-workspace/rustup-home:/opt/rustwide/rustup-home:ro,Z" "-e" "SOURCE_DIR=/opt/rustwide/workdir" "-e" "CARGO_TARGET_DIR=/opt/rustwide/target" "-e" "CARGO_INCREMENTAL=0" "-e" "RUST_BACKTRACE=full" "-e" "RUSTFLAGS=--cap-lints=forbid" "-e" "RUSTDOCFLAGS=--cap-lints=forbid" "-e" "CARGO_HOME=/opt/rustwide/cargo-home" "-e" "RUSTUP_HOME=/opt/rustwide/rustup-home" "-w" "/opt/rustwide/workdir" "-m" "1610612736" "--user" "0:0" "--network" "none" "ghcr.io/rust-lang/crates-build-env/linux@sha256:4a844ea9eb2546a2d2c7022eacef16ef2e8229c7fbb2c7d4d55a9ceca922f72d" "/opt/rustwide/cargo-home/bin/cargo" "+nightly-2024-10-28" "test" "--frozen" "--no-run" "--message-format=json", kill_on_drop: false }`
[INFO] [stdout] 56ed83748073963f59e56a1d9c7de25a27ea436c9894284c3388910e07e6d292
[INFO] running `Command { std: "docker" "start" "-a" "56ed83748073963f59e56a1d9c7de25a27ea436c9894284c3388910e07e6d292", kill_on_drop: false }`
[INFO] [stderr]    Compiling adlx v0.0.0-alpha.1 (/opt/rustwide/workdir)
[INFO] [stderr]     Finished `test` profile [unoptimized + debuginfo] target(s) in 0.76s
[INFO] running `Command { std: "docker" "inspect" "56ed83748073963f59e56a1d9c7de25a27ea436c9894284c3388910e07e6d292", kill_on_drop: false }`
[INFO] running `Command { std: "docker" "rm" "-f" "56ed83748073963f59e56a1d9c7de25a27ea436c9894284c3388910e07e6d292", kill_on_drop: false }`
[INFO] [stdout] 56ed83748073963f59e56a1d9c7de25a27ea436c9894284c3388910e07e6d292
[INFO] running `Command { std: "docker" "create" "-v" "/var/lib/crater-agent-workspace/builds/worker-6-tc1/target:/opt/rustwide/target:rw,Z" "-v" "/var/lib/crater-agent-workspace/builds/worker-6-tc1/source:/opt/rustwide/workdir:ro,Z" "-v" "/var/lib/crater-agent-workspace/cargo-home:/opt/rustwide/cargo-home:ro,Z" "-v" "/var/lib/crater-agent-workspace/rustup-home:/opt/rustwide/rustup-home:ro,Z" "-e" "SOURCE_DIR=/opt/rustwide/workdir" "-e" "CARGO_TARGET_DIR=/opt/rustwide/target" "-e" "CARGO_INCREMENTAL=0" "-e" "RUST_BACKTRACE=full" "-e" "RUSTFLAGS=--cap-lints=forbid" "-e" "RUSTDOCFLAGS=--cap-lints=forbid" "-e" "CARGO_HOME=/opt/rustwide/cargo-home" "-e" "RUSTUP_HOME=/opt/rustwide/rustup-home" "-w" "/opt/rustwide/workdir" "-m" "1610612736" "--user" "0:0" "--network" "none" "ghcr.io/rust-lang/crates-build-env/linux@sha256:4a844ea9eb2546a2d2c7022eacef16ef2e8229c7fbb2c7d4d55a9ceca922f72d" "/opt/rustwide/cargo-home/bin/cargo" "+nightly-2024-10-28" "test" "--frozen", kill_on_drop: false }`
[INFO] [stdout] a86bb43b0f2b9d1aeaaca5db57c5e9bac10757eed4ddba446cafeea073c54af2
[INFO] running `Command { std: "docker" "start" "-a" "a86bb43b0f2b9d1aeaaca5db57c5e9bac10757eed4ddba446cafeea073c54af2", kill_on_drop: false }`
[INFO] [stderr]     Finished `test` profile [unoptimized + debuginfo] target(s) in 0.01s
[INFO] [stderr]      Running unittests src/lib.rs (/opt/rustwide/target/debug/deps/adlx-e7f82f41400febb6)
[INFO] [stdout] 
[INFO] [stdout] running 56 tests
[INFO] [stdout] test ffi::bindgen_test_layout_ADLX_3DLUT_Data ... ok
[INFO] [stdout] test ffi::bindgen_test_layout_ADLX_GamutColorSpace ... ok
[INFO] [stdout] test ffi::bindgen_test_layout_ADLX_GammaRamp ... ok
[INFO] [stdout] test ffi::bindgen_test_layout_ADLX_IntRange ... ok
[INFO] [stdout] test ffi::bindgen_test_layout_ADLX_Point ... ok
[INFO] [stdout] test ffi::bindgen_test_layout_ADLX_RegammaCoeff ... ok
[INFO] [stdout] test ffi::bindgen_test_layout_ADLX_RGB ... ok
[INFO] [stdout] test ffi::bindgen_test_layout_ADLX_TimingInfo ... ok
[INFO] [stdout] test ffi::bindgen_test_layout_ADLX_UINT16_RGB ... ok
[INFO] [stdout] test ffi::bindgen_test_layout_IADLMapping ... ok
[INFO] [stdout] test ffi::bindgen_test_layout_IADLMappingVtbl ... ok
[INFO] [stdout] test ffi::bindgen_test_layout_IADLXAllMetrics ... ok
[INFO] [stdout] test ffi::bindgen_test_layout_IADLXAllMetricsList ... ok
[INFO] [stdout] test ffi::bindgen_test_layout_IADLXAllMetricsListVtbl ... ok
[INFO] [stdout] test ffi::bindgen_test_layout_IADLXAllMetricsVtbl ... ok
[INFO] [stdout] test ffi::bindgen_test_layout_IADLXFPS ... ok
[INFO] [stdout] test ffi::bindgen_test_layout_IADLXFPSList ... ok
[INFO] [stdout] test ffi::bindgen_test_layout_IADLXFPSListVtbl ... ok
[INFO] [stdout] test ffi::bindgen_test_layout_IADLXFPSVtbl ... ok
[INFO] [stdout] test ffi::bindgen_test_layout_IADLXGPU ... ok
[INFO] [stdout] test ffi::bindgen_test_layout_IADLXGPU1 ... ok
[INFO] [stdout] test ffi::bindgen_test_layout_IADLXGPU1Vtbl ... ok
[INFO] [stdout] test ffi::bindgen_test_layout_IADLXGPUList ... ok
[INFO] [stdout] test ffi::bindgen_test_layout_IADLXGPUMetrics ... ok
[INFO] [stdout] test ffi::bindgen_test_layout_IADLXGPUListVtbl ... ok
[INFO] [stdout] test ffi::bindgen_test_layout_IADLXGPUMetricsSupportVtbl ... ok
[INFO] [stdout] test ffi::bindgen_test_layout_IADLXGPUMetricsListVtbl ... ok
[INFO] [stdout] test ffi::bindgen_test_layout_IADLXGPUMetricsSupport ... ok
[INFO] [stdout] test ffi::bindgen_test_layout_IADLXGPUsChangedHandlingVtbl ... ok
[INFO] [stdout] test ffi::bindgen_test_layout_IADLXInterfaceVtbl ... ok
[INFO] [stdout] test ffi::bindgen_test_layout_IADLXInterface ... ok
[INFO] [stdout] test ffi::bindgen_test_layout_IADLXGPUsChangedHandling ... ok
[INFO] [stdout] test ffi::bindgen_test_layout_IADLXListVtbl ... ok
[INFO] [stdout] test ffi::bindgen_test_layout_IADLXGPUMetricsList ... ok
[INFO] [stdout] test ffi::bindgen_test_layout_IADLXPerformanceMonitoringServices ... ok
[INFO] [stdout] test ffi::bindgen_test_layout_IADLXPerformanceMonitoringServicesVtbl ... ok
[INFO] [stdout] test ffi::bindgen_test_layout_IADLXGPUMetricsVtbl ... ok
[INFO] [stdout] test ffi::bindgen_test_layout_IADLXSystem ... ok
[INFO] [stdout] test ffi::bindgen_test_layout_IADLXSystem1 ... ok
[INFO] [stdout] test ffi::bindgen_test_layout_IADLXGPUsEventListener ... ok
[INFO] [stdout] test ffi::bindgen_test_layout_IADLXSystem1Vtbl ... ok
[INFO] [stdout] test ffi::bindgen_test_layout_IADLXGPUVtbl ... ok
[INFO] [stdout] test ffi::bindgen_test_layout_IADLXGPUsEventListenerVtbl ... ok
[INFO] [stdout] test ffi::bindgen_test_layout_IADLXList ... ok
[INFO] [stdout] test ffi::bindgen_test_layout_IADLXSystemMetrics1 ... ok
[INFO] [stdout] test ffi::bindgen_test_layout_IADLXSystemMetrics1Vtbl ... ok
[INFO] [stdout] test ffi::bindgen_test_layout_IADLXSystemMetricsList ... ok
[INFO] [stdout] test ffi::bindgen_test_layout_IADLXSystemMetricsListVtbl ... ok
[INFO] [stdout] test ffi::bindgen_test_layout_IADLXSystemMetricsSupport ... ok
[INFO] [stdout] test ffi::bindgen_test_layout_IADLXSystemMetricsSupport1 ... ok
[INFO] [stdout] test ffi::bindgen_test_layout_IADLXSystemMetricsSupport1Vtbl ... ok
[INFO] [stdout] test ffi::bindgen_test_layout_IADLXSystemVtbl ... ok
[INFO] [stdout] test ffi::bindgen_test_layout_IADLXSystemMetricsSupportVtbl ... ok
[INFO] [stdout] test ffi::bindgen_test_layout_IADLXSystemMetrics ... ok
[INFO] [stdout] test ffi::bindgen_test_layout_IADLXSystemMetricsVtbl ... ok
[INFO] [stdout] test ffi::bindgen_test_layout_ADLX_CustomResolution ... FAILED
[INFO] [stdout] 
[INFO] [stdout] failures:
[INFO] [stdout] 
[INFO] [stdout] ---- ffi::bindgen_test_layout_ADLX_CustomResolution stdout ----
[INFO] [stdout] thread 'ffi::bindgen_test_layout_ADLX_CustomResolution' panicked at src/ffi.rs:2966:5:
[INFO] [stdout] assertion `left == right` failed: Size of: ADLX_CustomResolution
[INFO] [stdout]   left: 80
[INFO] [stdout]  right: 68
[INFO] [stdout] stack backtrace:
[INFO] [stdout]    0:     0x6074b9be989a - std::backtrace_rs::backtrace::libunwind::trace::h207520d6e9873551
[INFO] [stdout]                                at /rustc/df4ca44d3fbc9301ee17f30f4d474e6ae4b05252/library/std/src/../../backtrace/src/backtrace/libunwind.rs:116:5
[INFO] [stdout]    1:     0x6074b9be989a - std::backtrace_rs::backtrace::trace_unsynchronized::h2ed7433f370e3eca
[INFO] [stdout]                                at /rustc/df4ca44d3fbc9301ee17f30f4d474e6ae4b05252/library/std/src/../../backtrace/src/backtrace/mod.rs:66:5
[INFO] [stdout]    2:     0x6074b9be989a - std::sys::backtrace::_print_fmt::h916fac51166b18d7
[INFO] [stdout]                                at /rustc/df4ca44d3fbc9301ee17f30f4d474e6ae4b05252/library/std/src/sys/backtrace.rs:66:9
[INFO] [stdout]    3:     0x6074b9be989a - <std::sys::backtrace::BacktraceLock::print::DisplayBacktrace as core::fmt::Display>::fmt::ha0a4c9b8ce3802e6
[INFO] [stdout]                                at /rustc/df4ca44d3fbc9301ee17f30f4d474e6ae4b05252/library/std/src/sys/backtrace.rs:39:26
[INFO] [stdout]    4:     0x6074b9c0fc03 - core::fmt::rt::Argument::fmt::h4cfc8587d52b3eb5
[INFO] [stdout]                                at /rustc/df4ca44d3fbc9301ee17f30f4d474e6ae4b05252/library/core/src/fmt/rt.rs:177:76
[INFO] [stdout]    5:     0x6074b9c0fc03 - core::fmt::write::h522cc39e5b36ae9f
[INFO] [stdout]                                at /rustc/df4ca44d3fbc9301ee17f30f4d474e6ae4b05252/library/core/src/fmt/mod.rs:1190:21
[INFO] [stdout]    6:     0x6074b9be6503 - std::io::Write::write_fmt::h7d3c26752da97734
[INFO] [stdout]                                at /rustc/df4ca44d3fbc9301ee17f30f4d474e6ae4b05252/library/std/src/io/mod.rs:1839:15
[INFO] [stdout]    7:     0x6074b9be96e2 - std::sys::backtrace::BacktraceLock::print::h4b9e00b29e9c0942
[INFO] [stdout]                                at /rustc/df4ca44d3fbc9301ee17f30f4d474e6ae4b05252/library/std/src/sys/backtrace.rs:42:9
[INFO] [stdout]    8:     0x6074b9bead2a - std::panicking::default_hook::{{closure}}::hb59b88280d0324d9
[INFO] [stdout]                                at /rustc/df4ca44d3fbc9301ee17f30f4d474e6ae4b05252/library/std/src/panicking.rs:268:22
[INFO] [stdout]    9:     0x6074b9beab34 - std::panicking::default_hook::he1dd496665be4a29
[INFO] [stdout]                                at /rustc/df4ca44d3fbc9301ee17f30f4d474e6ae4b05252/library/std/src/panicking.rs:292:9
[INFO] [stdout]   10:     0x6074b9bb4839 - <alloc::boxed::Box<F,A> as core::ops::function::Fn<Args>>::call::h4ff71de18744e1dc
[INFO] [stdout]                                at /rustc/df4ca44d3fbc9301ee17f30f4d474e6ae4b05252/library/alloc/src/boxed.rs:2468:9
[INFO] [stdout]   11:     0x6074b9bb4839 - test::test_main::{{closure}}::hcf7c055ce117aa81
[INFO] [stdout]                                at /rustc/df4ca44d3fbc9301ee17f30f4d474e6ae4b05252/library/test/src/lib.rs:133:21
[INFO] [stdout]   12:     0x6074b9beb428 - <alloc::boxed::Box<F,A> as core::ops::function::Fn<Args>>::call::h1d66c6bbd60c9692
[INFO] [stdout]                                at /rustc/df4ca44d3fbc9301ee17f30f4d474e6ae4b05252/library/alloc/src/boxed.rs:2468:9
[INFO] [stdout]   13:     0x6074b9beb428 - std::panicking::rust_panic_with_hook::h2ff17fe8f26dfcf8
[INFO] [stdout]                                at /rustc/df4ca44d3fbc9301ee17f30f4d474e6ae4b05252/library/std/src/panicking.rs:809:13
[INFO] [stdout]   14:     0x6074b9beb1ea - std::panicking::begin_panic_handler::{{closure}}::h4fad77951c07e101
[INFO] [stdout]                                at /rustc/df4ca44d3fbc9301ee17f30f4d474e6ae4b05252/library/std/src/panicking.rs:674:13
[INFO] [stdout]   15:     0x6074b9be9d79 - std::sys::backtrace::__rust_end_short_backtrace::hb1a25b3da5d0ea08
[INFO] [stdout]                                at /rustc/df4ca44d3fbc9301ee17f30f4d474e6ae4b05252/library/std/src/sys/backtrace.rs:170:18
[INFO] [stdout]   16:     0x6074b9beae7c - rust_begin_unwind
[INFO] [stdout]                                at /rustc/df4ca44d3fbc9301ee17f30f4d474e6ae4b05252/library/std/src/panicking.rs:665:5
[INFO] [stdout]   17:     0x6074b9c0e6a0 - core::panicking::panic_fmt::ha9db07b529f9b256
[INFO] [stdout]                                at /rustc/df4ca44d3fbc9301ee17f30f4d474e6ae4b05252/library/core/src/panicking.rs:75:14
[INFO] [stdout]   18:     0x6074b9c0e9cb - core::panicking::assert_failed_inner::h04f38944d74a80a8
[INFO] [stdout]   19:     0x6074b9b6187a - core::panicking::assert_failed::h654da4c5d00e8fe5
[INFO] [stdout]                                at /rustc/df4ca44d3fbc9301ee17f30f4d474e6ae4b05252/library/core/src/panicking.rs:377:5
[INFO] [stdout]   20:     0x6074b9b6c115 - adlx::ffi::bindgen_test_layout_ADLX_CustomResolution::h23ad885827021619
[INFO] [stdout]                                at /opt/rustwide/workdir/src/ffi.rs:2966:5
[INFO] [stdout]   21:     0x6074b9b6c047 - adlx::ffi::bindgen_test_layout_ADLX_CustomResolution::{{closure}}::h7df557a4f14ab659
[INFO] [stdout]                                at /opt/rustwide/workdir/src/ffi.rs:2962:47
[INFO] [stdout]   22:     0x6074b9b613c6 - core::ops::function::FnOnce::call_once::h9ad8cc65c7c4ea0f
[INFO] [stdout]                                at /rustc/df4ca44d3fbc9301ee17f30f4d474e6ae4b05252/library/core/src/ops/function.rs:250:5
[INFO] [stdout]   23:     0x6074b9bb910b - core::ops::function::FnOnce::call_once::h22c3ba5715e93f05
[INFO] [stdout]                                at /rustc/df4ca44d3fbc9301ee17f30f4d474e6ae4b05252/library/core/src/ops/function.rs:250:5
[INFO] [stdout]   24:     0x6074b9bb910b - test::__rust_begin_short_backtrace::h8e82d8113d0da17f
[INFO] [stdout]                                at /rustc/df4ca44d3fbc9301ee17f30f4d474e6ae4b05252/library/test/src/lib.rs:621:18
[INFO] [stdout]   25:     0x6074b9bb8a87 - test::run_test_in_process::{{closure}}::h33235f4f20b7b7c7
[INFO] [stdout]                                at /rustc/df4ca44d3fbc9301ee17f30f4d474e6ae4b05252/library/test/src/lib.rs:644:60
[INFO] [stdout]   26:     0x6074b9bb8a87 - <core::panic::unwind_safe::AssertUnwindSafe<F> as core::ops::function::FnOnce<()>>::call_once::hb5043206310c586f
[INFO] [stdout]                                at /rustc/df4ca44d3fbc9301ee17f30f4d474e6ae4b05252/library/core/src/panic/unwind_safe.rs:272:9
[INFO] [stdout]   27:     0x6074b9bb8a87 - std::panicking::try::do_call::h9ad4731a60ab23e2
[INFO] [stdout]                                at /rustc/df4ca44d3fbc9301ee17f30f4d474e6ae4b05252/library/std/src/panicking.rs:557:40
[INFO] [stdout]   28:     0x6074b9bb8a87 - std::panicking::try::h3824d23db772a716
[INFO] [stdout]                                at /rustc/df4ca44d3fbc9301ee17f30f4d474e6ae4b05252/library/std/src/panicking.rs:520:19
[INFO] [stdout]   29:     0x6074b9bb8a87 - std::panic::catch_unwind::h5afd514605fde46b
[INFO] [stdout]                                at /rustc/df4ca44d3fbc9301ee17f30f4d474e6ae4b05252/library/std/src/panic.rs:358:14
[INFO] [stdout]   30:     0x6074b9bb8a87 - test::run_test_in_process::h0d5cbfa7067d1720
[INFO] [stdout]                                at /rustc/df4ca44d3fbc9301ee17f30f4d474e6ae4b05252/library/test/src/lib.rs:644:27
[INFO] [stdout]   31:     0x6074b9bb8a87 - test::run_test::{{closure}}::h708eb8872708115d
[INFO] [stdout]                                at /rustc/df4ca44d3fbc9301ee17f30f4d474e6ae4b05252/library/test/src/lib.rs:565:43
[INFO] [stdout]   32:     0x6074b9b7c1a4 - test::run_test::{{closure}}::h392c51cee94713ab
[INFO] [stdout]                                at /rustc/df4ca44d3fbc9301ee17f30f4d474e6ae4b05252/library/test/src/lib.rs:595:41
[INFO] [stdout]   33:     0x6074b9b7c1a4 - std::sys::backtrace::__rust_begin_short_backtrace::h2f40290710935a8b
[INFO] [stdout]                                at /rustc/df4ca44d3fbc9301ee17f30f4d474e6ae4b05252/library/std/src/sys/backtrace.rs:154:18
[INFO] [stdout]   34:     0x6074b9b7f94e - std::thread::Builder::spawn_unchecked_::{{closure}}::{{closure}}::h3fd968d89053a903
[INFO] [stdout]                                at /rustc/df4ca44d3fbc9301ee17f30f4d474e6ae4b05252/library/std/src/thread/mod.rs:541:17
[INFO] [stdout]   35:     0x6074b9b7f94e - <core::panic::unwind_safe::AssertUnwindSafe<F> as core::ops::function::FnOnce<()>>::call_once::h743f637ba4229880
[INFO] [stdout]                                at /rustc/df4ca44d3fbc9301ee17f30f4d474e6ae4b05252/library/core/src/panic/unwind_safe.rs:272:9
[INFO] [stdout]   36:     0x6074b9b7f94e - std::panicking::try::do_call::h07440897322525a6
[INFO] [stdout]                                at /rustc/df4ca44d3fbc9301ee17f30f4d474e6ae4b05252/library/std/src/panicking.rs:557:40
[INFO] [stdout]   37:     0x6074b9b7f94e - std::panicking::try::he5a2e00188156637
[INFO] [stdout]                                at /rustc/df4ca44d3fbc9301ee17f30f4d474e6ae4b05252/library/std/src/panicking.rs:520:19
[INFO] [stdout]   38:     0x6074b9b7f94e - std::panic::catch_unwind::hbaf3cae49b3c6433
[INFO] [stdout]                                at /rustc/df4ca44d3fbc9301ee17f30f4d474e6ae4b05252/library/std/src/panic.rs:358:14
[INFO] [stdout]   39:     0x6074b9b7f94e - std::thread::Builder::spawn_unchecked_::{{closure}}::h8e141ea224820bce
[INFO] [stdout]                                at /rustc/df4ca44d3fbc9301ee17f30f4d474e6ae4b05252/library/std/src/thread/mod.rs:540:30
[INFO] [stdout]   40:     0x6074b9b7f94e - core::ops::function::FnOnce::call_once{{vtable.shim}}::h90d312fedd7b8ea8
[INFO] [stdout]                                at /rustc/df4ca44d3fbc9301ee17f30f4d474e6ae4b05252/library/core/src/ops/function.rs:250:5
[INFO] [stdout]   41:     0x6074b9bef21b - <alloc::boxed::Box<F,A> as core::ops::function::FnOnce<Args>>::call_once::h69aa08ddb6adb8b6
[INFO] [stdout]                                at /rustc/df4ca44d3fbc9301ee17f30f4d474e6ae4b05252/library/alloc/src/boxed.rs:2454:9
[INFO] [stdout]   42:     0x6074b9bef21b - <alloc::boxed::Box<F,A> as core::ops::function::FnOnce<Args>>::call_once::h5aa36efdb79c806f
[INFO] [stdout]                                at /rustc/df4ca44d3fbc9301ee17f30f4d474e6ae4b05252/library/alloc/src/boxed.rs:2454:9
[INFO] [stdout]   43:     0x6074b9bef21b - std::sys::pal::unix::thread::Thread::new::thread_start::h6cd80a1b4be5158d
[INFO] [stdout]                                at /rustc/df4ca44d3fbc9301ee17f30f4d474e6ae4b05252/library/std/src/sys/pal/unix/thread.rs:105:17
[INFO] [stdout]   44:     0x751bf2ca5ac3 - <unknown>
[INFO] [stdout]   45:     0x751bf2d36a04 - clone
[INFO] [stdout]   46:                0x0 - <unknown>
[INFO] [stdout] 
[INFO] [stdout] 
[INFO] [stdout] failures:
[INFO] [stdout]     ffi::bindgen_test_layout_ADLX_CustomResolution
[INFO] [stdout] 
[INFO] [stdout] test result: FAILED. 55 passed; 1 failed; 0 ignored; 0 measured; 0 filtered out; finished in 0.01s
[INFO] [stdout] 
[INFO] [stderr] error: test failed, to rerun pass `--lib`
[INFO] running `Command { std: "docker" "inspect" "a86bb43b0f2b9d1aeaaca5db57c5e9bac10757eed4ddba446cafeea073c54af2", kill_on_drop: false }`
[INFO] running `Command { std: "docker" "rm" "-f" "a86bb43b0f2b9d1aeaaca5db57c5e9bac10757eed4ddba446cafeea073c54af2", kill_on_drop: false }`
[INFO] [stdout] a86bb43b0f2b9d1aeaaca5db57c5e9bac10757eed4ddba446cafeea073c54af2
