[INFO] fetching crate ad5328 0.1.1...
[INFO] testing ad5328-0.1.1 against nightly-2024-10-28 for randomize-layout
[INFO] extracting crate ad5328 0.1.1 into /workspace/builds/worker-2-tc1/source
[INFO] validating manifest of crates.io crate ad5328 0.1.1 on toolchain nightly-2024-10-28
[INFO] running `Command { std: CARGO_HOME="/workspace/cargo-home" RUSTUP_HOME="/workspace/rustup-home" "/workspace/cargo-home/bin/cargo" "+nightly-2024-10-28" "metadata" "--manifest-path" "Cargo.toml" "--no-deps", kill_on_drop: false }`
[INFO] started tweaking crates.io crate ad5328 0.1.1
[INFO] finished tweaking crates.io crate ad5328 0.1.1
[INFO] tweaked toml for crates.io crate ad5328 0.1.1 written to /workspace/builds/worker-2-tc1/source/Cargo.toml
[INFO] running `Command { std: CARGO_HOME="/workspace/cargo-home" RUSTUP_HOME="/workspace/rustup-home" "/workspace/cargo-home/bin/cargo" "+nightly-2024-10-28" "generate-lockfile" "--manifest-path" "Cargo.toml", kill_on_drop: false }`
[INFO] [stderr]     Blocking waiting for file lock on package cache
[INFO] [stderr]     Updating crates.io index
[INFO] [stderr]      Locking 5 packages to latest compatible versions
[INFO] [stderr]       Adding embedded-hal v0.2.7 (available: v1.0.0)
[INFO] [stderr]       Adding embedded-hal-mock v0.8.0 (available: v0.11.1)
[INFO] running `Command { std: CARGO_HOME="/workspace/cargo-home" RUSTUP_HOME="/workspace/rustup-home" "/workspace/cargo-home/bin/cargo" "+nightly-2024-10-28" "fetch" "--manifest-path" "Cargo.toml", kill_on_drop: false }`
[INFO] [stderr]  Downloading crates ...
[INFO] [stderr]   Downloaded embedded-hal-mock v0.8.0
[INFO] running `Command { std: "docker" "create" "-v" "/var/lib/crater-agent-workspace/builds/worker-2-tc1/target:/opt/rustwide/target:rw,Z" "-v" "/var/lib/crater-agent-workspace/builds/worker-2-tc1/source:/opt/rustwide/workdir:ro,Z" "-v" "/var/lib/crater-agent-workspace/cargo-home:/opt/rustwide/cargo-home:ro,Z" "-v" "/var/lib/crater-agent-workspace/rustup-home:/opt/rustwide/rustup-home:ro,Z" "-e" "SOURCE_DIR=/opt/rustwide/workdir" "-e" "CARGO_TARGET_DIR=/opt/rustwide/target" "-e" "CARGO_HOME=/opt/rustwide/cargo-home" "-e" "RUSTUP_HOME=/opt/rustwide/rustup-home" "-w" "/opt/rustwide/workdir" "-m" "1610612736" "--user" "0:0" "--network" "none" "ghcr.io/rust-lang/crates-build-env/linux@sha256:4a844ea9eb2546a2d2c7022eacef16ef2e8229c7fbb2c7d4d55a9ceca922f72d" "/opt/rustwide/cargo-home/bin/cargo" "+nightly-2024-10-28" "metadata" "--no-deps" "--format-version=1", kill_on_drop: false }`
[INFO] [stdout] fccc59eae1b2e5c41c2ae80b6e928c4e55682ccad8cbdf69653faa16a8c85f25
[INFO] running `Command { std: "docker" "start" "-a" "fccc59eae1b2e5c41c2ae80b6e928c4e55682ccad8cbdf69653faa16a8c85f25", kill_on_drop: false }`
[INFO] running `Command { std: "docker" "inspect" "fccc59eae1b2e5c41c2ae80b6e928c4e55682ccad8cbdf69653faa16a8c85f25", kill_on_drop: false }`
[INFO] running `Command { std: "docker" "rm" "-f" "fccc59eae1b2e5c41c2ae80b6e928c4e55682ccad8cbdf69653faa16a8c85f25", kill_on_drop: false }`
[INFO] [stdout] fccc59eae1b2e5c41c2ae80b6e928c4e55682ccad8cbdf69653faa16a8c85f25
[INFO] running `Command { std: "docker" "create" "-v" "/var/lib/crater-agent-workspace/builds/worker-2-tc1/target:/opt/rustwide/target:rw,Z" "-v" "/var/lib/crater-agent-workspace/builds/worker-2-tc1/source:/opt/rustwide/workdir:ro,Z" "-v" "/var/lib/crater-agent-workspace/cargo-home:/opt/rustwide/cargo-home:ro,Z" "-v" "/var/lib/crater-agent-workspace/rustup-home:/opt/rustwide/rustup-home:ro,Z" "-e" "SOURCE_DIR=/opt/rustwide/workdir" "-e" "CARGO_TARGET_DIR=/opt/rustwide/target" "-e" "CARGO_INCREMENTAL=0" "-e" "RUST_BACKTRACE=full" "-e" "RUSTFLAGS=--cap-lints=forbid" "-e" "RUSTDOCFLAGS=--cap-lints=forbid" "-e" "CARGO_HOME=/opt/rustwide/cargo-home" "-e" "RUSTUP_HOME=/opt/rustwide/rustup-home" "-w" "/opt/rustwide/workdir" "-m" "1610612736" "--user" "0:0" "--network" "none" "ghcr.io/rust-lang/crates-build-env/linux@sha256:4a844ea9eb2546a2d2c7022eacef16ef2e8229c7fbb2c7d4d55a9ceca922f72d" "/opt/rustwide/cargo-home/bin/cargo" "+nightly-2024-10-28" "build" "--frozen" "--message-format=json", kill_on_drop: false }`
[INFO] [stdout] 62077327f9afe704644605e3e494dc13c1577a95e2ce1655999cc4206ea86fb4
[INFO] running `Command { std: "docker" "start" "-a" "62077327f9afe704644605e3e494dc13c1577a95e2ce1655999cc4206ea86fb4", kill_on_drop: false }`
[INFO] [stderr]    Compiling nb v1.1.0
[INFO] [stderr]    Compiling void v1.0.2
[INFO] [stderr]    Compiling nb v0.1.3
[INFO] [stderr]    Compiling embedded-hal v0.2.7
[INFO] [stderr]    Compiling ad5328 v0.1.1 (/opt/rustwide/workdir)
[INFO] [stderr]     Finished `dev` profile [unoptimized + debuginfo] target(s) in 0.19s
[INFO] running `Command { std: "docker" "inspect" "62077327f9afe704644605e3e494dc13c1577a95e2ce1655999cc4206ea86fb4", kill_on_drop: false }`
[INFO] running `Command { std: "docker" "rm" "-f" "62077327f9afe704644605e3e494dc13c1577a95e2ce1655999cc4206ea86fb4", kill_on_drop: false }`
[INFO] [stdout] 62077327f9afe704644605e3e494dc13c1577a95e2ce1655999cc4206ea86fb4
[INFO] running `Command { std: "docker" "create" "-v" "/var/lib/crater-agent-workspace/builds/worker-2-tc1/target:/opt/rustwide/target:rw,Z" "-v" "/var/lib/crater-agent-workspace/builds/worker-2-tc1/source:/opt/rustwide/workdir:ro,Z" "-v" "/var/lib/crater-agent-workspace/cargo-home:/opt/rustwide/cargo-home:ro,Z" "-v" "/var/lib/crater-agent-workspace/rustup-home:/opt/rustwide/rustup-home:ro,Z" "-e" "SOURCE_DIR=/opt/rustwide/workdir" "-e" "CARGO_TARGET_DIR=/opt/rustwide/target" "-e" "CARGO_INCREMENTAL=0" "-e" "RUST_BACKTRACE=full" "-e" "RUSTFLAGS=--cap-lints=forbid" "-e" "RUSTDOCFLAGS=--cap-lints=forbid" "-e" "CARGO_HOME=/opt/rustwide/cargo-home" "-e" "RUSTUP_HOME=/opt/rustwide/rustup-home" "-w" "/opt/rustwide/workdir" "-m" "1610612736" "--user" "0:0" "--network" "none" "ghcr.io/rust-lang/crates-build-env/linux@sha256:4a844ea9eb2546a2d2c7022eacef16ef2e8229c7fbb2c7d4d55a9ceca922f72d" "/opt/rustwide/cargo-home/bin/cargo" "+nightly-2024-10-28" "test" "--frozen" "--no-run" "--message-format=json", kill_on_drop: false }`
[INFO] [stdout] a896212d44529a3ac2d3c5f921b63ff4f4e14c322a441916965ce5a83909b8bc
[INFO] running `Command { std: "docker" "start" "-a" "a896212d44529a3ac2d3c5f921b63ff4f4e14c322a441916965ce5a83909b8bc", kill_on_drop: false }`
[INFO] [stderr]    Compiling nb v0.1.3
[INFO] [stderr]    Compiling embedded-hal v0.2.7
[INFO] [stderr]    Compiling embedded-hal-mock v0.8.0
[INFO] [stderr]    Compiling ad5328 v0.1.1 (/opt/rustwide/workdir)
[INFO] [stdout] warning: unused import: `super::*`
[INFO] [stdout]    --> src/lib.rs:259:9
[INFO] [stdout]     |
[INFO] [stdout] 259 |     use super::*;
[INFO] [stdout]     |         ^^^^^^^^
[INFO] [stdout]     |
[INFO] [stdout]     = note: `#[warn(unused_imports)]` on by default
[INFO] [stdout] 
[INFO] [stdout] 
[INFO] [stderr]     Finished `test` profile [unoptimized + debuginfo] target(s) in 0.40s
[INFO] running `Command { std: "docker" "inspect" "a896212d44529a3ac2d3c5f921b63ff4f4e14c322a441916965ce5a83909b8bc", kill_on_drop: false }`
[INFO] running `Command { std: "docker" "rm" "-f" "a896212d44529a3ac2d3c5f921b63ff4f4e14c322a441916965ce5a83909b8bc", kill_on_drop: false }`
[INFO] [stdout] a896212d44529a3ac2d3c5f921b63ff4f4e14c322a441916965ce5a83909b8bc
[INFO] running `Command { std: "docker" "create" "-v" "/var/lib/crater-agent-workspace/builds/worker-2-tc1/target:/opt/rustwide/target:rw,Z" "-v" "/var/lib/crater-agent-workspace/builds/worker-2-tc1/source:/opt/rustwide/workdir:ro,Z" "-v" "/var/lib/crater-agent-workspace/cargo-home:/opt/rustwide/cargo-home:ro,Z" "-v" "/var/lib/crater-agent-workspace/rustup-home:/opt/rustwide/rustup-home:ro,Z" "-e" "SOURCE_DIR=/opt/rustwide/workdir" "-e" "CARGO_TARGET_DIR=/opt/rustwide/target" "-e" "CARGO_INCREMENTAL=0" "-e" "RUST_BACKTRACE=full" "-e" "RUSTFLAGS=--cap-lints=forbid" "-e" "RUSTDOCFLAGS=--cap-lints=forbid" "-e" "CARGO_HOME=/opt/rustwide/cargo-home" "-e" "RUSTUP_HOME=/opt/rustwide/rustup-home" "-w" "/opt/rustwide/workdir" "-m" "1610612736" "--user" "0:0" "--network" "none" "ghcr.io/rust-lang/crates-build-env/linux@sha256:4a844ea9eb2546a2d2c7022eacef16ef2e8229c7fbb2c7d4d55a9ceca922f72d" "/opt/rustwide/cargo-home/bin/cargo" "+nightly-2024-10-28" "test" "--frozen", kill_on_drop: false }`
[INFO] [stdout] 4a1add403aa50abd00b5b36dfc805a17ec1f02d79f7773fca849ffdb05a8bdb8
[INFO] running `Command { std: "docker" "start" "-a" "4a1add403aa50abd00b5b36dfc805a17ec1f02d79f7773fca849ffdb05a8bdb8", kill_on_drop: false }`
[INFO] [stderr] warning: unused import: `super::*`
[INFO] [stderr]    --> src/lib.rs:259:9
[INFO] [stderr]     |
[INFO] [stderr] 259 |     use super::*;
[INFO] [stderr]     |         ^^^^^^^^
[INFO] [stderr]     |
[INFO] [stderr]     = note: `#[warn(unused_imports)]` on by default
[INFO] [stderr] 
[INFO] [stderr] warning: `ad5328` (lib test) generated 1 warning (run `cargo fix --lib -p ad5328 --tests` to apply 1 suggestion)
[INFO] [stderr]     Finished `test` profile [unoptimized + debuginfo] target(s) in 0.01s
[INFO] [stderr]      Running unittests src/lib.rs (/opt/rustwide/target/debug/deps/ad5328-060b11a64337f020)
[INFO] [stdout] 
[INFO] [stdout] running 0 tests
[INFO] [stdout] 
[INFO] [stdout] test result: ok. 0 passed; 0 failed; 0 ignored; 0 measured; 0 filtered out; finished in 0.00s
[INFO] [stdout] 
[INFO] [stderr]    Doc-tests ad5328
[INFO] [stdout] 
[INFO] [stdout] running 1 test
[INFO] [stdout] test src/lib.rs - Ad5328<SPI,EN>::init (line 201) ... FAILED
[INFO] [stdout] 
[INFO] [stdout] failures:
[INFO] [stdout] 
[INFO] [stdout] ---- src/lib.rs - Ad5328<SPI,EN>::init (line 201) stdout ----
[INFO] [stdout] error[E0422]: cannot find struct, variant or union type `Ad5328Config` in this scope
[INFO] [stdout]  --> src/lib.rs:203:14
[INFO] [stdout]   |
[INFO] [stdout] 4 | let config = Ad5328Config {
[INFO] [stdout]   |              ^^^^^^^^^^^^ not found in this scope
[INFO] [stdout]   |
[INFO] [stdout] help: consider importing this struct
[INFO] [stdout]   |
[INFO] [stdout] 3 + use ad5328::Ad5328Config;
[INFO] [stdout]   |
[INFO] [stdout] 
[INFO] [stdout] error[E0433]: failed to resolve: use of undeclared type `VDD`
[INFO] [stdout]  --> src/lib.rs:205:11
[INFO] [stdout]   |
[INFO] [stdout] 6 |     vdd: (VDD::VddAsRef, VDD::VddAsRef),
[INFO] [stdout]   |           ^^^ use of undeclared type `VDD`
[INFO] [stdout]   |
[INFO] [stdout] help: consider importing this enum
[INFO] [stdout]   |
[INFO] [stdout] 3 + use ad5328::VDD;
[INFO] [stdout]   |
[INFO] [stdout] 
[INFO] [stdout] error[E0433]: failed to resolve: use of undeclared type `VDD`
[INFO] [stdout]  --> src/lib.rs:205:26
[INFO] [stdout]   |
[INFO] [stdout] 6 |     vdd: (VDD::VddAsRef, VDD::VddAsRef),
[INFO] [stdout]   |                          ^^^ use of undeclared type `VDD`
[INFO] [stdout]   |
[INFO] [stdout] help: consider importing this enum
[INFO] [stdout]   |
[INFO] [stdout] 3 + use ad5328::VDD;
[INFO] [stdout]   |
[INFO] [stdout] 
[INFO] [stdout] error[E0433]: failed to resolve: use of undeclared type `Ad5328`
[INFO] [stdout]  --> src/lib.rs:208:11
[INFO] [stdout]   |
[INFO] [stdout] 9 | let dac = Ad5328::init(spi, enable, config).unwrap();
[INFO] [stdout]   |           ^^^^^^ use of undeclared type `Ad5328`
[INFO] [stdout]   |
[INFO] [stdout] help: consider importing this struct
[INFO] [stdout]   |
[INFO] [stdout] 3 + use ad5328::Ad5328;
[INFO] [stdout]   |
[INFO] [stdout] 
[INFO] [stdout] error[E0425]: cannot find value `spi` in this scope
[INFO] [stdout]  --> src/lib.rs:208:24
[INFO] [stdout]   |
[INFO] [stdout] 9 | let dac = Ad5328::init(spi, enable, config).unwrap();
[INFO] [stdout]   |                        ^^^ not found in this scope
[INFO] [stdout] 
[INFO] [stdout] error[E0425]: cannot find value `enable` in this scope
[INFO] [stdout]  --> src/lib.rs:208:29
[INFO] [stdout]   |
[INFO] [stdout] 9 | let dac = Ad5328::init(spi, enable, config).unwrap();
[INFO] [stdout]   |                             ^^^^^^ not found in this scope
[INFO] [stdout] 
[INFO] [stdout] error: aborting due to 6 previous errors
[INFO] [stdout] 
[INFO] [stdout] Some errors have detailed explanations: E0422, E0425, E0433.
[INFO] [stdout] For more information about an error, try `rustc --explain E0422`.
[INFO] [stdout] Couldn't compile the test.
[INFO] [stdout] 
[INFO] [stdout] failures:
[INFO] [stdout]     src/lib.rs - Ad5328<SPI,EN>::init (line 201)
[INFO] [stdout] 
[INFO] [stdout] test result: FAILED. 0 passed; 1 failed; 0 ignored; 0 measured; 0 filtered out; finished in 0.06s
[INFO] [stdout] 
[INFO] [stderr] error: doctest failed, to rerun pass `--doc`
[INFO] running `Command { std: "docker" "inspect" "4a1add403aa50abd00b5b36dfc805a17ec1f02d79f7773fca849ffdb05a8bdb8", kill_on_drop: false }`
[INFO] running `Command { std: "docker" "rm" "-f" "4a1add403aa50abd00b5b36dfc805a17ec1f02d79f7773fca849ffdb05a8bdb8", kill_on_drop: false }`
[INFO] [stdout] 4a1add403aa50abd00b5b36dfc805a17ec1f02d79f7773fca849ffdb05a8bdb8
