[INFO] fetching crate actix-sqlx-tx 0.1.0...
[INFO] testing actix-sqlx-tx-0.1.0 against nightly-2024-10-28 for randomize-layout
[INFO] extracting crate actix-sqlx-tx 0.1.0 into /workspace/builds/worker-1-tc1/source
[INFO] validating manifest of crates.io crate actix-sqlx-tx 0.1.0 on toolchain nightly-2024-10-28
[INFO] running `Command { std: CARGO_HOME="/workspace/cargo-home" RUSTUP_HOME="/workspace/rustup-home" "/workspace/cargo-home/bin/cargo" "+nightly-2024-10-28" "metadata" "--manifest-path" "Cargo.toml" "--no-deps", kill_on_drop: false }`
[INFO] started tweaking crates.io crate actix-sqlx-tx 0.1.0
[INFO] finished tweaking crates.io crate actix-sqlx-tx 0.1.0
[INFO] tweaked toml for crates.io crate actix-sqlx-tx 0.1.0 written to /workspace/builds/worker-1-tc1/source/Cargo.toml
[INFO] running `Command { std: CARGO_HOME="/workspace/cargo-home" RUSTUP_HOME="/workspace/rustup-home" "/workspace/cargo-home/bin/cargo" "+nightly-2024-10-28" "generate-lockfile" "--manifest-path" "Cargo.toml", kill_on_drop: false }`
[INFO] [stderr]     Updating crates.io index
[INFO] [stderr]      Locking 236 packages to latest compatible versions
[INFO] [stderr]       Adding sqlx v0.6.3 (available: v0.8.2)
[INFO] running `Command { std: CARGO_HOME="/workspace/cargo-home" RUSTUP_HOME="/workspace/rustup-home" "/workspace/cargo-home/bin/cargo" "+nightly-2024-10-28" "fetch" "--manifest-path" "Cargo.toml", kill_on_drop: false }`
[INFO] [stderr]  Downloading crates ...
[INFO] [stderr]   Downloaded sqlx-macros v0.6.3
[INFO] [stderr]   Downloaded sqlx-rt v0.6.3
[INFO] [stderr]   Downloaded sqlformat v0.2.6
[INFO] [stderr]   Downloaded pkcs8 v0.8.0
[INFO] [stderr]   Downloaded atoi v1.0.0
[INFO] [stderr]   Downloaded spki v0.5.4
[INFO] [stderr]   Downloaded const-oid v0.7.1
[INFO] [stderr]   Downloaded pkcs1 v0.3.3
[INFO] [stderr]   Downloaded pem-rfc7468 v0.3.1
[INFO] [stderr]   Downloaded crypto-bigint v0.3.2
[INFO] [stderr]   Downloaded der v0.5.1
[INFO] [stderr]   Downloaded futures-intrusive v0.4.2
[INFO] [stderr]   Downloaded rsa v0.6.1
[INFO] [stderr]   Downloaded sqlx v0.6.3
[INFO] [stderr]   Downloaded hkdf v0.12.4
[INFO] [stderr]   Downloaded webpki-roots v0.22.6
[INFO] [stderr]   Downloaded sqlx-core v0.6.3
[INFO] [stderr]   Downloaded libsqlite3-sys v0.24.2
[INFO] running `Command { std: "docker" "create" "-v" "/var/lib/crater-agent-workspace/builds/worker-1-tc1/target:/opt/rustwide/target:rw,Z" "-v" "/var/lib/crater-agent-workspace/builds/worker-1-tc1/source:/opt/rustwide/workdir:ro,Z" "-v" "/var/lib/crater-agent-workspace/cargo-home:/opt/rustwide/cargo-home:ro,Z" "-v" "/var/lib/crater-agent-workspace/rustup-home:/opt/rustwide/rustup-home:ro,Z" "-e" "SOURCE_DIR=/opt/rustwide/workdir" "-e" "CARGO_TARGET_DIR=/opt/rustwide/target" "-e" "CARGO_HOME=/opt/rustwide/cargo-home" "-e" "RUSTUP_HOME=/opt/rustwide/rustup-home" "-w" "/opt/rustwide/workdir" "-m" "1610612736" "--user" "0:0" "--network" "none" "ghcr.io/rust-lang/crates-build-env/linux@sha256:4a844ea9eb2546a2d2c7022eacef16ef2e8229c7fbb2c7d4d55a9ceca922f72d" "/opt/rustwide/cargo-home/bin/cargo" "+nightly-2024-10-28" "metadata" "--no-deps" "--format-version=1", kill_on_drop: false }`
[INFO] [stdout] 2abd93d94aa2f338915f0264c077b2729869638610fbdcd639a5a08210dbce24
[INFO] running `Command { std: "docker" "start" "-a" "2abd93d94aa2f338915f0264c077b2729869638610fbdcd639a5a08210dbce24", kill_on_drop: false }`
[INFO] running `Command { std: "docker" "inspect" "2abd93d94aa2f338915f0264c077b2729869638610fbdcd639a5a08210dbce24", kill_on_drop: false }`
[INFO] running `Command { std: "docker" "rm" "-f" "2abd93d94aa2f338915f0264c077b2729869638610fbdcd639a5a08210dbce24", kill_on_drop: false }`
[INFO] [stdout] 2abd93d94aa2f338915f0264c077b2729869638610fbdcd639a5a08210dbce24
[INFO] running `Command { std: "docker" "create" "-v" "/var/lib/crater-agent-workspace/builds/worker-1-tc1/target:/opt/rustwide/target:rw,Z" "-v" "/var/lib/crater-agent-workspace/builds/worker-1-tc1/source:/opt/rustwide/workdir:ro,Z" "-v" "/var/lib/crater-agent-workspace/cargo-home:/opt/rustwide/cargo-home:ro,Z" "-v" "/var/lib/crater-agent-workspace/rustup-home:/opt/rustwide/rustup-home:ro,Z" "-e" "SOURCE_DIR=/opt/rustwide/workdir" "-e" "CARGO_TARGET_DIR=/opt/rustwide/target" "-e" "CARGO_INCREMENTAL=0" "-e" "RUST_BACKTRACE=full" "-e" "RUSTFLAGS=--cap-lints=forbid" "-e" "RUSTDOCFLAGS=--cap-lints=forbid" "-e" "CARGO_HOME=/opt/rustwide/cargo-home" "-e" "RUSTUP_HOME=/opt/rustwide/rustup-home" "-w" "/opt/rustwide/workdir" "-m" "1610612736" "--user" "0:0" "--network" "none" "ghcr.io/rust-lang/crates-build-env/linux@sha256:4a844ea9eb2546a2d2c7022eacef16ef2e8229c7fbb2c7d4d55a9ceca922f72d" "/opt/rustwide/cargo-home/bin/cargo" "+nightly-2024-10-28" "build" "--frozen" "--message-format=json", kill_on_drop: false }`
[INFO] [stdout] 456b5213c1244ad14d5c08e4e0d0be7738cbc21d54f447cd898f058e15e169fc
[INFO] running `Command { std: "docker" "start" "-a" "456b5213c1244ad14d5c08e4e0d0be7738cbc21d54f447cd898f058e15e169fc", kill_on_drop: false }`
[INFO] [stderr]    Compiling spin v0.9.8
[INFO] [stderr]    Compiling untrusted v0.9.0
[INFO] [stderr]    Compiling cc v1.1.31
[INFO] [stderr]    Compiling byteorder v1.5.0
[INFO] [stderr]    Compiling spin v0.5.2
[INFO] [stderr]    Compiling untrusted v0.7.1
[INFO] [stderr]    Compiling rustls v0.20.9
[INFO] [stderr]    Compiling socket2 v0.5.7
[INFO] [stderr]    Compiling signal-hook-registry v1.4.2
[INFO] [stderr]    Compiling mio v1.0.2
[INFO] [stderr]    Compiling getrandom v0.2.15
[INFO] [stderr]    Compiling parking_lot_core v0.9.10
[INFO] [stderr]    Compiling syn v2.0.86
[INFO] [stderr]    Compiling generic-array v0.14.7
[INFO] [stderr]    Compiling ahash v0.8.11
[INFO] [stderr]    Compiling allocator-api2 v0.2.18
[INFO] [stderr]    Compiling minimal-lexical v0.2.1
[INFO] [stderr]    Compiling futures-task v0.3.31
[INFO] [stderr]    Compiling ahash v0.7.8
[INFO] [stderr]    Compiling parking_lot v0.12.3
[INFO] [stderr]    Compiling num-traits v0.2.19
[INFO] [stderr]    Compiling crossbeam-utils v0.8.20
[INFO] [stderr]    Compiling tracing-core v0.1.32
[INFO] [stderr]    Compiling unicode_categories v0.1.1
[INFO] [stderr]    Compiling serde v1.0.214
[INFO] [stderr]    Compiling tokio v1.41.0
[INFO] [stderr]    Compiling zerocopy v0.7.35
[INFO] [stderr]    Compiling futures-sink v0.3.31
[INFO] [stderr]    Compiling base64 v0.21.7
[INFO] [stderr]    Compiling unicode-properties v0.1.3
[INFO] [stderr]    Compiling memchr v2.7.4
[INFO] [stderr]    Compiling tracing v0.1.40
[INFO] [stderr]    Compiling stringprep v0.1.5
[INFO] [stderr]    Compiling futures-intrusive v0.4.2
[INFO] [stderr]    Compiling futures-util v0.3.31
[INFO] [stderr]    Compiling block-buffer v0.10.4
[INFO] [stderr]    Compiling crossbeam-queue v0.3.11
[INFO] [stderr]    Compiling crypto-common v0.1.6
[INFO] [stderr]    Compiling rustls-pemfile v1.0.4
[INFO] [stderr]    Compiling bitflags v1.3.2
[INFO] [stderr]    Compiling dotenvy v0.15.7
[INFO] [stderr]    Compiling hex v0.4.3
[INFO] [stderr]    Compiling syn v1.0.109
[INFO] [stderr]    Compiling hashbrown v0.14.5
[INFO] [stderr]    Compiling event-listener v2.5.3
[INFO] [stderr]    Compiling digest v0.10.7
[INFO] [stderr]    Compiling nom v7.1.3
[INFO] [stderr]    Compiling actix-utils v3.0.1
[INFO] [stderr]    Compiling futures-channel v0.3.31
[INFO] [stderr]    Compiling atoi v1.0.0
[INFO] [stderr]    Compiling url v2.5.2
[INFO] [stderr]    Compiling actix-service v2.0.2
[INFO] [stderr]    Compiling sha1 v0.10.6
[INFO] [stderr]    Compiling hashlink v0.8.4
[INFO] [stderr]    Compiling heck v0.4.1
[INFO] [stderr]    Compiling ring v0.17.8
[INFO] [stderr]    Compiling ring v0.16.20
[INFO] [stderr]    Compiling local-channel v0.1.5
[INFO] [stderr]    Compiling time v0.3.36
[INFO] [stderr]    Compiling impl-more v0.1.8
[INFO] [stderr]    Compiling zerocopy-derive v0.7.35
[INFO] [stderr]    Compiling thiserror-impl v1.0.66
[INFO] [stderr]    Compiling derive_more v0.99.18
[INFO] [stderr]    Compiling sqlformat v0.2.6
[INFO] [stderr]    Compiling serde_urlencoded v0.7.1
[INFO] [stderr]    Compiling serde_json v1.0.132
[INFO] [stderr]    Compiling actix-router v0.5.3
[INFO] [stderr]    Compiling thiserror v1.0.66
[INFO] [stderr]    Compiling ppv-lite86 v0.2.20
[INFO] [stderr]    Compiling rand_chacha v0.3.1
[INFO] [stderr]    Compiling rand v0.8.5
[INFO] [stderr]    Compiling tokio-util v0.7.12
[INFO] [stderr]    Compiling actix-rt v2.10.0
[INFO] [stderr]    Compiling tokio-stream v0.1.16
[INFO] [stderr]    Compiling actix-server v2.5.0
[INFO] [stderr]    Compiling actix-codec v0.5.2
[INFO] [stderr]    Compiling actix-http v3.9.0
[INFO] [stderr]    Compiling webpki v0.22.4
[INFO] [stderr]    Compiling sct v0.7.1
[INFO] [stderr]    Compiling webpki-roots v0.22.6
[INFO] [stderr]    Compiling actix-web v4.9.0
[INFO] [stderr]    Compiling tokio-rustls v0.23.4
[INFO] [stderr]    Compiling sqlx-rt v0.6.3
[INFO] [stderr]    Compiling sqlx-core v0.6.3
[INFO] [stderr]    Compiling sqlx-macros v0.6.3
[INFO] [stderr]    Compiling sqlx v0.6.3
[INFO] [stderr]    Compiling actix-sqlx-tx v0.1.0 (/opt/rustwide/workdir)
[INFO] [stderr]     Finished `dev` profile [unoptimized + debuginfo] target(s) in 11.58s
[INFO] running `Command { std: "docker" "inspect" "456b5213c1244ad14d5c08e4e0d0be7738cbc21d54f447cd898f058e15e169fc", kill_on_drop: false }`
[INFO] running `Command { std: "docker" "rm" "-f" "456b5213c1244ad14d5c08e4e0d0be7738cbc21d54f447cd898f058e15e169fc", kill_on_drop: false }`
[INFO] [stdout] 456b5213c1244ad14d5c08e4e0d0be7738cbc21d54f447cd898f058e15e169fc
[INFO] running `Command { std: "docker" "create" "-v" "/var/lib/crater-agent-workspace/builds/worker-1-tc1/target:/opt/rustwide/target:rw,Z" "-v" "/var/lib/crater-agent-workspace/builds/worker-1-tc1/source:/opt/rustwide/workdir:ro,Z" "-v" "/var/lib/crater-agent-workspace/cargo-home:/opt/rustwide/cargo-home:ro,Z" "-v" "/var/lib/crater-agent-workspace/rustup-home:/opt/rustwide/rustup-home:ro,Z" "-e" "SOURCE_DIR=/opt/rustwide/workdir" "-e" "CARGO_TARGET_DIR=/opt/rustwide/target" "-e" "CARGO_INCREMENTAL=0" "-e" "RUST_BACKTRACE=full" "-e" "RUSTFLAGS=--cap-lints=forbid" "-e" "RUSTDOCFLAGS=--cap-lints=forbid" "-e" "CARGO_HOME=/opt/rustwide/cargo-home" "-e" "RUSTUP_HOME=/opt/rustwide/rustup-home" "-w" "/opt/rustwide/workdir" "-m" "1610612736" "--user" "0:0" "--network" "none" "ghcr.io/rust-lang/crates-build-env/linux@sha256:4a844ea9eb2546a2d2c7022eacef16ef2e8229c7fbb2c7d4d55a9ceca922f72d" "/opt/rustwide/cargo-home/bin/cargo" "+nightly-2024-10-28" "test" "--frozen" "--no-run" "--message-format=json", kill_on_drop: false }`
[INFO] [stdout] 943ac332df45b881273c82b04fb51be7d73ad72602aed11cd3dd0b07859c4141
[INFO] running `Command { std: "docker" "start" "-a" "943ac332df45b881273c82b04fb51be7d73ad72602aed11cd3dd0b07859c4141", kill_on_drop: false }`
[INFO] [stderr]    Compiling actix-sqlx-tx v0.1.0 (/opt/rustwide/workdir)
[INFO] [stderr]     Finished `test` profile [unoptimized + debuginfo] target(s) in 0.81s
[INFO] running `Command { std: "docker" "inspect" "943ac332df45b881273c82b04fb51be7d73ad72602aed11cd3dd0b07859c4141", kill_on_drop: false }`
[INFO] running `Command { std: "docker" "rm" "-f" "943ac332df45b881273c82b04fb51be7d73ad72602aed11cd3dd0b07859c4141", kill_on_drop: false }`
[INFO] [stdout] 943ac332df45b881273c82b04fb51be7d73ad72602aed11cd3dd0b07859c4141
[INFO] running `Command { std: "docker" "create" "-v" "/var/lib/crater-agent-workspace/builds/worker-1-tc1/target:/opt/rustwide/target:rw,Z" "-v" "/var/lib/crater-agent-workspace/builds/worker-1-tc1/source:/opt/rustwide/workdir:ro,Z" "-v" "/var/lib/crater-agent-workspace/cargo-home:/opt/rustwide/cargo-home:ro,Z" "-v" "/var/lib/crater-agent-workspace/rustup-home:/opt/rustwide/rustup-home:ro,Z" "-e" "SOURCE_DIR=/opt/rustwide/workdir" "-e" "CARGO_TARGET_DIR=/opt/rustwide/target" "-e" "CARGO_INCREMENTAL=0" "-e" "RUST_BACKTRACE=full" "-e" "RUSTFLAGS=--cap-lints=forbid" "-e" "RUSTDOCFLAGS=--cap-lints=forbid" "-e" "CARGO_HOME=/opt/rustwide/cargo-home" "-e" "RUSTUP_HOME=/opt/rustwide/rustup-home" "-w" "/opt/rustwide/workdir" "-m" "1610612736" "--user" "0:0" "--network" "none" "ghcr.io/rust-lang/crates-build-env/linux@sha256:4a844ea9eb2546a2d2c7022eacef16ef2e8229c7fbb2c7d4d55a9ceca922f72d" "/opt/rustwide/cargo-home/bin/cargo" "+nightly-2024-10-28" "test" "--frozen", kill_on_drop: false }`
[INFO] [stdout] f04d13d78227c121ad48cb0bd54cacd7a6fa252f4b085cc5da7efd30dbd9fcc5
[INFO] running `Command { std: "docker" "start" "-a" "f04d13d78227c121ad48cb0bd54cacd7a6fa252f4b085cc5da7efd30dbd9fcc5", kill_on_drop: false }`
[INFO] [stderr]     Finished `test` profile [unoptimized + debuginfo] target(s) in 0.11s
[INFO] [stderr]      Running unittests src/lib.rs (/opt/rustwide/target/debug/deps/actix_sqlx_tx-933266366799a03d)
[INFO] [stdout] 
[INFO] [stdout] running 2 tests
[INFO] [stdout] test slot::tests::lease_and_steal ... ok
[INFO] [stdout] test slot::tests::lease_and_return ... ok
[INFO] [stdout] 
[INFO] [stdout] test result: ok. 2 passed; 0 failed; 0 ignored; 0 measured; 0 filtered out; finished in 0.00s
[INFO] [stdout] 
[INFO] [stderr]    Doc-tests actix_sqlx_tx
[INFO] [stdout] 
[INFO] [stdout] running 3 tests
[INFO] [stdout] test src/tx.rs - tx::Tx (line 33) ... FAILED
[INFO] [stdout] test src/tx.rs - tx::Tx (line 19) ... FAILED
[INFO] [stdout] test src/tx.rs - tx::Tx (line 47) ... FAILED
[INFO] [stdout] 
[INFO] [stdout] failures:
[INFO] [stdout] 
[INFO] [stdout] ---- src/tx.rs - tx::Tx (line 33) stdout ----
[INFO] [stdout] error[E0432]: unresolved import `sqlx::Sqlite`
[INFO] [stdout]   --> src/tx.rs:36:26
[INFO] [stdout]    |
[INFO] [stdout] 6  | use sqlx::{Acquire as _, Sqlite};
[INFO] [stdout]    |                          ^^^^^^ no `Sqlite` in the root
[INFO] [stdout]    |
[INFO] [stdout] note: found an item that was configured out
[INFO] [stdout]   --> /opt/rustwide/cargo-home/registry/src/index.crates.io-6f17d22bba15001f/sqlx-0.6.3/src/lib.rs:63:35
[INFO] [stdout]    |
[INFO] [stdout] 63 | pub use sqlx_core::sqlite::{self, Sqlite, SqliteConnection, SqliteExecutor, SqlitePool};
[INFO] [stdout]    |                                   ^^^^^^
[INFO] [stdout] note: the item is gated behind the `sqlite` feature
[INFO] [stdout]   --> /opt/rustwide/cargo-home/registry/src/index.crates.io-6f17d22bba15001f/sqlx-0.6.3/src/lib.rs:61:7
[INFO] [stdout]    |
[INFO] [stdout] 61 | #[cfg(feature = "sqlite")]
[INFO] [stdout]    |       ^^^^^^^^^^^^^^^^^^
[INFO] [stdout] 
[INFO] [stdout] error: aborting due to 1 previous error
[INFO] [stdout] 
[INFO] [stdout] For more information about this error, try `rustc --explain E0432`.
[INFO] [stdout] Couldn't compile the test.
[INFO] [stdout] ---- src/tx.rs - tx::Tx (line 19) stdout ----
[INFO] [stdout] error[E0432]: unresolved import `sqlx::Sqlite`
[INFO] [stdout]   --> src/tx.rs:22:5
[INFO] [stdout]    |
[INFO] [stdout] 6  | use sqlx::Sqlite;
[INFO] [stdout]    |     ^^^^^^^^^^^^ no `Sqlite` in the root
[INFO] [stdout]    |
[INFO] [stdout] note: found an item that was configured out
[INFO] [stdout]   --> /opt/rustwide/cargo-home/registry/src/index.crates.io-6f17d22bba15001f/sqlx-0.6.3/src/lib.rs:63:35
[INFO] [stdout]    |
[INFO] [stdout] 63 | pub use sqlx_core::sqlite::{self, Sqlite, SqliteConnection, SqliteExecutor, SqlitePool};
[INFO] [stdout]    |                                   ^^^^^^
[INFO] [stdout] note: the item is gated behind the `sqlite` feature
[INFO] [stdout]   --> /opt/rustwide/cargo-home/registry/src/index.crates.io-6f17d22bba15001f/sqlx-0.6.3/src/lib.rs:61:7
[INFO] [stdout]    |
[INFO] [stdout] 61 | #[cfg(feature = "sqlite")]
[INFO] [stdout]    |       ^^^^^^^^^^^^^^^^^^
[INFO] [stdout] 
[INFO] [stdout] error: aborting due to 1 previous error
[INFO] [stdout] 
[INFO] [stdout] For more information about this error, try `rustc --explain E0432`.
[INFO] [stdout] Couldn't compile the test.
[INFO] [stdout] ---- src/tx.rs - tx::Tx (line 47) stdout ----
[INFO] [stdout] error: expected `;`, found keyword `struct`
[INFO] [stdout]   --> src/tx.rs:55:16
[INFO] [stdout]    |
[INFO] [stdout] 11 | [derive(Debug)]
[INFO] [stdout]    |                ^ help: add `;` here
[INFO] [stdout] 12 | struct MyError(actix_sqlx_tx::Error);
[INFO] [stdout]    | ------ unexpected token
[INFO] [stdout] 
[INFO] [stdout] error[E0432]: unresolved import `sqlx::Sqlite`
[INFO] [stdout]   --> src/tx.rs:54:5
[INFO] [stdout]    |
[INFO] [stdout] 10 | use sqlx::Sqlite;
[INFO] [stdout]    |     ^^^^^^^^^^^^ no `Sqlite` in the root
[INFO] [stdout]    |
[INFO] [stdout] note: found an item that was configured out
[INFO] [stdout]   --> /opt/rustwide/cargo-home/registry/src/index.crates.io-6f17d22bba15001f/sqlx-0.6.3/src/lib.rs:63:35
[INFO] [stdout]    |
[INFO] [stdout] 63 | pub use sqlx_core::sqlite::{self, Sqlite, SqliteConnection, SqliteExecutor, SqlitePool};
[INFO] [stdout]    |                                   ^^^^^^
[INFO] [stdout] note: the item is gated behind the `sqlite` feature
[INFO] [stdout]   --> /opt/rustwide/cargo-home/registry/src/index.crates.io-6f17d22bba15001f/sqlx-0.6.3/src/lib.rs:61:7
[INFO] [stdout]    |
[INFO] [stdout] 61 | #[cfg(feature = "sqlite")]
[INFO] [stdout]    |       ^^^^^^^^^^^^^^^^^^
[INFO] [stdout] 
[INFO] [stdout] error[E0277]: `MyError` doesn't implement `std::fmt::Display`
[INFO] [stdout]   --> src/tx.rs:66:24
[INFO] [stdout]    |
[INFO] [stdout] 22 | impl ResponseError for MyError {
[INFO] [stdout]    |                        ^^^^^^^ `MyError` cannot be formatted with the default formatter
[INFO] [stdout]    |
[INFO] [stdout]    = help: the trait `std::fmt::Display` is not implemented for `MyError`
[INFO] [stdout]    = note: in format strings you may be able to use `{:?}` (or {:#?} for pretty-print) instead
[INFO] [stdout] note: required by a bound in `ResponseError`
[INFO] [stdout]   --> /opt/rustwide/cargo-home/registry/src/index.crates.io-6f17d22bba15001f/actix-web-4.9.0/src/error/response_error.rs:26:39
[INFO] [stdout]    |
[INFO] [stdout] 26 | pub trait ResponseError: fmt::Debug + fmt::Display {
[INFO] [stdout]    |                                       ^^^^^^^^^^^^ required by this bound in `ResponseError`
[INFO] [stdout] 
[INFO] [stdout] error[E0277]: `MyError` doesn't implement `Debug`
[INFO] [stdout]   --> src/tx.rs:66:24
[INFO] [stdout]    |
[INFO] [stdout] 22 | impl ResponseError for MyError {
[INFO] [stdout]    |                        ^^^^^^^ `MyError` cannot be formatted using `{:?}`
[INFO] [stdout]    |
[INFO] [stdout]    = help: the trait `Debug` is not implemented for `MyError`
[INFO] [stdout]    = note: add `#[derive(Debug)]` to `MyError` or manually `impl Debug for MyError`
[INFO] [stdout] note: required by a bound in `ResponseError`
[INFO] [stdout]   --> /opt/rustwide/cargo-home/registry/src/index.crates.io-6f17d22bba15001f/actix-web-4.9.0/src/error/response_error.rs:26:26
[INFO] [stdout]    |
[INFO] [stdout] 26 | pub trait ResponseError: fmt::Debug + fmt::Display {
[INFO] [stdout]    |                          ^^^^^^^^^^ required by this bound in `ResponseError`
[INFO] [stdout] help: consider annotating `MyError` with `#[derive(Debug)]`
[INFO] [stdout]    |
[INFO] [stdout] 12 + #[derive(Debug)]
[INFO] [stdout] 13 | struct MyError(actix_sqlx_tx::Error);
[INFO] [stdout]    |
[INFO] [stdout] 
[INFO] [stdout] error[E0277]: `MyError` doesn't implement `Debug`
[INFO] [stdout]   --> src/tx.rs:68:34
[INFO] [stdout]    |
[INFO] [stdout] 24 |         HttpResponse::build(self.status_code())
[INFO] [stdout]    |                                  ^^^^^^^^^^^ `MyError` cannot be formatted using `{:?}`
[INFO] [stdout]    |
[INFO] [stdout]    = help: the trait `Debug` is not implemented for `MyError`
[INFO] [stdout]    = note: add `#[derive(Debug)]` to `MyError` or manually `impl Debug for MyError`
[INFO] [stdout] note: required by a bound in `status_code`
[INFO] [stdout]   --> /opt/rustwide/cargo-home/registry/src/index.crates.io-6f17d22bba15001f/actix-web-4.9.0/src/error/response_error.rs:26:26
[INFO] [stdout]    |
[INFO] [stdout] 26 | pub trait ResponseError: fmt::Debug + fmt::Display {
[INFO] [stdout]    |                          ^^^^^^^^^^ required by this bound in `ResponseError::status_code`
[INFO] [stdout] ...
[INFO] [stdout] 31 |     fn status_code(&self) -> StatusCode {
[INFO] [stdout]    |        ----------- required by a bound in this associated function
[INFO] [stdout] help: consider annotating `MyError` with `#[derive(Debug)]`
[INFO] [stdout]    |
[INFO] [stdout] 12 + #[derive(Debug)]
[INFO] [stdout] 13 | struct MyError(actix_sqlx_tx::Error);
[INFO] [stdout]    |
[INFO] [stdout] 
[INFO] [stdout] error[E0277]: `MyError` doesn't implement `std::fmt::Display`
[INFO] [stdout]   --> src/tx.rs:68:34
[INFO] [stdout]    |
[INFO] [stdout] 24 |         HttpResponse::build(self.status_code())
[INFO] [stdout]    |                                  ^^^^^^^^^^^ `MyError` cannot be formatted with the default formatter
[INFO] [stdout]    |
[INFO] [stdout]    = help: the trait `std::fmt::Display` is not implemented for `MyError`
[INFO] [stdout]    = note: in format strings you may be able to use `{:?}` (or {:#?} for pretty-print) instead
[INFO] [stdout] note: required by a bound in `status_code`
[INFO] [stdout]   --> /opt/rustwide/cargo-home/registry/src/index.crates.io-6f17d22bba15001f/actix-web-4.9.0/src/error/response_error.rs:26:39
[INFO] [stdout]    |
[INFO] [stdout] 26 | pub trait ResponseError: fmt::Debug + fmt::Display {
[INFO] [stdout]    |                                       ^^^^^^^^^^^^ required by this bound in `ResponseError::status_code`
[INFO] [stdout] ...
[INFO] [stdout] 31 |     fn status_code(&self) -> StatusCode {
[INFO] [stdout]    |        ----------- required by a bound in this associated function
[INFO] [stdout] 
[INFO] [stdout] error[E0599]: the method `to_string` exists for reference `&MyError`, but its trait bounds were not satisfied
[INFO] [stdout]   --> src/tx.rs:70:24
[INFO] [stdout]    |
[INFO] [stdout] 12 | struct MyError(actix_sqlx_tx::Error);
[INFO] [stdout]    | -------------- doesn't satisfy `MyError: ToString` or `MyError: std::fmt::Display`
[INFO] [stdout] ...
[INFO] [stdout] 26 |             .body(self.to_string())
[INFO] [stdout]    |                        ^^^^^^^^^ method cannot be called on `&MyError` due to unsatisfied trait bounds
[INFO] [stdout]    |
[INFO] [stdout]    = note: the following trait bounds were not satisfied:
[INFO] [stdout]            `MyError: std::fmt::Display`
[INFO] [stdout]            which is required by `MyError: ToString`
[INFO] [stdout]            `&MyError: std::fmt::Display`
[INFO] [stdout]            which is required by `&MyError: ToString`
[INFO] [stdout] note: the trait `std::fmt::Display` must be implemented
[INFO] [stdout]   --> /rustc/df4ca44d3fbc9301ee17f30f4d474e6ae4b05252/library/core/src/fmt/mod.rs:728:1
[INFO] [stdout]    = help: items from traits can only be used if the trait is implemented and in scope
[INFO] [stdout]    = note: the following trait defines an item `to_string`, perhaps you need to implement it:
[INFO] [stdout]            candidate #1: `ToString`
[INFO] [stdout] 
[INFO] [stdout] error: aborting due to 7 previous errors
[INFO] [stdout] 
[INFO] [stdout] Some errors have detailed explanations: E0277, E0432, E0599.
[INFO] [stdout] For more information about an error, try `rustc --explain E0277`.
[INFO] [stdout] Couldn't compile the test.
[INFO] [stdout] 
[INFO] [stdout] failures:
[INFO] [stdout]     src/tx.rs - tx::Tx (line 19)
[INFO] [stdout]     src/tx.rs - tx::Tx (line 33)
[INFO] [stdout]     src/tx.rs - tx::Tx (line 47)
[INFO] [stdout] 
[INFO] [stdout] test result: FAILED. 0 passed; 3 failed; 0 ignored; 0 measured; 0 filtered out; finished in 0.11s
[INFO] [stdout] 
[INFO] [stderr] error: doctest failed, to rerun pass `--doc`
[INFO] running `Command { std: "docker" "inspect" "f04d13d78227c121ad48cb0bd54cacd7a6fa252f4b085cc5da7efd30dbd9fcc5", kill_on_drop: false }`
[INFO] running `Command { std: "docker" "rm" "-f" "f04d13d78227c121ad48cb0bd54cacd7a6fa252f4b085cc5da7efd30dbd9fcc5", kill_on_drop: false }`
[INFO] [stdout] f04d13d78227c121ad48cb0bd54cacd7a6fa252f4b085cc5da7efd30dbd9fcc5
