[INFO] fetching crate acick 0.2.0...
[INFO] testing acick-0.2.0 against nightly-2024-10-28+rustflags=-Zrandomize-layout for randomize-layout
[INFO] extracting crate acick 0.2.0 into /workspace/builds/worker-6-tc2/source
[INFO] validating manifest of crates.io crate acick 0.2.0 on toolchain nightly-2024-10-28
[INFO] running `Command { std: CARGO_HOME="/workspace/cargo-home" RUSTUP_HOME="/workspace/rustup-home" "/workspace/cargo-home/bin/cargo" "+nightly-2024-10-28" "metadata" "--manifest-path" "Cargo.toml" "--no-deps", kill_on_drop: false }`
[INFO] started tweaking crates.io crate acick 0.2.0
[INFO] finished tweaking crates.io crate acick 0.2.0
[INFO] tweaked toml for crates.io crate acick 0.2.0 written to /workspace/builds/worker-6-tc2/source/Cargo.toml
[INFO] crate crates.io crate acick 0.2.0 already has a lockfile, it will not be regenerated
[INFO] running `Command { std: CARGO_HOME="/workspace/cargo-home" RUSTUP_HOME="/workspace/rustup-home" "/workspace/cargo-home/bin/cargo" "+nightly-2024-10-28" "fetch" "--manifest-path" "Cargo.toml", kill_on_drop: false }`
[INFO] running `Command { std: "docker" "create" "-v" "/var/lib/crater-agent-workspace/builds/worker-6-tc2/target:/opt/rustwide/target:rw,Z" "-v" "/var/lib/crater-agent-workspace/builds/worker-6-tc2/source:/opt/rustwide/workdir:ro,Z" "-v" "/var/lib/crater-agent-workspace/cargo-home:/opt/rustwide/cargo-home:ro,Z" "-v" "/var/lib/crater-agent-workspace/rustup-home:/opt/rustwide/rustup-home:ro,Z" "-e" "SOURCE_DIR=/opt/rustwide/workdir" "-e" "CARGO_TARGET_DIR=/opt/rustwide/target" "-e" "CARGO_HOME=/opt/rustwide/cargo-home" "-e" "RUSTUP_HOME=/opt/rustwide/rustup-home" "-w" "/opt/rustwide/workdir" "-m" "1610612736" "--user" "0:0" "--network" "none" "ghcr.io/rust-lang/crates-build-env/linux@sha256:4a844ea9eb2546a2d2c7022eacef16ef2e8229c7fbb2c7d4d55a9ceca922f72d" "/opt/rustwide/cargo-home/bin/cargo" "+nightly-2024-10-28" "metadata" "--no-deps" "--format-version=1", kill_on_drop: false }`
[INFO] [stdout] 6b57c0249a47dfdbbda5c633e02232fc50baeb4eadb1be87cfa97236f91debe6
[INFO] running `Command { std: "docker" "start" "-a" "6b57c0249a47dfdbbda5c633e02232fc50baeb4eadb1be87cfa97236f91debe6", kill_on_drop: false }`
[INFO] running `Command { std: "docker" "inspect" "6b57c0249a47dfdbbda5c633e02232fc50baeb4eadb1be87cfa97236f91debe6", kill_on_drop: false }`
[INFO] running `Command { std: "docker" "rm" "-f" "6b57c0249a47dfdbbda5c633e02232fc50baeb4eadb1be87cfa97236f91debe6", kill_on_drop: false }`
[INFO] [stdout] 6b57c0249a47dfdbbda5c633e02232fc50baeb4eadb1be87cfa97236f91debe6
[INFO] running `Command { std: "docker" "create" "-v" "/var/lib/crater-agent-workspace/builds/worker-6-tc2/target:/opt/rustwide/target:rw,Z" "-v" "/var/lib/crater-agent-workspace/builds/worker-6-tc2/source:/opt/rustwide/workdir:ro,Z" "-v" "/var/lib/crater-agent-workspace/cargo-home:/opt/rustwide/cargo-home:ro,Z" "-v" "/var/lib/crater-agent-workspace/rustup-home:/opt/rustwide/rustup-home:ro,Z" "-e" "SOURCE_DIR=/opt/rustwide/workdir" "-e" "CARGO_TARGET_DIR=/opt/rustwide/target" "-e" "CARGO_INCREMENTAL=0" "-e" "RUST_BACKTRACE=full" "-e" "RUSTFLAGS=--cap-lints=forbid -Zrandomize-layout" "-e" "RUSTDOCFLAGS=--cap-lints=forbid" "-e" "CARGO_HOME=/opt/rustwide/cargo-home" "-e" "RUSTUP_HOME=/opt/rustwide/rustup-home" "-w" "/opt/rustwide/workdir" "-m" "1610612736" "--user" "0:0" "--network" "none" "ghcr.io/rust-lang/crates-build-env/linux@sha256:4a844ea9eb2546a2d2c7022eacef16ef2e8229c7fbb2c7d4d55a9ceca922f72d" "/opt/rustwide/cargo-home/bin/cargo" "+nightly-2024-10-28" "build" "--frozen" "--message-format=json", kill_on_drop: false }`
[INFO] [stdout] 86ae809703cbbe59bb98b668311a850b6c8a51290439fe44a7f55f18f3f024db
[INFO] running `Command { std: "docker" "start" "-a" "86ae809703cbbe59bb98b668311a850b6c8a51290439fe44a7f55f18f3f024db", kill_on_drop: false }`
[INFO] [stderr]    Compiling libc v0.2.108
[INFO] [stderr]    Compiling proc-macro2 v1.0.32
[INFO] [stderr]    Compiling unicode-xid v0.2.2
[INFO] [stderr]    Compiling syn v1.0.81
[INFO] [stderr]    Compiling version_check v0.9.3
[INFO] [stderr]    Compiling log v0.4.14
[INFO] [stderr]    Compiling ppv-lite86 v0.2.15
[INFO] [stderr]    Compiling autocfg v1.0.1
[INFO] [stderr]    Compiling memchr v2.4.1
[INFO] [stderr]    Compiling siphasher v0.3.7
[INFO] [stderr]    Compiling getrandom v0.1.16
[INFO] [stderr]    Compiling serde_derive v1.0.130
[INFO] [stderr]    Compiling once_cell v1.8.0
[INFO] [stderr]    Compiling serde v1.0.130
[INFO] [stderr]    Compiling matches v0.1.9
[INFO] [stderr]    Compiling proc-macro-hack v0.5.19
[INFO] [stderr]    Compiling itoa v0.4.8
[INFO] [stderr]    Compiling cc v1.0.72
[INFO] [stderr]    Compiling phf_shared v0.8.0
[INFO] [stderr]    Compiling regex-syntax v0.6.25
[INFO] [stderr]    Compiling tinyvec_macros v0.1.0
[INFO] [stderr]    Compiling futures-core v0.3.18
[INFO] [stderr]    Compiling tinyvec v1.5.1
[INFO] [stderr]    Compiling unicode-bidi v0.3.7
[INFO] [stderr]    Compiling cfg-if v0.1.10
[INFO] [stderr]    Compiling slab v0.4.5
[INFO] [stderr]    Compiling scopeguard v1.1.0
[INFO] [stderr]    Compiling uncased v0.9.6
[INFO] [stderr]    Compiling percent-encoding v2.1.0
[INFO] [stderr]    Compiling bytes v0.5.6
[INFO] [stderr]    Compiling ryu v1.0.5
[INFO] [stderr]    Compiling crossbeam-utils v0.8.5
[INFO] [stderr]    Compiling smallvec v1.7.0
[INFO] [stderr]    Compiling indexmap v1.7.0
[INFO] [stderr]    Compiling standback v0.2.17
[INFO] [stderr]    Compiling futures-task v0.3.18
[INFO] [stderr]    Compiling parking_lot_core v0.8.5
[INFO] [stderr]    Compiling httparse v1.5.1
[INFO] [stderr]    Compiling unicode-width v0.1.9
[INFO] [stderr]    Compiling pin-project-lite v0.2.7
[INFO] [stderr]    Compiling pin-project-lite v0.1.12
[INFO] [stderr]    Compiling quote v1.0.10
[INFO] [stderr]    Compiling aho-corasick v0.7.18
[INFO] [stderr]    Compiling phf_shared v0.10.0
[INFO] [stderr]    Compiling form_urlencoded v1.0.1
[INFO] [stderr]    Compiling proc-macro-error-attr v1.0.4
[INFO] [stderr]    Compiling unicase v2.6.0
[INFO] [stderr]    Compiling num_cpus v1.13.0
[INFO] [stderr]    Compiling getrandom v0.2.3
[INFO] [stderr]    Compiling net2 v0.2.37
[INFO] [stderr]    Compiling iovec v0.1.4
[INFO] [stderr]    Compiling signal-hook-registry v1.4.0
[INFO] [stderr]    Compiling instant v0.1.12
[INFO] [stderr]    Compiling tracing-core v0.1.21
[INFO] [stderr]    Compiling hashbrown v0.11.2
[INFO] [stderr]    Compiling rand_core v0.5.1
[INFO] [stderr]    Compiling rand_core v0.6.3
[INFO] [stderr]    Compiling bytes v1.1.0
[INFO] [stderr]    Compiling futures-util v0.3.18
[INFO] [stderr]    Compiling ring v0.16.20
[INFO] [stderr]    Compiling byteorder v1.4.3
[INFO] [stderr]    Compiling rand_pcg v0.2.1
[INFO] [stderr]    Compiling rand_chacha v0.2.2
[INFO] [stderr]    Compiling unicode-normalization v0.1.19
[INFO] [stderr]    Compiling mio v0.6.23
[INFO] [stderr]    Compiling rand_chacha v0.3.1
[INFO] [stderr]    Compiling new_debug_unreachable v1.0.4
[INFO] [stderr]    Compiling tracing v0.1.29
[INFO] [stderr]    Compiling rand v0.7.3
[INFO] [stderr]    Compiling http v0.2.5
[INFO] [stderr]    Compiling rand v0.8.4
[INFO] [stderr]    Compiling lock_api v0.4.5
[INFO] [stderr]    Compiling proc-macro-error v1.0.4
[INFO] [stderr]    Compiling futures-io v0.3.18
[INFO] [stderr]    Compiling const_fn v0.4.8
[INFO] [stderr]    Compiling ucd-trie v0.1.3
[INFO] [stderr]    Compiling mac v0.1.1
[INFO] [stderr]    Compiling futures-channel v0.3.18
[INFO] [stderr]    Compiling dtoa v0.4.8
[INFO] [stderr]    Compiling unicode-segmentation v1.8.0
[INFO] [stderr]    Compiling serde_json v1.0.71
[INFO] [stderr]    Compiling mio-uds v0.6.8
[INFO] [stderr]    Compiling precomputed-hash v0.1.1
[INFO] [stderr]    Compiling futures-sink v0.3.18
[INFO] [stderr]    Compiling pest v2.1.3
[INFO] [stderr]    Compiling futf v0.1.4
[INFO] [stderr]    Compiling parking_lot v0.11.2
[INFO] [stderr]    Compiling time v0.1.43
[INFO] [stderr]    Compiling num-traits v0.2.14
[INFO] [stderr]    Compiling time v0.2.27
[INFO] [stderr]    Compiling phf_generator v0.8.0
[INFO] [stderr]    Compiling phf_generator v0.10.0
[INFO] [stderr]    Compiling heck v0.3.3
[INFO] [stderr]    Compiling try-lock v0.2.3
[INFO] [stderr]    Compiling base64 v0.12.3
[INFO] [stderr]    Compiling phf_codegen v0.8.0
[INFO] [stderr]    Compiling string_cache_codegen v0.5.1
[INFO] [stderr]    Compiling phf_codegen v0.10.0
[INFO] [stderr]    Compiling regex v1.5.4
[INFO] [stderr]    Compiling idna v0.2.3
[INFO] [stderr]    Compiling want v0.3.0
[INFO] [stderr]    Compiling selectors v0.22.0
[INFO] [stderr]    Compiling tendril v0.4.2
[INFO] [stderr]    Compiling mime_guess v2.0.3
[INFO] [stderr]    Compiling dtoa-short v0.3.3
[INFO] [stderr]    Compiling socket2 v0.3.19
[INFO] [stderr]    Compiling phf v0.10.0
[INFO] [stderr]    Compiling num-integer v0.1.44
[INFO] [stderr]    Compiling memoffset v0.6.4
[INFO] [stderr]    Compiling cookie v0.14.4
[INFO] [stderr]    Compiling stable_deref_trait v1.2.0
[INFO] [stderr]    Compiling markup5ever v0.10.1
[INFO] [stderr]    Compiling nodrop v0.1.14
[INFO] [stderr]    Compiling tower-service v0.3.1
[INFO] [stderr]    Compiling encoding_rs v0.8.29
[INFO] [stderr]    Compiling httpdate v0.3.2
[INFO] [stderr]    Compiling servo_arc v0.1.1
[INFO] [stderr]    Compiling unicase v1.4.2
[INFO] [stderr]    Compiling fxhash v0.2.1
[INFO] [stderr]    Compiling terminal_size v0.1.17
[INFO] [stderr]    Compiling dirs-sys-next v0.1.2
[INFO] [stderr]    Compiling bstr v0.2.17
[INFO] [stderr]    Compiling url v2.2.2
[INFO] [stderr]    Compiling unic-char-range v0.9.0
[INFO] [stderr]    Compiling mime v0.3.16
[INFO] [stderr]    Compiling unic-common v0.9.0
[INFO] [stderr]    Compiling maplit v1.0.2
[INFO] [stderr]    Compiling crossbeam-epoch v0.9.5
[INFO] [stderr]    Compiling thin-slice v0.1.1
[INFO] [stderr]    Compiling anyhow v1.0.48
[INFO] [stderr]    Compiling pest_meta v2.1.3
[INFO] [stderr]    Compiling dirs-next v2.0.0
[INFO] [stderr]    Compiling unic-ucd-version v0.9.0
[INFO] [stderr]    Compiling unic-char-property v0.9.0
[INFO] [stderr]    Compiling walkdir v2.3.2
[INFO] [stderr]    Compiling parse-zoneinfo v0.3.0
[INFO] [stderr]    Compiling globset v0.4.8
[INFO] [stderr]    Compiling console v0.15.0
[INFO] [stderr]    Compiling http-body v0.3.1
[INFO] [stderr]    Compiling publicsuffix v1.5.6
[INFO] [stderr]    Compiling idna v0.1.5
[INFO] [stderr]    Compiling chrono-tz-build v0.0.2
[INFO] [stderr]    Compiling dirs-sys v0.3.6
[INFO] [stderr]    Compiling getopts v0.2.21
[INFO] [stderr]    Compiling log v0.3.9
[INFO] [stderr]    Compiling thread_local v1.1.3
[INFO] [stderr]    Compiling number_prefix v0.3.0
[INFO] [stderr]    Compiling safemem v0.3.3
[INFO] [stderr]    Compiling rayon-core v1.9.1
[INFO] [stderr]    Compiling base64 v0.13.0
[INFO] [stderr]    Compiling ipnet v2.3.1
[INFO] [stderr]    Compiling ego-tree v0.6.2
[INFO] [stderr]    Compiling indicatif v0.15.0
[INFO] [stderr]    Compiling base64 v0.9.3
[INFO] [stderr]    Compiling ignore v0.4.18
[INFO] [stderr]    Compiling mime v0.2.6
[INFO] [stderr]    Compiling url v1.7.2
[INFO] [stderr]    Compiling dirs v3.0.2
[INFO] [stderr]    Compiling unic-ucd-segment v0.9.0
[INFO] [stderr]    Compiling bytefmt v0.1.7
[INFO] [stderr]    Compiling shellexpand v2.1.0
[INFO] [stderr]    Compiling retry v1.3.0
[INFO] [stderr]    Compiling fs2 v0.4.3
[INFO] [stderr]    Compiling linked-hash-map v0.5.4
[INFO] [stderr]    Compiling typeable v0.1.2
[INFO] [stderr]    Compiling deunicode v0.4.3
[INFO] [stderr]    Compiling webpki v0.21.4
[INFO] [stderr]    Compiling sct v0.6.1
[INFO] [stderr]    Compiling traitobject v0.1.0
[INFO] [stderr]    Compiling language-tags v0.2.2
[INFO] [stderr]    Compiling base64 v0.11.0
[INFO] [stderr]    Compiling webbrowser v0.5.5
[INFO] [stderr]    Compiling globwalk v0.8.1
[INFO] [stderr]    Compiling slug v0.1.4
[INFO] [stderr]    Compiling yaml-rust v0.4.5
[INFO] [stderr]    Compiling crossbeam-deque v0.8.1
[INFO] [stderr]    Compiling rustls v0.18.1
[INFO] [stderr]    Compiling webpki-roots v0.20.0
[INFO] [stderr]    Compiling pest_generator v2.1.3
[INFO] [stderr]    Compiling unic-segment v0.9.0
[INFO] [stderr]    Compiling rustls v0.17.0
[INFO] [stderr]    Compiling webpki-roots v0.19.0
[INFO] [stderr]    Compiling hyper v0.10.16
[INFO] [stderr]    Compiling semver-parser v0.10.2
[INFO] [stderr]    Compiling crossbeam-channel v0.5.1
[INFO] [stderr]    Compiling rayon v1.5.1
[INFO] [stderr]    Compiling either v1.6.1
[INFO] [stderr]    Compiling humansize v1.1.1
[INFO] [stderr]    Compiling atty v0.2.14
[INFO] [stderr]    Compiling textwrap v0.11.0
[INFO] [stderr]    Compiling strsim v0.8.0
[INFO] [stderr]    Compiling vec_map v0.8.2
[INFO] [stderr]    Compiling semver v0.11.0
[INFO] [stderr]    Compiling remove_dir_all v0.5.3
[INFO] [stderr]    Compiling ansi_term v0.11.0
[INFO] [stderr]    Compiling tempfile v3.2.0
[INFO] [stderr]    Compiling itertools v0.9.0
[INFO] [stderr]    Compiling chrono-tz v0.6.0
[INFO] [stderr]    Compiling clap v2.33.3
[INFO] [stderr]    Compiling tokio-macros v0.2.6
[INFO] [stderr]    Compiling pin-project-internal v1.0.8
[INFO] [stderr]    Compiling phf_macros v0.8.0
[INFO] [stderr]    Compiling futures-macro v0.3.18
[INFO] [stderr]    Compiling time-macros-impl v0.1.2
[INFO] [stderr]    Compiling cssparser v0.27.2
[INFO] [stderr]    Compiling html5ever v0.25.1
[INFO] [stderr]    Compiling cssparser-macros v0.6.0
[INFO] [stderr]    Compiling derive_more v0.99.16
[INFO] [stderr]    Compiling strum_macros v0.19.4
[INFO] [stderr]    Compiling tokio v0.2.25
[INFO] [stderr]    Compiling time-macros v0.1.1
[INFO] [stderr]    Compiling getset v0.1.1
[INFO] [stderr]    Compiling phf v0.8.0
[INFO] [stderr]    Compiling thiserror-impl v1.0.30
[INFO] [stderr]    Compiling pest_derive v2.1.0
[INFO] [stderr]    Compiling pin-project v1.0.8
[INFO] [stderr]    Compiling tracing-futures v0.2.5
[INFO] [stderr]    Compiling hyper-sync-rustls v0.3.0-rc.17
[INFO] [stderr]    Compiling strum v0.19.5
[INFO] [stderr]    Compiling structopt-derive v0.4.18
[INFO] [stderr]    Compiling thiserror v1.0.30
[INFO] [stderr]    Compiling structopt v0.3.25
[INFO] [stderr]    Compiling tokio-util v0.3.1
[INFO] [stderr]    Compiling tokio-rustls v0.14.1
[INFO] [stderr]    Compiling h2 v0.2.7
[INFO] [stderr]    Compiling string_cache v0.8.2
[INFO] [stderr]    Compiling serde_urlencoded v0.7.0
[INFO] [stderr]    Compiling humantime-serde v1.0.1
[INFO] [stderr]    Compiling chrono v0.4.19
[INFO] [stderr]    Compiling serde_yaml v0.8.21
[INFO] [stderr]    Compiling cookie_store v0.12.0
[INFO] [stderr]    Compiling dropbox-sdk v0.6.0
[INFO] [stderr]    Compiling hyper v0.13.10
[INFO] [stderr]    Compiling scraper v0.12.0
[INFO] [stderr]    Compiling tera v1.15.0
[INFO] [stderr]    Compiling hyper-rustls v0.21.0
[INFO] [stderr]    Compiling reqwest v0.10.10
[INFO] [stderr]    Compiling acick-util v0.2.0
[INFO] [stderr]    Compiling acick-config v0.2.0
[INFO] [stderr]    Compiling acick-dropbox v0.2.0
[INFO] [stderr]    Compiling acick-atcoder v0.2.0
[INFO] [stderr]    Compiling acick v0.2.0 (/opt/rustwide/workdir)
[INFO] [stdout] warning: unused import: `InitOutcome`
[INFO] [stdout]   --> src/cmd/mod.rs:24:25
[INFO] [stdout]    |
[INFO] [stdout] 24 | pub use init::{InitOpt, InitOutcome};
[INFO] [stdout]    |                         ^^^^^^^^^^^
[INFO] [stdout]    |
[INFO] [stdout]    = note: `#[warn(unused_imports)]` on by default
[INFO] [stdout] 
[INFO] [stdout] 
[INFO] [stdout] warning: unused import: `LoginOutcome`
[INFO] [stdout]   --> src/cmd/mod.rs:25:27
[INFO] [stdout]    |
[INFO] [stdout] 25 | pub use login::{LoginOpt, LoginOutcome};
[INFO] [stdout]    |                           ^^^^^^^^^^^^
[INFO] [stdout] 
[INFO] [stdout] 
[INFO] [stdout] warning: unused import: `LogoutOutcome`
[INFO] [stdout]   --> src/cmd/mod.rs:26:29
[INFO] [stdout]    |
[INFO] [stdout] 26 | pub use logout::{LogoutOpt, LogoutOutcome};
[INFO] [stdout]    |                             ^^^^^^^^^^^^^
[INFO] [stdout] 
[INFO] [stdout] 
[INFO] [stdout] warning: unused import: `MeOutcome`
[INFO] [stdout]   --> src/cmd/mod.rs:27:21
[INFO] [stdout]    |
[INFO] [stdout] 27 | pub use me::{MeOpt, MeOutcome};
[INFO] [stdout]    |                     ^^^^^^^^^
[INFO] [stdout] 
[INFO] [stdout] 
[INFO] [stdout] warning: unused import: `ShowOutcome`
[INFO] [stdout]   --> src/cmd/mod.rs:28:25
[INFO] [stdout]    |
[INFO] [stdout] 28 | pub use show::{ShowOpt, ShowOutcome};
[INFO] [stdout]    |                         ^^^^^^^^^^^
[INFO] [stdout] 
[INFO] [stdout] 
[INFO] [stdout] warning: unused import: `SubmitOutcome`
[INFO] [stdout]   --> src/cmd/mod.rs:29:29
[INFO] [stdout]    |
[INFO] [stdout] 29 | pub use submit::{SubmitOpt, SubmitOutcome};
[INFO] [stdout]    |                             ^^^^^^^^^^^^^
[INFO] [stdout] 
[INFO] [stdout] 
[INFO] [stdout] warning: unused import: `TestOutcome`
[INFO] [stdout]   --> src/cmd/mod.rs:30:25
[INFO] [stdout]    |
[INFO] [stdout] 30 | pub use test::{TestOpt, TestOutcome};
[INFO] [stdout]    |                         ^^^^^^^^^^^
[INFO] [stdout] 
[INFO] [stdout] 
[INFO] [stderr]     Finished `dev` profile [unoptimized + debuginfo] target(s) in 27.04s
[INFO] [stderr] warning: the following packages contain code that will be rejected by a future version of Rust: html5ever v0.25.1, traitobject v0.1.0
[INFO] [stderr] note: to see what the problems were, use the option `--future-incompat-report`, or run `cargo report future-incompatibilities --id 1`
[INFO] running `Command { std: "docker" "inspect" "86ae809703cbbe59bb98b668311a850b6c8a51290439fe44a7f55f18f3f024db", kill_on_drop: false }`
[INFO] running `Command { std: "docker" "rm" "-f" "86ae809703cbbe59bb98b668311a850b6c8a51290439fe44a7f55f18f3f024db", kill_on_drop: false }`
[INFO] [stdout] 86ae809703cbbe59bb98b668311a850b6c8a51290439fe44a7f55f18f3f024db
[INFO] running `Command { std: "docker" "create" "-v" "/var/lib/crater-agent-workspace/builds/worker-6-tc2/target:/opt/rustwide/target:rw,Z" "-v" "/var/lib/crater-agent-workspace/builds/worker-6-tc2/source:/opt/rustwide/workdir:ro,Z" "-v" "/var/lib/crater-agent-workspace/cargo-home:/opt/rustwide/cargo-home:ro,Z" "-v" "/var/lib/crater-agent-workspace/rustup-home:/opt/rustwide/rustup-home:ro,Z" "-e" "SOURCE_DIR=/opt/rustwide/workdir" "-e" "CARGO_TARGET_DIR=/opt/rustwide/target" "-e" "CARGO_INCREMENTAL=0" "-e" "RUST_BACKTRACE=full" "-e" "RUSTFLAGS=--cap-lints=forbid -Zrandomize-layout" "-e" "RUSTDOCFLAGS=--cap-lints=forbid" "-e" "CARGO_HOME=/opt/rustwide/cargo-home" "-e" "RUSTUP_HOME=/opt/rustwide/rustup-home" "-w" "/opt/rustwide/workdir" "-m" "1610612736" "--user" "0:0" "--network" "none" "ghcr.io/rust-lang/crates-build-env/linux@sha256:4a844ea9eb2546a2d2c7022eacef16ef2e8229c7fbb2c7d4d55a9ceca922f72d" "/opt/rustwide/cargo-home/bin/cargo" "+nightly-2024-10-28" "test" "--frozen" "--no-run" "--message-format=json", kill_on_drop: false }`
[INFO] [stdout] eccd5b2d045861aa241493386b5416ad149d7220a8c82baa06057c80d559143e
[INFO] running `Command { std: "docker" "start" "-a" "eccd5b2d045861aa241493386b5416ad149d7220a8c82baa06057c80d559143e", kill_on_drop: false }`
[INFO] [stdout] warning: unused import: `InitOutcome`
[INFO] [stdout]   --> src/cmd/mod.rs:24:25
[INFO] [stdout]    |
[INFO] [stdout] 24 | pub use init::{InitOpt, InitOutcome};
[INFO] [stdout]    |                         ^^^^^^^^^^^
[INFO] [stdout]    |
[INFO] [stdout]    = note: `#[warn(unused_imports)]` on by default
[INFO] [stdout] 
[INFO] [stdout] 
[INFO] [stdout] warning: unused import: `LoginOutcome`
[INFO] [stdout]   --> src/cmd/mod.rs:25:27
[INFO] [stdout]    |
[INFO] [stdout] 25 | pub use login::{LoginOpt, LoginOutcome};
[INFO] [stdout]    |                           ^^^^^^^^^^^^
[INFO] [stdout] 
[INFO] [stdout] 
[INFO] [stdout] warning: unused import: `LogoutOutcome`
[INFO] [stdout]   --> src/cmd/mod.rs:26:29
[INFO] [stdout]    |
[INFO] [stdout] 26 | pub use logout::{LogoutOpt, LogoutOutcome};
[INFO] [stdout]    |                             ^^^^^^^^^^^^^
[INFO] [stdout] 
[INFO] [stdout] 
[INFO] [stdout] warning: unused import: `MeOutcome`
[INFO] [stdout]   --> src/cmd/mod.rs:27:21
[INFO] [stdout]    |
[INFO] [stdout] 27 | pub use me::{MeOpt, MeOutcome};
[INFO] [stdout]    |                     ^^^^^^^^^
[INFO] [stdout] 
[INFO] [stdout] 
[INFO] [stdout] warning: unused import: `ShowOutcome`
[INFO] [stdout]   --> src/cmd/mod.rs:28:25
[INFO] [stdout]    |
[INFO] [stdout] 28 | pub use show::{ShowOpt, ShowOutcome};
[INFO] [stdout]    |                         ^^^^^^^^^^^
[INFO] [stdout] 
[INFO] [stdout] 
[INFO] [stdout] warning: unused import: `SubmitOutcome`
[INFO] [stdout]   --> src/cmd/mod.rs:29:29
[INFO] [stdout]    |
[INFO] [stdout] 29 | pub use submit::{SubmitOpt, SubmitOutcome};
[INFO] [stdout]    |                             ^^^^^^^^^^^^^
[INFO] [stdout] 
[INFO] [stdout] 
[INFO] [stdout] warning: unused import: `TestOutcome`
[INFO] [stdout]   --> src/cmd/mod.rs:30:25
[INFO] [stdout]    |
[INFO] [stdout] 30 | pub use test::{TestOpt, TestOutcome};
[INFO] [stdout]    |                         ^^^^^^^^^^^
[INFO] [stdout] 
[INFO] [stdout] 
[INFO] [stderr]    Compiling acick v0.2.0 (/opt/rustwide/workdir)
[INFO] [stdout] warning: unused import: `InitOutcome`
[INFO] [stdout]   --> src/cmd/mod.rs:24:25
[INFO] [stdout]    |
[INFO] [stdout] 24 | pub use init::{InitOpt, InitOutcome};
[INFO] [stdout]    |                         ^^^^^^^^^^^
[INFO] [stdout]    |
[INFO] [stdout]    = note: `#[warn(unused_imports)]` on by default
[INFO] [stdout] 
[INFO] [stdout] 
[INFO] [stdout] warning: unused import: `LoginOutcome`
[INFO] [stdout]   --> src/cmd/mod.rs:25:27
[INFO] [stdout]    |
[INFO] [stdout] 25 | pub use login::{LoginOpt, LoginOutcome};
[INFO] [stdout]    |                           ^^^^^^^^^^^^
[INFO] [stdout] 
[INFO] [stdout] 
[INFO] [stdout] warning: unused import: `LogoutOutcome`
[INFO] [stdout]   --> src/cmd/mod.rs:26:29
[INFO] [stdout]    |
[INFO] [stdout] 26 | pub use logout::{LogoutOpt, LogoutOutcome};
[INFO] [stdout]    |                             ^^^^^^^^^^^^^
[INFO] [stdout] 
[INFO] [stdout] 
[INFO] [stdout] warning: unused import: `MeOutcome`
[INFO] [stdout]   --> src/cmd/mod.rs:27:21
[INFO] [stdout]    |
[INFO] [stdout] 27 | pub use me::{MeOpt, MeOutcome};
[INFO] [stdout]    |                     ^^^^^^^^^
[INFO] [stdout] 
[INFO] [stdout] 
[INFO] [stdout] warning: unused import: `ShowOutcome`
[INFO] [stdout]   --> src/cmd/mod.rs:28:25
[INFO] [stdout]    |
[INFO] [stdout] 28 | pub use show::{ShowOpt, ShowOutcome};
[INFO] [stdout]    |                         ^^^^^^^^^^^
[INFO] [stdout] 
[INFO] [stdout] 
[INFO] [stdout] warning: unused import: `SubmitOutcome`
[INFO] [stdout]   --> src/cmd/mod.rs:29:29
[INFO] [stdout]    |
[INFO] [stdout] 29 | pub use submit::{SubmitOpt, SubmitOutcome};
[INFO] [stdout]    |                             ^^^^^^^^^^^^^
[INFO] [stdout] 
[INFO] [stdout] 
[INFO] [stdout] warning: unused import: `TestOutcome`
[INFO] [stdout]   --> src/cmd/mod.rs:30:25
[INFO] [stdout]    |
[INFO] [stdout] 30 | pub use test::{TestOpt, TestOutcome};
[INFO] [stdout]    |                         ^^^^^^^^^^^
[INFO] [stdout] 
[INFO] [stdout] 
[INFO] [stderr]     Finished `test` profile [unoptimized + debuginfo] target(s) in 2.35s
[INFO] [stderr] warning: the following packages contain code that will be rejected by a future version of Rust: html5ever v0.25.1, traitobject v0.1.0
[INFO] [stderr] note: to see what the problems were, use the option `--future-incompat-report`, or run `cargo report future-incompatibilities --id 1`
[INFO] running `Command { std: "docker" "inspect" "eccd5b2d045861aa241493386b5416ad149d7220a8c82baa06057c80d559143e", kill_on_drop: false }`
[INFO] running `Command { std: "docker" "rm" "-f" "eccd5b2d045861aa241493386b5416ad149d7220a8c82baa06057c80d559143e", kill_on_drop: false }`
[INFO] [stdout] eccd5b2d045861aa241493386b5416ad149d7220a8c82baa06057c80d559143e
[INFO] running `Command { std: "docker" "create" "-v" "/var/lib/crater-agent-workspace/builds/worker-6-tc2/target:/opt/rustwide/target:rw,Z" "-v" "/var/lib/crater-agent-workspace/builds/worker-6-tc2/source:/opt/rustwide/workdir:ro,Z" "-v" "/var/lib/crater-agent-workspace/cargo-home:/opt/rustwide/cargo-home:ro,Z" "-v" "/var/lib/crater-agent-workspace/rustup-home:/opt/rustwide/rustup-home:ro,Z" "-e" "SOURCE_DIR=/opt/rustwide/workdir" "-e" "CARGO_TARGET_DIR=/opt/rustwide/target" "-e" "CARGO_INCREMENTAL=0" "-e" "RUST_BACKTRACE=full" "-e" "RUSTFLAGS=--cap-lints=forbid -Zrandomize-layout" "-e" "RUSTDOCFLAGS=--cap-lints=forbid" "-e" "CARGO_HOME=/opt/rustwide/cargo-home" "-e" "RUSTUP_HOME=/opt/rustwide/rustup-home" "-w" "/opt/rustwide/workdir" "-m" "1610612736" "--user" "0:0" "--network" "none" "ghcr.io/rust-lang/crates-build-env/linux@sha256:4a844ea9eb2546a2d2c7022eacef16ef2e8229c7fbb2c7d4d55a9ceca922f72d" "/opt/rustwide/cargo-home/bin/cargo" "+nightly-2024-10-28" "test" "--frozen", kill_on_drop: false }`
[INFO] [stdout] 083e02db1bb683b9067376a0e7dd4b68ad42cf74858701abcfdb342b3a003f37
[INFO] running `Command { std: "docker" "start" "-a" "083e02db1bb683b9067376a0e7dd4b68ad42cf74858701abcfdb342b3a003f37", kill_on_drop: false }`
[INFO] [stderr] warning: unused import: `InitOutcome`
[INFO] [stderr]   --> src/cmd/mod.rs:24:25
[INFO] [stderr]    |
[INFO] [stderr] 24 | pub use init::{InitOpt, InitOutcome};
[INFO] [stderr]    |                         ^^^^^^^^^^^
[INFO] [stderr]    |
[INFO] [stderr]    = note: `#[warn(unused_imports)]` on by default
[INFO] [stderr] 
[INFO] [stderr] warning: unused import: `LoginOutcome`
[INFO] [stderr]   --> src/cmd/mod.rs:25:27
[INFO] [stderr]    |
[INFO] [stderr] 25 | pub use login::{LoginOpt, LoginOutcome};
[INFO] [stderr]    |                           ^^^^^^^^^^^^
[INFO] [stderr] 
[INFO] [stderr] warning: unused import: `LogoutOutcome`
[INFO] [stderr]   --> src/cmd/mod.rs:26:29
[INFO] [stderr]    |
[INFO] [stderr] 26 | pub use logout::{LogoutOpt, LogoutOutcome};
[INFO] [stderr]    |                             ^^^^^^^^^^^^^
[INFO] [stderr] 
[INFO] [stderr] warning: unused import: `MeOutcome`
[INFO] [stderr]   --> src/cmd/mod.rs:27:21
[INFO] [stderr]    |
[INFO] [stderr] 27 | pub use me::{MeOpt, MeOutcome};
[INFO] [stderr]    |                     ^^^^^^^^^
[INFO] [stderr] 
[INFO] [stderr] warning: unused import: `ShowOutcome`
[INFO] [stderr]   --> src/cmd/mod.rs:28:25
[INFO] [stderr]    |
[INFO] [stderr] 28 | pub use show::{ShowOpt, ShowOutcome};
[INFO] [stderr]    |                         ^^^^^^^^^^^
[INFO] [stderr] 
[INFO] [stderr] warning: unused import: `SubmitOutcome`
[INFO] [stderr]   --> src/cmd/mod.rs:29:29
[INFO] [stderr]    |
[INFO] [stderr] 29 | pub use submit::{SubmitOpt, SubmitOutcome};
[INFO] [stderr]    |                             ^^^^^^^^^^^^^
[INFO] [stderr] 
[INFO] [stderr] warning: unused import: `TestOutcome`
[INFO] [stderr]   --> src/cmd/mod.rs:30:25
[INFO] [stderr]    |
[INFO] [stderr] 30 | pub use test::{TestOpt, TestOutcome};
[INFO] [stderr]    |                         ^^^^^^^^^^^
[INFO] [stderr] 
[INFO] [stderr] warning: `acick` (lib) generated 7 warnings (run `cargo fix --lib -p acick` to apply 7 suggestions)
[INFO] [stderr] warning: `acick` (lib test) generated 7 warnings (7 duplicates)
[INFO] [stderr]     Finished `test` profile [unoptimized + debuginfo] target(s) in 0.20s
[INFO] [stderr] warning: the following packages contain code that will be rejected by a future version of Rust: html5ever v0.25.1, traitobject v0.1.0
[INFO] [stderr] note: to see what the problems were, use the option `--future-incompat-report`, or run `cargo report future-incompatibilities --id 1`
[INFO] [stderr]      Running unittests src/lib.rs (/opt/rustwide/target/debug/deps/acick-2c0a14f91c1a7b0d)
[INFO] [stdout] 
[INFO] [stdout] running 9 tests
[INFO] [stdout] test cmd::login::tests::check_envs_for_user_and_pass ... FAILED
[INFO] [stdout] test cmd::submit::tests::run_default ... ignored
[INFO] [stdout] test cmd::show::tests::run_default ... ok
[INFO] [stdout] test cmd::logout::tests::run_default ... ok
[INFO] [stdout] test cmd::init::tests::run_default ... ok
[INFO] [stdout] test cmd::login::tests::run_default ... FAILED
[INFO] [stdout] test cmd::test::tests::run_default ... FAILED
[INFO] [stdout] test cmd::me::tests::run_default ... FAILED
[INFO] [stdout] test cmd::fetch::tests::run_default ... FAILED
[INFO] [stdout] 
[INFO] [stdout] failures:
[INFO] [stdout] 
[INFO] [stdout] ---- cmd::login::tests::check_envs_for_user_and_pass stdout ----
[INFO] [stdout] Error: environment variable not found
[INFO] [stdout] 
[INFO] [stdout] ---- cmd::login::tests::run_default stdout ----
[INFO] [stdout] /opt/rustwide/workdir
[INFO] [stdout] username: password: 
[INFO] [stdout] GET     https://atcoder.jp/login ... failed
[INFO] [stdout] GET     https://atcoder.jp/login ... failed
[INFO] [stdout] GET     https://atcoder.jp/login ... failed
[INFO] [stdout] GET     https://atcoder.jp/login ... failed
[INFO] [stdout] GET     https://atcoder.jp/login ... failed
[INFO] [stdout] 
[INFO] [stdout] Error: Could not send request
[INFO] [stdout] 
[INFO] [stdout] Caused by:
[INFO] [stdout]     0: error sending request for url (https://atcoder.jp/login): error trying to connect: dns error: failed to lookup address information: Temporary failure in name resolution
[INFO] [stdout]     1: error trying to connect: dns error: failed to lookup address information: Temporary failure in name resolution
[INFO] [stdout]     2: dns error: failed to lookup address information: Temporary failure in name resolution
[INFO] [stdout]     3: failed to lookup address information: Temporary failure in name resolution
[INFO] [stdout] 
[INFO] [stdout] ---- cmd::test::tests::run_default stdout ----
[INFO] [stdout] /opt/rustwide/workdir
[INFO] [stdout] GET     https://atcoder.jp/contests/arc100/tasks ... failed
[INFO] [stdout] GET     https://atcoder.jp/contests/arc100/tasks ... failed
[INFO] [stdout] GET     https://atcoder.jp/contests/arc100/tasks ... failed
[INFO] [stdout] GET     https://atcoder.jp/contests/arc100/tasks ... failed
[INFO] [stdout] GET     https://atcoder.jp/contests/arc100/tasks ... failed
[INFO] [stdout] 
[INFO] [stdout] Error: Could not send request
[INFO] [stdout] 
[INFO] [stdout] Caused by:
[INFO] [stdout]     0: error sending request for url (https://atcoder.jp/contests/arc100/tasks): error trying to connect: dns error: failed to lookup address information: Temporary failure in name resolution
[INFO] [stdout]     1: error trying to connect: dns error: failed to lookup address information: Temporary failure in name resolution
[INFO] [stdout]     2: dns error: failed to lookup address information: Temporary failure in name resolution
[INFO] [stdout]     3: failed to lookup address information: Temporary failure in name resolution
[INFO] [stdout] 
[INFO] [stdout] ---- cmd::me::tests::run_default stdout ----
[INFO] [stdout] /opt/rustwide/workdir
[INFO] [stdout] username: password: 
[INFO] [stdout] GET     https://atcoder.jp/login ... failed
[INFO] [stdout] GET     https://atcoder.jp/login ... failed
[INFO] [stdout] GET     https://atcoder.jp/login ... failed
[INFO] [stdout] GET     https://atcoder.jp/login ... failed
[INFO] [stdout] GET     https://atcoder.jp/login ... failed
[INFO] [stdout] 
[INFO] [stdout] Error: Could not send request
[INFO] [stdout] 
[INFO] [stdout] Caused by:
[INFO] [stdout]     0: error sending request for url (https://atcoder.jp/login): error trying to connect: dns error: failed to lookup address information: Temporary failure in name resolution
[INFO] [stdout]     1: error trying to connect: dns error: failed to lookup address information: Temporary failure in name resolution
[INFO] [stdout]     2: dns error: failed to lookup address information: Temporary failure in name resolution
[INFO] [stdout]     3: failed to lookup address information: Temporary failure in name resolution
[INFO] [stdout] 
[INFO] [stdout] ---- cmd::fetch::tests::run_default stdout ----
[INFO] [stdout] /opt/rustwide/workdir
[INFO] [stdout] GET     https://atcoder.jp/contests/arc100/tasks ... failed
[INFO] [stdout] GET     https://atcoder.jp/contests/arc100/tasks ... failed
[INFO] [stdout] GET     https://atcoder.jp/contests/arc100/tasks ... failed
[INFO] [stdout] GET     https://atcoder.jp/contests/arc100/tasks ... failed
[INFO] [stdout] GET     https://atcoder.jp/contests/arc100/tasks ... failed
[INFO] [stdout] 
[INFO] [stdout] Error: Could not send request
[INFO] [stdout] 
[INFO] [stdout] Caused by:
[INFO] [stdout]     0: error sending request for url (https://atcoder.jp/contests/arc100/tasks): error trying to connect: dns error: failed to lookup address information: Temporary failure in name resolution
[INFO] [stdout]     1: error trying to connect: dns error: failed to lookup address information: Temporary failure in name resolution
[INFO] [stdout]     2: dns error: failed to lookup address information: Temporary failure in name resolution
[INFO] [stdout]     3: failed to lookup address information: Temporary failure in name resolution
[INFO] [stdout] 
[INFO] [stdout] 
[INFO] [stdout] failures:
[INFO] [stdout]     cmd::fetch::tests::run_default
[INFO] [stdout]     cmd::login::tests::check_envs_for_user_and_pass
[INFO] [stdout]     cmd::login::tests::run_default
[INFO] [stdout]     cmd::me::tests::run_default
[INFO] [stdout]     cmd::test::tests::run_default
[INFO] [stdout] 
[INFO] [stdout] test result: FAILED. 3 passed; 5 failed; 1 ignored; 0 measured; 0 filtered out; finished in 8.01s
[INFO] [stdout] 
[INFO] [stderr] error: test failed, to rerun pass `--lib`
[INFO] running `Command { std: "docker" "inspect" "083e02db1bb683b9067376a0e7dd4b68ad42cf74858701abcfdb342b3a003f37", kill_on_drop: false }`
[INFO] running `Command { std: "docker" "rm" "-f" "083e02db1bb683b9067376a0e7dd4b68ad42cf74858701abcfdb342b3a003f37", kill_on_drop: false }`
[INFO] [stdout] 083e02db1bb683b9067376a0e7dd4b68ad42cf74858701abcfdb342b3a003f37
