[INFO] fetching crate acick-atcoder 0.2.0...
[INFO] testing acick-atcoder-0.2.0 against nightly-2024-10-28 for randomize-layout
[INFO] extracting crate acick-atcoder 0.2.0 into /workspace/builds/worker-4-tc1/source
[INFO] validating manifest of crates.io crate acick-atcoder 0.2.0 on toolchain nightly-2024-10-28
[INFO] running `Command { std: CARGO_HOME="/workspace/cargo-home" RUSTUP_HOME="/workspace/rustup-home" "/workspace/cargo-home/bin/cargo" "+nightly-2024-10-28" "metadata" "--manifest-path" "Cargo.toml" "--no-deps", kill_on_drop: false }`
[INFO] started tweaking crates.io crate acick-atcoder 0.2.0
[INFO] finished tweaking crates.io crate acick-atcoder 0.2.0
[INFO] tweaked toml for crates.io crate acick-atcoder 0.2.0 written to /workspace/builds/worker-4-tc1/source/Cargo.toml
[INFO] running `Command { std: CARGO_HOME="/workspace/cargo-home" RUSTUP_HOME="/workspace/rustup-home" "/workspace/cargo-home/bin/cargo" "+nightly-2024-10-28" "generate-lockfile" "--manifest-path" "Cargo.toml", kill_on_drop: false }`
[INFO] [stderr]     Updating crates.io index
[INFO] [stderr]      Locking 320 packages to latest compatible versions
[INFO] [stderr]       Adding reqwest v0.10.10 (available: v0.12.9)
[INFO] [stderr]       Adding scraper v0.12.0 (available: v0.21.0)
[INFO] [stderr]       Adding strum v0.19.5 (available: v0.26.3)
[INFO] [stderr]       Adding wasi v0.10.0+wasi-snapshot-preview1 (available: v0.10.2+wasi-snapshot-preview1)
[INFO] running `Command { std: CARGO_HOME="/workspace/cargo-home" RUSTUP_HOME="/workspace/rustup-home" "/workspace/cargo-home/bin/cargo" "+nightly-2024-10-28" "fetch" "--manifest-path" "Cargo.toml", kill_on_drop: false }`
[INFO] [stderr] warning: `default_features` is deprecated in favor of `default-features` and will not work in the 2024 edition
[INFO] [stderr] (in the `reqwest` dependency)
[INFO] [stderr]  Downloading crates ...
[INFO] [stderr]   Downloaded selectors v0.22.0
[INFO] [stderr]   Downloaded scraper v0.12.0
[INFO] [stderr]   Downloaded futf v0.1.5
[INFO] [stderr]   Downloaded strum v0.19.5
[INFO] [stderr]   Downloaded phf_codegen v0.8.0
[INFO] [stderr]   Downloaded phf_macros v0.8.0
[INFO] [stderr]   Downloaded tendril v0.4.3
[INFO] [stderr]   Downloaded phf_generator v0.10.0
[INFO] [stderr]   Downloaded unic-common v0.9.0
[INFO] [stderr]   Downloaded strum_macros v0.19.4
[INFO] [stderr]   Downloaded unic-ucd-version v0.9.0
[INFO] [stderr]   Downloaded stdweb-derive v0.5.3
[INFO] [stderr]   Downloaded number_prefix v0.3.0
[INFO] [stderr]   Downloaded safemem v0.3.3
[INFO] [stderr]   Downloaded webbrowser v0.5.5
[INFO] [stderr]   Downloaded percent-encoding v1.0.1
[INFO] [stderr]   Downloaded version_check v0.1.5
[INFO] [stderr]   Downloaded sct v0.6.1
[INFO] [stderr]   Downloaded mime v0.2.6
[INFO] [stderr]   Downloaded phf v0.8.0
[INFO] [stderr]   Downloaded retry v1.3.1
[INFO] [stderr]   Downloaded standback v0.2.17
[INFO] [stderr]   Downloaded chrono-tz-build v0.3.0
[INFO] [stderr]   Downloaded slug v0.1.6
[INFO] [stderr]   Downloaded unic-char-range v0.9.0
[INFO] [stderr]   Downloaded unicase v1.4.2
[INFO] [stderr]   Downloaded globwalk v0.9.1
[INFO] [stderr]   Downloaded semver-parser v0.10.2
[INFO] [stderr]   Downloaded semver v0.11.0
[INFO] [stderr]   Downloaded yaml-rust v0.4.5
[INFO] [stderr]   Downloaded deunicode v1.6.0
[INFO] [stderr]   Downloaded tera v1.20.0
[INFO] [stderr]   Downloaded parse-zoneinfo v0.3.1
[INFO] [stderr]   Downloaded hyper v0.10.16
[INFO] [stderr]   Downloaded rand v0.7.3
[INFO] [stderr]   Downloaded url v1.7.2
[INFO] [stderr]   Downloaded base64 v0.11.0
[INFO] [stderr]   Downloaded rustls v0.17.0
[INFO] [stderr]   Downloaded rustls v0.18.1
[INFO] [stderr]   Downloaded webpki-roots v0.19.0
[INFO] [stderr]   Downloaded webpki-roots v0.20.0
[INFO] [stderr]   Downloaded stdweb v0.4.20
[INFO] [stderr]   Downloaded idna v0.1.5
[INFO] [stderr]   Downloaded webpki v0.21.4
[INFO] [stderr]   Downloaded markup5ever v0.10.1
[INFO] [stderr]   Downloaded base64 v0.9.3
[INFO] [stderr]   Downloaded chrono-tz v0.9.0
[INFO] [stderr]   Downloaded base64 v0.12.3
[INFO] [stderr]   Downloaded serde_yaml v0.8.26
[INFO] [stderr]   Downloaded ignore v0.4.23
[INFO] [stderr]   Downloaded unic-ucd-segment v0.9.0
[INFO] [stderr]   Downloaded hyper-sync-rustls v0.3.0-rc.17
[INFO] [stderr]   Downloaded const_fn v0.4.10
[INFO] [stderr]   Downloaded cookie v0.14.4
[INFO] [stderr]   Downloaded time-macros-impl v0.1.2
[INFO] [stderr]   Downloaded cookie_store v0.12.0
[INFO] [stderr]   Downloaded proc-macro-error2 v2.0.1
[INFO] [stderr]   Downloaded indicatif v0.15.0
[INFO] [stderr]   Downloaded miow v0.3.7
[INFO] [stderr]   Downloaded cssparser v0.27.2
[INFO] [stderr]   Downloaded phf_codegen v0.11.2
[INFO] [stderr]   Downloaded unic-segment v0.9.0
[INFO] [stderr]   Downloaded acick-config v0.2.0
[INFO] [stderr]   Downloaded wasi v0.10.0+wasi-snapshot-preview1
[INFO] [stderr]   Downloaded time v0.1.45
[INFO] [stderr]   Downloaded acick-dropbox v0.2.0
[INFO] [stderr]   Downloaded publicsuffix v1.5.6
[INFO] [stderr]   Downloaded base-x v0.2.11
[INFO] [stderr]   Downloaded dropbox-sdk v0.6.0
[INFO] [stderr]   Downloaded stdweb-internal-macros v0.2.9
[INFO] [stderr]   Downloaded dirs v3.0.2
[INFO] [stderr]   Downloaded widestring v0.4.3
[INFO] [stderr]   Downloaded wasi v0.9.0+wasi-snapshot-preview1
[INFO] [stderr]   Downloaded servo_arc v0.1.1
[INFO] [stderr]   Downloaded language-tags v0.2.2
[INFO] [stderr]   Downloaded sha1_smol v1.0.1
[INFO] [stderr]   Downloaded time v0.2.27
[INFO] [stderr]   Downloaded getset v0.1.3
[INFO] [stderr]   Downloaded fuchsia-zircon v0.3.3
[INFO] [stderr]   Downloaded html5ever v0.25.2
[INFO] [stderr]   Downloaded dtoa-short v0.3.5
[INFO] [stderr]   Downloaded rand_hc v0.2.0
[INFO] [stderr]   Downloaded rand_pcg v0.2.1
[INFO] [stderr]   Downloaded time-macros v0.1.1
[INFO] [stderr]   Downloaded maplit v1.0.2
[INFO] [stderr]   Downloaded mio-uds v0.6.8
[INFO] [stderr]   Downloaded getopts v0.2.21
[INFO] [stderr]   Downloaded cssparser-macros v0.6.1
[INFO] [stderr]   Downloaded typeable v0.1.2
[INFO] [stderr]   Downloaded discard v1.0.4
[INFO] [stderr]   Downloaded phf_shared v0.8.0
[INFO] [stderr]   Downloaded unic-char-property v0.9.0
[INFO] [stderr]   Downloaded acick-util v0.2.0
[INFO] [stderr]   Downloaded miow v0.2.2
[INFO] [stderr]   Downloaded ego-tree v0.6.3
[INFO] [stderr]   Downloaded string_cache_codegen v0.5.2
[INFO] [stderr]   Downloaded getrandom v0.1.16
[INFO] [stderr]   Downloaded fuchsia-zircon-sys v0.3.3
[INFO] [stderr]   Downloaded proc-macro-hack v0.5.20+deprecated
[INFO] [stderr]   Downloaded phf_generator v0.8.0
[INFO] [stderr]   Downloaded hyper-rustls v0.21.0
[INFO] [stderr]   Downloaded rand_chacha v0.2.2
[INFO] [stderr]   Downloaded mio-named-pipes v0.1.7
[INFO] [stderr]   Downloaded tokio-rustls v0.14.1
[INFO] [stderr]   Downloaded winreg v0.7.0
[INFO] [stderr]   Downloaded traitobject v0.1.0
[INFO] [stderr]   Downloaded bytefmt v0.1.7
[INFO] [stderr]   Downloaded sha1 v0.6.1
[INFO] [stderr]   Downloaded stdweb-internal-runtime v0.1.5
[INFO] [stderr]   Downloaded proc-macro-error-attr2 v2.0.0
[INFO] [stderr]   Downloaded shellexpand v2.1.2
[INFO] [stderr]   Downloaded ws2_32-sys v0.2.1
[INFO] [stderr]   Downloaded dtoa v1.0.9
[INFO] [stderr]   Downloaded thin-slice v0.1.1
[INFO] [stderr]   Downloaded mac v0.1.1
[INFO] running `Command { std: "docker" "create" "-v" "/var/lib/crater-agent-workspace/builds/worker-4-tc1/target:/opt/rustwide/target:rw,Z" "-v" "/var/lib/crater-agent-workspace/builds/worker-4-tc1/source:/opt/rustwide/workdir:ro,Z" "-v" "/var/lib/crater-agent-workspace/cargo-home:/opt/rustwide/cargo-home:ro,Z" "-v" "/var/lib/crater-agent-workspace/rustup-home:/opt/rustwide/rustup-home:ro,Z" "-e" "SOURCE_DIR=/opt/rustwide/workdir" "-e" "CARGO_TARGET_DIR=/opt/rustwide/target" "-e" "CARGO_HOME=/opt/rustwide/cargo-home" "-e" "RUSTUP_HOME=/opt/rustwide/rustup-home" "-w" "/opt/rustwide/workdir" "-m" "1610612736" "--user" "0:0" "--network" "none" "ghcr.io/rust-lang/crates-build-env/linux@sha256:4a844ea9eb2546a2d2c7022eacef16ef2e8229c7fbb2c7d4d55a9ceca922f72d" "/opt/rustwide/cargo-home/bin/cargo" "+nightly-2024-10-28" "metadata" "--no-deps" "--format-version=1", kill_on_drop: false }`
[INFO] [stdout] 780b7d3021bc38db4392ad5a7a3cd6aab14ba4f88087c8ff404917ea89099a60
[INFO] running `Command { std: "docker" "start" "-a" "780b7d3021bc38db4392ad5a7a3cd6aab14ba4f88087c8ff404917ea89099a60", kill_on_drop: false }`
[INFO] running `Command { std: "docker" "inspect" "780b7d3021bc38db4392ad5a7a3cd6aab14ba4f88087c8ff404917ea89099a60", kill_on_drop: false }`
[INFO] running `Command { std: "docker" "rm" "-f" "780b7d3021bc38db4392ad5a7a3cd6aab14ba4f88087c8ff404917ea89099a60", kill_on_drop: false }`
[INFO] [stdout] 780b7d3021bc38db4392ad5a7a3cd6aab14ba4f88087c8ff404917ea89099a60
[INFO] running `Command { std: "docker" "create" "-v" "/var/lib/crater-agent-workspace/builds/worker-4-tc1/target:/opt/rustwide/target:rw,Z" "-v" "/var/lib/crater-agent-workspace/builds/worker-4-tc1/source:/opt/rustwide/workdir:ro,Z" "-v" "/var/lib/crater-agent-workspace/cargo-home:/opt/rustwide/cargo-home:ro,Z" "-v" "/var/lib/crater-agent-workspace/rustup-home:/opt/rustwide/rustup-home:ro,Z" "-e" "SOURCE_DIR=/opt/rustwide/workdir" "-e" "CARGO_TARGET_DIR=/opt/rustwide/target" "-e" "CARGO_INCREMENTAL=0" "-e" "RUST_BACKTRACE=full" "-e" "RUSTFLAGS=--cap-lints=forbid" "-e" "RUSTDOCFLAGS=--cap-lints=forbid" "-e" "CARGO_HOME=/opt/rustwide/cargo-home" "-e" "RUSTUP_HOME=/opt/rustwide/rustup-home" "-w" "/opt/rustwide/workdir" "-m" "1610612736" "--user" "0:0" "--network" "none" "ghcr.io/rust-lang/crates-build-env/linux@sha256:4a844ea9eb2546a2d2c7022eacef16ef2e8229c7fbb2c7d4d55a9ceca922f72d" "/opt/rustwide/cargo-home/bin/cargo" "+nightly-2024-10-28" "build" "--frozen" "--message-format=json", kill_on_drop: false }`
[INFO] [stdout] 2524c3dd34bc739fc92b6325abb711a80beea76b3cbf0c731e031a00c750bd0c
[INFO] running `Command { std: "docker" "start" "-a" "2524c3dd34bc739fc92b6325abb711a80beea76b3cbf0c731e031a00c750bd0c", kill_on_drop: false }`
[INFO] [stderr] warning: `default_features` is deprecated in favor of `default-features` and will not work in the 2024 edition
[INFO] [stderr] (in the `reqwest` dependency)
[INFO] [stderr]    Compiling libc v0.2.161
[INFO] [stderr]    Compiling byteorder v1.5.0
[INFO] [stderr]    Compiling syn v1.0.109
[INFO] [stderr]    Compiling siphasher v0.3.11
[INFO] [stderr]    Compiling log v0.4.22
[INFO] [stderr]    Compiling once_cell v1.20.2
[INFO] [stderr]    Compiling getrandom v0.1.16
[INFO] [stderr]    Compiling proc-macro-hack v0.5.20+deprecated
[INFO] [stderr]    Compiling serde v1.0.214
[INFO] [stderr]    Compiling cc v1.1.31
[INFO] [stderr]    Compiling aho-corasick v1.1.3
[INFO] [stderr]    Compiling spin v0.5.2
[INFO] [stderr]    Compiling unicode-bidi v0.3.17
[INFO] [stderr]    Compiling syn v2.0.86
[INFO] [stderr]    Compiling untrusted v0.7.1
[INFO] [stderr]    Compiling matches v0.1.10
[INFO] [stderr]    Compiling percent-encoding v2.3.1
[INFO] [stderr]    Compiling futures-core v0.3.31
[INFO] [stderr]    Compiling phf_shared v0.8.0
[INFO] [stderr]    Compiling fnv v1.0.7
[INFO] [stderr]    Compiling phf_shared v0.10.0
[INFO] [stderr]    Compiling bytes v0.5.6
[INFO] [stderr]    Compiling standback v0.2.17
[INFO] [stderr]    Compiling lock_api v0.4.12
[INFO] [stderr]    Compiling indexmap v1.9.3
[INFO] [stderr]    Compiling crossbeam-utils v0.8.20
[INFO] [stderr]    Compiling pin-project-lite v0.1.12
[INFO] [stderr]    Compiling httparse v1.9.5
[INFO] [stderr]    Compiling parking_lot_core v0.9.10
[INFO] [stderr]    Compiling form_urlencoded v1.2.1
[INFO] [stderr]    Compiling tracing-core v0.1.32
[INFO] [stderr]    Compiling phf_shared v0.11.2
[INFO] [stderr]    Compiling bytes v1.8.0
[INFO] [stderr]    Compiling itoa v0.4.8
[INFO] [stderr]    Compiling hashbrown v0.12.3
[INFO] [stderr]    Compiling new_debug_unreachable v1.0.6
[INFO] [stderr]    Compiling idna v0.5.0
[INFO] [stderr]    Compiling precomputed-hash v0.1.1
[INFO] [stderr]    Compiling futures-sink v0.3.31
[INFO] [stderr]    Compiling mac v0.1.1
[INFO] [stderr]    Compiling tracing v0.1.40
[INFO] [stderr]    Compiling ucd-trie v0.1.7
[INFO] [stderr]    Compiling const_fn v0.4.10
[INFO] [stderr]    Compiling futf v0.1.5
[INFO] [stderr]    Compiling http v0.2.12
[INFO] [stderr]    Compiling crossbeam-epoch v0.9.18
[INFO] [stderr]    Compiling time v0.2.27
[INFO] [stderr]    Compiling unicode-width v0.1.14
[INFO] [stderr]    Compiling url v2.5.2
[INFO] [stderr]    Compiling base64 v0.12.3
[INFO] [stderr]    Compiling utf-8 v0.7.6
[INFO] [stderr]    Compiling try-lock v0.2.5
[INFO] [stderr]    Compiling dtoa v1.0.9
[INFO] [stderr]    Compiling regex-automata v0.4.8
[INFO] [stderr]    Compiling unicase v2.8.0
[INFO] [stderr]    Compiling dtoa-short v0.3.5
[INFO] [stderr]    Compiling crossbeam-deque v0.8.5
[INFO] [stderr]    Compiling tendril v0.4.3
[INFO] [stderr]    Compiling want v0.3.1
[INFO] [stderr]    Compiling mime_guess v2.0.5
[INFO] [stderr]    Compiling phf v0.11.2
[INFO] [stderr]    Compiling futures-channel v0.3.31
[INFO] [stderr]    Compiling cookie v0.14.4
[INFO] [stderr]    Compiling unicode-segmentation v1.12.0
[INFO] [stderr]    Compiling tower-service v0.3.3
[INFO] [stderr]    Compiling convert_case v0.4.0
[INFO] [stderr]    Compiling version_check v0.1.5
[INFO] [stderr]    Compiling httpdate v0.3.2
[INFO] [stderr]    Compiling ring v0.16.20
[INFO] [stderr]    Compiling nodrop v0.1.14
[INFO] [stderr]    Compiling idna v0.2.3
[INFO] [stderr]    Compiling servo_arc v0.1.1
[INFO] [stderr]    Compiling fxhash v0.2.1
[INFO] [stderr]    Compiling unicase v1.4.2
[INFO] [stderr]    Compiling proc-macro-error-attr2 v2.0.0
[INFO] [stderr]    Compiling bstr v1.10.0
[INFO] [stderr]    Compiling http-body v0.3.1
[INFO] [stderr]    Compiling getrandom v0.2.15
[INFO] [stderr]    Compiling iovec v0.1.4
[INFO] [stderr]    Compiling num_cpus v1.16.0
[INFO] [stderr]    Compiling net2 v0.2.39
[INFO] [stderr]    Compiling signal-hook-registry v1.4.2
[INFO] [stderr]    Compiling rand_core v0.6.4
[INFO] [stderr]    Compiling rand_core v0.5.1
[INFO] [stderr]    Compiling socket2 v0.3.19
[INFO] [stderr]    Compiling dirs-sys v0.3.7
[INFO] [stderr]    Compiling rand_pcg v0.2.1
[INFO] [stderr]    Compiling mio v0.6.23
[INFO] [stderr]    Compiling parking_lot v0.12.3
[INFO] [stderr]    Compiling heck v0.3.3
[INFO] [stderr]    Compiling anyhow v1.0.91
[INFO] [stderr]    Compiling unic-common v0.9.0
[INFO] [stderr]    Compiling bitflags v1.3.2
[INFO] [stderr]    Compiling mime v0.3.17
[INFO] [stderr]    Compiling unic-char-range v0.9.0
[INFO] [stderr]    Compiling same-file v1.0.6
[INFO] [stderr]    Compiling thin-slice v0.1.1
[INFO] [stderr]    Compiling bitflags v2.6.0
[INFO] [stderr]    Compiling libm v0.2.11
[INFO] [stderr]    Compiling walkdir v2.5.0
[INFO] [stderr]    Compiling unic-char-property v0.9.0
[INFO] [stderr]    Compiling unic-ucd-version v0.9.0
[INFO] [stderr]    Compiling dirs v4.0.0
[INFO] [stderr]    Compiling publicsuffix v1.5.6
[INFO] [stderr]    Compiling console v0.15.8
[INFO] [stderr]    Compiling getopts v0.2.21
[INFO] [stderr]    Compiling idna v0.1.5
[INFO] [stderr]    Compiling log v0.3.9
[INFO] [stderr]    Compiling encoding_rs v0.8.35
[INFO] [stderr]    Compiling percent-encoding v1.0.1
[INFO] [stderr]    Compiling number_prefix v0.3.0
[INFO] [stderr]    Compiling base64 v0.13.1
[INFO] [stderr]    Compiling safemem v0.3.3
[INFO] [stderr]    Compiling mio-uds v0.6.8
[INFO] [stderr]    Compiling ego-tree v0.6.3
[INFO] [stderr]    Compiling ipnet v2.10.1
[INFO] [stderr]    Compiling humantime v2.1.0
[INFO] [stderr]    Compiling base64 v0.9.3
[INFO] [stderr]    Compiling url v1.7.2
[INFO] [stderr]    Compiling chrono v0.4.38
[INFO] [stderr]    Compiling mime v0.2.6
[INFO] [stderr]    Compiling shellexpand v2.1.2
[INFO] [stderr]    Compiling unic-ucd-segment v0.9.0
[INFO] [stderr]    Compiling dirs v3.0.2
[INFO] [stderr]    Compiling fs2 v0.4.3
[INFO] [stderr]    Compiling time v0.1.45
[INFO] [stderr]    Compiling deunicode v1.6.0
[INFO] [stderr]    Compiling rayon-core v1.12.1
[INFO] [stderr]    Compiling base64 v0.11.0
[INFO] [stderr]    Compiling rustix v0.38.38
[INFO] [stderr]    Compiling typeable v0.1.2
[INFO] [stderr]    Compiling language-tags v0.2.2
[INFO] [stderr]    Compiling regex v1.11.1
[INFO] [stderr]    Compiling globset v0.4.15
[INFO] [stderr]    Compiling traitobject v0.1.0
[INFO] [stderr]    Compiling webbrowser v0.5.5
[INFO] [stderr]    Compiling hyper v0.10.16
[INFO] [stderr]    Compiling unic-segment v0.9.0
[INFO] [stderr]    Compiling humansize v2.1.3
[INFO] [stderr]    Compiling slug v0.1.6
[INFO] [stderr]    Compiling parse-zoneinfo v0.3.1
[INFO] [stderr]    Compiling proc-macro-error2 v2.0.1
[INFO] [stderr]    Compiling ignore v0.4.23
[INFO] [stderr]    Compiling bytefmt v0.1.7
[INFO] [stderr]    Compiling indicatif v0.15.0
[INFO] [stderr]    Compiling yaml-rust v0.4.5
[INFO] [stderr]    Compiling linux-raw-sys v0.4.14
[INFO] [stderr]    Compiling either v1.13.0
[INFO] [stderr]    Compiling fastrand v2.1.1
[INFO] [stderr]    Compiling maplit v1.0.2
[INFO] [stderr]    Compiling globwalk v0.9.1
[INFO] [stderr]    Compiling rayon v1.10.0
[INFO] [stderr]    Compiling tokio-macros v0.2.6
[INFO] [stderr]    Compiling time-macros-impl v0.1.2
[INFO] [stderr]    Compiling cssparser v0.27.2
[INFO] [stderr]    Compiling html5ever v0.25.2
[INFO] [stderr]    Compiling strum_macros v0.19.4
[INFO] [stderr]    Compiling zerocopy-derive v0.7.35
[INFO] [stderr]    Compiling serde_derive v1.0.214
[INFO] [stderr]    Compiling thiserror-impl v1.0.66
[INFO] [stderr]    Compiling pin-project-internal v1.1.7
[INFO] [stderr]    Compiling futures-macro v0.3.31
[INFO] [stderr]    Compiling cssparser-macros v0.6.1
[INFO] [stderr]    Compiling derive_more v0.99.18
[INFO] [stderr]    Compiling webpki v0.21.4
[INFO] [stderr]    Compiling tokio v0.2.25
[INFO] [stderr]    Compiling sct v0.6.1
[INFO] [stderr]    Compiling time-macros v0.1.1
[INFO] [stderr]    Compiling rustls v0.18.1
[INFO] [stderr]    Compiling zerocopy v0.7.35
[INFO] [stderr]    Compiling futures-util v0.3.31
[INFO] [stderr]    Compiling webpki-roots v0.20.0
[INFO] [stderr]    Compiling strum v0.19.5
[INFO] [stderr]    Compiling getset v0.1.3
[INFO] [stderr]    Compiling rustls v0.17.0
[INFO] [stderr]    Compiling pin-project v1.1.7
[INFO] [stderr]    Compiling tracing-futures v0.2.5
[INFO] [stderr]    Compiling thiserror v1.0.66
[INFO] [stderr]    Compiling pest v2.7.14
[INFO] [stderr]    Compiling webpki-roots v0.19.0
[INFO] [stderr]    Compiling tempfile v3.13.0
[INFO] [stderr]    Compiling ppv-lite86 v0.2.20
[INFO] [stderr]    Compiling rand_chacha v0.3.1
[INFO] [stderr]    Compiling rand_chacha v0.2.2
[INFO] [stderr]    Compiling rand v0.8.5
[INFO] [stderr]    Compiling rand v0.7.3
[INFO] [stderr]    Compiling pest_meta v2.7.14
[INFO] [stderr]    Compiling semver-parser v0.10.2
[INFO] [stderr]    Compiling hyper-sync-rustls v0.3.0-rc.17
[INFO] [stderr]    Compiling phf_generator v0.10.0
[INFO] [stderr]    Compiling phf_generator v0.11.2
[INFO] [stderr]    Compiling retry v1.3.1
[INFO] [stderr]    Compiling string_cache_codegen v0.5.2
[INFO] [stderr]    Compiling phf_codegen v0.11.2
[INFO] [stderr]    Compiling semver v0.11.0
[INFO] [stderr]    Compiling phf_generator v0.8.0
[INFO] [stderr]    Compiling chrono-tz-build v0.3.0
[INFO] [stderr]    Compiling phf_codegen v0.8.0
[INFO] [stderr]    Compiling phf_macros v0.8.0
[INFO] [stderr]    Compiling selectors v0.22.0
[INFO] [stderr]    Compiling tokio-util v0.3.1
[INFO] [stderr]    Compiling tokio-rustls v0.14.1
[INFO] [stderr]    Compiling markup5ever v0.10.1
[INFO] [stderr]    Compiling pest_generator v2.7.14
[INFO] [stderr]    Compiling chrono-tz v0.9.0
[INFO] [stderr]    Compiling h2 v0.2.7
[INFO] [stderr]    Compiling phf v0.8.0
[INFO] [stderr]    Compiling pest_derive v2.7.14
[INFO] [stderr]    Compiling serde_json v1.0.132
[INFO] [stderr]    Compiling string_cache v0.8.7
[INFO] [stderr]    Compiling serde_urlencoded v0.7.1
[INFO] [stderr]    Compiling humantime-serde v1.1.1
[INFO] [stderr]    Compiling serde_yaml v0.8.26
[INFO] [stderr]    Compiling cookie_store v0.12.0
[INFO] [stderr]    Compiling dropbox-sdk v0.6.0
[INFO] [stderr]    Compiling scraper v0.12.0
[INFO] [stderr]    Compiling hyper v0.13.10
[INFO] [stderr]    Compiling tera v1.20.0
[INFO] [stderr]    Compiling hyper-rustls v0.21.0
[INFO] [stderr]    Compiling reqwest v0.10.10
[INFO] [stderr]    Compiling acick-util v0.2.0
[INFO] [stderr]    Compiling acick-config v0.2.0
[INFO] [stderr]    Compiling acick-dropbox v0.2.0
[INFO] [stderr]    Compiling acick-atcoder v0.2.0 (/opt/rustwide/workdir)
[INFO] [stdout] warning: unused import: `LoginPage`
[INFO] [stdout]   --> src/page/mod.rs:19:17
[INFO] [stdout]    |
[INFO] [stdout] 19 | pub use login::{LoginPage, LoginPageBuilder};
[INFO] [stdout]    |                 ^^^^^^^^^
[INFO] [stdout]    |
[INFO] [stdout]    = note: `#[warn(unused_imports)]` on by default
[INFO] [stdout] 
[INFO] [stdout] 
[INFO] [stdout] warning: unused import: `SettingsPage`
[INFO] [stdout]   --> src/page/mod.rs:20:20
[INFO] [stdout]    |
[INFO] [stdout] 20 | pub use settings::{SettingsPage, SettingsPageBuilder};
[INFO] [stdout]    |                    ^^^^^^^^^^^^
[INFO] [stdout] 
[INFO] [stdout] 
[INFO] [stdout] warning: unused import: `SubmitPage`
[INFO] [stdout]   --> src/page/mod.rs:21:18
[INFO] [stdout]    |
[INFO] [stdout] 21 | pub use submit::{SubmitPage, SubmitPageBuilder};
[INFO] [stdout]    |                  ^^^^^^^^^^
[INFO] [stdout] 
[INFO] [stdout] 
[INFO] [stdout] warning: unused import: `TasksPage`
[INFO] [stdout]   --> src/page/mod.rs:22:17
[INFO] [stdout]    |
[INFO] [stdout] 22 | pub use tasks::{TasksPage, TasksPageBuilder};
[INFO] [stdout]    |                 ^^^^^^^^^
[INFO] [stdout] 
[INFO] [stdout] 
[INFO] [stdout] warning: unused import: `TasksPrintPage`
[INFO] [stdout]   --> src/page/mod.rs:23:23
[INFO] [stdout]    |
[INFO] [stdout] 23 | pub use tasks_print::{TasksPrintPage, TasksPrintPageBuilder};
[INFO] [stdout]    |                       ^^^^^^^^^^^^^^
[INFO] [stdout] 
[INFO] [stdout] 
[INFO] [stdout] warning: method `is_logged_in_as` is never used
[INFO] [stdout]   --> src/page/mod.rs:75:8
[INFO] [stdout]    |
[INFO] [stdout] 49 | pub trait HasHeader: Scrape {
[INFO] [stdout]    |           --------- method in this trait
[INFO] [stdout] ...
[INFO] [stdout] 75 |     fn is_logged_in_as(&self, user: &str) -> Result<bool> {
[INFO] [stdout]    |        ^^^^^^^^^^^^^^^
[INFO] [stdout]    |
[INFO] [stdout]    = note: `#[warn(dead_code)]` on by default
[INFO] [stdout] 
[INFO] [stdout] 
[INFO] [stderr]     Finished `dev` profile [unoptimized + debuginfo] target(s) in 19.13s
[INFO] [stderr] warning: the following packages contain code that will be rejected by a future version of Rust: traitobject v0.1.0
[INFO] [stderr] note: to see what the problems were, use the option `--future-incompat-report`, or run `cargo report future-incompatibilities --id 1`
[INFO] running `Command { std: "docker" "inspect" "2524c3dd34bc739fc92b6325abb711a80beea76b3cbf0c731e031a00c750bd0c", kill_on_drop: false }`
[INFO] running `Command { std: "docker" "rm" "-f" "2524c3dd34bc739fc92b6325abb711a80beea76b3cbf0c731e031a00c750bd0c", kill_on_drop: false }`
[INFO] [stdout] 2524c3dd34bc739fc92b6325abb711a80beea76b3cbf0c731e031a00c750bd0c
[INFO] running `Command { std: "docker" "create" "-v" "/var/lib/crater-agent-workspace/builds/worker-4-tc1/target:/opt/rustwide/target:rw,Z" "-v" "/var/lib/crater-agent-workspace/builds/worker-4-tc1/source:/opt/rustwide/workdir:ro,Z" "-v" "/var/lib/crater-agent-workspace/cargo-home:/opt/rustwide/cargo-home:ro,Z" "-v" "/var/lib/crater-agent-workspace/rustup-home:/opt/rustwide/rustup-home:ro,Z" "-e" "SOURCE_DIR=/opt/rustwide/workdir" "-e" "CARGO_TARGET_DIR=/opt/rustwide/target" "-e" "CARGO_INCREMENTAL=0" "-e" "RUST_BACKTRACE=full" "-e" "RUSTFLAGS=--cap-lints=forbid" "-e" "RUSTDOCFLAGS=--cap-lints=forbid" "-e" "CARGO_HOME=/opt/rustwide/cargo-home" "-e" "RUSTUP_HOME=/opt/rustwide/rustup-home" "-w" "/opt/rustwide/workdir" "-m" "1610612736" "--user" "0:0" "--network" "none" "ghcr.io/rust-lang/crates-build-env/linux@sha256:4a844ea9eb2546a2d2c7022eacef16ef2e8229c7fbb2c7d4d55a9ceca922f72d" "/opt/rustwide/cargo-home/bin/cargo" "+nightly-2024-10-28" "test" "--frozen" "--no-run" "--message-format=json", kill_on_drop: false }`
[INFO] [stdout] a2b3f1f50a0c5e4c2a17499ba7a55de63b0033a848ea5f9e0c5205b42b07a071
[INFO] running `Command { std: "docker" "start" "-a" "a2b3f1f50a0c5e4c2a17499ba7a55de63b0033a848ea5f9e0c5205b42b07a071", kill_on_drop: false }`
[INFO] [stderr] warning: `default_features` is deprecated in favor of `default-features` and will not work in the 2024 edition
[INFO] [stderr] (in the `reqwest` dependency)
[INFO] [stdout] warning: unused import: `LoginPage`
[INFO] [stdout]   --> src/page/mod.rs:19:17
[INFO] [stdout]    |
[INFO] [stdout] 19 | pub use login::{LoginPage, LoginPageBuilder};
[INFO] [stdout]    |                 ^^^^^^^^^
[INFO] [stdout]    |
[INFO] [stdout]    = note: `#[warn(unused_imports)]` on by default
[INFO] [stdout] 
[INFO] [stdout] 
[INFO] [stdout] warning: unused import: `SettingsPage`
[INFO] [stdout]   --> src/page/mod.rs:20:20
[INFO] [stdout]    |
[INFO] [stdout] 20 | pub use settings::{SettingsPage, SettingsPageBuilder};
[INFO] [stdout]    |                    ^^^^^^^^^^^^
[INFO] [stdout] 
[INFO] [stdout] 
[INFO] [stdout] warning: unused import: `SubmitPage`
[INFO] [stdout]   --> src/page/mod.rs:21:18
[INFO] [stdout]    |
[INFO] [stdout] 21 | pub use submit::{SubmitPage, SubmitPageBuilder};
[INFO] [stdout]    |                  ^^^^^^^^^^
[INFO] [stdout] 
[INFO] [stdout] 
[INFO] [stdout] warning: unused import: `TasksPage`
[INFO] [stdout]   --> src/page/mod.rs:22:17
[INFO] [stdout]    |
[INFO] [stdout] 22 | pub use tasks::{TasksPage, TasksPageBuilder};
[INFO] [stdout]    |                 ^^^^^^^^^
[INFO] [stdout] 
[INFO] [stdout] 
[INFO] [stderr]    Compiling acick-atcoder v0.2.0 (/opt/rustwide/workdir)
[INFO] [stdout] warning: unused import: `TasksPrintPage`
[INFO] [stdout]   --> src/page/mod.rs:23:23
[INFO] [stdout]    |
[INFO] [stdout] 23 | pub use tasks_print::{TasksPrintPage, TasksPrintPageBuilder};
[INFO] [stdout]    |                       ^^^^^^^^^^^^^^
[INFO] [stdout] 
[INFO] [stdout] 
[INFO] [stdout] warning: method `is_logged_in_as` is never used
[INFO] [stdout]   --> src/page/mod.rs:75:8
[INFO] [stdout]    |
[INFO] [stdout] 49 | pub trait HasHeader: Scrape {
[INFO] [stdout]    |           --------- method in this trait
[INFO] [stdout] ...
[INFO] [stdout] 75 |     fn is_logged_in_as(&self, user: &str) -> Result<bool> {
[INFO] [stdout]    |        ^^^^^^^^^^^^^^^
[INFO] [stdout]    |
[INFO] [stdout]    = note: `#[warn(dead_code)]` on by default
[INFO] [stdout] 
[INFO] [stdout] 
[INFO] [stdout] warning: unused import: `LoginPage`
[INFO] [stdout]   --> src/page/mod.rs:19:17
[INFO] [stdout]    |
[INFO] [stdout] 19 | pub use login::{LoginPage, LoginPageBuilder};
[INFO] [stdout]    |                 ^^^^^^^^^
[INFO] [stdout]    |
[INFO] [stdout]    = note: `#[warn(unused_imports)]` on by default
[INFO] [stdout] 
[INFO] [stdout] 
[INFO] [stdout] warning: unused import: `SettingsPage`
[INFO] [stdout]   --> src/page/mod.rs:20:20
[INFO] [stdout]    |
[INFO] [stdout] 20 | pub use settings::{SettingsPage, SettingsPageBuilder};
[INFO] [stdout]    |                    ^^^^^^^^^^^^
[INFO] [stdout] 
[INFO] [stdout] 
[INFO] [stdout] warning: unused import: `SubmitPage`
[INFO] [stdout]   --> src/page/mod.rs:21:18
[INFO] [stdout]    |
[INFO] [stdout] 21 | pub use submit::{SubmitPage, SubmitPageBuilder};
[INFO] [stdout]    |                  ^^^^^^^^^^
[INFO] [stdout] 
[INFO] [stdout] 
[INFO] [stdout] warning: unused import: `TasksPage`
[INFO] [stdout]   --> src/page/mod.rs:22:17
[INFO] [stdout]    |
[INFO] [stdout] 22 | pub use tasks::{TasksPage, TasksPageBuilder};
[INFO] [stdout]    |                 ^^^^^^^^^
[INFO] [stdout] 
[INFO] [stdout] 
[INFO] [stdout] warning: unused import: `TasksPrintPage`
[INFO] [stdout]   --> src/page/mod.rs:23:23
[INFO] [stdout]    |
[INFO] [stdout] 23 | pub use tasks_print::{TasksPrintPage, TasksPrintPageBuilder};
[INFO] [stdout]    |                       ^^^^^^^^^^^^^^
[INFO] [stdout] 
[INFO] [stdout] 
[INFO] [stdout] warning: method `is_logged_in_as` is never used
[INFO] [stdout]   --> src/page/mod.rs:75:8
[INFO] [stdout]    |
[INFO] [stdout] 49 | pub trait HasHeader: Scrape {
[INFO] [stdout]    |           --------- method in this trait
[INFO] [stdout] ...
[INFO] [stdout] 75 |     fn is_logged_in_as(&self, user: &str) -> Result<bool> {
[INFO] [stdout]    |        ^^^^^^^^^^^^^^^
[INFO] [stdout]    |
[INFO] [stdout]    = note: `#[warn(dead_code)]` on by default
[INFO] [stdout] 
[INFO] [stdout] 
[INFO] [stderr]     Finished `test` profile [unoptimized + debuginfo] target(s) in 3.21s
[INFO] [stderr] warning: the following packages contain code that will be rejected by a future version of Rust: traitobject v0.1.0
[INFO] [stderr] note: to see what the problems were, use the option `--future-incompat-report`, or run `cargo report future-incompatibilities --id 1`
[INFO] running `Command { std: "docker" "inspect" "a2b3f1f50a0c5e4c2a17499ba7a55de63b0033a848ea5f9e0c5205b42b07a071", kill_on_drop: false }`
[INFO] running `Command { std: "docker" "rm" "-f" "a2b3f1f50a0c5e4c2a17499ba7a55de63b0033a848ea5f9e0c5205b42b07a071", kill_on_drop: false }`
[INFO] [stdout] a2b3f1f50a0c5e4c2a17499ba7a55de63b0033a848ea5f9e0c5205b42b07a071
[INFO] running `Command { std: "docker" "create" "-v" "/var/lib/crater-agent-workspace/builds/worker-4-tc1/target:/opt/rustwide/target:rw,Z" "-v" "/var/lib/crater-agent-workspace/builds/worker-4-tc1/source:/opt/rustwide/workdir:ro,Z" "-v" "/var/lib/crater-agent-workspace/cargo-home:/opt/rustwide/cargo-home:ro,Z" "-v" "/var/lib/crater-agent-workspace/rustup-home:/opt/rustwide/rustup-home:ro,Z" "-e" "SOURCE_DIR=/opt/rustwide/workdir" "-e" "CARGO_TARGET_DIR=/opt/rustwide/target" "-e" "CARGO_INCREMENTAL=0" "-e" "RUST_BACKTRACE=full" "-e" "RUSTFLAGS=--cap-lints=forbid" "-e" "RUSTDOCFLAGS=--cap-lints=forbid" "-e" "CARGO_HOME=/opt/rustwide/cargo-home" "-e" "RUSTUP_HOME=/opt/rustwide/rustup-home" "-w" "/opt/rustwide/workdir" "-m" "1610612736" "--user" "0:0" "--network" "none" "ghcr.io/rust-lang/crates-build-env/linux@sha256:4a844ea9eb2546a2d2c7022eacef16ef2e8229c7fbb2c7d4d55a9ceca922f72d" "/opt/rustwide/cargo-home/bin/cargo" "+nightly-2024-10-28" "test" "--frozen", kill_on_drop: false }`
[INFO] [stdout] ee4bd7fa440e6d740a91636d314d5fefc20863b9266a66dc49155aa85502598b
[INFO] running `Command { std: "docker" "start" "-a" "ee4bd7fa440e6d740a91636d314d5fefc20863b9266a66dc49155aa85502598b", kill_on_drop: false }`
[INFO] [stderr] warning: `default_features` is deprecated in favor of `default-features` and will not work in the 2024 edition
[INFO] [stderr] (in the `reqwest` dependency)
[INFO] [stderr] warning: unused import: `LoginPage`
[INFO] [stderr]   --> src/page/mod.rs:19:17
[INFO] [stderr]    |
[INFO] [stderr] 19 | pub use login::{LoginPage, LoginPageBuilder};
[INFO] [stderr]    |                 ^^^^^^^^^
[INFO] [stderr]    |
[INFO] [stderr]    = note: `#[warn(unused_imports)]` on by default
[INFO] [stderr] 
[INFO] [stderr] warning: unused import: `SettingsPage`
[INFO] [stderr]   --> src/page/mod.rs:20:20
[INFO] [stderr]    |
[INFO] [stderr] 20 | pub use settings::{SettingsPage, SettingsPageBuilder};
[INFO] [stderr]    |                    ^^^^^^^^^^^^
[INFO] [stderr] 
[INFO] [stderr] warning: unused import: `SubmitPage`
[INFO] [stderr]   --> src/page/mod.rs:21:18
[INFO] [stderr]    |
[INFO] [stderr] 21 | pub use submit::{SubmitPage, SubmitPageBuilder};
[INFO] [stderr]    |                  ^^^^^^^^^^
[INFO] [stderr] 
[INFO] [stderr] warning: unused import: `TasksPage`
[INFO] [stderr]   --> src/page/mod.rs:22:17
[INFO] [stderr]    |
[INFO] [stderr] 22 | pub use tasks::{TasksPage, TasksPageBuilder};
[INFO] [stderr]    |                 ^^^^^^^^^
[INFO] [stderr] 
[INFO] [stderr] warning: unused import: `TasksPrintPage`
[INFO] [stderr]   --> src/page/mod.rs:23:23
[INFO] [stderr]    |
[INFO] [stderr] 23 | pub use tasks_print::{TasksPrintPage, TasksPrintPageBuilder};
[INFO] [stderr]    |                       ^^^^^^^^^^^^^^
[INFO] [stderr] 
[INFO] [stderr] warning: method `is_logged_in_as` is never used
[INFO] [stderr]   --> src/page/mod.rs:75:8
[INFO] [stderr]    |
[INFO] [stderr] 49 | pub trait HasHeader: Scrape {
[INFO] [stderr]    |           --------- method in this trait
[INFO] [stderr] ...
[INFO] [stderr] 75 |     fn is_logged_in_as(&self, user: &str) -> Result<bool> {
[INFO] [stderr]    |        ^^^^^^^^^^^^^^^
[INFO] [stderr]    |
[INFO] [stderr]    = note: `#[warn(dead_code)]` on by default
[INFO] [stderr] 
[INFO] [stderr] warning: `acick-atcoder` (lib) generated 6 warnings (run `cargo fix --lib -p acick-atcoder` to apply 5 suggestions)
[INFO] [stderr] warning: `acick-atcoder` (lib test) generated 6 warnings (6 duplicates)
[INFO] [stderr]     Finished `test` profile [unoptimized + debuginfo] target(s) in 0.16s
[INFO] [stderr] warning: the following packages contain code that will be rejected by a future version of Rust: traitobject v0.1.0
[INFO] [stderr] note: to see what the problems were, use the option `--future-incompat-report`, or run `cargo report future-incompatibilities --id 1`
[INFO] [stderr]      Running unittests src/lib.rs (/opt/rustwide/target/debug/deps/acick_atcoder-60707c943cd7d7ab)
[INFO] [stdout] 
[INFO] [stdout] running 4 tests
[INFO] [stdout] test full::tests::test_validate_testcase_file_name ... ok
[INFO] [stdout] test full::tests::test_get_testcase_name ... ok
[INFO] [stdout] test full::tests::test_get_testcase_file_name ... ok
[INFO] [stdout] test full::tests::test_fetch_full ... FAILED
[INFO] [stdout] 
[INFO] [stdout] failures:
[INFO] [stdout] 
[INFO] [stdout] ---- full::tests::test_fetch_full stdout ----
[INFO] [stdout] thread 'full::tests::test_fetch_full' panicked at src/full.rs:316:67:
[INFO] [stdout] called `Result::unwrap()` on an `Err` value: NotPresent
[INFO] [stdout] stack backtrace:
[INFO] [stdout]    0:     0x63a705050bca - std::backtrace_rs::backtrace::libunwind::trace::h207520d6e9873551
[INFO] [stdout]                                at /rustc/df4ca44d3fbc9301ee17f30f4d474e6ae4b05252/library/std/src/../../backtrace/src/backtrace/libunwind.rs:116:5
[INFO] [stdout]    1:     0x63a705050bca - std::backtrace_rs::backtrace::trace_unsynchronized::h2ed7433f370e3eca
[INFO] [stdout]                                at /rustc/df4ca44d3fbc9301ee17f30f4d474e6ae4b05252/library/std/src/../../backtrace/src/backtrace/mod.rs:66:5
[INFO] [stdout]    2:     0x63a705050bca - std::sys::backtrace::_print_fmt::h916fac51166b18d7
[INFO] [stdout]                                at /rustc/df4ca44d3fbc9301ee17f30f4d474e6ae4b05252/library/std/src/sys/backtrace.rs:66:9
[INFO] [stdout]    3:     0x63a705050bca - <std::sys::backtrace::BacktraceLock::print::DisplayBacktrace as core::fmt::Display>::fmt::ha0a4c9b8ce3802e6
[INFO] [stdout]                                at /rustc/df4ca44d3fbc9301ee17f30f4d474e6ae4b05252/library/std/src/sys/backtrace.rs:39:26
[INFO] [stdout]    4:     0x63a70507d353 - core::fmt::rt::Argument::fmt::h4cfc8587d52b3eb5
[INFO] [stdout]                                at /rustc/df4ca44d3fbc9301ee17f30f4d474e6ae4b05252/library/core/src/fmt/rt.rs:177:76
[INFO] [stdout]    5:     0x63a70507d353 - core::fmt::write::h522cc39e5b36ae9f
[INFO] [stdout]                                at /rustc/df4ca44d3fbc9301ee17f30f4d474e6ae4b05252/library/core/src/fmt/mod.rs:1190:21
[INFO] [stdout]    6:     0x63a70504c033 - std::io::Write::write_fmt::h7d3c26752da97734
[INFO] [stdout]                                at /rustc/df4ca44d3fbc9301ee17f30f4d474e6ae4b05252/library/std/src/io/mod.rs:1839:15
[INFO] [stdout]    7:     0x63a705050a12 - std::sys::backtrace::BacktraceLock::print::h4b9e00b29e9c0942
[INFO] [stdout]                                at /rustc/df4ca44d3fbc9301ee17f30f4d474e6ae4b05252/library/std/src/sys/backtrace.rs:42:9
[INFO] [stdout]    8:     0x63a70505205a - std::panicking::default_hook::{{closure}}::hb59b88280d0324d9
[INFO] [stdout]                                at /rustc/df4ca44d3fbc9301ee17f30f4d474e6ae4b05252/library/std/src/panicking.rs:268:22
[INFO] [stdout]    9:     0x63a705051e64 - std::panicking::default_hook::he1dd496665be4a29
[INFO] [stdout]                                at /rustc/df4ca44d3fbc9301ee17f30f4d474e6ae4b05252/library/std/src/panicking.rs:292:9
[INFO] [stdout]   10:     0x63a704805589 - <alloc::boxed::Box<F,A> as core::ops::function::Fn<Args>>::call::h4ff71de18744e1dc
[INFO] [stdout]                                at /rustc/df4ca44d3fbc9301ee17f30f4d474e6ae4b05252/library/alloc/src/boxed.rs:2468:9
[INFO] [stdout]   11:     0x63a704805589 - test::test_main::{{closure}}::hcf7c055ce117aa81
[INFO] [stdout]                                at /rustc/df4ca44d3fbc9301ee17f30f4d474e6ae4b05252/library/test/src/lib.rs:133:21
[INFO] [stdout]   12:     0x63a705052758 - <alloc::boxed::Box<F,A> as core::ops::function::Fn<Args>>::call::h1d66c6bbd60c9692
[INFO] [stdout]                                at /rustc/df4ca44d3fbc9301ee17f30f4d474e6ae4b05252/library/alloc/src/boxed.rs:2468:9
[INFO] [stdout]   13:     0x63a705052758 - std::panicking::rust_panic_with_hook::h2ff17fe8f26dfcf8
[INFO] [stdout]                                at /rustc/df4ca44d3fbc9301ee17f30f4d474e6ae4b05252/library/std/src/panicking.rs:809:13
[INFO] [stdout]   14:     0x63a70505251a - std::panicking::begin_panic_handler::{{closure}}::h4fad77951c07e101
[INFO] [stdout]                                at /rustc/df4ca44d3fbc9301ee17f30f4d474e6ae4b05252/library/std/src/panicking.rs:674:13
[INFO] [stdout]   15:     0x63a7050510a9 - std::sys::backtrace::__rust_end_short_backtrace::hb1a25b3da5d0ea08
[INFO] [stdout]                                at /rustc/df4ca44d3fbc9301ee17f30f4d474e6ae4b05252/library/std/src/sys/backtrace.rs:170:18
[INFO] [stdout]   16:     0x63a7050521ac - rust_begin_unwind
[INFO] [stdout]                                at /rustc/df4ca44d3fbc9301ee17f30f4d474e6ae4b05252/library/std/src/panicking.rs:665:5
[INFO] [stdout]   17:     0x63a70507aed0 - core::panicking::panic_fmt::ha9db07b529f9b256
[INFO] [stdout]                                at /rustc/df4ca44d3fbc9301ee17f30f4d474e6ae4b05252/library/core/src/panicking.rs:75:14
[INFO] [stdout]   18:     0x63a70507b356 - core::result::unwrap_failed::h5e8218e4d4338b8a
[INFO] [stdout]                                at /rustc/df4ca44d3fbc9301ee17f30f4d474e6ae4b05252/library/core/src/result.rs:1698:5
[INFO] [stdout]   19:     0x63a7047a5342 - core::result::Result<T,E>::unwrap::ha21498f0dc062d2e
[INFO] [stdout]                                at /rustc/df4ca44d3fbc9301ee17f30f4d474e6ae4b05252/library/core/src/result.rs:1103:23
[INFO] [stdout]   20:     0x63a7047a5342 - acick_atcoder::full::tests::test_fetch_full::hea56f37f8df434b8
[INFO] [stdout]                                at /opt/rustwide/workdir/src/full.rs:316:27
[INFO] [stdout]   21:     0x63a7047a51a7 - acick_atcoder::full::tests::test_fetch_full::{{closure}}::h11bfef75673cc595
[INFO] [stdout]                                at /opt/rustwide/workdir/src/full.rs:312:29
[INFO] [stdout]   22:     0x63a7047b0d56 - core::ops::function::FnOnce::call_once::hc717a271ced21abe
[INFO] [stdout]                                at /rustc/df4ca44d3fbc9301ee17f30f4d474e6ae4b05252/library/core/src/ops/function.rs:250:5
[INFO] [stdout]   23:     0x63a704809e5b - core::ops::function::FnOnce::call_once::h22c3ba5715e93f05
[INFO] [stdout]                                at /rustc/df4ca44d3fbc9301ee17f30f4d474e6ae4b05252/library/core/src/ops/function.rs:250:5
[INFO] [stdout]   24:     0x63a704809e5b - test::__rust_begin_short_backtrace::h8e82d8113d0da17f
[INFO] [stdout]                                at /rustc/df4ca44d3fbc9301ee17f30f4d474e6ae4b05252/library/test/src/lib.rs:621:18
[INFO] [stdout]   25:     0x63a7048097d7 - test::run_test_in_process::{{closure}}::h33235f4f20b7b7c7
[INFO] [stdout]                                at /rustc/df4ca44d3fbc9301ee17f30f4d474e6ae4b05252/library/test/src/lib.rs:644:60
[INFO] [stdout]   26:     0x63a7048097d7 - <core::panic::unwind_safe::AssertUnwindSafe<F> as core::ops::function::FnOnce<()>>::call_once::hb5043206310c586f
[INFO] [stdout]                                at /rustc/df4ca44d3fbc9301ee17f30f4d474e6ae4b05252/library/core/src/panic/unwind_safe.rs:272:9
[INFO] [stdout]   27:     0x63a7048097d7 - std::panicking::try::do_call::h9ad4731a60ab23e2
[INFO] [stdout]                                at /rustc/df4ca44d3fbc9301ee17f30f4d474e6ae4b05252/library/std/src/panicking.rs:557:40
[INFO] [stdout]   28:     0x63a7048097d7 - std::panicking::try::h3824d23db772a716
[INFO] [stdout]                                at /rustc/df4ca44d3fbc9301ee17f30f4d474e6ae4b05252/library/std/src/panicking.rs:520:19
[INFO] [stdout]   29:     0x63a7048097d7 - std::panic::catch_unwind::h5afd514605fde46b
[INFO] [stdout]                                at /rustc/df4ca44d3fbc9301ee17f30f4d474e6ae4b05252/library/std/src/panic.rs:358:14
[INFO] [stdout]   30:     0x63a7048097d7 - test::run_test_in_process::h0d5cbfa7067d1720
[INFO] [stdout]                                at /rustc/df4ca44d3fbc9301ee17f30f4d474e6ae4b05252/library/test/src/lib.rs:644:27
[INFO] [stdout]   31:     0x63a7048097d7 - test::run_test::{{closure}}::h708eb8872708115d
[INFO] [stdout]                                at /rustc/df4ca44d3fbc9301ee17f30f4d474e6ae4b05252/library/test/src/lib.rs:565:43
[INFO] [stdout]   32:     0x63a7047ccef4 - test::run_test::{{closure}}::h392c51cee94713ab
[INFO] [stdout]                                at /rustc/df4ca44d3fbc9301ee17f30f4d474e6ae4b05252/library/test/src/lib.rs:595:41
[INFO] [stdout]   33:     0x63a7047ccef4 - std::sys::backtrace::__rust_begin_short_backtrace::h2f40290710935a8b
[INFO] [stdout]                                at /rustc/df4ca44d3fbc9301ee17f30f4d474e6ae4b05252/library/std/src/sys/backtrace.rs:154:18
[INFO] [stdout]   34:     0x63a7047d069e - std::thread::Builder::spawn_unchecked_::{{closure}}::{{closure}}::h3fd968d89053a903
[INFO] [stdout]                                at /rustc/df4ca44d3fbc9301ee17f30f4d474e6ae4b05252/library/std/src/thread/mod.rs:541:17
[INFO] [stdout]   35:     0x63a7047d069e - <core::panic::unwind_safe::AssertUnwindSafe<F> as core::ops::function::FnOnce<()>>::call_once::h743f637ba4229880
[INFO] [stdout]                                at /rustc/df4ca44d3fbc9301ee17f30f4d474e6ae4b05252/library/core/src/panic/unwind_safe.rs:272:9
[INFO] [stdout]   36:     0x63a7047d069e - std::panicking::try::do_call::h07440897322525a6
[INFO] [stdout]                                at /rustc/df4ca44d3fbc9301ee17f30f4d474e6ae4b05252/library/std/src/panicking.rs:557:40
[INFO] [stdout]   37:     0x63a7047d069e - std::panicking::try::he5a2e00188156637
[INFO] [stdout]                                at /rustc/df4ca44d3fbc9301ee17f30f4d474e6ae4b05252/library/std/src/panicking.rs:520:19
[INFO] [stdout]   38:     0x63a7047d069e - std::panic::catch_unwind::hbaf3cae49b3c6433
[INFO] [stdout]                                at /rustc/df4ca44d3fbc9301ee17f30f4d474e6ae4b05252/library/std/src/panic.rs:358:14
[INFO] [stdout]   39:     0x63a7047d069e - std::thread::Builder::spawn_unchecked_::{{closure}}::h8e141ea224820bce
[INFO] [stdout]                                at /rustc/df4ca44d3fbc9301ee17f30f4d474e6ae4b05252/library/std/src/thread/mod.rs:540:30
[INFO] [stdout]   40:     0x63a7047d069e - core::ops::function::FnOnce::call_once{{vtable.shim}}::h90d312fedd7b8ea8
[INFO] [stdout]                                at /rustc/df4ca44d3fbc9301ee17f30f4d474e6ae4b05252/library/core/src/ops/function.rs:250:5
[INFO] [stdout]   41:     0x63a7050573fb - <alloc::boxed::Box<F,A> as core::ops::function::FnOnce<Args>>::call_once::h69aa08ddb6adb8b6
[INFO] [stdout]                                at /rustc/df4ca44d3fbc9301ee17f30f4d474e6ae4b05252/library/alloc/src/boxed.rs:2454:9
[INFO] [stdout]   42:     0x63a7050573fb - <alloc::boxed::Box<F,A> as core::ops::function::FnOnce<Args>>::call_once::h5aa36efdb79c806f
[INFO] [stdout]                                at /rustc/df4ca44d3fbc9301ee17f30f4d474e6ae4b05252/library/alloc/src/boxed.rs:2454:9
[INFO] [stdout]   43:     0x63a7050573fb - std::sys::pal::unix::thread::Thread::new::thread_start::h6cd80a1b4be5158d
[INFO] [stdout]                                at /rustc/df4ca44d3fbc9301ee17f30f4d474e6ae4b05252/library/std/src/sys/pal/unix/thread.rs:105:17
[INFO] [stdout]   44:     0x75dff0666ac3 - <unknown>
[INFO] [stdout]   45:     0x75dff06f7a04 - clone
[INFO] [stdout]   46:                0x0 - <unknown>
[INFO] [stdout] 
[INFO] [stdout] 
[INFO] [stdout] failures:
[INFO] [stdout]     full::tests::test_fetch_full
[INFO] [stdout] 
[INFO] [stdout] test result: FAILED. 3 passed; 1 failed; 0 ignored; 0 measured; 0 filtered out; finished in 0.07s
[INFO] [stdout] 
[INFO] [stderr] error: test failed, to rerun pass `--lib`
[INFO] running `Command { std: "docker" "inspect" "ee4bd7fa440e6d740a91636d314d5fefc20863b9266a66dc49155aa85502598b", kill_on_drop: false }`
[INFO] running `Command { std: "docker" "rm" "-f" "ee4bd7fa440e6d740a91636d314d5fefc20863b9266a66dc49155aa85502598b", kill_on_drop: false }`
[INFO] [stdout] ee4bd7fa440e6d740a91636d314d5fefc20863b9266a66dc49155aa85502598b
