[INFO] fetching crate abort-if 0.1.2...
[INFO] testing abort-if-0.1.2 against nightly-2024-10-28 for randomize-layout
[INFO] extracting crate abort-if 0.1.2 into /workspace/builds/worker-0-tc1/source
[INFO] validating manifest of crates.io crate abort-if 0.1.2 on toolchain nightly-2024-10-28
[INFO] running `Command { std: CARGO_HOME="/workspace/cargo-home" RUSTUP_HOME="/workspace/rustup-home" "/workspace/cargo-home/bin/cargo" "+nightly-2024-10-28" "metadata" "--manifest-path" "Cargo.toml" "--no-deps", kill_on_drop: false }`
[INFO] started tweaking crates.io crate abort-if 0.1.2
[INFO] finished tweaking crates.io crate abort-if 0.1.2
[INFO] tweaked toml for crates.io crate abort-if 0.1.2 written to /workspace/builds/worker-0-tc1/source/Cargo.toml
[INFO] running `Command { std: CARGO_HOME="/workspace/cargo-home" RUSTUP_HOME="/workspace/rustup-home" "/workspace/cargo-home/bin/cargo" "+nightly-2024-10-28" "generate-lockfile" "--manifest-path" "Cargo.toml", kill_on_drop: false }`
[INFO] [stderr]     Updating crates.io index
[INFO] [stderr]      Locking 7 packages to latest compatible versions
[INFO] [stderr]       Adding syn v1.0.109 (available: v2.0.86)
[INFO] running `Command { std: CARGO_HOME="/workspace/cargo-home" RUSTUP_HOME="/workspace/rustup-home" "/workspace/cargo-home/bin/cargo" "+nightly-2024-10-28" "fetch" "--manifest-path" "Cargo.toml", kill_on_drop: false }`
[INFO] running `Command { std: "docker" "create" "-v" "/var/lib/crater-agent-workspace/builds/worker-0-tc1/target:/opt/rustwide/target:rw,Z" "-v" "/var/lib/crater-agent-workspace/builds/worker-0-tc1/source:/opt/rustwide/workdir:ro,Z" "-v" "/var/lib/crater-agent-workspace/cargo-home:/opt/rustwide/cargo-home:ro,Z" "-v" "/var/lib/crater-agent-workspace/rustup-home:/opt/rustwide/rustup-home:ro,Z" "-e" "SOURCE_DIR=/opt/rustwide/workdir" "-e" "CARGO_TARGET_DIR=/opt/rustwide/target" "-e" "CARGO_HOME=/opt/rustwide/cargo-home" "-e" "RUSTUP_HOME=/opt/rustwide/rustup-home" "-w" "/opt/rustwide/workdir" "-m" "1610612736" "--user" "0:0" "--network" "none" "ghcr.io/rust-lang/crates-build-env/linux@sha256:4a844ea9eb2546a2d2c7022eacef16ef2e8229c7fbb2c7d4d55a9ceca922f72d" "/opt/rustwide/cargo-home/bin/cargo" "+nightly-2024-10-28" "metadata" "--no-deps" "--format-version=1", kill_on_drop: false }`
[INFO] [stdout] 56cd7e484e74b610b634494dc93331a2ddbf7daa14f5e10df90ad7eea3ef1693
[INFO] running `Command { std: "docker" "start" "-a" "56cd7e484e74b610b634494dc93331a2ddbf7daa14f5e10df90ad7eea3ef1693", kill_on_drop: false }`
[INFO] running `Command { std: "docker" "inspect" "56cd7e484e74b610b634494dc93331a2ddbf7daa14f5e10df90ad7eea3ef1693", kill_on_drop: false }`
[INFO] running `Command { std: "docker" "rm" "-f" "56cd7e484e74b610b634494dc93331a2ddbf7daa14f5e10df90ad7eea3ef1693", kill_on_drop: false }`
[INFO] [stdout] 56cd7e484e74b610b634494dc93331a2ddbf7daa14f5e10df90ad7eea3ef1693
[INFO] running `Command { std: "docker" "create" "-v" "/var/lib/crater-agent-workspace/builds/worker-0-tc1/target:/opt/rustwide/target:rw,Z" "-v" "/var/lib/crater-agent-workspace/builds/worker-0-tc1/source:/opt/rustwide/workdir:ro,Z" "-v" "/var/lib/crater-agent-workspace/cargo-home:/opt/rustwide/cargo-home:ro,Z" "-v" "/var/lib/crater-agent-workspace/rustup-home:/opt/rustwide/rustup-home:ro,Z" "-e" "SOURCE_DIR=/opt/rustwide/workdir" "-e" "CARGO_TARGET_DIR=/opt/rustwide/target" "-e" "CARGO_INCREMENTAL=0" "-e" "RUST_BACKTRACE=full" "-e" "RUSTFLAGS=--cap-lints=forbid" "-e" "RUSTDOCFLAGS=--cap-lints=forbid" "-e" "CARGO_HOME=/opt/rustwide/cargo-home" "-e" "RUSTUP_HOME=/opt/rustwide/rustup-home" "-w" "/opt/rustwide/workdir" "-m" "1610612736" "--user" "0:0" "--network" "none" "ghcr.io/rust-lang/crates-build-env/linux@sha256:4a844ea9eb2546a2d2c7022eacef16ef2e8229c7fbb2c7d4d55a9ceca922f72d" "/opt/rustwide/cargo-home/bin/cargo" "+nightly-2024-10-28" "build" "--frozen" "--message-format=json", kill_on_drop: false }`
[INFO] [stdout] c723b2df5cddb29379197ecb2e30d7e9eeaece862bdd6ee9f5e4be9f858d8c11
[INFO] running `Command { std: "docker" "start" "-a" "c723b2df5cddb29379197ecb2e30d7e9eeaece862bdd6ee9f5e4be9f858d8c11", kill_on_drop: false }`
[INFO] [stderr]    Compiling proc-macro2 v1.0.89
[INFO] [stderr]    Compiling syn v1.0.109
[INFO] [stderr]    Compiling quote v1.0.37
[INFO] [stderr]    Compiling proc-macro-error-attr v1.0.4
[INFO] [stderr]    Compiling proc-macro-error v1.0.4
[INFO] [stderr]    Compiling abort-if v0.1.2 (/opt/rustwide/workdir)
[INFO] [stderr]     Finished `dev` profile [unoptimized + debuginfo] target(s) in 3.30s
[INFO] running `Command { std: "docker" "inspect" "c723b2df5cddb29379197ecb2e30d7e9eeaece862bdd6ee9f5e4be9f858d8c11", kill_on_drop: false }`
[INFO] running `Command { std: "docker" "rm" "-f" "c723b2df5cddb29379197ecb2e30d7e9eeaece862bdd6ee9f5e4be9f858d8c11", kill_on_drop: false }`
[INFO] [stdout] c723b2df5cddb29379197ecb2e30d7e9eeaece862bdd6ee9f5e4be9f858d8c11
[INFO] running `Command { std: "docker" "create" "-v" "/var/lib/crater-agent-workspace/builds/worker-0-tc1/target:/opt/rustwide/target:rw,Z" "-v" "/var/lib/crater-agent-workspace/builds/worker-0-tc1/source:/opt/rustwide/workdir:ro,Z" "-v" "/var/lib/crater-agent-workspace/cargo-home:/opt/rustwide/cargo-home:ro,Z" "-v" "/var/lib/crater-agent-workspace/rustup-home:/opt/rustwide/rustup-home:ro,Z" "-e" "SOURCE_DIR=/opt/rustwide/workdir" "-e" "CARGO_TARGET_DIR=/opt/rustwide/target" "-e" "CARGO_INCREMENTAL=0" "-e" "RUST_BACKTRACE=full" "-e" "RUSTFLAGS=--cap-lints=forbid" "-e" "RUSTDOCFLAGS=--cap-lints=forbid" "-e" "CARGO_HOME=/opt/rustwide/cargo-home" "-e" "RUSTUP_HOME=/opt/rustwide/rustup-home" "-w" "/opt/rustwide/workdir" "-m" "1610612736" "--user" "0:0" "--network" "none" "ghcr.io/rust-lang/crates-build-env/linux@sha256:4a844ea9eb2546a2d2c7022eacef16ef2e8229c7fbb2c7d4d55a9ceca922f72d" "/opt/rustwide/cargo-home/bin/cargo" "+nightly-2024-10-28" "test" "--frozen" "--no-run" "--message-format=json", kill_on_drop: false }`
[INFO] [stdout] cff123b9fcb4ea20e01e3e8bb01f414d698bbcdac5f94cd0d32e9e14da62e917
[INFO] running `Command { std: "docker" "start" "-a" "cff123b9fcb4ea20e01e3e8bb01f414d698bbcdac5f94cd0d32e9e14da62e917", kill_on_drop: false }`
[INFO] [stderr]    Compiling abort-if v0.1.2 (/opt/rustwide/workdir)
[INFO] [stderr]     Finished `test` profile [unoptimized + debuginfo] target(s) in 0.17s
[INFO] running `Command { std: "docker" "inspect" "cff123b9fcb4ea20e01e3e8bb01f414d698bbcdac5f94cd0d32e9e14da62e917", kill_on_drop: false }`
[INFO] running `Command { std: "docker" "rm" "-f" "cff123b9fcb4ea20e01e3e8bb01f414d698bbcdac5f94cd0d32e9e14da62e917", kill_on_drop: false }`
[INFO] [stdout] cff123b9fcb4ea20e01e3e8bb01f414d698bbcdac5f94cd0d32e9e14da62e917
[INFO] running `Command { std: "docker" "create" "-v" "/var/lib/crater-agent-workspace/builds/worker-0-tc1/target:/opt/rustwide/target:rw,Z" "-v" "/var/lib/crater-agent-workspace/builds/worker-0-tc1/source:/opt/rustwide/workdir:ro,Z" "-v" "/var/lib/crater-agent-workspace/cargo-home:/opt/rustwide/cargo-home:ro,Z" "-v" "/var/lib/crater-agent-workspace/rustup-home:/opt/rustwide/rustup-home:ro,Z" "-e" "SOURCE_DIR=/opt/rustwide/workdir" "-e" "CARGO_TARGET_DIR=/opt/rustwide/target" "-e" "CARGO_INCREMENTAL=0" "-e" "RUST_BACKTRACE=full" "-e" "RUSTFLAGS=--cap-lints=forbid" "-e" "RUSTDOCFLAGS=--cap-lints=forbid" "-e" "CARGO_HOME=/opt/rustwide/cargo-home" "-e" "RUSTUP_HOME=/opt/rustwide/rustup-home" "-w" "/opt/rustwide/workdir" "-m" "1610612736" "--user" "0:0" "--network" "none" "ghcr.io/rust-lang/crates-build-env/linux@sha256:4a844ea9eb2546a2d2c7022eacef16ef2e8229c7fbb2c7d4d55a9ceca922f72d" "/opt/rustwide/cargo-home/bin/cargo" "+nightly-2024-10-28" "test" "--frozen", kill_on_drop: false }`
[INFO] [stdout] 4b1c00da300a5a9481d15af30d63d52d17fae4b39d28a5b4d2b7682743340e39
[INFO] running `Command { std: "docker" "start" "-a" "4b1c00da300a5a9481d15af30d63d52d17fae4b39d28a5b4d2b7682743340e39", kill_on_drop: false }`
[INFO] [stderr]     Finished `test` profile [unoptimized + debuginfo] target(s) in 0.01s
[INFO] [stderr]      Running unittests src/lib.rs (/opt/rustwide/target/debug/deps/abort_if-3b0d411157b666b4)
[INFO] [stdout] 
[INFO] [stdout] running 0 tests
[INFO] [stdout] 
[INFO] [stdout] test result: ok. 0 passed; 0 failed; 0 ignored; 0 measured; 0 filtered out; finished in 0.00s
[INFO] [stdout] 
[INFO] [stderr]    Doc-tests abort_if
[INFO] [stdout] 
[INFO] [stdout] running 4 tests
[INFO] [stdout] test src/lib.rs - abort_if (line 53) ... ignored
[INFO] [stdout] test src/lib.rs - abort_if (line 64) ... ignored
[INFO] [stdout] test src/lib.rs - (line 27) ... FAILED
[INFO] [stdout] test src/lib.rs - (line 9) ... FAILED
[INFO] [stdout] 
[INFO] [stdout] failures:
[INFO] [stdout] 
[INFO] [stdout] ---- src/lib.rs - (line 27) stdout ----
[INFO] [stdout] error: unknown start of token: `
[INFO] [stdout]   --> src/lib.rs:35:56
[INFO] [stdout]    |
[INFO] [stdout] 11 |   = note: this error originates in the attribute macro `abort_if` (in Nightly builds, run with -Z macro-backtrace for more info)
[INFO] [stdout]    |                                                        ^
[INFO] [stdout]    |
[INFO] [stdout] help: Unicode character '`' (Grave Accent) looks like ''' (Single Quote), but it is not
[INFO] [stdout]    |
[INFO] [stdout] 11 |   = note: this error originates in the attribute macro 'abort_if` (in Nightly builds, run with -Z macro-backtrace for more info)
[INFO] [stdout]    |                                                        ~
[INFO] [stdout] 
[INFO] [stdout] error: unknown start of token: `
[INFO] [stdout]   --> src/lib.rs:35:65
[INFO] [stdout]    |
[INFO] [stdout] 11 |   = note: this error originates in the attribute macro `abort_if` (in Nightly builds, run with -Z macro-backtrace for more info)
[INFO] [stdout]    |                                                                 ^
[INFO] [stdout]    |
[INFO] [stdout] help: Unicode character '`' (Grave Accent) looks like ''' (Single Quote), but it is not
[INFO] [stdout]    |
[INFO] [stdout] 11 |   = note: this error originates in the attribute macro `abort_if' (in Nightly builds, run with -Z macro-backtrace for more info)
[INFO] [stdout]    |                                                                 ~
[INFO] [stdout] 
[INFO] [stdout] error: expected identifier, found `:`
[INFO] [stdout]  --> src/lib.rs:29:6
[INFO] [stdout]   |
[INFO] [stdout] 5 | error: Condition was met.
[INFO] [stdout]   |      ^ expected identifier
[INFO] [stdout] 
[INFO] [stdout] error: aborting due to 3 previous errors
[INFO] [stdout] 
[INFO] [stdout] Couldn't compile the test.
[INFO] [stdout] ---- src/lib.rs - (line 9) stdout ----
[INFO] [stdout] error: expected literal
[INFO] [stdout]  --> src/lib.rs:12:22
[INFO] [stdout]   |
[INFO] [stdout] 5 | #[abort_if(feature = x)]
[INFO] [stdout]   |                      ^
[INFO] [stdout] 
[INFO] [stdout] error[E0425]: cannot find function `foo` in this scope
[INFO] [stdout]   --> src/lib.rs:18:2
[INFO] [stdout]    |
[INFO] [stdout] 11 |     foo();
[INFO] [stdout]    |     ^^^ not found in this scope
[INFO] [stdout] 
[INFO] [stdout] error: aborting due to 2 previous errors
[INFO] [stdout] 
[INFO] [stdout] For more information about this error, try `rustc --explain E0425`.
[INFO] [stdout] Couldn't compile the test.
[INFO] [stdout] 
[INFO] [stdout] failures:
[INFO] [stdout]     src/lib.rs - (line 27)
[INFO] [stdout]     src/lib.rs - (line 9)
[INFO] [stdout] 
[INFO] [stdout] test result: FAILED. 0 passed; 2 failed; 2 ignored; 0 measured; 0 filtered out; finished in 0.04s
[INFO] [stdout] 
[INFO] [stderr] error: doctest failed, to rerun pass `--doc`
[INFO] running `Command { std: "docker" "inspect" "4b1c00da300a5a9481d15af30d63d52d17fae4b39d28a5b4d2b7682743340e39", kill_on_drop: false }`
[INFO] running `Command { std: "docker" "rm" "-f" "4b1c00da300a5a9481d15af30d63d52d17fae4b39d28a5b4d2b7682743340e39", kill_on_drop: false }`
[INFO] [stdout] 4b1c00da300a5a9481d15af30d63d52d17fae4b39d28a5b4d2b7682743340e39
