[INFO] fetching crate aargvark_proc_macros 3.2.4...
[INFO] testing aargvark_proc_macros-3.2.4 against nightly-2024-10-28 for randomize-layout
[INFO] extracting crate aargvark_proc_macros 3.2.4 into /workspace/builds/worker-1-tc1/source
[INFO] validating manifest of crates.io crate aargvark_proc_macros 3.2.4 on toolchain nightly-2024-10-28
[INFO] running `Command { std: CARGO_HOME="/workspace/cargo-home" RUSTUP_HOME="/workspace/rustup-home" "/workspace/cargo-home/bin/cargo" "+nightly-2024-10-28" "metadata" "--manifest-path" "Cargo.toml" "--no-deps", kill_on_drop: false }`
[INFO] started tweaking crates.io crate aargvark_proc_macros 3.2.4
[INFO] finished tweaking crates.io crate aargvark_proc_macros 3.2.4
[INFO] tweaked toml for crates.io crate aargvark_proc_macros 3.2.4 written to /workspace/builds/worker-1-tc1/source/Cargo.toml
[INFO] running `Command { std: CARGO_HOME="/workspace/cargo-home" RUSTUP_HOME="/workspace/rustup-home" "/workspace/cargo-home/bin/cargo" "+nightly-2024-10-28" "generate-lockfile" "--manifest-path" "Cargo.toml", kill_on_drop: false }`
[INFO] [stderr]     Updating crates.io index
[INFO] [stderr]      Locking 96 packages to latest compatible versions
[INFO] running `Command { std: CARGO_HOME="/workspace/cargo-home" RUSTUP_HOME="/workspace/rustup-home" "/workspace/cargo-home/bin/cargo" "+nightly-2024-10-28" "fetch" "--manifest-path" "Cargo.toml", kill_on_drop: false }`
[INFO] [stderr]  Downloading crates ...
[INFO] [stderr]   Downloaded textwrap v0.16.1
[INFO] [stderr]   Downloaded convert_case v0.4.0
[INFO] [stderr]   Downloaded terminal_size v0.2.6
[INFO] [stderr]   Downloaded unicode-linebreak v0.1.5
[INFO] [stderr]   Downloaded rustc_version v0.4.1
[INFO] [stderr]   Downloaded loga v0.5.2
[INFO] [stderr]   Downloaded smawk v0.3.2
[INFO] [stderr]   Downloaded genemichaels-lib v0.5.2
[INFO] [stderr]   Downloaded cargo-manifest v0.15.2
[INFO] [stderr]   Downloaded derive_more v0.99.18
[INFO] [stderr]   Downloaded encode_unicode v0.3.6
[INFO] [stderr]   Downloaded console v0.15.8
[INFO] [stderr]   Downloaded semver v1.0.23
[INFO] [stderr]   Downloaded markdown v1.0.0-alpha.21
[INFO] [stderr]   Downloaded io-lifetimes v1.0.11
[INFO] [stderr]   Downloaded unicode-id v0.3.5
[INFO] [stderr]   Downloaded rustix v0.37.27
[INFO] [stderr]   Downloaded linux-raw-sys v0.3.8
[INFO] running `Command { std: "docker" "create" "-v" "/var/lib/crater-agent-workspace/builds/worker-1-tc1/target:/opt/rustwide/target:rw,Z" "-v" "/var/lib/crater-agent-workspace/builds/worker-1-tc1/source:/opt/rustwide/workdir:ro,Z" "-v" "/var/lib/crater-agent-workspace/cargo-home:/opt/rustwide/cargo-home:ro,Z" "-v" "/var/lib/crater-agent-workspace/rustup-home:/opt/rustwide/rustup-home:ro,Z" "-e" "SOURCE_DIR=/opt/rustwide/workdir" "-e" "CARGO_TARGET_DIR=/opt/rustwide/target" "-e" "CARGO_HOME=/opt/rustwide/cargo-home" "-e" "RUSTUP_HOME=/opt/rustwide/rustup-home" "-w" "/opt/rustwide/workdir" "-m" "1610612736" "--user" "0:0" "--network" "none" "ghcr.io/rust-lang/crates-build-env/linux@sha256:4a844ea9eb2546a2d2c7022eacef16ef2e8229c7fbb2c7d4d55a9ceca922f72d" "/opt/rustwide/cargo-home/bin/cargo" "+nightly-2024-10-28" "metadata" "--no-deps" "--format-version=1", kill_on_drop: false }`
[INFO] [stdout] d2f360c912df052f90e0409e48efdfce1b16675f5f5b47c36f246a36967122b5
[INFO] running `Command { std: "docker" "start" "-a" "d2f360c912df052f90e0409e48efdfce1b16675f5f5b47c36f246a36967122b5", kill_on_drop: false }`
[INFO] running `Command { std: "docker" "inspect" "d2f360c912df052f90e0409e48efdfce1b16675f5f5b47c36f246a36967122b5", kill_on_drop: false }`
[INFO] running `Command { std: "docker" "rm" "-f" "d2f360c912df052f90e0409e48efdfce1b16675f5f5b47c36f246a36967122b5", kill_on_drop: false }`
[INFO] [stdout] d2f360c912df052f90e0409e48efdfce1b16675f5f5b47c36f246a36967122b5
[INFO] running `Command { std: "docker" "create" "-v" "/var/lib/crater-agent-workspace/builds/worker-1-tc1/target:/opt/rustwide/target:rw,Z" "-v" "/var/lib/crater-agent-workspace/builds/worker-1-tc1/source:/opt/rustwide/workdir:ro,Z" "-v" "/var/lib/crater-agent-workspace/cargo-home:/opt/rustwide/cargo-home:ro,Z" "-v" "/var/lib/crater-agent-workspace/rustup-home:/opt/rustwide/rustup-home:ro,Z" "-e" "SOURCE_DIR=/opt/rustwide/workdir" "-e" "CARGO_TARGET_DIR=/opt/rustwide/target" "-e" "CARGO_INCREMENTAL=0" "-e" "RUST_BACKTRACE=full" "-e" "RUSTFLAGS=--cap-lints=forbid" "-e" "RUSTDOCFLAGS=--cap-lints=forbid" "-e" "CARGO_HOME=/opt/rustwide/cargo-home" "-e" "RUSTUP_HOME=/opt/rustwide/rustup-home" "-w" "/opt/rustwide/workdir" "-m" "1610612736" "--user" "0:0" "--network" "none" "ghcr.io/rust-lang/crates-build-env/linux@sha256:4a844ea9eb2546a2d2c7022eacef16ef2e8229c7fbb2c7d4d55a9ceca922f72d" "/opt/rustwide/cargo-home/bin/cargo" "+nightly-2024-10-28" "build" "--frozen" "--message-format=json", kill_on_drop: false }`
[INFO] [stdout] b7157ebc29c337777ed047b518f78c6e2d378f476a61d98563943ea1f37ee4ee
[INFO] running `Command { std: "docker" "start" "-a" "b7157ebc29c337777ed047b518f78c6e2d378f476a61d98563943ea1f37ee4ee", kill_on_drop: false }`
[INFO] [stderr]    Compiling proc-macro2 v1.0.89
[INFO] [stderr]    Compiling unicode-ident v1.0.13
[INFO] [stderr]    Compiling serde v1.0.214
[INFO] [stderr]    Compiling libc v0.2.161
[INFO] [stderr]    Compiling io-lifetimes v1.0.11
[INFO] [stderr]    Compiling rustix v0.37.27
[INFO] [stderr]    Compiling autocfg v1.4.0
[INFO] [stderr]    Compiling bitflags v1.3.2
[INFO] [stderr]    Compiling hashbrown v0.15.0
[INFO] [stderr]    Compiling linux-raw-sys v0.3.8
[INFO] [stderr]    Compiling memchr v2.7.4
[INFO] [stderr]    Compiling equivalent v1.0.1
[INFO] [stderr]    Compiling winnow v0.6.20
[INFO] [stderr]    Compiling thiserror v1.0.66
[INFO] [stderr]    Compiling unicode-width v0.1.14
[INFO] [stderr]    Compiling unicode-linebreak v0.1.5
[INFO] [stderr]    Compiling strsim v0.11.1
[INFO] [stderr]    Compiling lazy_static v1.5.0
[INFO] [stderr]    Compiling regex-syntax v0.8.5
[INFO] [stderr]    Compiling fnv v1.0.7
[INFO] [stderr]    Compiling ident_case v1.0.1
[INFO] [stderr]    Compiling iana-time-zone v0.1.61
[INFO] [stderr]    Compiling serde_json v1.0.132
[INFO] [stderr]    Compiling smawk v0.3.2
[INFO] [stderr]    Compiling ryu v1.0.18
[INFO] [stderr]    Compiling convert_case v0.4.0
[INFO] [stderr]    Compiling unicode-id v0.3.5
[INFO] [stderr]    Compiling itoa v1.0.11
[INFO] [stderr]    Compiling unicode-segmentation v1.12.0
[INFO] [stderr]    Compiling markdown v1.0.0-alpha.21
[INFO] [stderr]    Compiling num-traits v0.2.19
[INFO] [stderr]    Compiling aho-corasick v1.1.3
[INFO] [stderr]    Compiling indexmap v2.6.0
[INFO] [stderr]    Compiling convert_case v0.6.0
[INFO] [stderr]    Compiling quote v1.0.37
[INFO] [stderr]    Compiling syn v2.0.86
[INFO] [stderr]    Compiling chrono v0.4.38
[INFO] [stderr]    Compiling console v0.15.8
[INFO] [stderr]    Compiling regex-automata v0.4.8
[INFO] [stderr]    Compiling terminal_size v0.2.6
[INFO] [stderr]    Compiling textwrap v0.16.1
[INFO] [stderr]    Compiling loga v0.5.2
[INFO] [stderr]    Compiling darling_core v0.20.10
[INFO] [stderr]    Compiling regex v1.11.1
[INFO] [stderr]    Compiling serde_derive v1.0.214
[INFO] [stderr]    Compiling thiserror-impl v1.0.66
[INFO] [stderr]    Compiling derive_more v0.99.18
[INFO] [stderr]    Compiling darling_macro v0.20.10
[INFO] [stderr]    Compiling darling v0.20.10
[INFO] [stderr]    Compiling toml_datetime v0.6.8
[INFO] [stderr]    Compiling serde_spanned v0.6.8
[INFO] [stderr]    Compiling toml_edit v0.22.22
[INFO] [stderr]    Compiling toml v0.8.19
[INFO] [stderr]    Compiling cargo-manifest v0.15.2
[INFO] [stderr]    Compiling genemichaels-lib v0.5.2
[INFO] [stderr]    Compiling aargvark_proc_macros v3.2.4 (/opt/rustwide/workdir)
[INFO] [stderr]     Finished `dev` profile [unoptimized + debuginfo] target(s) in 10.42s
[INFO] running `Command { std: "docker" "inspect" "b7157ebc29c337777ed047b518f78c6e2d378f476a61d98563943ea1f37ee4ee", kill_on_drop: false }`
[INFO] running `Command { std: "docker" "rm" "-f" "b7157ebc29c337777ed047b518f78c6e2d378f476a61d98563943ea1f37ee4ee", kill_on_drop: false }`
[INFO] [stdout] b7157ebc29c337777ed047b518f78c6e2d378f476a61d98563943ea1f37ee4ee
[INFO] running `Command { std: "docker" "create" "-v" "/var/lib/crater-agent-workspace/builds/worker-1-tc1/target:/opt/rustwide/target:rw,Z" "-v" "/var/lib/crater-agent-workspace/builds/worker-1-tc1/source:/opt/rustwide/workdir:ro,Z" "-v" "/var/lib/crater-agent-workspace/cargo-home:/opt/rustwide/cargo-home:ro,Z" "-v" "/var/lib/crater-agent-workspace/rustup-home:/opt/rustwide/rustup-home:ro,Z" "-e" "SOURCE_DIR=/opt/rustwide/workdir" "-e" "CARGO_TARGET_DIR=/opt/rustwide/target" "-e" "CARGO_INCREMENTAL=0" "-e" "RUST_BACKTRACE=full" "-e" "RUSTFLAGS=--cap-lints=forbid" "-e" "RUSTDOCFLAGS=--cap-lints=forbid" "-e" "CARGO_HOME=/opt/rustwide/cargo-home" "-e" "RUSTUP_HOME=/opt/rustwide/rustup-home" "-w" "/opt/rustwide/workdir" "-m" "1610612736" "--user" "0:0" "--network" "none" "ghcr.io/rust-lang/crates-build-env/linux@sha256:4a844ea9eb2546a2d2c7022eacef16ef2e8229c7fbb2c7d4d55a9ceca922f72d" "/opt/rustwide/cargo-home/bin/cargo" "+nightly-2024-10-28" "test" "--frozen" "--no-run" "--message-format=json", kill_on_drop: false }`
[INFO] [stdout] ec4d898a560a0ecfc956a8d542d6d6c85c1c3c5e370b0c041a8daee4f19ab9cd
[INFO] running `Command { std: "docker" "start" "-a" "ec4d898a560a0ecfc956a8d542d6d6c85c1c3c5e370b0c041a8daee4f19ab9cd", kill_on_drop: false }`
[INFO] [stderr]    Compiling aargvark_proc_macros v3.2.4 (/opt/rustwide/workdir)
[INFO] [stderr]     Finished `test` profile [unoptimized + debuginfo] target(s) in 0.59s
[INFO] running `Command { std: "docker" "inspect" "ec4d898a560a0ecfc956a8d542d6d6c85c1c3c5e370b0c041a8daee4f19ab9cd", kill_on_drop: false }`
[INFO] running `Command { std: "docker" "rm" "-f" "ec4d898a560a0ecfc956a8d542d6d6c85c1c3c5e370b0c041a8daee4f19ab9cd", kill_on_drop: false }`
[INFO] [stdout] ec4d898a560a0ecfc956a8d542d6d6c85c1c3c5e370b0c041a8daee4f19ab9cd
[INFO] running `Command { std: "docker" "create" "-v" "/var/lib/crater-agent-workspace/builds/worker-1-tc1/target:/opt/rustwide/target:rw,Z" "-v" "/var/lib/crater-agent-workspace/builds/worker-1-tc1/source:/opt/rustwide/workdir:ro,Z" "-v" "/var/lib/crater-agent-workspace/cargo-home:/opt/rustwide/cargo-home:ro,Z" "-v" "/var/lib/crater-agent-workspace/rustup-home:/opt/rustwide/rustup-home:ro,Z" "-e" "SOURCE_DIR=/opt/rustwide/workdir" "-e" "CARGO_TARGET_DIR=/opt/rustwide/target" "-e" "CARGO_INCREMENTAL=0" "-e" "RUST_BACKTRACE=full" "-e" "RUSTFLAGS=--cap-lints=forbid" "-e" "RUSTDOCFLAGS=--cap-lints=forbid" "-e" "CARGO_HOME=/opt/rustwide/cargo-home" "-e" "RUSTUP_HOME=/opt/rustwide/rustup-home" "-w" "/opt/rustwide/workdir" "-m" "1610612736" "--user" "0:0" "--network" "none" "ghcr.io/rust-lang/crates-build-env/linux@sha256:4a844ea9eb2546a2d2c7022eacef16ef2e8229c7fbb2c7d4d55a9ceca922f72d" "/opt/rustwide/cargo-home/bin/cargo" "+nightly-2024-10-28" "test" "--frozen", kill_on_drop: false }`
[INFO] [stdout] 74a077bbb41a4fdcca964386947b28b12e7fd54670d6ed68aa712ab374322c66
[INFO] running `Command { std: "docker" "start" "-a" "74a077bbb41a4fdcca964386947b28b12e7fd54670d6ed68aa712ab374322c66", kill_on_drop: false }`
[INFO] [stderr]     Finished `test` profile [unoptimized + debuginfo] target(s) in 0.04s
[INFO] [stderr]      Running unittests src/lib.rs (/opt/rustwide/target/debug/deps/aargvark_proc_macros-c78cae85cdcd2582)
[INFO] [stdout] 
[INFO] [stdout] running 1 test
[INFO] [stdout] test tests::dump ... FAILED
[INFO] [stdout] 
[INFO] [stdout] failures:
[INFO] [stdout] 
[INFO] [stdout] ---- tests::dump stdout ----
[INFO] [stdout] thread 'tests::dump' panicked at src/lib.rs:749:9:
[INFO] [stdout] impl aargvark::traits_impls::AargvarkTrait for Naya {
[INFO] [stdout]     fn vark(state: &mut aargvark::base::VarkState) -> aargvark::base::R<Naya> {
[INFO] [stdout]         mod a {
[INFO] [stdout]             pub use aargvark::help::*;
[INFO] [stdout]             pub use aargvark::base::*;
[INFO] [stdout]             pub use aargvark::traits_impls::*;
[INFO] [stdout]         }
[INFO] [stdout] 
[INFO] [stdout]         {
[INFO] [stdout]             loop {
[INFO] [stdout]                 struct FlagFields {
[INFO] [stdout]                     b: Option<()>,
[INFO] [stdout]                 }
[INFO] [stdout] 
[INFO] [stdout]                 let mut flag_fields = FlagFields { b: None };
[INFO] [stdout] 
[INFO] [stdout]                 fn parse_flags(flag_fields: &mut FlagFields, state: &mut a::VarkState, s: String) -> a::R<bool> {
[INFO] [stdout]                     match s.as_str() {
[INFO] [stdout]                         "--b" => {
[INFO] [stdout]                             if flag_fields.b.is_some() {
[INFO] [stdout]                                 return state.r_err(format!("The argument {} was already specified", "--b"));
[INFO] [stdout]                             }
[INFO] [stdout]                             state.consume();
[INFO] [stdout]                             let v0 = match loop {
[INFO] [stdout]                                 break state.r_ok(());
[INFO] [stdout]                             } {
[INFO] [stdout]                                 a::R::Ok(v) => v,
[INFO] [stdout]                                 a::R::Help(b) => return a::R::Help(b),
[INFO] [stdout]                                 a::R::Err => return a::R::Err,
[INFO] [stdout]                                 a::R::EOF => {
[INFO] [stdout]                                     return state.r_err(format!("Missing argument for {}", "--b"));
[INFO] [stdout]                                 },
[INFO] [stdout]                             };
[INFO] [stdout]                             flag_fields.b = Some(v0);
[INFO] [stdout]                             return a::R::Ok(true);
[INFO] [stdout]                         },
[INFO] [stdout]                         _ => return a::R::Ok(false),
[INFO] [stdout]                     };
[INFO] [stdout]                 }
[INFO] [stdout] 
[INFO] [stdout]                 fn build_partial_help(
[INFO] [stdout]                     state: &mut a::HelpState,
[INFO] [stdout]                     required_i: usize,
[INFO] [stdout]                     flag_fields: &FlagFields,
[INFO] [stdout]                 ) -> a::HelpPartialContent {
[INFO] [stdout]                     let mut help_fields = vec![];
[INFO] [stdout]                     let mut help_flag_fields = vec![];
[INFO] [stdout]                     if flag_fields.b.is_none() {
[INFO] [stdout]                         help_flag_fields.push(a::HelpFlagField {
[INFO] [stdout]                             option: true,
[INFO] [stdout]                             flags: vec!["--b".to_string()],
[INFO] [stdout]                             pattern: a::HelpPattern(vec![]),
[INFO] [stdout]                             description: "".to_string(),
[INFO] [stdout]                         });
[INFO] [stdout]                     }
[INFO] [stdout]                     return a::HelpPartialContent::struct_(help_fields, help_flag_fields);
[INFO] [stdout]                 }
[INFO] [stdout] 
[INFO] [stdout]                 let flag_search_res = loop {
[INFO] [stdout]                     match state.peek() {
[INFO] [stdout]                         a::PeekR::None => {
[INFO] [stdout]                             break state.r_ok(());
[INFO] [stdout]                         },
[INFO] [stdout]                         a::PeekR::Help => return a::R::Help(Box::new(move |state| {
[INFO] [stdout]                             return a::HelpPartialProduction {
[INFO] [stdout]                                 description: "".to_string(),
[INFO] [stdout]                                 content: build_partial_help(state, 0usize, &flag_fields),
[INFO] [stdout]                             };
[INFO] [stdout]                         })),
[INFO] [stdout]                         a::PeekR::Ok(s) => match parse_flags(&mut flag_fields, state, s.to_string()) {
[INFO] [stdout]                             a::R::Ok(v) => {
[INFO] [stdout]                                 if !v {
[INFO] [stdout]                                     break state.r_ok(());
[INFO] [stdout]                                 }
[INFO] [stdout]                             },
[INFO] [stdout]                             a::R::Help(b) => break a::R::Help(b),
[INFO] [stdout]                             a::R::Err => break a::R::Err,
[INFO] [stdout]                             a::R::EOF => unreachable!(),
[INFO] [stdout]                         },
[INFO] [stdout]                     };
[INFO] [stdout]                 };
[INFO] [stdout]                 match flag_search_res {
[INFO] [stdout]                     a::R::Ok(()) => { },
[INFO] [stdout]                     a::R::Help(b) => break a::R::Help(b),
[INFO] [stdout]                     a::R::Err => break a::R::Err,
[INFO] [stdout]                     a::R::EOF => unreachable!(),
[INFO] [stdout]                 };
[INFO] [stdout]                 break state.r_ok(Naya { b: flag_fields.b });
[INFO] [stdout]             }
[INFO] [stdout]         }
[INFO] [stdout]     }
[INFO] [stdout] 
[INFO] [stdout]     fn build_help_pattern(state: &mut aargvark::help::HelpState) -> aargvark::help::HelpPattern {
[INFO] [stdout]         mod a {
[INFO] [stdout]             pub use aargvark::help::*;
[INFO] [stdout]             pub use aargvark::traits_impls::*;
[INFO] [stdout]         }
[INFO] [stdout] 
[INFO] [stdout]         {
[INFO] [stdout]             let (key, struct_) = state.add_struct(std::any::TypeId::of::<Self>(), 0usize, "NAYA", "");
[INFO] [stdout]             let mut struct_ = struct_.borrow_mut();
[INFO] [stdout]             struct_.flag_fields.push(a::HelpFlagField {
[INFO] [stdout]                 option: true,
[INFO] [stdout]                 flags: vec!["--b".to_string()],
[INFO] [stdout]                 pattern: a::HelpPattern(vec![]),
[INFO] [stdout]                 description: "".to_string(),
[INFO] [stdout]             });
[INFO] [stdout]             a::HelpPattern(vec![a::HelpPatternElement::Reference(key)])
[INFO] [stdout]         }
[INFO] [stdout]     }
[INFO] [stdout] }
[INFO] [stdout] 
[INFO] [stdout] stack backtrace:
[INFO] [stdout]    0:     0x799f3102e60a - std::backtrace_rs::backtrace::libunwind::trace::h207520d6e9873551
[INFO] [stdout]                                at /rustc/df4ca44d3fbc9301ee17f30f4d474e6ae4b05252/library/std/src/../../backtrace/src/backtrace/libunwind.rs:116:5
[INFO] [stdout]    1:     0x799f3102e60a - std::backtrace_rs::backtrace::trace_unsynchronized::h2ed7433f370e3eca
[INFO] [stdout]                                at /rustc/df4ca44d3fbc9301ee17f30f4d474e6ae4b05252/library/std/src/../../backtrace/src/backtrace/mod.rs:66:5
[INFO] [stdout]    2:     0x799f3102e60a - std::sys::backtrace::_print_fmt::h916fac51166b18d7
[INFO] [stdout]                                at /rustc/df4ca44d3fbc9301ee17f30f4d474e6ae4b05252/library/std/src/sys/backtrace.rs:66:9
[INFO] [stdout]    3:     0x799f3102e60a - <std::sys::backtrace::BacktraceLock::print::DisplayBacktrace as core::fmt::Display>::fmt::ha0a4c9b8ce3802e6
[INFO] [stdout]                                at /rustc/df4ca44d3fbc9301ee17f30f4d474e6ae4b05252/library/std/src/sys/backtrace.rs:39:26
[INFO] [stdout]    4:     0x799f3107ebb3 - core::fmt::rt::Argument::fmt::h4cfc8587d52b3eb5
[INFO] [stdout]                                at /rustc/df4ca44d3fbc9301ee17f30f4d474e6ae4b05252/library/core/src/fmt/rt.rs:177:76
[INFO] [stdout]    5:     0x799f3107ebb3 - core::fmt::write::h522cc39e5b36ae9f
[INFO] [stdout]                                at /rustc/df4ca44d3fbc9301ee17f30f4d474e6ae4b05252/library/core/src/fmt/mod.rs:1190:21
[INFO] [stdout]    6:     0x799f31021fa3 - std::io::Write::write_fmt::h7d3c26752da97734
[INFO] [stdout]                                at /rustc/df4ca44d3fbc9301ee17f30f4d474e6ae4b05252/library/std/src/io/mod.rs:1839:15
[INFO] [stdout]    7:     0x799f3102e452 - std::sys::backtrace::BacktraceLock::print::h4b9e00b29e9c0942
[INFO] [stdout]                                at /rustc/df4ca44d3fbc9301ee17f30f4d474e6ae4b05252/library/std/src/sys/backtrace.rs:42:9
[INFO] [stdout]    8:     0x799f31030a8a - std::panicking::default_hook::{{closure}}::hb59b88280d0324d9
[INFO] [stdout]                                at /rustc/df4ca44d3fbc9301ee17f30f4d474e6ae4b05252/library/std/src/panicking.rs:268:22
[INFO] [stdout]    9:     0x799f31030894 - std::panicking::default_hook::he1dd496665be4a29
[INFO] [stdout]                                at /rustc/df4ca44d3fbc9301ee17f30f4d474e6ae4b05252/library/std/src/panicking.rs:292:9
[INFO] [stdout]   10:     0x58166c329f29 - <alloc::boxed::Box<F,A> as core::ops::function::Fn<Args>>::call::h4ff71de18744e1dc
[INFO] [stdout]                                at /rustc/df4ca44d3fbc9301ee17f30f4d474e6ae4b05252/library/alloc/src/boxed.rs:2468:9
[INFO] [stdout]   11:     0x58166c329f29 - test::test_main::{{closure}}::hcf7c055ce117aa81
[INFO] [stdout]                                at /rustc/df4ca44d3fbc9301ee17f30f4d474e6ae4b05252/library/test/src/lib.rs:133:21
[INFO] [stdout]   12:     0x799f310311f8 - <alloc::boxed::Box<F,A> as core::ops::function::Fn<Args>>::call::h1d66c6bbd60c9692
[INFO] [stdout]                                at /rustc/df4ca44d3fbc9301ee17f30f4d474e6ae4b05252/library/alloc/src/boxed.rs:2468:9
[INFO] [stdout]   13:     0x799f310311f8 - std::panicking::rust_panic_with_hook::h2ff17fe8f26dfcf8
[INFO] [stdout]                                at /rustc/df4ca44d3fbc9301ee17f30f4d474e6ae4b05252/library/std/src/panicking.rs:809:13
[INFO] [stdout]   14:     0x799f31030fba - std::panicking::begin_panic_handler::{{closure}}::h4fad77951c07e101
[INFO] [stdout]                                at /rustc/df4ca44d3fbc9301ee17f30f4d474e6ae4b05252/library/std/src/panicking.rs:674:13
[INFO] [stdout]   15:     0x799f3102eae9 - std::sys::backtrace::__rust_end_short_backtrace::hb1a25b3da5d0ea08
[INFO] [stdout]                                at /rustc/df4ca44d3fbc9301ee17f30f4d474e6ae4b05252/library/std/src/sys/backtrace.rs:170:18
[INFO] [stdout]   16:     0x799f31030c4c - rust_begin_unwind
[INFO] [stdout]                                at /rustc/df4ca44d3fbc9301ee17f30f4d474e6ae4b05252/library/std/src/panicking.rs:665:5
[INFO] [stdout]   17:     0x799f3107afc0 - core::panicking::panic_fmt::ha9db07b529f9b256
[INFO] [stdout]                                at /rustc/df4ca44d3fbc9301ee17f30f4d474e6ae4b05252/library/core/src/panicking.rs:75:14
[INFO] [stdout]   18:     0x58166c2e5f43 - core::panicking::panic_display::h98f17ff9f012a8ce
[INFO] [stdout]                                at /rustc/df4ca44d3fbc9301ee17f30f4d474e6ae4b05252/library/core/src/panicking.rs:273:5
[INFO] [stdout]   19:     0x58166c2e825a - aargvark_proc_macros::tests::dump::panic_cold_display::h44563b2275b367c0
[INFO] [stdout]                                at /rustc/df4ca44d3fbc9301ee17f30f4d474e6ae4b05252/library/core/src/panic.rs:100:13
[INFO] [stdout]   20:     0x58166c2e813a - aargvark_proc_macros::tests::dump::h30c2aef5648bd8c2
[INFO] [stdout]                                at /opt/rustwide/workdir/src/lib.rs:749:9
[INFO] [stdout]   21:     0x58166c2e7777 - aargvark_proc_macros::tests::dump::{{closure}}::h829340a8322f39f5
[INFO] [stdout]                                at /opt/rustwide/workdir/src/lib.rs:738:14
[INFO] [stdout]   22:     0x58166c2ee6a6 - core::ops::function::FnOnce::call_once::h29f6b4fddea08f09
[INFO] [stdout]                                at /rustc/df4ca44d3fbc9301ee17f30f4d474e6ae4b05252/library/core/src/ops/function.rs:250:5
[INFO] [stdout]   23:     0x58166c32e7fb - core::ops::function::FnOnce::call_once::h22c3ba5715e93f05
[INFO] [stdout]                                at /rustc/df4ca44d3fbc9301ee17f30f4d474e6ae4b05252/library/core/src/ops/function.rs:250:5
[INFO] [stdout]   24:     0x58166c32e7fb - test::__rust_begin_short_backtrace::h8e82d8113d0da17f
[INFO] [stdout]                                at /rustc/df4ca44d3fbc9301ee17f30f4d474e6ae4b05252/library/test/src/lib.rs:621:18
[INFO] [stdout]   25:     0x58166c32e177 - test::run_test_in_process::{{closure}}::h33235f4f20b7b7c7
[INFO] [stdout]                                at /rustc/df4ca44d3fbc9301ee17f30f4d474e6ae4b05252/library/test/src/lib.rs:644:60
[INFO] [stdout]   26:     0x58166c32e177 - <core::panic::unwind_safe::AssertUnwindSafe<F> as core::ops::function::FnOnce<()>>::call_once::hb5043206310c586f
[INFO] [stdout]                                at /rustc/df4ca44d3fbc9301ee17f30f4d474e6ae4b05252/library/core/src/panic/unwind_safe.rs:272:9
[INFO] [stdout]   27:     0x58166c32e177 - std::panicking::try::do_call::h9ad4731a60ab23e2
[INFO] [stdout]                                at /rustc/df4ca44d3fbc9301ee17f30f4d474e6ae4b05252/library/std/src/panicking.rs:557:40
[INFO] [stdout]   28:     0x58166c32e177 - std::panicking::try::h3824d23db772a716
[INFO] [stdout]                                at /rustc/df4ca44d3fbc9301ee17f30f4d474e6ae4b05252/library/std/src/panicking.rs:520:19
[INFO] [stdout]   29:     0x58166c32e177 - std::panic::catch_unwind::h5afd514605fde46b
[INFO] [stdout]                                at /rustc/df4ca44d3fbc9301ee17f30f4d474e6ae4b05252/library/std/src/panic.rs:358:14
[INFO] [stdout]   30:     0x58166c32e177 - test::run_test_in_process::h0d5cbfa7067d1720
[INFO] [stdout]                                at /rustc/df4ca44d3fbc9301ee17f30f4d474e6ae4b05252/library/test/src/lib.rs:644:27
[INFO] [stdout]   31:     0x58166c32e177 - test::run_test::{{closure}}::h708eb8872708115d
[INFO] [stdout]                                at /rustc/df4ca44d3fbc9301ee17f30f4d474e6ae4b05252/library/test/src/lib.rs:565:43
[INFO] [stdout]   32:     0x58166c2f1894 - test::run_test::{{closure}}::h392c51cee94713ab
[INFO] [stdout]                                at /rustc/df4ca44d3fbc9301ee17f30f4d474e6ae4b05252/library/test/src/lib.rs:595:41
[INFO] [stdout]   33:     0x58166c2f1894 - std::sys::backtrace::__rust_begin_short_backtrace::h2f40290710935a8b
[INFO] [stdout]                                at /rustc/df4ca44d3fbc9301ee17f30f4d474e6ae4b05252/library/std/src/sys/backtrace.rs:154:18
[INFO] [stdout]   34:     0x58166c2f503e - std::thread::Builder::spawn_unchecked_::{{closure}}::{{closure}}::h3fd968d89053a903
[INFO] [stdout]                                at /rustc/df4ca44d3fbc9301ee17f30f4d474e6ae4b05252/library/std/src/thread/mod.rs:541:17
[INFO] [stdout]   35:     0x58166c2f503e - <core::panic::unwind_safe::AssertUnwindSafe<F> as core::ops::function::FnOnce<()>>::call_once::h743f637ba4229880
[INFO] [stdout]                                at /rustc/df4ca44d3fbc9301ee17f30f4d474e6ae4b05252/library/core/src/panic/unwind_safe.rs:272:9
[INFO] [stdout]   36:     0x58166c2f503e - std::panicking::try::do_call::h07440897322525a6
[INFO] [stdout]                                at /rustc/df4ca44d3fbc9301ee17f30f4d474e6ae4b05252/library/std/src/panicking.rs:557:40
[INFO] [stdout]   37:     0x58166c2f503e - std::panicking::try::he5a2e00188156637
[INFO] [stdout]                                at /rustc/df4ca44d3fbc9301ee17f30f4d474e6ae4b05252/library/std/src/panicking.rs:520:19
[INFO] [stdout]   38:     0x58166c2f503e - std::panic::catch_unwind::hbaf3cae49b3c6433
[INFO] [stdout]                                at /rustc/df4ca44d3fbc9301ee17f30f4d474e6ae4b05252/library/std/src/panic.rs:358:14
[INFO] [stdout]   39:     0x58166c2f503e - std::thread::Builder::spawn_unchecked_::{{closure}}::h8e141ea224820bce
[INFO] [stdout]                                at /rustc/df4ca44d3fbc9301ee17f30f4d474e6ae4b05252/library/std/src/thread/mod.rs:540:30
[INFO] [stdout]   40:     0x58166c2f503e - core::ops::function::FnOnce::call_once{{vtable.shim}}::h90d312fedd7b8ea8
[INFO] [stdout]                                at /rustc/df4ca44d3fbc9301ee17f30f4d474e6ae4b05252/library/core/src/ops/function.rs:250:5
[INFO] [stdout]   41:     0x799f3103ad2b - <alloc::boxed::Box<F,A> as core::ops::function::FnOnce<Args>>::call_once::h69aa08ddb6adb8b6
[INFO] [stdout]                                at /rustc/df4ca44d3fbc9301ee17f30f4d474e6ae4b05252/library/alloc/src/boxed.rs:2454:9
[INFO] [stdout]   42:     0x799f3103ad2b - <alloc::boxed::Box<F,A> as core::ops::function::FnOnce<Args>>::call_once::h5aa36efdb79c806f
[INFO] [stdout]                                at /rustc/df4ca44d3fbc9301ee17f30f4d474e6ae4b05252/library/alloc/src/boxed.rs:2454:9
[INFO] [stdout]   43:     0x799f3103ad2b - std::sys::pal::unix::thread::Thread::new::thread_start::h6cd80a1b4be5158d
[INFO] [stdout]                                at /rustc/df4ca44d3fbc9301ee17f30f4d474e6ae4b05252/library/std/src/sys/pal/unix/thread.rs:105:17
[INFO] [stdout]   44:     0x799f30caeac3 - <unknown>
[INFO] [stdout]   45:     0x799f30d3fa04 - clone
[INFO] [stdout]   46:                0x0 - <unknown>
[INFO] [stdout] 
[INFO] [stdout] 
[INFO] [stdout] failures:
[INFO] [stdout]     tests::dump
[INFO] [stdout] 
[INFO] [stdout] test result: FAILED. 0 passed; 1 failed; 0 ignored; 0 measured; 0 filtered out; finished in 0.12s
[INFO] [stdout] 
[INFO] [stderr] error: test failed, to rerun pass `--lib`
[INFO] running `Command { std: "docker" "inspect" "74a077bbb41a4fdcca964386947b28b12e7fd54670d6ed68aa712ab374322c66", kill_on_drop: false }`
[INFO] running `Command { std: "docker" "rm" "-f" "74a077bbb41a4fdcca964386947b28b12e7fd54670d6ed68aa712ab374322c66", kill_on_drop: false }`
[INFO] [stdout] 74a077bbb41a4fdcca964386947b28b12e7fd54670d6ed68aa712ab374322c66
