[INFO] fetching crate aargvark 0.6.4...
[INFO] testing aargvark-0.6.4 against nightly-2024-10-28 for randomize-layout
[INFO] extracting crate aargvark 0.6.4 into /workspace/builds/worker-2-tc1/source
[INFO] validating manifest of crates.io crate aargvark 0.6.4 on toolchain nightly-2024-10-28
[INFO] running `Command { std: CARGO_HOME="/workspace/cargo-home" RUSTUP_HOME="/workspace/rustup-home" "/workspace/cargo-home/bin/cargo" "+nightly-2024-10-28" "metadata" "--manifest-path" "Cargo.toml" "--no-deps", kill_on_drop: false }`
[INFO] started tweaking crates.io crate aargvark 0.6.4
[INFO] finished tweaking crates.io crate aargvark 0.6.4
[INFO] tweaked toml for crates.io crate aargvark 0.6.4 written to /workspace/builds/worker-2-tc1/source/Cargo.toml
[INFO] running `Command { std: CARGO_HOME="/workspace/cargo-home" RUSTUP_HOME="/workspace/rustup-home" "/workspace/cargo-home/bin/cargo" "+nightly-2024-10-28" "generate-lockfile" "--manifest-path" "Cargo.toml", kill_on_drop: false }`
[INFO] [stderr]     Updating crates.io index
[INFO] [stderr]      Locking 134 packages to latest compatible versions
[INFO] [stderr]       Adding unicode-width v0.1.14 (available: v0.2.0)
[INFO] running `Command { std: CARGO_HOME="/workspace/cargo-home" RUSTUP_HOME="/workspace/rustup-home" "/workspace/cargo-home/bin/cargo" "+nightly-2024-10-28" "fetch" "--manifest-path" "Cargo.toml", kill_on_drop: false }`
[INFO] [stderr]  Downloading crates ...
[INFO] [stderr]   Downloaded unicode-linebreak v0.1.5
[INFO] [stderr]   Downloaded smawk v0.3.2
[INFO] [stderr]   Downloaded darling_macro v0.20.10
[INFO] [stderr]   Downloaded vte_generate_state_changes v0.1.2
[INFO] [stderr]   Downloaded io-lifetimes v1.0.11
[INFO] [stderr]   Downloaded cargo-manifest v0.15.2
[INFO] [stderr]   Downloaded serde_spanned v0.6.8
[INFO] [stderr]   Downloaded vte v0.10.1
[INFO] [stderr]   Downloaded darling v0.20.10
[INFO] [stderr]   Downloaded darling_core v0.20.10
[INFO] [stderr]   Downloaded genemichaels-lib v0.5.2
[INFO] [stderr]   Downloaded unsafe-libyaml v0.2.11
[INFO] [stderr]   Downloaded toml_edit v0.22.22
[INFO] [stderr]   Downloaded encode_unicode v0.3.6
[INFO] [stderr]   Downloaded winnow v0.6.20
[INFO] [stderr]   Downloaded serde_yaml v0.9.34+deprecated
[INFO] [stderr]   Downloaded ansitok v0.2.0
[INFO] [stderr]   Downloaded markdown v1.0.0-alpha.21
[INFO] [stderr]   Downloaded rustix v0.37.27
[INFO] [stderr]   Downloaded console v0.15.8
[INFO] [stderr]   Downloaded textwrap v0.16.1
[INFO] [stderr]   Downloaded loga v0.5.2
[INFO] [stderr]   Downloaded unicode-id v0.3.5
[INFO] [stderr]   Downloaded aargvark_proc_macros v3.2.4
[INFO] [stderr]   Downloaded arrayvec v0.5.2
[INFO] [stderr]   Downloaded ansi-str v0.8.0
[INFO] [stderr]   Downloaded convert_case v0.6.0
[INFO] [stderr]   Downloaded terminal_size v0.2.6
[INFO] [stderr]   Downloaded linux-raw-sys v0.3.8
[INFO] running `Command { std: "docker" "create" "-v" "/var/lib/crater-agent-workspace/builds/worker-2-tc1/target:/opt/rustwide/target:rw,Z" "-v" "/var/lib/crater-agent-workspace/builds/worker-2-tc1/source:/opt/rustwide/workdir:ro,Z" "-v" "/var/lib/crater-agent-workspace/cargo-home:/opt/rustwide/cargo-home:ro,Z" "-v" "/var/lib/crater-agent-workspace/rustup-home:/opt/rustwide/rustup-home:ro,Z" "-e" "SOURCE_DIR=/opt/rustwide/workdir" "-e" "CARGO_TARGET_DIR=/opt/rustwide/target" "-e" "CARGO_HOME=/opt/rustwide/cargo-home" "-e" "RUSTUP_HOME=/opt/rustwide/rustup-home" "-w" "/opt/rustwide/workdir" "-m" "1610612736" "--user" "0:0" "--network" "none" "ghcr.io/rust-lang/crates-build-env/linux@sha256:4a844ea9eb2546a2d2c7022eacef16ef2e8229c7fbb2c7d4d55a9ceca922f72d" "/opt/rustwide/cargo-home/bin/cargo" "+nightly-2024-10-28" "metadata" "--no-deps" "--format-version=1", kill_on_drop: false }`
[INFO] [stdout] 6c4ccc67514ba60aaafc551be4d01f9487cd4c1105a8e6d16d19efca1b8343a9
[INFO] running `Command { std: "docker" "start" "-a" "6c4ccc67514ba60aaafc551be4d01f9487cd4c1105a8e6d16d19efca1b8343a9", kill_on_drop: false }`
[INFO] running `Command { std: "docker" "inspect" "6c4ccc67514ba60aaafc551be4d01f9487cd4c1105a8e6d16d19efca1b8343a9", kill_on_drop: false }`
[INFO] running `Command { std: "docker" "rm" "-f" "6c4ccc67514ba60aaafc551be4d01f9487cd4c1105a8e6d16d19efca1b8343a9", kill_on_drop: false }`
[INFO] [stdout] 6c4ccc67514ba60aaafc551be4d01f9487cd4c1105a8e6d16d19efca1b8343a9
[INFO] running `Command { std: "docker" "create" "-v" "/var/lib/crater-agent-workspace/builds/worker-2-tc1/target:/opt/rustwide/target:rw,Z" "-v" "/var/lib/crater-agent-workspace/builds/worker-2-tc1/source:/opt/rustwide/workdir:ro,Z" "-v" "/var/lib/crater-agent-workspace/cargo-home:/opt/rustwide/cargo-home:ro,Z" "-v" "/var/lib/crater-agent-workspace/rustup-home:/opt/rustwide/rustup-home:ro,Z" "-e" "SOURCE_DIR=/opt/rustwide/workdir" "-e" "CARGO_TARGET_DIR=/opt/rustwide/target" "-e" "CARGO_INCREMENTAL=0" "-e" "RUST_BACKTRACE=full" "-e" "RUSTFLAGS=--cap-lints=forbid" "-e" "RUSTDOCFLAGS=--cap-lints=forbid" "-e" "CARGO_HOME=/opt/rustwide/cargo-home" "-e" "RUSTUP_HOME=/opt/rustwide/rustup-home" "-w" "/opt/rustwide/workdir" "-m" "1610612736" "--user" "0:0" "--network" "none" "ghcr.io/rust-lang/crates-build-env/linux@sha256:4a844ea9eb2546a2d2c7022eacef16ef2e8229c7fbb2c7d4d55a9ceca922f72d" "/opt/rustwide/cargo-home/bin/cargo" "+nightly-2024-10-28" "build" "--frozen" "--message-format=json", kill_on_drop: false }`
[INFO] [stdout] 6679ced2f8a2799f916ead512d5cff29d3e7cef1091b096075595f9b2679b589
[INFO] running `Command { std: "docker" "start" "-a" "6679ced2f8a2799f916ead512d5cff29d3e7cef1091b096075595f9b2679b589", kill_on_drop: false }`
[INFO] [stderr]    Compiling proc-macro2 v1.0.89
[INFO] [stderr]    Compiling unicode-ident v1.0.13
[INFO] [stderr]    Compiling libc v0.2.161
[INFO] [stderr]    Compiling serde v1.0.214
[INFO] [stderr]    Compiling memchr v2.7.4
[INFO] [stderr]    Compiling io-lifetimes v1.0.11
[INFO] [stderr]    Compiling rustix v0.37.27
[INFO] [stderr]    Compiling equivalent v1.0.1
[INFO] [stderr]    Compiling hashbrown v0.15.0
[INFO] [stderr]    Compiling linux-raw-sys v0.3.8
[INFO] [stderr]    Compiling unicode-width v0.1.14
[INFO] [stderr]    Compiling thiserror v1.0.66
[INFO] [stderr]    Compiling winnow v0.6.20
[INFO] [stderr]    Compiling lock_api v0.4.12
[INFO] [stderr]    Compiling parking_lot_core v0.9.10
[INFO] [stderr]    Compiling num-traits v0.2.19
[INFO] [stderr]    Compiling serde_json v1.0.132
[INFO] [stderr]    Compiling smallvec v1.13.2
[INFO] [stderr]    Compiling utf8parse v0.2.2
[INFO] [stderr]    Compiling cfg-if v1.0.0
[INFO] [stderr]    Compiling ident_case v1.0.1
[INFO] [stderr]    Compiling scopeguard v1.2.0
[INFO] [stderr]    Compiling smawk v0.3.2
[INFO] [stderr]    Compiling unicode-linebreak v0.1.5
[INFO] [stderr]    Compiling rustversion v1.0.18
[INFO] [stderr]    Compiling arrayvec v0.5.2
[INFO] [stderr]    Compiling fnv v1.0.7
[INFO] [stderr]    Compiling minimal-lexical v0.2.1
[INFO] [stderr]    Compiling regex-syntax v0.8.5
[INFO] [stderr]    Compiling strsim v0.11.1
[INFO] [stderr]    Compiling iana-time-zone v0.1.61
[INFO] [stderr]    Compiling itoa v1.0.11
[INFO] [stderr]    Compiling unicode-id v0.3.5
[INFO] [stderr]    Compiling convert_case v0.4.0
[INFO] [stderr]    Compiling ryu v1.0.18
[INFO] [stderr]    Compiling aho-corasick v1.1.3
[INFO] [stderr]    Compiling nom v7.1.3
[INFO] [stderr]    Compiling markdown v1.0.0-alpha.21
[INFO] [stderr]    Compiling unicode-segmentation v1.12.0
[INFO] [stderr]    Compiling indexmap v2.6.0
[INFO] [stderr]    Compiling heck v0.5.0
[INFO] [stderr]    Compiling bitflags v2.6.0
[INFO] [stderr]    Compiling strum v0.26.3
[INFO] [stderr]    Compiling quote v1.0.37
[INFO] [stderr]    Compiling chrono v0.4.38
[INFO] [stderr]    Compiling convert_case v0.6.0
[INFO] [stderr]    Compiling syn v2.0.86
[INFO] [stderr]    Compiling vte_generate_state_changes v0.1.2
[INFO] [stderr]    Compiling vte v0.10.1
[INFO] [stderr]    Compiling console v0.15.8
[INFO] [stderr]    Compiling parking_lot v0.12.3
[INFO] [stderr]    Compiling crossterm v0.27.0
[INFO] [stderr]    Compiling ansitok v0.2.0
[INFO] [stderr]    Compiling regex-automata v0.4.8
[INFO] [stderr]    Compiling ansi-str v0.8.0
[INFO] [stderr]    Compiling terminal_size v0.2.6
[INFO] [stderr]    Compiling textwrap v0.16.1
[INFO] [stderr]    Compiling loga v0.5.2
[INFO] [stderr]    Compiling darling_core v0.20.10
[INFO] [stderr]    Compiling regex v1.11.1
[INFO] [stderr]    Compiling serde_derive v1.0.214
[INFO] [stderr]    Compiling thiserror-impl v1.0.66
[INFO] [stderr]    Compiling derive_more v0.99.18
[INFO] [stderr]    Compiling strum_macros v0.26.4
[INFO] [stderr]    Compiling darling_macro v0.20.10
[INFO] [stderr]    Compiling comfy-table v7.1.1
[INFO] [stderr]    Compiling darling v0.20.10
[INFO] [stderr]    Compiling toml_datetime v0.6.8
[INFO] [stderr]    Compiling serde_spanned v0.6.8
[INFO] [stderr]    Compiling toml_edit v0.22.22
[INFO] [stderr]    Compiling toml v0.8.19
[INFO] [stderr]    Compiling cargo-manifest v0.15.2
[INFO] [stderr]    Compiling genemichaels-lib v0.5.2
[INFO] [stderr]    Compiling aargvark_proc_macros v3.2.4
[INFO] [stderr]    Compiling aargvark v0.6.4 (/opt/rustwide/workdir)
[INFO] [stderr]     Finished `dev` profile [unoptimized + debuginfo] target(s) in 11.81s
[INFO] running `Command { std: "docker" "inspect" "6679ced2f8a2799f916ead512d5cff29d3e7cef1091b096075595f9b2679b589", kill_on_drop: false }`
[INFO] running `Command { std: "docker" "rm" "-f" "6679ced2f8a2799f916ead512d5cff29d3e7cef1091b096075595f9b2679b589", kill_on_drop: false }`
[INFO] [stdout] 6679ced2f8a2799f916ead512d5cff29d3e7cef1091b096075595f9b2679b589
[INFO] running `Command { std: "docker" "create" "-v" "/var/lib/crater-agent-workspace/builds/worker-2-tc1/target:/opt/rustwide/target:rw,Z" "-v" "/var/lib/crater-agent-workspace/builds/worker-2-tc1/source:/opt/rustwide/workdir:ro,Z" "-v" "/var/lib/crater-agent-workspace/cargo-home:/opt/rustwide/cargo-home:ro,Z" "-v" "/var/lib/crater-agent-workspace/rustup-home:/opt/rustwide/rustup-home:ro,Z" "-e" "SOURCE_DIR=/opt/rustwide/workdir" "-e" "CARGO_TARGET_DIR=/opt/rustwide/target" "-e" "CARGO_INCREMENTAL=0" "-e" "RUST_BACKTRACE=full" "-e" "RUSTFLAGS=--cap-lints=forbid" "-e" "RUSTDOCFLAGS=--cap-lints=forbid" "-e" "CARGO_HOME=/opt/rustwide/cargo-home" "-e" "RUSTUP_HOME=/opt/rustwide/rustup-home" "-w" "/opt/rustwide/workdir" "-m" "1610612736" "--user" "0:0" "--network" "none" "ghcr.io/rust-lang/crates-build-env/linux@sha256:4a844ea9eb2546a2d2c7022eacef16ef2e8229c7fbb2c7d4d55a9ceca922f72d" "/opt/rustwide/cargo-home/bin/cargo" "+nightly-2024-10-28" "test" "--frozen" "--no-run" "--message-format=json", kill_on_drop: false }`
[INFO] [stdout] 9125f1f01a118e61209779202503499f5f1d4a6215ae182bb999a97a109dc103
[INFO] running `Command { std: "docker" "start" "-a" "9125f1f01a118e61209779202503499f5f1d4a6215ae182bb999a97a109dc103", kill_on_drop: false }`
[INFO] [stderr]    Compiling aargvark v0.6.4 (/opt/rustwide/workdir)
[INFO] [stderr]     Finished `test` profile [unoptimized + debuginfo] target(s) in 0.26s
[INFO] running `Command { std: "docker" "inspect" "9125f1f01a118e61209779202503499f5f1d4a6215ae182bb999a97a109dc103", kill_on_drop: false }`
[INFO] running `Command { std: "docker" "rm" "-f" "9125f1f01a118e61209779202503499f5f1d4a6215ae182bb999a97a109dc103", kill_on_drop: false }`
[INFO] [stdout] 9125f1f01a118e61209779202503499f5f1d4a6215ae182bb999a97a109dc103
[INFO] running `Command { std: "docker" "create" "-v" "/var/lib/crater-agent-workspace/builds/worker-2-tc1/target:/opt/rustwide/target:rw,Z" "-v" "/var/lib/crater-agent-workspace/builds/worker-2-tc1/source:/opt/rustwide/workdir:ro,Z" "-v" "/var/lib/crater-agent-workspace/cargo-home:/opt/rustwide/cargo-home:ro,Z" "-v" "/var/lib/crater-agent-workspace/rustup-home:/opt/rustwide/rustup-home:ro,Z" "-e" "SOURCE_DIR=/opt/rustwide/workdir" "-e" "CARGO_TARGET_DIR=/opt/rustwide/target" "-e" "CARGO_INCREMENTAL=0" "-e" "RUST_BACKTRACE=full" "-e" "RUSTFLAGS=--cap-lints=forbid" "-e" "RUSTDOCFLAGS=--cap-lints=forbid" "-e" "CARGO_HOME=/opt/rustwide/cargo-home" "-e" "RUSTUP_HOME=/opt/rustwide/rustup-home" "-w" "/opt/rustwide/workdir" "-m" "1610612736" "--user" "0:0" "--network" "none" "ghcr.io/rust-lang/crates-build-env/linux@sha256:4a844ea9eb2546a2d2c7022eacef16ef2e8229c7fbb2c7d4d55a9ceca922f72d" "/opt/rustwide/cargo-home/bin/cargo" "+nightly-2024-10-28" "test" "--frozen", kill_on_drop: false }`
[INFO] [stdout] f71147a34405e6717381e92e3981340d9ec1513faa8bd9b73a3c1ae6ba78b925
[INFO] running `Command { std: "docker" "start" "-a" "f71147a34405e6717381e92e3981340d9ec1513faa8bd9b73a3c1ae6ba78b925", kill_on_drop: false }`
[INFO] [stderr]     Finished `test` profile [unoptimized + debuginfo] target(s) in 0.06s
[INFO] [stderr]      Running unittests src/lib.rs (/opt/rustwide/target/debug/deps/aargvark-c59e4f251f5febfd)
[INFO] [stdout] 
[INFO] [stdout] running 0 tests
[INFO] [stdout] 
[INFO] [stdout] test result: ok. 0 passed; 0 failed; 0 ignored; 0 measured; 0 filtered out; finished in 0.00s
[INFO] [stdout] 
[INFO] [stderr]    Doc-tests aargvark
[INFO] [stdout] 
[INFO] [stdout] running 4 tests
[INFO] [stdout] test src/../readme.md - (line 15) ... FAILED
[INFO] [stdout] test src/../readme.md - (line 38) ... FAILED
[INFO] [stdout] test src/../readme.md - (line 96) ... FAILED
[INFO] [stdout] test src/../readme.md - (line 83) ... FAILED
[INFO] [stdout] 
[INFO] [stdout] failures:
[INFO] [stdout] 
[INFO] [stdout] ---- src/../readme.md - (line 15) stdout ----
[INFO] [stdout] error: expected expression, found `$`
[INFO] [stdout]  --> src/../readme.md:16:1
[INFO] [stdout]   |
[INFO] [stdout] 3 | $ ; This is an example help output, sans light ansi styling
[INFO] [stdout]   | ^ expected expression
[INFO] [stdout] 
[INFO] [stdout] error: aborting due to 1 previous error
[INFO] [stdout] 
[INFO] [stdout] Couldn't compile the test.
[INFO] [stdout] ---- src/../readme.md - (line 38) stdout ----
[INFO] [stdout] error: unknown start of token: `
[INFO] [stdout]  --> src/../readme.md:44:46
[INFO] [stdout]   |
[INFO] [stdout] 8 | ...                   structure `{KEY: {"ttl": MINUTES, "value":
[INFO] [stdout]   |                                 ^
[INFO] [stdout]   |
[INFO] [stdout] help: Unicode character '`' (Grave Accent) looks like ''' (Single Quote), but it is not
[INFO] [stdout]   |
[INFO] [stdout] 8 |                                    structure '{KEY: {"ttl": MINUTES, "value":
[INFO] [stdout]   |                                              ~
[INFO] [stdout] 
[INFO] [stdout] error: unknown start of token: `
[INFO] [stdout]  --> src/../readme.md:45:47
[INFO] [stdout]   |
[INFO] [stdout] 9 | ...                   DATA}, ...}`. `KEY` is a string that's a
[INFO] [stdout]   |                                  ^
[INFO] [stdout]   |
[INFO] [stdout] help: Unicode character '`' (Grave Accent) looks like ''' (Single Quote), but it is not
[INFO] [stdout]   |
[INFO] [stdout] 9 |                                    DATA}, ...}'. `KEY` is a string that's a
[INFO] [stdout]   |                                               ~
[INFO] [stdout] 
[INFO] [stdout] error: unknown start of token: `
[INFO] [stdout]  --> src/../readme.md:45:50
[INFO] [stdout]   |
[INFO] [stdout] 9 | ...                   DATA}, ...}`. `KEY` is a string that's a
[INFO] [stdout]   |                                     ^
[INFO] [stdout]   |
[INFO] [stdout] help: Unicode character '`' (Grave Accent) looks like ''' (Single Quote), but it is not
[INFO] [stdout]   |
[INFO] [stdout] 9 |                                    DATA}, ...}`. 'KEY` is a string that's a
[INFO] [stdout]   |                                                  ~
[INFO] [stdout] 
[INFO] [stdout] error: unknown start of token: `
[INFO] [stdout]  --> src/../readme.md:45:54
[INFO] [stdout]   |
[INFO] [stdout] 9 | ...                   DATA}, ...}`. `KEY` is a string that's a
[INFO] [stdout]   |                                         ^
[INFO] [stdout]   |
[INFO] [stdout] help: Unicode character '`' (Grave Accent) looks like ''' (Single Quote), but it is not
[INFO] [stdout]   |
[INFO] [stdout] 9 |                                    DATA}, ...}`. `KEY' is a string that's a
[INFO] [stdout]   |                                                      ~
[INFO] [stdout] 
[INFO] [stdout] error: prefix `that` is unknown
[INFO] [stdout]  --> src/../readme.md:45:68
[INFO] [stdout]   |
[INFO] [stdout] 9 | ...                   DATA}, ...}`. `KEY` is a string that's a
[INFO] [stdout]   |                                                       ^^^^ unknown prefix
[INFO] [stdout]   |
[INFO] [stdout]   = note: prefixed identifiers and literals are reserved since Rust 2021
[INFO] [stdout] help: consider inserting whitespace here
[INFO] [stdout]   |
[INFO] [stdout] 9 |                                    DATA}, ...}`. `KEY` is a string that 's a
[INFO] [stdout]   |                                                                        +
[INFO] [stdout] 
[INFO] [stdout] error: unknown start of token: `
[INFO] [stdout]   --> src/../readme.md:46:70
[INFO] [stdout]    |
[INFO] [stdout] 10 | ...                   dotted list of key segments, with `/` to
[INFO] [stdout]    |                                                         ^
[INFO] [stdout]    |
[INFO] [stdout] help: Unicode character '`' (Grave Accent) looks like ''' (Single Quote), but it is not
[INFO] [stdout]    |
[INFO] [stdout] 10 |                                    dotted list of key segments, with '/` to
[INFO] [stdout]    |                                                                      ~
[INFO] [stdout] 
[INFO] [stdout] error: unknown start of token: `
[INFO] [stdout]   --> src/../readme.md:46:72
[INFO] [stdout]    |
[INFO] [stdout] 10 | ...                   dotted list of key segments, with `/` to
[INFO] [stdout]    |                                                           ^
[INFO] [stdout]    |
[INFO] [stdout] help: Unicode character '`' (Grave Accent) looks like ''' (Single Quote), but it is not
[INFO] [stdout]    |
[INFO] [stdout] 10 |                                    dotted list of key segments, with `/' to
[INFO] [stdout]    |                                                                        ~
[INFO] [stdout] 
[INFO] [stdout] error: expected expression, found `$`
[INFO] [stdout]  --> src/../readme.md:39:1
[INFO] [stdout]   |
[INFO] [stdout] 3 | $ spagh publish set -h
[INFO] [stdout]   | ^ expected expression
[INFO] [stdout] 
[INFO] [stdout] error: aborting due to 8 previous errors
[INFO] [stdout] 
[INFO] [stdout] Couldn't compile the test.
[INFO] [stdout] ---- src/../readme.md - (line 96) stdout ----
[INFO] [stdout] error[E0425]: cannot find function `vark` in this scope
[INFO] [stdout]  --> src/../readme.md:97:12
[INFO] [stdout]   |
[INFO] [stdout] 3 | let args = vark::<MyArgs>();
[INFO] [stdout]   |            ^^^^ not found in this scope
[INFO] [stdout]   |
[INFO] [stdout] help: consider importing this function
[INFO] [stdout]   |
[INFO] [stdout] 2 + use aargvark::vark;
[INFO] [stdout]   |
[INFO] [stdout] 
[INFO] [stdout] error[E0412]: cannot find type `MyArgs` in this scope
[INFO] [stdout]  --> src/../readme.md:97:19
[INFO] [stdout]   |
[INFO] [stdout] 3 | let args = vark::<MyArgs>();
[INFO] [stdout]   |                   ^^^^^^ not found in this scope
[INFO] [stdout]   |
[INFO] [stdout] help: you might be missing a type parameter
[INFO] [stdout]   |
[INFO] [stdout] 2 | fn main() { #[allow(non_snake_case)] fn _doctest_main_src____readme_md_96_0<MyArgs>() {
[INFO] [stdout]   |                                                                            ++++++++
[INFO] [stdout] 
[INFO] [stdout] error: aborting due to 2 previous errors
[INFO] [stdout] 
[INFO] [stdout] Some errors have detailed explanations: E0412, E0425.
[INFO] [stdout] For more information about an error, try `rustc --explain E0412`.
[INFO] [stdout] Couldn't compile the test.
[INFO] [stdout] ---- src/../readme.md - (line 83) stdout ----
[INFO] [stdout] error: cannot find derive macro `Aargvark` in this scope
[INFO] [stdout]  --> src/../readme.md:85:10
[INFO] [stdout]   |
[INFO] [stdout] 4 | #[derive(Aargvark)]
[INFO] [stdout]   |          ^^^^^^^^
[INFO] [stdout]   |
[INFO] [stdout] help: consider importing one of these derive macros
[INFO] [stdout]   |
[INFO] [stdout] 2 + use aargvark::Aargvark;
[INFO] [stdout]   |
[INFO] [stdout] 2 + use aargvark_proc_macros::Aargvark;
[INFO] [stdout]   |
[INFO] [stdout] 
[INFO] [stdout] error: cannot find attribute `vark` in this scope
[INFO] [stdout]  --> src/../readme.md:89:5
[INFO] [stdout]   |
[INFO] [stdout] 8 |   #[vark(flag = "-d", flag = "--deadly")]
[INFO] [stdout]   |     ^^^^
[INFO] [stdout] 
[INFO] [stdout] error[E0412]: cannot find type `ColorPattern` in this scope
[INFO] [stdout]   --> src/../readme.md:91:25
[INFO] [stdout]    |
[INFO] [stdout] 10 |   color_pattern: Option<ColorPattern>,
[INFO] [stdout]    |                         ^^^^^^^^^^^^ not found in this scope
[INFO] [stdout]    |
[INFO] [stdout] help: you might be missing a type parameter
[INFO] [stdout]    |
[INFO] [stdout] 5  | struct MyArgs<ColorPattern> {
[INFO] [stdout]    |              ++++++++++++++
[INFO] [stdout] 
[INFO] [stdout] error: aborting due to 3 previous errors
[INFO] [stdout] 
[INFO] [stdout] For more information about this error, try `rustc --explain E0412`.
[INFO] [stdout] Couldn't compile the test.
[INFO] [stdout] 
[INFO] [stdout] failures:
[INFO] [stdout]     src/../readme.md - (line 15)
[INFO] [stdout]     src/../readme.md - (line 38)
[INFO] [stdout]     src/../readme.md - (line 83)
[INFO] [stdout]     src/../readme.md - (line 96)
[INFO] [stdout] 
[INFO] [stdout] test result: FAILED. 0 passed; 4 failed; 0 ignored; 0 measured; 0 filtered out; finished in 0.06s
[INFO] [stdout] 
[INFO] [stderr] error: doctest failed, to rerun pass `--doc`
[INFO] running `Command { std: "docker" "inspect" "f71147a34405e6717381e92e3981340d9ec1513faa8bd9b73a3c1ae6ba78b925", kill_on_drop: false }`
[INFO] running `Command { std: "docker" "rm" "-f" "f71147a34405e6717381e92e3981340d9ec1513faa8bd9b73a3c1ae6ba78b925", kill_on_drop: false }`
[INFO] [stdout] f71147a34405e6717381e92e3981340d9ec1513faa8bd9b73a3c1ae6ba78b925
