[INFO] fetching crate aamp 0.1.6...
[INFO] testing aamp-0.1.6 against nightly-2024-10-28 for randomize-layout
[INFO] extracting crate aamp 0.1.6 into /workspace/builds/worker-5-tc1/source
[INFO] validating manifest of crates.io crate aamp 0.1.6 on toolchain nightly-2024-10-28
[INFO] running `Command { std: CARGO_HOME="/workspace/cargo-home" RUSTUP_HOME="/workspace/rustup-home" "/workspace/cargo-home/bin/cargo" "+nightly-2024-10-28" "metadata" "--manifest-path" "Cargo.toml" "--no-deps", kill_on_drop: false }`
[INFO] started tweaking crates.io crate aamp 0.1.6
[INFO] finished tweaking crates.io crate aamp 0.1.6
[INFO] tweaked toml for crates.io crate aamp 0.1.6 written to /workspace/builds/worker-5-tc1/source/Cargo.toml
[INFO] running `Command { std: CARGO_HOME="/workspace/cargo-home" RUSTUP_HOME="/workspace/rustup-home" "/workspace/cargo-home/bin/cargo" "+nightly-2024-10-28" "generate-lockfile" "--manifest-path" "Cargo.toml", kill_on_drop: false }`
[INFO] [stderr]     Updating crates.io index
[INFO] [stderr]      Locking 60 packages to latest compatible versions
[INFO] [stderr]       Adding binread v1.4.1 (available: v2.2.0)
[INFO] [stderr]       Adding cached v0.23.0 (available: v0.53.1)
[INFO] [stderr]       Adding crc v1.8.1 (available: v3.2.1)
[INFO] [stderr]       Adding indexmap v1.9.3 (available: v2.6.0)
[INFO] [stderr]       Adding parse_int v0.5.0 (available: v0.6.0)
[INFO] running `Command { std: CARGO_HOME="/workspace/cargo-home" RUSTUP_HOME="/workspace/rustup-home" "/workspace/cargo-home/bin/cargo" "+nightly-2024-10-28" "fetch" "--manifest-path" "Cargo.toml", kill_on_drop: false }`
[INFO] [stderr]  Downloading crates ...
[INFO] [stderr]   Downloaded arrayvec v0.7.6
[INFO] [stderr]   Downloaded unescape v0.1.0
[INFO] [stderr]   Downloaded build_const v0.2.2
[INFO] [stderr]   Downloaded metrohash v1.0.6
[INFO] [stderr]   Downloaded num-format v0.4.4
[INFO] [stderr]   Downloaded darling v0.13.4
[INFO] [stderr]   Downloaded cached v0.23.0
[INFO] [stderr]   Downloaded binwrite_derive v0.2.1
[INFO] [stderr]   Downloaded binread_derive v1.4.3
[INFO] [stderr]   Downloaded binread v1.4.1
[INFO] [stderr]   Downloaded futures v0.3.31
[INFO] [stderr]   Downloaded hashbrown v0.9.1
[INFO] [stderr]   Downloaded paste-impl v0.1.18
[INFO] [stderr]   Downloaded paste v0.1.18
[INFO] [stderr]   Downloaded async-mutex v1.4.0
[INFO] [stderr]   Downloaded strsim v0.10.0
[INFO] [stderr]   Downloaded darling_core v0.13.4
[INFO] [stderr]   Downloaded cached_proc_macro v0.6.2
[INFO] [stderr]   Downloaded proc-macro-hack v0.5.20+deprecated
[INFO] [stderr]   Downloaded binwrite v0.2.1
[INFO] [stderr]   Downloaded event-listener v2.5.3
[INFO] [stderr]   Downloaded darling_macro v0.13.4
[INFO] [stderr]   Downloaded cached_proc_macro_types v0.1.1
[INFO] [stderr]   Downloaded futures-macro v0.3.31
[INFO] [stderr]   Downloaded crc v1.8.1
[INFO] [stderr]   Downloaded parse_int v0.5.0
[INFO] running `Command { std: "docker" "create" "-v" "/var/lib/crater-agent-workspace/builds/worker-5-tc1/target:/opt/rustwide/target:rw,Z" "-v" "/var/lib/crater-agent-workspace/builds/worker-5-tc1/source:/opt/rustwide/workdir:ro,Z" "-v" "/var/lib/crater-agent-workspace/cargo-home:/opt/rustwide/cargo-home:ro,Z" "-v" "/var/lib/crater-agent-workspace/rustup-home:/opt/rustwide/rustup-home:ro,Z" "-e" "SOURCE_DIR=/opt/rustwide/workdir" "-e" "CARGO_TARGET_DIR=/opt/rustwide/target" "-e" "CARGO_HOME=/opt/rustwide/cargo-home" "-e" "RUSTUP_HOME=/opt/rustwide/rustup-home" "-w" "/opt/rustwide/workdir" "-m" "1610612736" "--user" "0:0" "--network" "none" "ghcr.io/rust-lang/crates-build-env/linux@sha256:4a844ea9eb2546a2d2c7022eacef16ef2e8229c7fbb2c7d4d55a9ceca922f72d" "/opt/rustwide/cargo-home/bin/cargo" "+nightly-2024-10-28" "metadata" "--no-deps" "--format-version=1", kill_on_drop: false }`
[INFO] [stdout] f4b0e6d7e49284eb519ab873aecd7f67c6ff6dadc62ec4ed1e760cd9b9e19bc9
[INFO] running `Command { std: "docker" "start" "-a" "f4b0e6d7e49284eb519ab873aecd7f67c6ff6dadc62ec4ed1e760cd9b9e19bc9", kill_on_drop: false }`
[INFO] running `Command { std: "docker" "inspect" "f4b0e6d7e49284eb519ab873aecd7f67c6ff6dadc62ec4ed1e760cd9b9e19bc9", kill_on_drop: false }`
[INFO] running `Command { std: "docker" "rm" "-f" "f4b0e6d7e49284eb519ab873aecd7f67c6ff6dadc62ec4ed1e760cd9b9e19bc9", kill_on_drop: false }`
[INFO] [stdout] f4b0e6d7e49284eb519ab873aecd7f67c6ff6dadc62ec4ed1e760cd9b9e19bc9
[INFO] running `Command { std: "docker" "create" "-v" "/var/lib/crater-agent-workspace/builds/worker-5-tc1/target:/opt/rustwide/target:rw,Z" "-v" "/var/lib/crater-agent-workspace/builds/worker-5-tc1/source:/opt/rustwide/workdir:ro,Z" "-v" "/var/lib/crater-agent-workspace/cargo-home:/opt/rustwide/cargo-home:ro,Z" "-v" "/var/lib/crater-agent-workspace/rustup-home:/opt/rustwide/rustup-home:ro,Z" "-e" "SOURCE_DIR=/opt/rustwide/workdir" "-e" "CARGO_TARGET_DIR=/opt/rustwide/target" "-e" "CARGO_INCREMENTAL=0" "-e" "RUST_BACKTRACE=full" "-e" "RUSTFLAGS=--cap-lints=forbid" "-e" "RUSTDOCFLAGS=--cap-lints=forbid" "-e" "CARGO_HOME=/opt/rustwide/cargo-home" "-e" "RUSTUP_HOME=/opt/rustwide/rustup-home" "-w" "/opt/rustwide/workdir" "-m" "1610612736" "--user" "0:0" "--network" "none" "ghcr.io/rust-lang/crates-build-env/linux@sha256:4a844ea9eb2546a2d2c7022eacef16ef2e8229c7fbb2c7d4d55a9ceca922f72d" "/opt/rustwide/cargo-home/bin/cargo" "+nightly-2024-10-28" "build" "--frozen" "--message-format=json", kill_on_drop: false }`
[INFO] [stdout] e2fc4bfc429753d42b8bf2a7e966a2ca30f5581ac6d1560e8e908c0072867396
[INFO] running `Command { std: "docker" "start" "-a" "e2fc4bfc429753d42b8bf2a7e966a2ca30f5581ac6d1560e8e908c0072867396", kill_on_drop: false }`
[INFO] [stderr]    Compiling autocfg v1.4.0
[INFO] [stderr]    Compiling syn v1.0.109
[INFO] [stderr]    Compiling memchr v2.7.4
[INFO] [stderr]    Compiling futures-sink v0.3.31
[INFO] [stderr]    Compiling proc-macro-hack v0.5.20+deprecated
[INFO] [stderr]    Compiling strsim v0.10.0
[INFO] [stderr]    Compiling futures-core v0.3.31
[INFO] [stderr]    Compiling futures-task v0.3.31
[INFO] [stderr]    Compiling futures-io v0.3.31
[INFO] [stderr]    Compiling pin-project-lite v0.2.15
[INFO] [stderr]    Compiling pin-utils v0.1.0
[INFO] [stderr]    Compiling build_const v0.2.2
[INFO] [stderr]    Compiling thiserror v1.0.66
[INFO] [stderr]    Compiling regex-syntax v0.8.5
[INFO] [stderr]    Compiling cached_proc_macro_types v0.1.1
[INFO] [stderr]    Compiling syn v2.0.86
[INFO] [stderr]    Compiling event-listener v2.5.3
[INFO] [stderr]    Compiling hashbrown v0.12.3
[INFO] [stderr]    Compiling itoa v1.0.11
[INFO] [stderr]    Compiling arrayvec v0.7.6
[INFO] [stderr]    Compiling futures-channel v0.3.31
[INFO] [stderr]    Compiling crc v1.8.1
[INFO] [stderr]    Compiling once_cell v1.20.2
[INFO] [stderr]    Compiling hashbrown v0.9.1
[INFO] [stderr]    Compiling async-mutex v1.4.0
[INFO] [stderr]    Compiling ryu v1.0.18
[INFO] [stderr]    Compiling num-format v0.4.4
[INFO] [stderr]    Compiling glob v0.3.1
[INFO] [stderr]    Compiling unescape v0.1.0
[INFO] [stderr]    Compiling metrohash v1.0.6
[INFO] [stderr]    Compiling lazy_static v1.5.0
[INFO] [stderr]    Compiling slab v0.4.9
[INFO] [stderr]    Compiling num-traits v0.2.19
[INFO] [stderr]    Compiling indexmap v1.9.3
[INFO] [stderr]    Compiling aho-corasick v1.1.3
[INFO] [stderr]    Compiling paste-impl v0.1.18
[INFO] [stderr]    Compiling paste v0.1.18
[INFO] [stderr]    Compiling parse_int v0.5.0
[INFO] [stderr]    Compiling regex-automata v0.4.8
[INFO] [stderr]    Compiling futures-macro v0.3.31
[INFO] [stderr]    Compiling async-trait v0.1.83
[INFO] [stderr]    Compiling thiserror-impl v1.0.66
[INFO] [stderr]    Compiling darling_core v0.13.4
[INFO] [stderr]    Compiling futures-util v0.3.31
[INFO] [stderr]    Compiling binwrite_derive v0.2.1
[INFO] [stderr]    Compiling binread_derive v1.4.3
[INFO] [stderr]    Compiling regex v1.11.1
[INFO] [stderr]    Compiling binwrite v0.2.1
[INFO] [stderr]    Compiling darling_macro v0.13.4
[INFO] [stderr]    Compiling darling v0.13.4
[INFO] [stderr]    Compiling cached_proc_macro v0.6.2
[INFO] [stderr]    Compiling binread v1.4.1
[INFO] [stderr]    Compiling futures-executor v0.3.31
[INFO] [stderr]    Compiling futures v0.3.31
[INFO] [stderr]    Compiling cached v0.23.0
[INFO] [stderr]    Compiling aamp v0.1.6 (/opt/rustwide/workdir)
[INFO] [stdout] warning: multiple fields are never read
[INFO] [stdout]   --> src/parse.rs:77:5
[INFO] [stdout]    |
[INFO] [stdout] 76 | struct ParseHeader {
[INFO] [stdout]    |        ----------- fields in this struct
[INFO] [stdout] 77 |     version: u32,
[INFO] [stdout]    |     ^^^^^^^
[INFO] [stdout] 78 |     flags: u32,
[INFO] [stdout]    |     ^^^^^
[INFO] [stdout] 79 |     file_size: u32,
[INFO] [stdout]    |     ^^^^^^^^^
[INFO] [stdout] ...
[INFO] [stdout] 82 |     num_lists: u32,
[INFO] [stdout]    |     ^^^^^^^^^
[INFO] [stdout] 83 |     num_objects: u32,
[INFO] [stdout]    |     ^^^^^^^^^^^
[INFO] [stdout] 84 |     num_params: u32,
[INFO] [stdout]    |     ^^^^^^^^^^
[INFO] [stdout] 85 |     data_section_size: u32,
[INFO] [stdout]    |     ^^^^^^^^^^^^^^^^^
[INFO] [stdout] 86 |     string_section_size: u32,
[INFO] [stdout]    |     ^^^^^^^^^^^^^^^^^^^
[INFO] [stdout] 87 |     idk_section_size: u32,
[INFO] [stdout]    |     ^^^^^^^^^^^^^^^^
[INFO] [stdout]    |
[INFO] [stdout]    = note: `ParseHeader` has a derived impl for the trait `Debug`, but this is intentionally ignored during dead code analysis
[INFO] [stdout]    = note: `#[warn(dead_code)]` on by default
[INFO] [stdout] 
[INFO] [stdout] 
[INFO] [stdout] warning: field `size` is never read
[INFO] [stdout]    --> src/parse.rs:127:5
[INFO] [stdout]     |
[INFO] [stdout] 126 | struct ParseBufferInt {
[INFO] [stdout]     |        -------------- field in this struct
[INFO] [stdout] 127 |     size: u32,
[INFO] [stdout]     |     ^^^^
[INFO] [stdout]     |
[INFO] [stdout]     = note: `ParseBufferInt` has a derived impl for the trait `Debug`, but this is intentionally ignored during dead code analysis
[INFO] [stdout] 
[INFO] [stdout] 
[INFO] [stdout] warning: field `size` is never read
[INFO] [stdout]    --> src/parse.rs:134:5
[INFO] [stdout]     |
[INFO] [stdout] 133 | struct ParseBufferF32 {
[INFO] [stdout]     |        -------------- field in this struct
[INFO] [stdout] 134 |     size: u32,
[INFO] [stdout]     |     ^^^^
[INFO] [stdout]     |
[INFO] [stdout]     = note: `ParseBufferF32` has a derived impl for the trait `Debug`, but this is intentionally ignored during dead code analysis
[INFO] [stdout] 
[INFO] [stdout] 
[INFO] [stdout] warning: field `size` is never read
[INFO] [stdout]    --> src/parse.rs:141:5
[INFO] [stdout]     |
[INFO] [stdout] 140 | struct ParseBufferU32 {
[INFO] [stdout]     |        -------------- field in this struct
[INFO] [stdout] 141 |     size: u32,
[INFO] [stdout]     |     ^^^^
[INFO] [stdout]     |
[INFO] [stdout]     = note: `ParseBufferU32` has a derived impl for the trait `Debug`, but this is intentionally ignored during dead code analysis
[INFO] [stdout] 
[INFO] [stdout] 
[INFO] [stdout] warning: field `size` is never read
[INFO] [stdout]    --> src/parse.rs:148:5
[INFO] [stdout]     |
[INFO] [stdout] 147 | struct ParseBufferBinary {
[INFO] [stdout]     |        ----------------- field in this struct
[INFO] [stdout] 148 |     size: u32,
[INFO] [stdout]     |     ^^^^
[INFO] [stdout]     |
[INFO] [stdout]     = note: `ParseBufferBinary` has a derived impl for the trait `Debug`, but this is intentionally ignored during dead code analysis
[INFO] [stdout] 
[INFO] [stdout] 
[INFO] [stdout] warning: struct `WriteParamValue` is never constructed
[INFO] [stdout]    --> src/write.rs:103:8
[INFO] [stdout]     |
[INFO] [stdout] 103 | struct WriteParamValue<'a>(&'a Parameter);
[INFO] [stdout]     |        ^^^^^^^^^^^^^^^
[INFO] [stdout] 
[INFO] [stdout] 
[INFO] [stderr]     Finished `dev` profile [unoptimized + debuginfo] target(s) in 6.60s
[INFO] running `Command { std: "docker" "inspect" "e2fc4bfc429753d42b8bf2a7e966a2ca30f5581ac6d1560e8e908c0072867396", kill_on_drop: false }`
[INFO] running `Command { std: "docker" "rm" "-f" "e2fc4bfc429753d42b8bf2a7e966a2ca30f5581ac6d1560e8e908c0072867396", kill_on_drop: false }`
[INFO] [stdout] e2fc4bfc429753d42b8bf2a7e966a2ca30f5581ac6d1560e8e908c0072867396
[INFO] running `Command { std: "docker" "create" "-v" "/var/lib/crater-agent-workspace/builds/worker-5-tc1/target:/opt/rustwide/target:rw,Z" "-v" "/var/lib/crater-agent-workspace/builds/worker-5-tc1/source:/opt/rustwide/workdir:ro,Z" "-v" "/var/lib/crater-agent-workspace/cargo-home:/opt/rustwide/cargo-home:ro,Z" "-v" "/var/lib/crater-agent-workspace/rustup-home:/opt/rustwide/rustup-home:ro,Z" "-e" "SOURCE_DIR=/opt/rustwide/workdir" "-e" "CARGO_TARGET_DIR=/opt/rustwide/target" "-e" "CARGO_INCREMENTAL=0" "-e" "RUST_BACKTRACE=full" "-e" "RUSTFLAGS=--cap-lints=forbid" "-e" "RUSTDOCFLAGS=--cap-lints=forbid" "-e" "CARGO_HOME=/opt/rustwide/cargo-home" "-e" "RUSTUP_HOME=/opt/rustwide/rustup-home" "-w" "/opt/rustwide/workdir" "-m" "1610612736" "--user" "0:0" "--network" "none" "ghcr.io/rust-lang/crates-build-env/linux@sha256:4a844ea9eb2546a2d2c7022eacef16ef2e8229c7fbb2c7d4d55a9ceca922f72d" "/opt/rustwide/cargo-home/bin/cargo" "+nightly-2024-10-28" "test" "--frozen" "--no-run" "--message-format=json", kill_on_drop: false }`
[INFO] [stdout] 4b01f956c81ce3ca7ec7ed8d32dffeee00202e5ec7c4e1991e71a817ccc78d82
[INFO] running `Command { std: "docker" "start" "-a" "4b01f956c81ce3ca7ec7ed8d32dffeee00202e5ec7c4e1991e71a817ccc78d82", kill_on_drop: false }`
[INFO] [stdout] warning: multiple fields are never read
[INFO] [stdout]   --> src/parse.rs:77:5
[INFO] [stdout]    |
[INFO] [stdout] 76 | struct ParseHeader {
[INFO] [stdout]    |        ----------- fields in this struct
[INFO] [stdout] 77 |     version: u32,
[INFO] [stdout]    |     ^^^^^^^
[INFO] [stdout] 78 |     flags: u32,
[INFO] [stdout]    |     ^^^^^
[INFO] [stdout] 79 |     file_size: u32,
[INFO] [stdout]    |     ^^^^^^^^^
[INFO] [stdout] ...
[INFO] [stdout] 82 |     num_lists: u32,
[INFO] [stdout]    |     ^^^^^^^^^
[INFO] [stdout] 83 |     num_objects: u32,
[INFO] [stdout]    |     ^^^^^^^^^^^
[INFO] [stdout] 84 |     num_params: u32,
[INFO] [stdout]    |     ^^^^^^^^^^
[INFO] [stdout] 85 |     data_section_size: u32,
[INFO] [stdout]    |     ^^^^^^^^^^^^^^^^^
[INFO] [stdout] 86 |     string_section_size: u32,
[INFO] [stdout]    |     ^^^^^^^^^^^^^^^^^^^
[INFO] [stdout] 87 |     idk_section_size: u32,
[INFO] [stdout]    |     ^^^^^^^^^^^^^^^^
[INFO] [stdout]    |
[INFO] [stdout]    = note: `ParseHeader` has a derived impl for the trait `Debug`, but this is intentionally ignored during dead code analysis
[INFO] [stdout]    = note: `#[warn(dead_code)]` on by default
[INFO] [stdout] 
[INFO] [stdout] 
[INFO] [stderr]    Compiling aamp v0.1.6 (/opt/rustwide/workdir)
[INFO] [stdout] warning: field `size` is never read
[INFO] [stdout]    --> src/parse.rs:127:5
[INFO] [stdout]     |
[INFO] [stdout] 126 | struct ParseBufferInt {
[INFO] [stdout]     |        -------------- field in this struct
[INFO] [stdout] 127 |     size: u32,
[INFO] [stdout]     |     ^^^^
[INFO] [stdout]     |
[INFO] [stdout]     = note: `ParseBufferInt` has a derived impl for the trait `Debug`, but this is intentionally ignored during dead code analysis
[INFO] [stdout] 
[INFO] [stdout] 
[INFO] [stdout] warning: field `size` is never read
[INFO] [stdout]    --> src/parse.rs:134:5
[INFO] [stdout]     |
[INFO] [stdout] 133 | struct ParseBufferF32 {
[INFO] [stdout]     |        -------------- field in this struct
[INFO] [stdout] 134 |     size: u32,
[INFO] [stdout]     |     ^^^^
[INFO] [stdout]     |
[INFO] [stdout]     = note: `ParseBufferF32` has a derived impl for the trait `Debug`, but this is intentionally ignored during dead code analysis
[INFO] [stdout] 
[INFO] [stdout] 
[INFO] [stdout] warning: field `size` is never read
[INFO] [stdout]    --> src/parse.rs:141:5
[INFO] [stdout]     |
[INFO] [stdout] 140 | struct ParseBufferU32 {
[INFO] [stdout]     |        -------------- field in this struct
[INFO] [stdout] 141 |     size: u32,
[INFO] [stdout]     |     ^^^^
[INFO] [stdout]     |
[INFO] [stdout]     = note: `ParseBufferU32` has a derived impl for the trait `Debug`, but this is intentionally ignored during dead code analysis
[INFO] [stdout] 
[INFO] [stdout] 
[INFO] [stdout] warning: field `size` is never read
[INFO] [stdout]    --> src/parse.rs:148:5
[INFO] [stdout]     |
[INFO] [stdout] 147 | struct ParseBufferBinary {
[INFO] [stdout]     |        ----------------- field in this struct
[INFO] [stdout] 148 |     size: u32,
[INFO] [stdout]     |     ^^^^
[INFO] [stdout]     |
[INFO] [stdout]     = note: `ParseBufferBinary` has a derived impl for the trait `Debug`, but this is intentionally ignored during dead code analysis
[INFO] [stdout] 
[INFO] [stdout] 
[INFO] [stdout] warning: struct `WriteParamValue` is never constructed
[INFO] [stdout]    --> src/write.rs:103:8
[INFO] [stdout]     |
[INFO] [stdout] 103 | struct WriteParamValue<'a>(&'a Parameter);
[INFO] [stdout]     |        ^^^^^^^^^^^^^^^
[INFO] [stdout] 
[INFO] [stdout] 
[INFO] [stdout] warning: multiple fields are never read
[INFO] [stdout]   --> src/parse.rs:77:5
[INFO] [stdout]    |
[INFO] [stdout] 76 | struct ParseHeader {
[INFO] [stdout]    |        ----------- fields in this struct
[INFO] [stdout] 77 |     version: u32,
[INFO] [stdout]    |     ^^^^^^^
[INFO] [stdout] 78 |     flags: u32,
[INFO] [stdout]    |     ^^^^^
[INFO] [stdout] 79 |     file_size: u32,
[INFO] [stdout]    |     ^^^^^^^^^
[INFO] [stdout] ...
[INFO] [stdout] 82 |     num_lists: u32,
[INFO] [stdout]    |     ^^^^^^^^^
[INFO] [stdout] 83 |     num_objects: u32,
[INFO] [stdout]    |     ^^^^^^^^^^^
[INFO] [stdout] 84 |     num_params: u32,
[INFO] [stdout]    |     ^^^^^^^^^^
[INFO] [stdout] 85 |     data_section_size: u32,
[INFO] [stdout]    |     ^^^^^^^^^^^^^^^^^
[INFO] [stdout] 86 |     string_section_size: u32,
[INFO] [stdout]    |     ^^^^^^^^^^^^^^^^^^^
[INFO] [stdout] 87 |     idk_section_size: u32,
[INFO] [stdout]    |     ^^^^^^^^^^^^^^^^
[INFO] [stdout]    |
[INFO] [stdout]    = note: `ParseHeader` has a derived impl for the trait `Debug`, but this is intentionally ignored during dead code analysis
[INFO] [stdout]    = note: `#[warn(dead_code)]` on by default
[INFO] [stdout] 
[INFO] [stdout] 
[INFO] [stdout] warning: field `size` is never read
[INFO] [stdout]    --> src/parse.rs:127:5
[INFO] [stdout]     |
[INFO] [stdout] 126 | struct ParseBufferInt {
[INFO] [stdout]     |        -------------- field in this struct
[INFO] [stdout] 127 |     size: u32,
[INFO] [stdout]     |     ^^^^
[INFO] [stdout]     |
[INFO] [stdout]     = note: `ParseBufferInt` has a derived impl for the trait `Debug`, but this is intentionally ignored during dead code analysis
[INFO] [stdout] 
[INFO] [stdout] 
[INFO] [stdout] warning: field `size` is never read
[INFO] [stdout]    --> src/parse.rs:134:5
[INFO] [stdout]     |
[INFO] [stdout] 133 | struct ParseBufferF32 {
[INFO] [stdout]     |        -------------- field in this struct
[INFO] [stdout] 134 |     size: u32,
[INFO] [stdout]     |     ^^^^
[INFO] [stdout]     |
[INFO] [stdout]     = note: `ParseBufferF32` has a derived impl for the trait `Debug`, but this is intentionally ignored during dead code analysis
[INFO] [stdout] 
[INFO] [stdout] 
[INFO] [stdout] warning: field `size` is never read
[INFO] [stdout]    --> src/parse.rs:141:5
[INFO] [stdout]     |
[INFO] [stdout] 140 | struct ParseBufferU32 {
[INFO] [stdout]     |        -------------- field in this struct
[INFO] [stdout] 141 |     size: u32,
[INFO] [stdout]     |     ^^^^
[INFO] [stdout]     |
[INFO] [stdout]     = note: `ParseBufferU32` has a derived impl for the trait `Debug`, but this is intentionally ignored during dead code analysis
[INFO] [stdout] 
[INFO] [stdout] 
[INFO] [stdout] warning: field `size` is never read
[INFO] [stdout]    --> src/parse.rs:148:5
[INFO] [stdout]     |
[INFO] [stdout] 147 | struct ParseBufferBinary {
[INFO] [stdout]     |        ----------------- field in this struct
[INFO] [stdout] 148 |     size: u32,
[INFO] [stdout]     |     ^^^^
[INFO] [stdout]     |
[INFO] [stdout]     = note: `ParseBufferBinary` has a derived impl for the trait `Debug`, but this is intentionally ignored during dead code analysis
[INFO] [stdout] 
[INFO] [stdout] 
[INFO] [stdout] warning: struct `WriteParamValue` is never constructed
[INFO] [stdout]    --> src/write.rs:103:8
[INFO] [stdout]     |
[INFO] [stdout] 103 | struct WriteParamValue<'a>(&'a Parameter);
[INFO] [stdout]     |        ^^^^^^^^^^^^^^^
[INFO] [stdout] 
[INFO] [stdout] 
[INFO] [stderr]     Finished `test` profile [unoptimized + debuginfo] target(s) in 1.22s
[INFO] running `Command { std: "docker" "inspect" "4b01f956c81ce3ca7ec7ed8d32dffeee00202e5ec7c4e1991e71a817ccc78d82", kill_on_drop: false }`
[INFO] running `Command { std: "docker" "rm" "-f" "4b01f956c81ce3ca7ec7ed8d32dffeee00202e5ec7c4e1991e71a817ccc78d82", kill_on_drop: false }`
[INFO] [stdout] 4b01f956c81ce3ca7ec7ed8d32dffeee00202e5ec7c4e1991e71a817ccc78d82
[INFO] running `Command { std: "docker" "create" "-v" "/var/lib/crater-agent-workspace/builds/worker-5-tc1/target:/opt/rustwide/target:rw,Z" "-v" "/var/lib/crater-agent-workspace/builds/worker-5-tc1/source:/opt/rustwide/workdir:ro,Z" "-v" "/var/lib/crater-agent-workspace/cargo-home:/opt/rustwide/cargo-home:ro,Z" "-v" "/var/lib/crater-agent-workspace/rustup-home:/opt/rustwide/rustup-home:ro,Z" "-e" "SOURCE_DIR=/opt/rustwide/workdir" "-e" "CARGO_TARGET_DIR=/opt/rustwide/target" "-e" "CARGO_INCREMENTAL=0" "-e" "RUST_BACKTRACE=full" "-e" "RUSTFLAGS=--cap-lints=forbid" "-e" "RUSTDOCFLAGS=--cap-lints=forbid" "-e" "CARGO_HOME=/opt/rustwide/cargo-home" "-e" "RUSTUP_HOME=/opt/rustwide/rustup-home" "-w" "/opt/rustwide/workdir" "-m" "1610612736" "--user" "0:0" "--network" "none" "ghcr.io/rust-lang/crates-build-env/linux@sha256:4a844ea9eb2546a2d2c7022eacef16ef2e8229c7fbb2c7d4d55a9ceca922f72d" "/opt/rustwide/cargo-home/bin/cargo" "+nightly-2024-10-28" "test" "--frozen", kill_on_drop: false }`
[INFO] [stdout] 488d43096f2ddfedaab83dda9e75fd35ed3a5ee48c3a1fcfa82aa15ff52ec5f7
[INFO] running `Command { std: "docker" "start" "-a" "488d43096f2ddfedaab83dda9e75fd35ed3a5ee48c3a1fcfa82aa15ff52ec5f7", kill_on_drop: false }`
[INFO] [stderr] warning: multiple fields are never read
[INFO] [stderr]   --> src/parse.rs:77:5
[INFO] [stderr]    |
[INFO] [stderr] 76 | struct ParseHeader {
[INFO] [stderr]    |        ----------- fields in this struct
[INFO] [stderr] 77 |     version: u32,
[INFO] [stderr]    |     ^^^^^^^
[INFO] [stderr] 78 |     flags: u32,
[INFO] [stderr]    |     ^^^^^
[INFO] [stderr] 79 |     file_size: u32,
[INFO] [stderr]    |     ^^^^^^^^^
[INFO] [stderr] ...
[INFO] [stderr] 82 |     num_lists: u32,
[INFO] [stderr]    |     ^^^^^^^^^
[INFO] [stderr] 83 |     num_objects: u32,
[INFO] [stderr]    |     ^^^^^^^^^^^
[INFO] [stderr] 84 |     num_params: u32,
[INFO] [stderr]    |     ^^^^^^^^^^
[INFO] [stderr] 85 |     data_section_size: u32,
[INFO] [stderr]    |     ^^^^^^^^^^^^^^^^^
[INFO] [stderr] 86 |     string_section_size: u32,
[INFO] [stderr]    |     ^^^^^^^^^^^^^^^^^^^
[INFO] [stderr] 87 |     idk_section_size: u32,
[INFO] [stderr]    |     ^^^^^^^^^^^^^^^^
[INFO] [stderr]    |
[INFO] [stderr]    = note: `ParseHeader` has a derived impl for the trait `Debug`, but this is intentionally ignored during dead code analysis
[INFO] [stderr]    = note: `#[warn(dead_code)]` on by default
[INFO] [stderr] 
[INFO] [stderr] warning: field `size` is never read
[INFO] [stderr]    --> src/parse.rs:127:5
[INFO] [stderr]     |
[INFO] [stderr] 126 | struct ParseBufferInt {
[INFO] [stderr]     |        -------------- field in this struct
[INFO] [stderr] 127 |     size: u32,
[INFO] [stderr]     |     ^^^^
[INFO] [stderr]     |
[INFO] [stderr]     = note: `ParseBufferInt` has a derived impl for the trait `Debug`, but this is intentionally ignored during dead code analysis
[INFO] [stderr] 
[INFO] [stderr] warning: field `size` is never read
[INFO] [stderr]    --> src/parse.rs:134:5
[INFO] [stderr]     |
[INFO] [stderr] 133 | struct ParseBufferF32 {
[INFO] [stderr]     |        -------------- field in this struct
[INFO] [stderr] 134 |     size: u32,
[INFO] [stderr]     |     ^^^^
[INFO] [stderr]     |
[INFO] [stderr]     = note: `ParseBufferF32` has a derived impl for the trait `Debug`, but this is intentionally ignored during dead code analysis
[INFO] [stderr] 
[INFO] [stderr] warning: field `size` is never read
[INFO] [stderr]    --> src/parse.rs:141:5
[INFO] [stderr]     |
[INFO] [stderr] 140 | struct ParseBufferU32 {
[INFO] [stderr]     |        -------------- field in this struct
[INFO] [stderr] 141 |     size: u32,
[INFO] [stderr]     |     ^^^^
[INFO] [stderr]     |
[INFO] [stderr]     = note: `ParseBufferU32` has a derived impl for the trait `Debug`, but this is intentionally ignored during dead code analysis
[INFO] [stderr] 
[INFO] [stderr] warning: field `size` is never read
[INFO] [stderr]    --> src/parse.rs:148:5
[INFO] [stderr]     |
[INFO] [stderr] 147 | struct ParseBufferBinary {
[INFO] [stderr]     |        ----------------- field in this struct
[INFO] [stderr] 148 |     size: u32,
[INFO] [stderr]     |     ^^^^
[INFO] [stderr]     |
[INFO] [stderr]     = note: `ParseBufferBinary` has a derived impl for the trait `Debug`, but this is intentionally ignored during dead code analysis
[INFO] [stderr] 
[INFO] [stderr] warning: struct `WriteParamValue` is never constructed
[INFO] [stderr]    --> src/write.rs:103:8
[INFO] [stderr]     |
[INFO] [stderr] 103 | struct WriteParamValue<'a>(&'a Parameter);
[INFO] [stderr]     |        ^^^^^^^^^^^^^^^
[INFO] [stderr] 
[INFO] [stderr] warning: `aamp` (lib) generated 6 warnings
[INFO] [stderr] warning: `aamp` (lib test) generated 6 warnings (6 duplicates)
[INFO] [stderr]     Finished `test` profile [unoptimized + debuginfo] target(s) in 0.04s
[INFO] [stderr]      Running unittests src/lib.rs (/opt/rustwide/target/debug/deps/aamp-93881b2b9abffa3e)
[INFO] [stdout] 
[INFO] [stdout] running 4 tests
[INFO] [stdout] test tests::binary_roundtrip ... ok
[INFO] [stdout] test tests::yaml_roundtrip ... ok
[INFO] [stdout] test tests::dump_yaml ... ok
[INFO] [stdout] test tests::yaml_to_binary ... ok
[INFO] [stdout] 
[INFO] [stdout] test result: ok. 4 passed; 0 failed; 0 ignored; 0 measured; 0 filtered out; finished in 0.00s
[INFO] [stdout] 
[INFO] [stderr]    Doc-tests aamp
[INFO] [stdout] 
[INFO] [stdout] running 1 test
[INFO] [stdout] test src/lib.rs - (line 8) ... FAILED
[INFO] [stdout] 
[INFO] [stdout] failures:
[INFO] [stdout] 
[INFO] [stdout] ---- src/lib.rs - (line 8) stdout ----
[INFO] [stdout] Test executable failed (exit status: 101).
[INFO] [stdout] 
[INFO] [stdout] stderr:
[INFO] [stdout] thread 'main' panicked at src/lib.rs:6:78:
[INFO] [stdout] called `Result::unwrap()` on an `Err` value: Os { code: 2, kind: NotFound, message: "No such file or directory" }
[INFO] [stdout] stack backtrace:
[INFO] [stdout]    0:     0x5b803f97e47a - std::backtrace_rs::backtrace::libunwind::trace::h207520d6e9873551
[INFO] [stdout]                                at /rustc/df4ca44d3fbc9301ee17f30f4d474e6ae4b05252/library/std/src/../../backtrace/src/backtrace/libunwind.rs:116:5
[INFO] [stdout]    1:     0x5b803f97e47a - std::backtrace_rs::backtrace::trace_unsynchronized::h2ed7433f370e3eca
[INFO] [stdout]                                at /rustc/df4ca44d3fbc9301ee17f30f4d474e6ae4b05252/library/std/src/../../backtrace/src/backtrace/mod.rs:66:5
[INFO] [stdout]    2:     0x5b803f97e47a - std::sys::backtrace::_print_fmt::h916fac51166b18d7
[INFO] [stdout]                                at /rustc/df4ca44d3fbc9301ee17f30f4d474e6ae4b05252/library/std/src/sys/backtrace.rs:66:9
[INFO] [stdout]    3:     0x5b803f97e47a - <std::sys::backtrace::BacktraceLock::print::DisplayBacktrace as core::fmt::Display>::fmt::ha0a4c9b8ce3802e6
[INFO] [stdout]                                at /rustc/df4ca44d3fbc9301ee17f30f4d474e6ae4b05252/library/std/src/sys/backtrace.rs:39:26
[INFO] [stdout]    4:     0x5b803f99b4a3 - core::fmt::rt::Argument::fmt::h4cfc8587d52b3eb5
[INFO] [stdout]                                at /rustc/df4ca44d3fbc9301ee17f30f4d474e6ae4b05252/library/core/src/fmt/rt.rs:177:76
[INFO] [stdout]    5:     0x5b803f99b4a3 - core::fmt::write::h522cc39e5b36ae9f
[INFO] [stdout]                                at /rustc/df4ca44d3fbc9301ee17f30f4d474e6ae4b05252/library/core/src/fmt/mod.rs:1190:21
[INFO] [stdout]    6:     0x5b803f97bdc3 - std::io::Write::write_fmt::hf1c1dcc8cc1287f0
[INFO] [stdout]                                at /rustc/df4ca44d3fbc9301ee17f30f4d474e6ae4b05252/library/std/src/io/mod.rs:1839:15
[INFO] [stdout]    7:     0x5b803f97e2c2 - std::sys::backtrace::BacktraceLock::print::h4b9e00b29e9c0942
[INFO] [stdout]                                at /rustc/df4ca44d3fbc9301ee17f30f4d474e6ae4b05252/library/std/src/sys/backtrace.rs:42:9
[INFO] [stdout]    8:     0x5b803f97f28c - std::panicking::default_hook::{{closure}}::hb59b88280d0324d9
[INFO] [stdout]                                at /rustc/df4ca44d3fbc9301ee17f30f4d474e6ae4b05252/library/std/src/panicking.rs:268:22
[INFO] [stdout]    9:     0x5b803f97f0d2 - std::panicking::default_hook::he1dd496665be4a29
[INFO] [stdout]                                at /rustc/df4ca44d3fbc9301ee17f30f4d474e6ae4b05252/library/std/src/panicking.rs:295:9
[INFO] [stdout]   10:     0x5b803f97f887 - std::panicking::rust_panic_with_hook::h2ff17fe8f26dfcf8
[INFO] [stdout]                                at /rustc/df4ca44d3fbc9301ee17f30f4d474e6ae4b05252/library/std/src/panicking.rs:801:13
[INFO] [stdout]   11:     0x5b803f97f71a - std::panicking::begin_panic_handler::{{closure}}::h4fad77951c07e101
[INFO] [stdout]                                at /rustc/df4ca44d3fbc9301ee17f30f4d474e6ae4b05252/library/std/src/panicking.rs:674:13
[INFO] [stdout]   12:     0x5b803f97e959 - std::sys::backtrace::__rust_end_short_backtrace::hb1a25b3da5d0ea08
[INFO] [stdout]                                at /rustc/df4ca44d3fbc9301ee17f30f4d474e6ae4b05252/library/std/src/sys/backtrace.rs:170:18
[INFO] [stdout]   13:     0x5b803f97f3ac - rust_begin_unwind
[INFO] [stdout]                                at /rustc/df4ca44d3fbc9301ee17f30f4d474e6ae4b05252/library/std/src/panicking.rs:665:5
[INFO] [stdout]   14:     0x5b803f99a5a0 - core::panicking::panic_fmt::ha9db07b529f9b256
[INFO] [stdout]                                at /rustc/df4ca44d3fbc9301ee17f30f4d474e6ae4b05252/library/core/src/panicking.rs:75:14
[INFO] [stdout]   15:     0x5b803f99a9b6 - core::result::unwrap_failed::h5e8218e4d4338b8a
[INFO] [stdout]                                at /rustc/df4ca44d3fbc9301ee17f30f4d474e6ae4b05252/library/core/src/result.rs:1698:5
[INFO] [stdout]   16:     0x5b803f9073cc - rust_out::main::_doctest_main_src_lib_rs_8_0::hce8f5aea0838d5b6
[INFO] [stdout]   17:     0x5b803f907356 - rust_out::main::ha213a30daa5df4da
[INFO] [stdout]   18:     0x5b803f8f3b73 - core::ops::function::FnOnce::call_once::hf7edf7132571051c
[INFO] [stdout]   19:     0x5b803f8f04f6 - std::sys::backtrace::__rust_begin_short_backtrace::h32fd822fd2ba4079
[INFO] [stdout]   20:     0x5b803f8f0429 - std::rt::lang_start::{{closure}}::h4039a1c394ed4f7c
[INFO] [stdout]   21:     0x5b803f979ba7 - core::ops::function::impls::<impl core::ops::function::FnOnce<A> for &F>::call_once::hd87d66b906e0ccaf
[INFO] [stdout]                                at /rustc/df4ca44d3fbc9301ee17f30f4d474e6ae4b05252/library/core/src/ops/function.rs:284:13
[INFO] [stdout]   22:     0x5b803f979ba7 - std::panicking::try::do_call::hae3703de71fc9e3a
[INFO] [stdout]                                at /rustc/df4ca44d3fbc9301ee17f30f4d474e6ae4b05252/library/std/src/panicking.rs:557:40
[INFO] [stdout]   23:     0x5b803f979ba7 - std::panicking::try::h1178330e9a2b2645
[INFO] [stdout]                                at /rustc/df4ca44d3fbc9301ee17f30f4d474e6ae4b05252/library/std/src/panicking.rs:520:19
[INFO] [stdout]   24:     0x5b803f979ba7 - std::panic::catch_unwind::h0acf49d2305d32ad
[INFO] [stdout]                                at /rustc/df4ca44d3fbc9301ee17f30f4d474e6ae4b05252/library/std/src/panic.rs:358:14
[INFO] [stdout]   25:     0x5b803f979ba7 - std::rt::lang_start_internal::{{closure}}::h2d95182d798177be
[INFO] [stdout]                                at /rustc/df4ca44d3fbc9301ee17f30f4d474e6ae4b05252/library/std/src/rt.rs:174:48
[INFO] [stdout]   26:     0x5b803f979ba7 - std::panicking::try::do_call::hb506f5bfe11fd30c
[INFO] [stdout]                                at /rustc/df4ca44d3fbc9301ee17f30f4d474e6ae4b05252/library/std/src/panicking.rs:557:40
[INFO] [stdout]   27:     0x5b803f979ba7 - std::panicking::try::h54d825c46bd0fa95
[INFO] [stdout]                                at /rustc/df4ca44d3fbc9301ee17f30f4d474e6ae4b05252/library/std/src/panicking.rs:520:19
[INFO] [stdout]   28:     0x5b803f979ba7 - std::panic::catch_unwind::hffbb0ad20c4e9fac
[INFO] [stdout]                                at /rustc/df4ca44d3fbc9301ee17f30f4d474e6ae4b05252/library/std/src/panic.rs:358:14
[INFO] [stdout]   29:     0x5b803f979ba7 - std::rt::lang_start_internal::h52c291ef1962c925
[INFO] [stdout]                                at /rustc/df4ca44d3fbc9301ee17f30f4d474e6ae4b05252/library/std/src/rt.rs:174:20
[INFO] [stdout]   30:     0x5b803f8f0407 - std::rt::lang_start::h8c6075cd6f225ba1
[INFO] [stdout]   31:     0x5b803f907885 - main
[INFO] [stdout]   32:     0x73fe06d06d90 - <unknown>
[INFO] [stdout]   33:     0x73fe06d06e40 - __libc_start_main
[INFO] [stdout]   34:     0x5b803f8ec425 - _start
[INFO] [stdout]   35:                0x0 - <unknown>
[INFO] [stdout] 
[INFO] [stdout] 
[INFO] [stdout] 
[INFO] [stdout] failures:
[INFO] [stdout]     src/lib.rs - (line 8)
[INFO] [stdout] 
[INFO] [stdout] test result: FAILED. 0 passed; 1 failed; 0 ignored; 0 measured; 0 filtered out; finished in 0.24s
[INFO] [stdout] 
[INFO] [stderr] error: doctest failed, to rerun pass `--doc`
[INFO] running `Command { std: "docker" "inspect" "488d43096f2ddfedaab83dda9e75fd35ed3a5ee48c3a1fcfa82aa15ff52ec5f7", kill_on_drop: false }`
[INFO] running `Command { std: "docker" "rm" "-f" "488d43096f2ddfedaab83dda9e75fd35ed3a5ee48c3a1fcfa82aa15ff52ec5f7", kill_on_drop: false }`
[INFO] [stdout] 488d43096f2ddfedaab83dda9e75fd35ed3a5ee48c3a1fcfa82aa15ff52ec5f7
