[INFO] fetching crate PebbleVault 0.6.1...
[INFO] testing PebbleVault-0.6.1 against nightly-2024-10-28 for randomize-layout
[INFO] extracting crate PebbleVault 0.6.1 into /workspace/builds/worker-3-tc1/source
[INFO] validating manifest of crates.io crate PebbleVault 0.6.1 on toolchain nightly-2024-10-28
[INFO] running `Command { std: CARGO_HOME="/workspace/cargo-home" RUSTUP_HOME="/workspace/rustup-home" "/workspace/cargo-home/bin/cargo" "+nightly-2024-10-28" "metadata" "--manifest-path" "Cargo.toml" "--no-deps", kill_on_drop: false }`
[INFO] started tweaking crates.io crate PebbleVault 0.6.1
[INFO] finished tweaking crates.io crate PebbleVault 0.6.1
[INFO] tweaked toml for crates.io crate PebbleVault 0.6.1 written to /workspace/builds/worker-3-tc1/source/Cargo.toml
[INFO] running `Command { std: CARGO_HOME="/workspace/cargo-home" RUSTUP_HOME="/workspace/rustup-home" "/workspace/cargo-home/bin/cargo" "+nightly-2024-10-28" "generate-lockfile" "--manifest-path" "Cargo.toml", kill_on_drop: false }`
[INFO] [stderr]     Updating crates.io index
[INFO] [stderr]      Locking 112 packages to latest compatible versions
[INFO] [stderr]       Adding bindgen v0.69.5 (available: v0.70.1)
[INFO] running `Command { std: CARGO_HOME="/workspace/cargo-home" RUSTUP_HOME="/workspace/rustup-home" "/workspace/cargo-home/bin/cargo" "+nightly-2024-10-28" "fetch" "--manifest-path" "Cargo.toml", kill_on_drop: false }`
[INFO] [stderr]  Downloading crates ...
[INFO] [stderr]   Downloaded fallible-iterator v0.3.0
[INFO] [stderr]   Downloaded hashlink v0.9.1
[INFO] [stderr]   Downloaded number_prefix v0.4.0
[INFO] [stderr]   Downloaded instant v0.1.13
[INFO] [stderr]   Downloaded which v4.4.2
[INFO] [stderr]   Downloaded fallible-streaming-iterator v0.1.9
[INFO] [stderr]   Downloaded lazycell v1.3.0
[INFO] [stderr]   Downloaded cexpr v0.6.0
[INFO] [stderr]   Downloaded libloading v0.8.5
[INFO] [stderr]   Downloaded clang-sys v1.8.1
[INFO] [stderr]   Downloaded prettyplease v0.2.25
[INFO] [stderr]   Downloaded minimal-lexical v0.2.1
[INFO] [stderr]   Downloaded heapless v0.8.0
[INFO] [stderr]   Downloaded nom v7.1.3
[INFO] [stderr]   Downloaded itertools v0.12.1
[INFO] [stderr]   Downloaded portable-atomic v1.9.0
[INFO] [stderr]   Downloaded indicatif v0.17.8
[INFO] [stderr]   Downloaded rusqlite v0.32.1
[INFO] [stderr]   Downloaded bindgen v0.69.5
[INFO] [stderr]   Downloaded console v0.15.8
[INFO] [stderr]   Downloaded rstar v0.12.0
[INFO] [stderr]   Downloaded uuid v1.11.0
[INFO] [stderr]   Downloaded colored v2.1.0
[INFO] [stderr]   Downloaded ez_logging v0.1.2
[INFO] [stderr]   Downloaded hash32 v0.3.1
[INFO] [stderr]   Downloaded libsqlite3-sys v0.30.1
[INFO] running `Command { std: "docker" "create" "-v" "/var/lib/crater-agent-workspace/builds/worker-3-tc1/target:/opt/rustwide/target:rw,Z" "-v" "/var/lib/crater-agent-workspace/builds/worker-3-tc1/source:/opt/rustwide/workdir:ro,Z" "-v" "/var/lib/crater-agent-workspace/cargo-home:/opt/rustwide/cargo-home:ro,Z" "-v" "/var/lib/crater-agent-workspace/rustup-home:/opt/rustwide/rustup-home:ro,Z" "-e" "SOURCE_DIR=/opt/rustwide/workdir" "-e" "CARGO_TARGET_DIR=/opt/rustwide/target" "-e" "CARGO_HOME=/opt/rustwide/cargo-home" "-e" "RUSTUP_HOME=/opt/rustwide/rustup-home" "-w" "/opt/rustwide/workdir" "-m" "1610612736" "--user" "0:0" "--network" "none" "ghcr.io/rust-lang/crates-build-env/linux@sha256:4a844ea9eb2546a2d2c7022eacef16ef2e8229c7fbb2c7d4d55a9ceca922f72d" "/opt/rustwide/cargo-home/bin/cargo" "+nightly-2024-10-28" "metadata" "--no-deps" "--format-version=1", kill_on_drop: false }`
[INFO] [stdout] 558e4a899d2a017adad5425f1e692d8cddaf1b36eb60b5e9ddd533fc86bf573d
[INFO] running `Command { std: "docker" "start" "-a" "558e4a899d2a017adad5425f1e692d8cddaf1b36eb60b5e9ddd533fc86bf573d", kill_on_drop: false }`
[INFO] running `Command { std: "docker" "inspect" "558e4a899d2a017adad5425f1e692d8cddaf1b36eb60b5e9ddd533fc86bf573d", kill_on_drop: false }`
[INFO] running `Command { std: "docker" "rm" "-f" "558e4a899d2a017adad5425f1e692d8cddaf1b36eb60b5e9ddd533fc86bf573d", kill_on_drop: false }`
[INFO] [stdout] 558e4a899d2a017adad5425f1e692d8cddaf1b36eb60b5e9ddd533fc86bf573d
[INFO] running `Command { std: "docker" "create" "-v" "/var/lib/crater-agent-workspace/builds/worker-3-tc1/target:/opt/rustwide/target:rw,Z" "-v" "/var/lib/crater-agent-workspace/builds/worker-3-tc1/source:/opt/rustwide/workdir:ro,Z" "-v" "/var/lib/crater-agent-workspace/cargo-home:/opt/rustwide/cargo-home:ro,Z" "-v" "/var/lib/crater-agent-workspace/rustup-home:/opt/rustwide/rustup-home:ro,Z" "-e" "SOURCE_DIR=/opt/rustwide/workdir" "-e" "CARGO_TARGET_DIR=/opt/rustwide/target" "-e" "CARGO_INCREMENTAL=0" "-e" "RUST_BACKTRACE=full" "-e" "RUSTFLAGS=--cap-lints=forbid" "-e" "RUSTDOCFLAGS=--cap-lints=forbid" "-e" "CARGO_HOME=/opt/rustwide/cargo-home" "-e" "RUSTUP_HOME=/opt/rustwide/rustup-home" "-w" "/opt/rustwide/workdir" "-m" "1610612736" "--user" "0:0" "--network" "none" "ghcr.io/rust-lang/crates-build-env/linux@sha256:4a844ea9eb2546a2d2c7022eacef16ef2e8229c7fbb2c7d4d55a9ceca922f72d" "/opt/rustwide/cargo-home/bin/cargo" "+nightly-2024-10-28" "build" "--frozen" "--message-format=json", kill_on_drop: false }`
[INFO] [stdout] d24fa32589e8774c7105f170aad690bacd72b579d505580b6adfc23f7fc62f2d
[INFO] running `Command { std: "docker" "start" "-a" "d24fa32589e8774c7105f170aad690bacd72b579d505580b6adfc23f7fc62f2d", kill_on_drop: false }`
[INFO] [stderr]    Compiling proc-macro2 v1.0.89
[INFO] [stderr]    Compiling unicode-ident v1.0.13
[INFO] [stderr]    Compiling byteorder v1.5.0
[INFO] [stderr]    Compiling cfg-if v1.0.0
[INFO] [stderr]    Compiling version_check v0.9.5
[INFO] [stderr]    Compiling libm v0.2.11
[INFO] [stderr]    Compiling autocfg v1.4.0
[INFO] [stderr]    Compiling once_cell v1.20.2
[INFO] [stderr]    Compiling shlex v1.3.0
[INFO] [stderr]    Compiling vcpkg v0.2.15
[INFO] [stderr]    Compiling serde v1.0.214
[INFO] [stderr]    Compiling lazy_static v1.5.0
[INFO] [stderr]    Compiling heapless v0.8.0
[INFO] [stderr]    Compiling portable-atomic v1.9.0
[INFO] [stderr]    Compiling rustix v0.38.38
[INFO] [stderr]    Compiling bitflags v2.6.0
[INFO] [stderr]    Compiling getrandom v0.2.15
[INFO] [stderr]    Compiling iana-time-zone v0.1.61
[INFO] [stderr]    Compiling smallvec v1.13.2
[INFO] [stderr]    Compiling cc v1.1.31
[INFO] [stderr]    Compiling hash32 v0.3.1
[INFO] [stderr]    Compiling serde_json v1.0.132
[INFO] [stderr]    Compiling rand_core v0.6.4
[INFO] [stderr]    Compiling unicode-width v0.1.14
[INFO] [stderr]    Compiling stable_deref_trait v1.2.0
[INFO] [stderr]    Compiling linux-raw-sys v0.4.14
[INFO] [stderr]    Compiling number_prefix v0.4.0
[INFO] [stderr]    Compiling ahash v0.8.11
[INFO] [stderr]    Compiling fallible-iterator v0.3.0
[INFO] [stderr]    Compiling fastrand v2.1.1
[INFO] [stderr]    Compiling itoa v1.0.11
[INFO] [stderr]    Compiling ryu v1.0.18
[INFO] [stderr]    Compiling num-traits v0.2.19
[INFO] [stderr]    Compiling memchr v2.7.4
[INFO] [stderr]    Compiling console v0.15.8
[INFO] [stderr]    Compiling fallible-streaming-iterator v0.1.9
[INFO] [stderr]    Compiling colored v2.1.0
[INFO] [stderr]    Compiling quote v1.0.37
[INFO] [stderr]    Compiling syn v2.0.86
[INFO] [stderr]    Compiling indicatif v0.17.8
[INFO] [stderr]    Compiling libsqlite3-sys v0.30.1
[INFO] [stderr]    Compiling chrono v0.4.38
[INFO] [stderr]    Compiling rstar v0.12.0
[INFO] [stderr]    Compiling tempfile v3.13.0
[INFO] [stderr]    Compiling ez_logging v0.1.2
[INFO] [stderr]    Compiling zerocopy-derive v0.7.35
[INFO] [stderr]    Compiling serde_derive v1.0.214
[INFO] [stderr]    Compiling zerocopy v0.7.35
[INFO] [stderr]    Compiling ppv-lite86 v0.2.20
[INFO] [stderr]    Compiling hashbrown v0.14.5
[INFO] [stderr]    Compiling rand_chacha v0.3.1
[INFO] [stderr]    Compiling rand v0.8.5
[INFO] [stderr]    Compiling hashlink v0.9.1
[INFO] [stderr]    Compiling rusqlite v0.32.1
[INFO] [stderr]    Compiling uuid v1.11.0
[INFO] [stderr]    Compiling PebbleVault v0.6.1 (/opt/rustwide/workdir)
[INFO] [stdout] warning: unused import: `crate::MySQLGeo::Point`
[INFO] [stdout]   --> src/tests.rs:28:5
[INFO] [stdout]    |
[INFO] [stdout] 28 | use crate::MySQLGeo::Point;
[INFO] [stdout]    |     ^^^^^^^^^^^^^^^^^^^^^^
[INFO] [stdout]    |
[INFO] [stdout] help: if this is a test module, consider adding a `#[cfg(test)]` to the containing module
[INFO] [stdout]   --> src/lib.rs:22:1
[INFO] [stdout]    |
[INFO] [stdout] 22 | pub mod tests;
[INFO] [stdout]    | ^^^^^^^^^^^^^^
[INFO] [stdout]    = note: `#[warn(unused_imports)]` on by default
[INFO] [stdout] 
[INFO] [stdout] 
[INFO] [stdout] warning: unused variable: `region_id`
[INFO] [stdout]    --> src/vault_manager.rs:524:14
[INFO] [stdout]     |
[INFO] [stdout] 524 |         for (region_id, region) in &mut self.regions {
[INFO] [stdout]     |              ^^^^^^^^^ help: if this is intentional, prefix it with an underscore: `_region_id`
[INFO] [stdout]     |
[INFO] [stdout]     = note: `#[warn(unused_variables)]` on by default
[INFO] [stdout] 
[INFO] [stdout] 
[INFO] [stderr]     Finished `dev` profile [unoptimized + debuginfo] target(s) in 10.28s
[INFO] running `Command { std: "docker" "inspect" "d24fa32589e8774c7105f170aad690bacd72b579d505580b6adfc23f7fc62f2d", kill_on_drop: false }`
[INFO] running `Command { std: "docker" "rm" "-f" "d24fa32589e8774c7105f170aad690bacd72b579d505580b6adfc23f7fc62f2d", kill_on_drop: false }`
[INFO] [stdout] d24fa32589e8774c7105f170aad690bacd72b579d505580b6adfc23f7fc62f2d
[INFO] running `Command { std: "docker" "create" "-v" "/var/lib/crater-agent-workspace/builds/worker-3-tc1/target:/opt/rustwide/target:rw,Z" "-v" "/var/lib/crater-agent-workspace/builds/worker-3-tc1/source:/opt/rustwide/workdir:ro,Z" "-v" "/var/lib/crater-agent-workspace/cargo-home:/opt/rustwide/cargo-home:ro,Z" "-v" "/var/lib/crater-agent-workspace/rustup-home:/opt/rustwide/rustup-home:ro,Z" "-e" "SOURCE_DIR=/opt/rustwide/workdir" "-e" "CARGO_TARGET_DIR=/opt/rustwide/target" "-e" "CARGO_INCREMENTAL=0" "-e" "RUST_BACKTRACE=full" "-e" "RUSTFLAGS=--cap-lints=forbid" "-e" "RUSTDOCFLAGS=--cap-lints=forbid" "-e" "CARGO_HOME=/opt/rustwide/cargo-home" "-e" "RUSTUP_HOME=/opt/rustwide/rustup-home" "-w" "/opt/rustwide/workdir" "-m" "1610612736" "--user" "0:0" "--network" "none" "ghcr.io/rust-lang/crates-build-env/linux@sha256:4a844ea9eb2546a2d2c7022eacef16ef2e8229c7fbb2c7d4d55a9ceca922f72d" "/opt/rustwide/cargo-home/bin/cargo" "+nightly-2024-10-28" "test" "--frozen" "--no-run" "--message-format=json", kill_on_drop: false }`
[INFO] [stdout] 5aca445cd2b0f54567186b8ea360f7782ffdb9aa55c84c70e8a234f9110192ff
[INFO] running `Command { std: "docker" "start" "-a" "5aca445cd2b0f54567186b8ea360f7782ffdb9aa55c84c70e8a234f9110192ff", kill_on_drop: false }`
[INFO] [stderr]    Compiling PebbleVault v0.6.1 (/opt/rustwide/workdir)
[INFO] [stdout] warning: unused import: `crate::MySQLGeo::Point`
[INFO] [stdout]   --> src/tests.rs:28:5
[INFO] [stdout]    |
[INFO] [stdout] 28 | use crate::MySQLGeo::Point;
[INFO] [stdout]    |     ^^^^^^^^^^^^^^^^^^^^^^
[INFO] [stdout]    |
[INFO] [stdout] help: if this is a test module, consider adding a `#[cfg(test)]` to the containing module
[INFO] [stdout]   --> src/lib.rs:22:1
[INFO] [stdout]    |
[INFO] [stdout] 22 | pub mod tests;
[INFO] [stdout]    | ^^^^^^^^^^^^^^
[INFO] [stdout]    = note: `#[warn(unused_imports)]` on by default
[INFO] [stdout] 
[INFO] [stdout] 
[INFO] [stdout] warning: unused variable: `region_id`
[INFO] [stdout]    --> src/vault_manager.rs:524:14
[INFO] [stdout]     |
[INFO] [stdout] 524 |         for (region_id, region) in &mut self.regions {
[INFO] [stdout]     |              ^^^^^^^^^ help: if this is intentional, prefix it with an underscore: `_region_id`
[INFO] [stdout]     |
[INFO] [stdout]     = note: `#[warn(unused_variables)]` on by default
[INFO] [stdout] 
[INFO] [stdout] 
[INFO] [stdout] warning: unused import: `crate::MySQLGeo::Point`
[INFO] [stdout]   --> src/tests.rs:28:5
[INFO] [stdout]    |
[INFO] [stdout] 28 | use crate::MySQLGeo::Point;
[INFO] [stdout]    |     ^^^^^^^^^^^^^^^^^^^^^^
[INFO] [stdout]    |
[INFO] [stdout]    = note: `#[warn(unused_imports)]` on by default
[INFO] [stdout] 
[INFO] [stdout] 
[INFO] [stdout] warning: unused variable: `region_id`
[INFO] [stdout]    --> src/vault_manager.rs:524:14
[INFO] [stdout]     |
[INFO] [stdout] 524 |         for (region_id, region) in &mut self.regions {
[INFO] [stdout]     |              ^^^^^^^^^ help: if this is intentional, prefix it with an underscore: `_region_id`
[INFO] [stdout]     |
[INFO] [stdout]     = note: `#[warn(unused_variables)]` on by default
[INFO] [stdout] 
[INFO] [stdout] 
[INFO] [stderr]     Finished `test` profile [unoptimized + debuginfo] target(s) in 0.50s
[INFO] running `Command { std: "docker" "inspect" "5aca445cd2b0f54567186b8ea360f7782ffdb9aa55c84c70e8a234f9110192ff", kill_on_drop: false }`
[INFO] running `Command { std: "docker" "rm" "-f" "5aca445cd2b0f54567186b8ea360f7782ffdb9aa55c84c70e8a234f9110192ff", kill_on_drop: false }`
[INFO] [stdout] 5aca445cd2b0f54567186b8ea360f7782ffdb9aa55c84c70e8a234f9110192ff
[INFO] running `Command { std: "docker" "create" "-v" "/var/lib/crater-agent-workspace/builds/worker-3-tc1/target:/opt/rustwide/target:rw,Z" "-v" "/var/lib/crater-agent-workspace/builds/worker-3-tc1/source:/opt/rustwide/workdir:ro,Z" "-v" "/var/lib/crater-agent-workspace/cargo-home:/opt/rustwide/cargo-home:ro,Z" "-v" "/var/lib/crater-agent-workspace/rustup-home:/opt/rustwide/rustup-home:ro,Z" "-e" "SOURCE_DIR=/opt/rustwide/workdir" "-e" "CARGO_TARGET_DIR=/opt/rustwide/target" "-e" "CARGO_INCREMENTAL=0" "-e" "RUST_BACKTRACE=full" "-e" "RUSTFLAGS=--cap-lints=forbid" "-e" "RUSTDOCFLAGS=--cap-lints=forbid" "-e" "CARGO_HOME=/opt/rustwide/cargo-home" "-e" "RUSTUP_HOME=/opt/rustwide/rustup-home" "-w" "/opt/rustwide/workdir" "-m" "1610612736" "--user" "0:0" "--network" "none" "ghcr.io/rust-lang/crates-build-env/linux@sha256:4a844ea9eb2546a2d2c7022eacef16ef2e8229c7fbb2c7d4d55a9ceca922f72d" "/opt/rustwide/cargo-home/bin/cargo" "+nightly-2024-10-28" "test" "--frozen", kill_on_drop: false }`
[INFO] [stdout] af74fc04e724cf04a5aed098570a2d073a5b9068f71e785630f7f268038a511f
[INFO] running `Command { std: "docker" "start" "-a" "af74fc04e724cf04a5aed098570a2d073a5b9068f71e785630f7f268038a511f", kill_on_drop: false }`
[INFO] [stderr] warning: unused import: `crate::MySQLGeo::Point`
[INFO] [stderr]   --> src/tests.rs:28:5
[INFO] [stderr]    |
[INFO] [stderr] 28 | use crate::MySQLGeo::Point;
[INFO] [stderr]    |     ^^^^^^^^^^^^^^^^^^^^^^
[INFO] [stderr]    |
[INFO] [stderr] help: if this is a test module, consider adding a `#[cfg(test)]` to the containing module
[INFO] [stderr]   --> src/lib.rs:22:1
[INFO] [stderr]    |
[INFO] [stderr] 22 | pub mod tests;
[INFO] [stderr]    | ^^^^^^^^^^^^^^
[INFO] [stderr]    = note: `#[warn(unused_imports)]` on by default
[INFO] [stderr] 
[INFO] [stderr] warning: unused variable: `region_id`
[INFO] [stderr]    --> src/vault_manager.rs:524:14
[INFO] [stderr]     |
[INFO] [stderr] 524 |         for (region_id, region) in &mut self.regions {
[INFO] [stderr]     |              ^^^^^^^^^ help: if this is intentional, prefix it with an underscore: `_region_id`
[INFO] [stderr]     |
[INFO] [stderr]     = note: `#[warn(unused_variables)]` on by default
[INFO] [stderr] 
[INFO] [stderr] warning: unused import: `crate::MySQLGeo::Point`
[INFO] [stderr]   --> src/tests.rs:28:5
[INFO] [stderr]    |
[INFO] [stderr] 28 | use crate::MySQLGeo::Point;
[INFO] [stderr]    |     ^^^^^^^^^^^^^^^^^^^^^^
[INFO] [stderr]    |
[INFO] [stderr]    = note: `#[warn(unused_imports)]` on by default
[INFO] [stderr] 
[INFO] [stderr] warning: `PebbleVault` (lib) generated 2 warnings (run `cargo fix --lib -p PebbleVault` to apply 1 suggestion)
[INFO] [stderr] warning: `PebbleVault` (lib test) generated 2 warnings (1 duplicate) (run `cargo fix --lib -p PebbleVault --tests` to apply 1 suggestion)
[INFO] [stderr]     Finished `test` profile [unoptimized + debuginfo] target(s) in 0.06s
[INFO] [stderr]      Running unittests src/lib.rs (/opt/rustwide/target/debug/deps/PebbleVault-10004c99c0cf2326)
[INFO] [stdout] 
[INFO] [stdout] running 0 tests
[INFO] [stdout] 
[INFO] [stdout] test result: ok. 0 passed; 0 failed; 0 ignored; 0 measured; 0 filtered out; finished in 0.00s
[INFO] [stdout] 
[INFO] [stderr]    Doc-tests PebbleVault
[INFO] [stdout] 
[INFO] [stdout] running 25 tests
[INFO] [stdout] test src/structs.rs - structs::SpatialObject<T>::distance_2 (line 126) ... FAILED
[INFO] [stdout] test src/structs.rs - structs::SpatialObject<T>::envelope (line 160) ... FAILED
[INFO] [stdout] test src/MySQLGeo.rs - MySQLGeo::Database::create_table (line 103) ... FAILED
[INFO] [stdout] test src/MySQLGeo.rs - MySQLGeo::Database::remove_point (line 274) ... FAILED
[INFO] [stdout] test src/load_test.rs - load_test::run_load_test (line 96) ... FAILED
[INFO] [stdout] test src/MySQLGeo.rs - MySQLGeo::Database::get_all_regions (line 323) ... FAILED
[INFO] [stdout] test src/MySQLGeo.rs - MySQLGeo::Database::update_point_position (line 302) ... FAILED
[INFO] [stdout] test src/MySQLGeo.rs - MySQLGeo::Database::get_points_within_radius (line 189) ... FAILED
[INFO] [stdout] test src/MySQLGeo.rs - MySQLGeo::Database::new (line 86) ... FAILED
[INFO] [stdout] test src/MySQLGeo.rs - MySQLGeo::Database::get_points_in_region (line 371) ... FAILED
[INFO] [stdout] test src/MySQLGeo.rs - MySQLGeo::Database::create_region (line 247) ... FAILED
[INFO] [stdout] test src/MySQLGeo.rs - MySQLGeo::Database::add_point (line 147) ... FAILED
[INFO] [stdout] test src/MySQLGeo.rs - MySQLGeo::Point::new (line 65) ... FAILED
[INFO] [stdout] test src/structs.rs - structs::SpatialObject (line 73) ... FAILED
[INFO] [stdout] test src/structs.rs - structs (line 20) ... FAILED
[INFO] [stdout] test src/structs.rs - structs::VaultRegion (line 198) ... FAILED
[INFO] [stdout] test src/vault_manager.rs - vault_manager::VaultManager<T>::add_object (line 276) ... FAILED
[INFO] [stdout] test src/vault_manager.rs - vault_manager::VaultManager<T>::update_object (line 602) ... FAILED
[INFO] [stdout] test src/vault_manager.rs - vault_manager (line 17) ... FAILED
[INFO] [stdout] test src/vault_manager.rs - vault_manager::VaultManager<T>::persist_to_disk (line 443) ... FAILED
[INFO] [stdout] test src/vault_manager.rs - vault_manager::VaultManager<T>::transfer_player (line 385) ... FAILED
[INFO] [stdout] test src/vault_manager.rs - vault_manager::VaultManager<T>::create_or_load_region (line 211) ... FAILED
[INFO] [stdout] test src/vault_manager.rs - vault_manager::VaultManager<T>::get_object (line 560) ... FAILED
[INFO] [stdout] test src/vault_manager.rs - vault_manager::VaultManager<T>::query_region (line 339) ... FAILED
[INFO] [stdout] test src/vault_manager.rs - vault_manager::VaultManager<T>::new (line 102) ... FAILED
[INFO] [stdout] 
[INFO] [stdout] failures:
[INFO] [stdout] 
[INFO] [stdout] ---- src/structs.rs - structs::SpatialObject<T>::distance_2 (line 126) stdout ----
[INFO] [stdout] error[E0432]: unresolved import `your_crate`
[INFO] [stdout]  --> src/structs.rs:129:5
[INFO] [stdout]   |
[INFO] [stdout] 5 | use your_crate::{SpatialObject, PointDistance};
[INFO] [stdout]   |     ^^^^^^^^^^ use of undeclared crate or module `your_crate`
[INFO] [stdout] 
[INFO] [stdout] error: aborting due to 1 previous error
[INFO] [stdout] 
[INFO] [stdout] For more information about this error, try `rustc --explain E0432`.
[INFO] [stdout] Couldn't compile the test.
[INFO] [stdout] ---- src/structs.rs - structs::SpatialObject<T>::envelope (line 160) stdout ----
[INFO] [stdout] error[E0432]: unresolved import `your_crate`
[INFO] [stdout]  --> src/structs.rs:163:5
[INFO] [stdout]   |
[INFO] [stdout] 5 | use your_crate::{SpatialObject, RTreeObject};
[INFO] [stdout]   |     ^^^^^^^^^^ use of undeclared crate or module `your_crate`
[INFO] [stdout] 
[INFO] [stdout] error: aborting due to 1 previous error
[INFO] [stdout] 
[INFO] [stdout] For more information about this error, try `rustc --explain E0432`.
[INFO] [stdout] Couldn't compile the test.
[INFO] [stdout] ---- src/MySQLGeo.rs - MySQLGeo::Database::create_table (line 103) stdout ----
[INFO] [stdout] error[E0425]: cannot find value `db` in this scope
[INFO] [stdout]  --> src/MySQLGeo.rs:104:1
[INFO] [stdout]   |
[INFO] [stdout] 3 | db.create_table().expect("Failed to create tables");
[INFO] [stdout]   | ^^ not found in this scope
[INFO] [stdout] 
[INFO] [stdout] error: aborting due to 1 previous error
[INFO] [stdout] 
[INFO] [stdout] For more information about this error, try `rustc --explain E0425`.
[INFO] [stdout] Couldn't compile the test.
[INFO] [stdout] ---- src/MySQLGeo.rs - MySQLGeo::Database::remove_point (line 274) stdout ----
[INFO] [stdout] error[E0433]: failed to resolve: use of undeclared type `Uuid`
[INFO] [stdout]  --> src/MySQLGeo.rs:275:16
[INFO] [stdout]   |
[INFO] [stdout] 3 | let point_id = Uuid::new_v4();
[INFO] [stdout]   |                ^^^^ use of undeclared type `Uuid`
[INFO] [stdout]   |
[INFO] [stdout] help: consider importing this struct
[INFO] [stdout]   |
[INFO] [stdout] 2 + use uuid::Uuid;
[INFO] [stdout]   |
[INFO] [stdout] 
[INFO] [stdout] error[E0425]: cannot find value `db` in this scope
[INFO] [stdout]  --> src/MySQLGeo.rs:276:1
[INFO] [stdout]   |
[INFO] [stdout] 4 | db.remove_point(point_id).expect("Failed to remove point");
[INFO] [stdout]   | ^^ not found in this scope
[INFO] [stdout] 
[INFO] [stdout] error: aborting due to 2 previous errors
[INFO] [stdout] 
[INFO] [stdout] Some errors have detailed explanations: E0425, E0433.
[INFO] [stdout] For more information about an error, try `rustc --explain E0425`.
[INFO] [stdout] Couldn't compile the test.
[INFO] [stdout] ---- src/load_test.rs - load_test::run_load_test (line 96) stdout ----
[INFO] [stdout] error[E0433]: failed to resolve: use of undeclared type `VaultManager`
[INFO] [stdout]  --> src/load_test.rs:97:25
[INFO] [stdout]   |
[INFO] [stdout] 3 | let mut vault_manager = VaultManager::new("test_db.sqlite").unwrap();
[INFO] [stdout]   |                         ^^^^^^^^^^^^ use of undeclared type `VaultManager`
[INFO] [stdout]   |
[INFO] [stdout] help: consider importing this struct
[INFO] [stdout]   |
[INFO] [stdout] 2 + use PebbleVault::VaultManager;
[INFO] [stdout]   |
[INFO] [stdout] 
[INFO] [stdout] error[E0425]: cannot find function `run_load_test` in this scope
[INFO] [stdout]  --> src/load_test.rs:98:1
[INFO] [stdout]   |
[INFO] [stdout] 4 | run_load_test(&mut vault_manager, 10000, 5, 10).expect("Load test failed");
[INFO] [stdout]   | ^^^^^^^^^^^^^ not found in this scope
[INFO] [stdout]   |
[INFO] [stdout] help: consider importing this function
[INFO] [stdout]   |
[INFO] [stdout] 2 + use PebbleVault::load_test::run_load_test;
[INFO] [stdout]   |
[INFO] [stdout] 
[INFO] [stdout] error: aborting due to 2 previous errors
[INFO] [stdout] 
[INFO] [stdout] Some errors have detailed explanations: E0425, E0433.
[INFO] [stdout] For more information about an error, try `rustc --explain E0425`.
[INFO] [stdout] Couldn't compile the test.
[INFO] [stdout] ---- src/MySQLGeo.rs - MySQLGeo::Database::get_all_regions (line 323) stdout ----
[INFO] [stdout] error[E0425]: cannot find value `db` in this scope
[INFO] [stdout]  --> src/MySQLGeo.rs:324:15
[INFO] [stdout]   |
[INFO] [stdout] 3 | let regions = db.get_all_regions().expect("Failed to get regions");
[INFO] [stdout]   |               ^^ not found in this scope
[INFO] [stdout] 
[INFO] [stdout] error: aborting due to 1 previous error
[INFO] [stdout] 
[INFO] [stdout] For more information about this error, try `rustc --explain E0425`.
[INFO] [stdout] Couldn't compile the test.
[INFO] [stdout] ---- src/MySQLGeo.rs - MySQLGeo::Database::update_point_position (line 302) stdout ----
[INFO] [stdout] error[E0433]: failed to resolve: use of undeclared type `Uuid`
[INFO] [stdout]  --> src/MySQLGeo.rs:303:16
[INFO] [stdout]   |
[INFO] [stdout] 3 | let point_id = Uuid::new_v4();
[INFO] [stdout]   |                ^^^^ use of undeclared type `Uuid`
[INFO] [stdout]   |
[INFO] [stdout] help: consider importing this struct
[INFO] [stdout]   |
[INFO] [stdout] 2 + use uuid::Uuid;
[INFO] [stdout]   |
[INFO] [stdout] 
[INFO] [stdout] error[E0425]: cannot find value `db` in this scope
[INFO] [stdout]  --> src/MySQLGeo.rs:304:1
[INFO] [stdout]   |
[INFO] [stdout] 4 | db.update_point_position(point_id, 4.0, 5.0, 6.0).expect("Failed to update point position");
[INFO] [stdout]   | ^^ not found in this scope
[INFO] [stdout] 
[INFO] [stdout] error: aborting due to 2 previous errors
[INFO] [stdout] 
[INFO] [stdout] Some errors have detailed explanations: E0425, E0433.
[INFO] [stdout] For more information about an error, try `rustc --explain E0425`.
[INFO] [stdout] Couldn't compile the test.
[INFO] [stdout] ---- src/MySQLGeo.rs - MySQLGeo::Database::get_points_within_radius (line 189) stdout ----
[INFO] [stdout] error[E0425]: cannot find value `db` in this scope
[INFO] [stdout]  --> src/MySQLGeo.rs:190:14
[INFO] [stdout]   |
[INFO] [stdout] 3 | let points = db.get_points_within_radius(0.0, 0.0, 0.0, 10.0).expect("Failed to get points");
[INFO] [stdout]   |              ^^ not found in this scope
[INFO] [stdout] 
[INFO] [stdout] error: aborting due to 1 previous error
[INFO] [stdout] 
[INFO] [stdout] For more information about this error, try `rustc --explain E0425`.
[INFO] [stdout] Couldn't compile the test.
[INFO] [stdout] ---- src/MySQLGeo.rs - MySQLGeo::Database::new (line 86) stdout ----
[INFO] [stdout] error[E0433]: failed to resolve: use of undeclared type `Database`
[INFO] [stdout]  --> src/MySQLGeo.rs:87:10
[INFO] [stdout]   |
[INFO] [stdout] 3 | let db = Database::new("path/to/database.sqlite").expect("Failed to create database");
[INFO] [stdout]   |          ^^^^^^^^ use of undeclared type `Database`
[INFO] [stdout] 
[INFO] [stdout] error: aborting due to 1 previous error
[INFO] [stdout] 
[INFO] [stdout] For more information about this error, try `rustc --explain E0433`.
[INFO] [stdout] Couldn't compile the test.
[INFO] [stdout] ---- src/MySQLGeo.rs - MySQLGeo::Database::get_points_in_region (line 371) stdout ----
[INFO] [stdout] error[E0433]: failed to resolve: use of undeclared type `Uuid`
[INFO] [stdout]  --> src/MySQLGeo.rs:372:17
[INFO] [stdout]   |
[INFO] [stdout] 3 | let region_id = Uuid::new_v4();
[INFO] [stdout]   |                 ^^^^ use of undeclared type `Uuid`
[INFO] [stdout]   |
[INFO] [stdout] help: consider importing this struct
[INFO] [stdout]   |
[INFO] [stdout] 2 + use uuid::Uuid;
[INFO] [stdout]   |
[INFO] [stdout] 
[INFO] [stdout] error[E0425]: cannot find value `db` in this scope
[INFO] [stdout]  --> src/MySQLGeo.rs:373:14
[INFO] [stdout]   |
[INFO] [stdout] 4 | let points = db.get_points_in_region(region_id).expect("Failed to get points in region");
[INFO] [stdout]   |              ^^ not found in this scope
[INFO] [stdout] 
[INFO] [stdout] error: aborting due to 2 previous errors
[INFO] [stdout] 
[INFO] [stdout] Some errors have detailed explanations: E0425, E0433.
[INFO] [stdout] For more information about an error, try `rustc --explain E0425`.
[INFO] [stdout] Couldn't compile the test.
[INFO] [stdout] ---- src/MySQLGeo.rs - MySQLGeo::Database::create_region (line 247) stdout ----
[INFO] [stdout] error[E0433]: failed to resolve: use of undeclared type `Uuid`
[INFO] [stdout]  --> src/MySQLGeo.rs:248:17
[INFO] [stdout]   |
[INFO] [stdout] 3 | let region_id = Uuid::new_v4();
[INFO] [stdout]   |                 ^^^^ use of undeclared type `Uuid`
[INFO] [stdout]   |
[INFO] [stdout] help: consider importing this struct
[INFO] [stdout]   |
[INFO] [stdout] 2 + use uuid::Uuid;
[INFO] [stdout]   |
[INFO] [stdout] 
[INFO] [stdout] error[E0425]: cannot find value `db` in this scope
[INFO] [stdout]  --> src/MySQLGeo.rs:251:1
[INFO] [stdout]   |
[INFO] [stdout] 6 | db.create_region(region_id, center, radius).expect("Failed to create region");
[INFO] [stdout]   | ^^ not found in this scope
[INFO] [stdout] 
[INFO] [stdout] error: aborting due to 2 previous errors
[INFO] [stdout] 
[INFO] [stdout] Some errors have detailed explanations: E0425, E0433.
[INFO] [stdout] For more information about an error, try `rustc --explain E0425`.
[INFO] [stdout] Couldn't compile the test.
[INFO] [stdout] ---- src/MySQLGeo.rs - MySQLGeo::Database::add_point (line 147) stdout ----
[INFO] [stdout] error: cannot find macro `json` in this scope
[INFO] [stdout]  --> src/MySQLGeo.rs:148:89
[INFO] [stdout]   |
[INFO] [stdout] 3 | let point = Point::new(Some(Uuid::new_v4()), 1.0, 2.0, 3.0, "Example Type".to_string(), json!({"name": "Example Point"}));
[INFO] [stdout]   |                                                                                         ^^^^
[INFO] [stdout]   |
[INFO] [stdout] help: consider importing this macro
[INFO] [stdout]   |
[INFO] [stdout] 2 + use serde_json::json;
[INFO] [stdout]   |
[INFO] [stdout] 
[INFO] [stdout] error[E0433]: failed to resolve: use of undeclared type `Point`
[INFO] [stdout]  --> src/MySQLGeo.rs:148:13
[INFO] [stdout]   |
[INFO] [stdout] 3 | let point = Point::new(Some(Uuid::new_v4()), 1.0, 2.0, 3.0, "Example Type".to_string(), json!({"name": "Example Point"}));
[INFO] [stdout]   |             ^^^^^ use of undeclared type `Point`
[INFO] [stdout]   |
[INFO] [stdout] help: consider importing this trait
[INFO] [stdout]   |
[INFO] [stdout] 2 + use rstar::Point;
[INFO] [stdout]   |
[INFO] [stdout] 
[INFO] [stdout] error[E0433]: failed to resolve: use of undeclared type `Uuid`
[INFO] [stdout]  --> src/MySQLGeo.rs:148:29
[INFO] [stdout]   |
[INFO] [stdout] 3 | let point = Point::new(Some(Uuid::new_v4()), 1.0, 2.0, 3.0, "Example Type".to_string(), json!({"name": "Example Point"}));
[INFO] [stdout]   |                             ^^^^ use of undeclared type `Uuid`
[INFO] [stdout]   |
[INFO] [stdout] help: consider importing this struct
[INFO] [stdout]   |
[INFO] [stdout] 2 + use uuid::Uuid;
[INFO] [stdout]   |
[INFO] [stdout] 
[INFO] [stdout] error[E0433]: failed to resolve: use of undeclared type `Uuid`
[INFO] [stdout]  --> src/MySQLGeo.rs:149:17
[INFO] [stdout]   |
[INFO] [stdout] 4 | let region_id = Uuid::new_v4();
[INFO] [stdout]   |                 ^^^^ use of undeclared type `Uuid`
[INFO] [stdout]   |
[INFO] [stdout] help: consider importing this struct
[INFO] [stdout]   |
[INFO] [stdout] 2 + use uuid::Uuid;
[INFO] [stdout]   |
[INFO] [stdout] 
[INFO] [stdout] error[E0425]: cannot find value `db` in this scope
[INFO] [stdout]  --> src/MySQLGeo.rs:150:1
[INFO] [stdout]   |
[INFO] [stdout] 5 | db.add_point(&point, region_id).expect("Failed to add point");
[INFO] [stdout]   | ^^ not found in this scope
[INFO] [stdout] 
[INFO] [stdout] error: aborting due to 5 previous errors
[INFO] [stdout] 
[INFO] [stdout] Some errors have detailed explanations: E0425, E0433.
[INFO] [stdout] For more information about an error, try `rustc --explain E0425`.
[INFO] [stdout] Couldn't compile the test.
[INFO] [stdout] ---- src/MySQLGeo.rs - MySQLGeo::Point::new (line 65) stdout ----
[INFO] [stdout] error: cannot find macro `json` in this scope
[INFO] [stdout]  --> src/MySQLGeo.rs:66:89
[INFO] [stdout]   |
[INFO] [stdout] 3 | let point = Point::new(Some(Uuid::new_v4()), 1.0, 2.0, 3.0, "Example Type".to_string(), json!({"name": "Example Point"}));
[INFO] [stdout]   |                                                                                         ^^^^
[INFO] [stdout]   |
[INFO] [stdout] help: consider importing this macro
[INFO] [stdout]   |
[INFO] [stdout] 2 + use serde_json::json;
[INFO] [stdout]   |
[INFO] [stdout] 
[INFO] [stdout] error[E0433]: failed to resolve: use of undeclared type `Point`
[INFO] [stdout]  --> src/MySQLGeo.rs:66:13
[INFO] [stdout]   |
[INFO] [stdout] 3 | let point = Point::new(Some(Uuid::new_v4()), 1.0, 2.0, 3.0, "Example Type".to_string(), json!({"name": "Example Point"}));
[INFO] [stdout]   |             ^^^^^ use of undeclared type `Point`
[INFO] [stdout]   |
[INFO] [stdout] help: consider importing this trait
[INFO] [stdout]   |
[INFO] [stdout] 2 + use rstar::Point;
[INFO] [stdout]   |
[INFO] [stdout] 
[INFO] [stdout] error[E0433]: failed to resolve: use of undeclared type `Uuid`
[INFO] [stdout]  --> src/MySQLGeo.rs:66:29
[INFO] [stdout]   |
[INFO] [stdout] 3 | let point = Point::new(Some(Uuid::new_v4()), 1.0, 2.0, 3.0, "Example Type".to_string(), json!({"name": "Example Point"}));
[INFO] [stdout]   |                             ^^^^ use of undeclared type `Uuid`
[INFO] [stdout]   |
[INFO] [stdout] help: consider importing this struct
[INFO] [stdout]   |
[INFO] [stdout] 2 + use uuid::Uuid;
[INFO] [stdout]   |
[INFO] [stdout] 
[INFO] [stdout] error: aborting due to 3 previous errors
[INFO] [stdout] 
[INFO] [stdout] For more information about this error, try `rustc --explain E0433`.
[INFO] [stdout] Couldn't compile the test.
[INFO] [stdout] ---- src/structs.rs - structs::SpatialObject (line 73) stdout ----
[INFO] [stdout] error[E0432]: unresolved import `your_crate`
[INFO] [stdout]  --> src/structs.rs:77:5
[INFO] [stdout]   |
[INFO] [stdout] 6 | use your_crate::SpatialObject;
[INFO] [stdout]   |     ^^^^^^^^^^ use of undeclared crate or module `your_crate`
[INFO] [stdout] 
[INFO] [stdout] error: aborting due to 1 previous error
[INFO] [stdout] 
[INFO] [stdout] For more information about this error, try `rustc --explain E0432`.
[INFO] [stdout] Couldn't compile the test.
[INFO] [stdout] ---- src/structs.rs - structs (line 20) stdout ----
[INFO] [stdout] error[E0432]: unresolved import `your_crate`
[INFO] [stdout]  --> src/structs.rs:24:5
[INFO] [stdout]   |
[INFO] [stdout] 6 | use your_crate::{SpatialObject, VaultRegion};
[INFO] [stdout]   |     ^^^^^^^^^^ use of undeclared crate or module `your_crate`
[INFO] [stdout] 
[INFO] [stdout] error: aborting due to 1 previous error
[INFO] [stdout] 
[INFO] [stdout] For more information about this error, try `rustc --explain E0432`.
[INFO] [stdout] Couldn't compile the test.
[INFO] [stdout] ---- src/structs.rs - structs::VaultRegion (line 198) stdout ----
[INFO] [stdout] error[E0432]: unresolved import `pebblevault`
[INFO] [stdout]  --> src/structs.rs:201:5
[INFO] [stdout]   |
[INFO] [stdout] 5 | use pebblevault::{VaultRegion, SpatialObject};
[INFO] [stdout]   |     ^^^^^^^^^^^ use of undeclared crate or module `pebblevault`
[INFO] [stdout]   |
[INFO] [stdout] help: there is a crate or module with a similar name
[INFO] [stdout]   |
[INFO] [stdout] 5 | use PebbleVault::{VaultRegion, SpatialObject};
[INFO] [stdout]   |     ~~~~~~~~~~~
[INFO] [stdout] 
[INFO] [stdout] error: cannot find derive macro `Serialize` in this scope
[INFO] [stdout]  --> src/structs.rs:204:17
[INFO] [stdout]   |
[INFO] [stdout] 8 | #[derive(Clone, Serialize, Deserialize, PartialEq)]
[INFO] [stdout]   |                 ^^^^^^^^^
[INFO] [stdout]   |
[INFO] [stdout] help: consider importing this derive macro
[INFO] [stdout]   |
[INFO] [stdout] 2 + use serde::Serialize;
[INFO] [stdout]   |
[INFO] [stdout] 
[INFO] [stdout] error: cannot find derive macro `Deserialize` in this scope
[INFO] [stdout]  --> src/structs.rs:204:28
[INFO] [stdout]   |
[INFO] [stdout] 8 | #[derive(Clone, Serialize, Deserialize, PartialEq)]
[INFO] [stdout]   |                            ^^^^^^^^^^^
[INFO] [stdout]   |
[INFO] [stdout] help: consider importing this derive macro
[INFO] [stdout]   |
[INFO] [stdout] 2 + use serde::Deserialize;
[INFO] [stdout]   |
[INFO] [stdout] 
[INFO] [stdout] error: aborting due to 3 previous errors
[INFO] [stdout] 
[INFO] [stdout] For more information about this error, try `rustc --explain E0432`.
[INFO] [stdout] Couldn't compile the test.
[INFO] [stdout] ---- src/vault_manager.rs - vault_manager::VaultManager<T>::add_object (line 276) stdout ----
[INFO] [stdout] error[E0432]: unresolved import `your_crate`
[INFO] [stdout]  --> src/vault_manager.rs:277:5
[INFO] [stdout]   |
[INFO] [stdout] 3 | use your_crate::{VaultManager, CustomData};
[INFO] [stdout]   |     ^^^^^^^^^^ use of undeclared crate or module `your_crate`
[INFO] [stdout] 
[INFO] [stdout] error: aborting due to 1 previous error
[INFO] [stdout] 
[INFO] [stdout] For more information about this error, try `rustc --explain E0432`.
[INFO] [stdout] Couldn't compile the test.
[INFO] [stdout] ---- src/vault_manager.rs - vault_manager::VaultManager<T>::update_object (line 602) stdout ----
[INFO] [stdout] error[E0432]: unresolved import `your_crate`
[INFO] [stdout]  --> src/vault_manager.rs:603:5
[INFO] [stdout]   |
[INFO] [stdout] 3 | use your_crate::{VaultManager, SpatialObject, CustomData};
[INFO] [stdout]   |     ^^^^^^^^^^ use of undeclared crate or module `your_crate`
[INFO] [stdout] 
[INFO] [stdout] error: aborting due to 1 previous error
[INFO] [stdout] 
[INFO] [stdout] For more information about this error, try `rustc --explain E0432`.
[INFO] [stdout] Couldn't compile the test.
[INFO] [stdout] ---- src/vault_manager.rs - vault_manager (line 17) stdout ----
[INFO] [stdout] error[E0432]: unresolved import `your_crate`
[INFO] [stdout]  --> src/vault_manager.rs:18:5
[INFO] [stdout]   |
[INFO] [stdout] 3 | use your_crate::{VaultManager, CustomData};
[INFO] [stdout]   |     ^^^^^^^^^^ use of undeclared crate or module `your_crate`
[INFO] [stdout] 
[INFO] [stdout] error: aborting due to 1 previous error
[INFO] [stdout] 
[INFO] [stdout] For more information about this error, try `rustc --explain E0432`.
[INFO] [stdout] Couldn't compile the test.
[INFO] [stdout] ---- src/vault_manager.rs - vault_manager::VaultManager<T>::persist_to_disk (line 443) stdout ----
[INFO] [stdout] error[E0432]: unresolved import `your_crate`
[INFO] [stdout]  --> src/vault_manager.rs:444:5
[INFO] [stdout]   |
[INFO] [stdout] 3 | use your_crate::{VaultManager, CustomData};
[INFO] [stdout]   |     ^^^^^^^^^^ use of undeclared crate or module `your_crate`
[INFO] [stdout] 
[INFO] [stdout] error: aborting due to 1 previous error
[INFO] [stdout] 
[INFO] [stdout] For more information about this error, try `rustc --explain E0432`.
[INFO] [stdout] Couldn't compile the test.
[INFO] [stdout] ---- src/vault_manager.rs - vault_manager::VaultManager<T>::transfer_player (line 385) stdout ----
[INFO] [stdout] error[E0432]: unresolved import `your_crate`
[INFO] [stdout]  --> src/vault_manager.rs:386:5
[INFO] [stdout]   |
[INFO] [stdout] 3 | use your_crate::{VaultManager, CustomData};
[INFO] [stdout]   |     ^^^^^^^^^^ use of undeclared crate or module `your_crate`
[INFO] [stdout] 
[INFO] [stdout] error: aborting due to 1 previous error
[INFO] [stdout] 
[INFO] [stdout] For more information about this error, try `rustc --explain E0432`.
[INFO] [stdout] Couldn't compile the test.
[INFO] [stdout] ---- src/vault_manager.rs - vault_manager::VaultManager<T>::create_or_load_region (line 211) stdout ----
[INFO] [stdout] error[E0432]: unresolved import `your_crate`
[INFO] [stdout]  --> src/vault_manager.rs:212:5
[INFO] [stdout]   |
[INFO] [stdout] 3 | use your_crate::{VaultManager, CustomData};
[INFO] [stdout]   |     ^^^^^^^^^^ use of undeclared crate or module `your_crate`
[INFO] [stdout] 
[INFO] [stdout] error: aborting due to 1 previous error
[INFO] [stdout] 
[INFO] [stdout] For more information about this error, try `rustc --explain E0432`.
[INFO] [stdout] Couldn't compile the test.
[INFO] [stdout] ---- src/vault_manager.rs - vault_manager::VaultManager<T>::get_object (line 560) stdout ----
[INFO] [stdout] error[E0432]: unresolved import `your_crate`
[INFO] [stdout]  --> src/vault_manager.rs:561:5
[INFO] [stdout]   |
[INFO] [stdout] 3 | use your_crate::{VaultManager, CustomData};
[INFO] [stdout]   |     ^^^^^^^^^^ use of undeclared crate or module `your_crate`
[INFO] [stdout] 
[INFO] [stdout] error: aborting due to 1 previous error
[INFO] [stdout] 
[INFO] [stdout] For more information about this error, try `rustc --explain E0432`.
[INFO] [stdout] Couldn't compile the test.
[INFO] [stdout] ---- src/vault_manager.rs - vault_manager::VaultManager<T>::query_region (line 339) stdout ----
[INFO] [stdout] error[E0432]: unresolved import `your_crate`
[INFO] [stdout]  --> src/vault_manager.rs:340:5
[INFO] [stdout]   |
[INFO] [stdout] 3 | use your_crate::{VaultManager, CustomData};
[INFO] [stdout]   |     ^^^^^^^^^^ use of undeclared crate or module `your_crate`
[INFO] [stdout] 
[INFO] [stdout] error: aborting due to 1 previous error
[INFO] [stdout] 
[INFO] [stdout] For more information about this error, try `rustc --explain E0432`.
[INFO] [stdout] Couldn't compile the test.
[INFO] [stdout] ---- src/vault_manager.rs - vault_manager::VaultManager<T>::new (line 102) stdout ----
[INFO] [stdout] error[E0432]: unresolved import `your_crate`
[INFO] [stdout]  --> src/vault_manager.rs:103:5
[INFO] [stdout]   |
[INFO] [stdout] 3 | use your_crate::{VaultManager, CustomData};
[INFO] [stdout]   |     ^^^^^^^^^^ use of undeclared crate or module `your_crate`
[INFO] [stdout] 
[INFO] [stdout] error: aborting due to 1 previous error
[INFO] [stdout] 
[INFO] [stdout] For more information about this error, try `rustc --explain E0432`.
[INFO] [stdout] Couldn't compile the test.
[INFO] [stdout] 
[INFO] [stdout] failures:
[INFO] [stdout]     src/MySQLGeo.rs - MySQLGeo::Database::add_point (line 147)
[INFO] [stdout]     src/MySQLGeo.rs - MySQLGeo::Database::create_region (line 247)
[INFO] [stdout]     src/MySQLGeo.rs - MySQLGeo::Database::create_table (line 103)
[INFO] [stdout]     src/MySQLGeo.rs - MySQLGeo::Database::get_all_regions (line 323)
[INFO] [stdout]     src/MySQLGeo.rs - MySQLGeo::Database::get_points_in_region (line 371)
[INFO] [stdout]     src/MySQLGeo.rs - MySQLGeo::Database::get_points_within_radius (line 189)
[INFO] [stdout]     src/MySQLGeo.rs - MySQLGeo::Database::new (line 86)
[INFO] [stdout]     src/MySQLGeo.rs - MySQLGeo::Database::remove_point (line 274)
[INFO] [stdout]     src/MySQLGeo.rs - MySQLGeo::Database::update_point_position (line 302)
[INFO] [stdout]     src/MySQLGeo.rs - MySQLGeo::Point::new (line 65)
[INFO] [stdout]     src/load_test.rs - load_test::run_load_test (line 96)
[INFO] [stdout]     src/structs.rs - structs (line 20)
[INFO] [stdout]     src/structs.rs - structs::SpatialObject (line 73)
[INFO] [stdout]     src/structs.rs - structs::SpatialObject<T>::distance_2 (line 126)
[INFO] [stdout]     src/structs.rs - structs::SpatialObject<T>::envelope (line 160)
[INFO] [stdout]     src/structs.rs - structs::VaultRegion (line 198)
[INFO] [stdout]     src/vault_manager.rs - vault_manager (line 17)
[INFO] [stdout]     src/vault_manager.rs - vault_manager::VaultManager<T>::add_object (line 276)
[INFO] [stdout]     src/vault_manager.rs - vault_manager::VaultManager<T>::create_or_load_region (line 211)
[INFO] [stdout]     src/vault_manager.rs - vault_manager::VaultManager<T>::get_object (line 560)
[INFO] [stdout]     src/vault_manager.rs - vault_manager::VaultManager<T>::new (line 102)
[INFO] [stdout]     src/vault_manager.rs - vault_manager::VaultManager<T>::persist_to_disk (line 443)
[INFO] [stdout]     src/vault_manager.rs - vault_manager::VaultManager<T>::query_region (line 339)
[INFO] [stdout]     src/vault_manager.rs - vault_manager::VaultManager<T>::transfer_player (line 385)
[INFO] [stdout]     src/vault_manager.rs - vault_manager::VaultManager<T>::update_object (line 602)
[INFO] [stdout] 
[INFO] [stdout] test result: FAILED. 0 passed; 25 failed; 0 ignored; 0 measured; 0 filtered out; finished in 0.12s
[INFO] [stdout] 
[INFO] [stderr] error: doctest failed, to rerun pass `--doc`
[INFO] running `Command { std: "docker" "inspect" "af74fc04e724cf04a5aed098570a2d073a5b9068f71e785630f7f268038a511f", kill_on_drop: false }`
[INFO] running `Command { std: "docker" "rm" "-f" "af74fc04e724cf04a5aed098570a2d073a5b9068f71e785630f7f268038a511f", kill_on_drop: false }`
[INFO] [stdout] af74fc04e724cf04a5aed098570a2d073a5b9068f71e785630f7f268038a511f
