[INFO] fetching crate Logging4Dummys 1.0.2...
[INFO] testing Logging4Dummys-1.0.2 against nightly-2024-10-28 for randomize-layout
[INFO] extracting crate Logging4Dummys 1.0.2 into /workspace/builds/worker-2-tc1/source
[INFO] validating manifest of crates.io crate Logging4Dummys 1.0.2 on toolchain nightly-2024-10-28
[INFO] running `Command { std: CARGO_HOME="/workspace/cargo-home" RUSTUP_HOME="/workspace/rustup-home" "/workspace/cargo-home/bin/cargo" "+nightly-2024-10-28" "metadata" "--manifest-path" "Cargo.toml" "--no-deps", kill_on_drop: false }`
[INFO] started tweaking crates.io crate Logging4Dummys 1.0.2
[INFO] finished tweaking crates.io crate Logging4Dummys 1.0.2
[INFO] tweaked toml for crates.io crate Logging4Dummys 1.0.2 written to /workspace/builds/worker-2-tc1/source/Cargo.toml
[INFO] running `Command { std: CARGO_HOME="/workspace/cargo-home" RUSTUP_HOME="/workspace/rustup-home" "/workspace/cargo-home/bin/cargo" "+nightly-2024-10-28" "generate-lockfile" "--manifest-path" "Cargo.toml", kill_on_drop: false }`
[INFO] [stderr]     Updating crates.io index
[INFO] [stderr]      Locking 38 packages to latest compatible versions
[INFO] [stderr]       Adding toml v0.5.11 (available: v0.8.19)
[INFO] running `Command { std: CARGO_HOME="/workspace/cargo-home" RUSTUP_HOME="/workspace/rustup-home" "/workspace/cargo-home/bin/cargo" "+nightly-2024-10-28" "fetch" "--manifest-path" "Cargo.toml", kill_on_drop: false }`
[INFO] [stderr]  Downloading crates ...
[INFO] [stderr]   Downloaded toml v0.5.11
[INFO] running `Command { std: "docker" "create" "-v" "/var/lib/crater-agent-workspace/builds/worker-2-tc1/target:/opt/rustwide/target:rw,Z" "-v" "/var/lib/crater-agent-workspace/builds/worker-2-tc1/source:/opt/rustwide/workdir:ro,Z" "-v" "/var/lib/crater-agent-workspace/cargo-home:/opt/rustwide/cargo-home:ro,Z" "-v" "/var/lib/crater-agent-workspace/rustup-home:/opt/rustwide/rustup-home:ro,Z" "-e" "SOURCE_DIR=/opt/rustwide/workdir" "-e" "CARGO_TARGET_DIR=/opt/rustwide/target" "-e" "CARGO_HOME=/opt/rustwide/cargo-home" "-e" "RUSTUP_HOME=/opt/rustwide/rustup-home" "-w" "/opt/rustwide/workdir" "-m" "1610612736" "--user" "0:0" "--network" "none" "ghcr.io/rust-lang/crates-build-env/linux@sha256:4a844ea9eb2546a2d2c7022eacef16ef2e8229c7fbb2c7d4d55a9ceca922f72d" "/opt/rustwide/cargo-home/bin/cargo" "+nightly-2024-10-28" "metadata" "--no-deps" "--format-version=1", kill_on_drop: false }`
[INFO] [stdout] 076b5b07ae6e2cebe8f71c59fc8e1194d86e032846f3b590ad0b88bdfdb1b063
[INFO] running `Command { std: "docker" "start" "-a" "076b5b07ae6e2cebe8f71c59fc8e1194d86e032846f3b590ad0b88bdfdb1b063", kill_on_drop: false }`
[INFO] running `Command { std: "docker" "inspect" "076b5b07ae6e2cebe8f71c59fc8e1194d86e032846f3b590ad0b88bdfdb1b063", kill_on_drop: false }`
[INFO] running `Command { std: "docker" "rm" "-f" "076b5b07ae6e2cebe8f71c59fc8e1194d86e032846f3b590ad0b88bdfdb1b063", kill_on_drop: false }`
[INFO] [stdout] 076b5b07ae6e2cebe8f71c59fc8e1194d86e032846f3b590ad0b88bdfdb1b063
[INFO] running `Command { std: "docker" "create" "-v" "/var/lib/crater-agent-workspace/builds/worker-2-tc1/target:/opt/rustwide/target:rw,Z" "-v" "/var/lib/crater-agent-workspace/builds/worker-2-tc1/source:/opt/rustwide/workdir:ro,Z" "-v" "/var/lib/crater-agent-workspace/cargo-home:/opt/rustwide/cargo-home:ro,Z" "-v" "/var/lib/crater-agent-workspace/rustup-home:/opt/rustwide/rustup-home:ro,Z" "-e" "SOURCE_DIR=/opt/rustwide/workdir" "-e" "CARGO_TARGET_DIR=/opt/rustwide/target" "-e" "CARGO_INCREMENTAL=0" "-e" "RUST_BACKTRACE=full" "-e" "RUSTFLAGS=--cap-lints=forbid" "-e" "RUSTDOCFLAGS=--cap-lints=forbid" "-e" "CARGO_HOME=/opt/rustwide/cargo-home" "-e" "RUSTUP_HOME=/opt/rustwide/rustup-home" "-w" "/opt/rustwide/workdir" "-m" "1610612736" "--user" "0:0" "--network" "none" "ghcr.io/rust-lang/crates-build-env/linux@sha256:4a844ea9eb2546a2d2c7022eacef16ef2e8229c7fbb2c7d4d55a9ceca922f72d" "/opt/rustwide/cargo-home/bin/cargo" "+nightly-2024-10-28" "build" "--frozen" "--message-format=json", kill_on_drop: false }`
[INFO] [stdout] 4c46acfb13233da46ff17dddfa90dbd3167d4fc67e7f14dbea4383b845dbdb39
[INFO] running `Command { std: "docker" "start" "-a" "4c46acfb13233da46ff17dddfa90dbd3167d4fc67e7f14dbea4383b845dbdb39", kill_on_drop: false }`
[INFO] [stderr]    Compiling proc-macro2 v1.0.89
[INFO] [stderr]    Compiling num-traits v0.2.19
[INFO] [stderr]    Compiling iana-time-zone v0.1.61
[INFO] [stderr]    Compiling toml v0.5.11
[INFO] [stderr]    Compiling quote v1.0.37
[INFO] [stderr]    Compiling syn v2.0.86
[INFO] [stderr]    Compiling chrono v0.4.38
[INFO] [stderr]    Compiling serde_derive v1.0.214
[INFO] [stderr]    Compiling Logging4Dummys v1.0.2 (/opt/rustwide/workdir)
[INFO] [stdout] warning: crate `Logging4Dummys` should have a snake case name
[INFO] [stdout]   |
[INFO] [stdout]   = help: convert the identifier to snake case: `logging4_dummys`
[INFO] [stdout]   = note: `#[warn(non_snake_case)]` on by default
[INFO] [stdout] 
[INFO] [stdout] 
[INFO] [stdout] warning: variable `logMsg` should have a snake case name
[INFO] [stdout]   --> src/log.rs:18:18
[INFO] [stdout]    |
[INFO] [stdout] 18 | pub fn write_log(logMsg: String){
[INFO] [stdout]    |                  ^^^^^^ help: convert the identifier to snake case: `log_msg`
[INFO] [stdout] 
[INFO] [stdout] 
[INFO] [stderr]     Finished `dev` profile [unoptimized + debuginfo] target(s) in 3.84s
[INFO] running `Command { std: "docker" "inspect" "4c46acfb13233da46ff17dddfa90dbd3167d4fc67e7f14dbea4383b845dbdb39", kill_on_drop: false }`
[INFO] running `Command { std: "docker" "rm" "-f" "4c46acfb13233da46ff17dddfa90dbd3167d4fc67e7f14dbea4383b845dbdb39", kill_on_drop: false }`
[INFO] [stdout] 4c46acfb13233da46ff17dddfa90dbd3167d4fc67e7f14dbea4383b845dbdb39
[INFO] running `Command { std: "docker" "create" "-v" "/var/lib/crater-agent-workspace/builds/worker-2-tc1/target:/opt/rustwide/target:rw,Z" "-v" "/var/lib/crater-agent-workspace/builds/worker-2-tc1/source:/opt/rustwide/workdir:ro,Z" "-v" "/var/lib/crater-agent-workspace/cargo-home:/opt/rustwide/cargo-home:ro,Z" "-v" "/var/lib/crater-agent-workspace/rustup-home:/opt/rustwide/rustup-home:ro,Z" "-e" "SOURCE_DIR=/opt/rustwide/workdir" "-e" "CARGO_TARGET_DIR=/opt/rustwide/target" "-e" "CARGO_INCREMENTAL=0" "-e" "RUST_BACKTRACE=full" "-e" "RUSTFLAGS=--cap-lints=forbid" "-e" "RUSTDOCFLAGS=--cap-lints=forbid" "-e" "CARGO_HOME=/opt/rustwide/cargo-home" "-e" "RUSTUP_HOME=/opt/rustwide/rustup-home" "-w" "/opt/rustwide/workdir" "-m" "1610612736" "--user" "0:0" "--network" "none" "ghcr.io/rust-lang/crates-build-env/linux@sha256:4a844ea9eb2546a2d2c7022eacef16ef2e8229c7fbb2c7d4d55a9ceca922f72d" "/opt/rustwide/cargo-home/bin/cargo" "+nightly-2024-10-28" "test" "--frozen" "--no-run" "--message-format=json", kill_on_drop: false }`
[INFO] [stdout] 3881f4c7ba19611601171d4e8947f85610cf65e23dfd4646a61bc2e7fe094d3e
[INFO] running `Command { std: "docker" "start" "-a" "3881f4c7ba19611601171d4e8947f85610cf65e23dfd4646a61bc2e7fe094d3e", kill_on_drop: false }`
[INFO] [stdout] warning: crate `Logging4Dummys` should have a snake case name
[INFO] [stdout]   |
[INFO] [stdout]   = help: convert the identifier to snake case: `logging4_dummys`
[INFO] [stdout]   = note: `#[warn(non_snake_case)]` on by default
[INFO] [stdout] 
[INFO] [stdout] 
[INFO] [stdout] warning: variable `logMsg` should have a snake case name
[INFO] [stdout]   --> src/log.rs:18:18
[INFO] [stdout]    |
[INFO] [stdout] 18 | pub fn write_log(logMsg: String){
[INFO] [stdout]    |                  ^^^^^^ help: convert the identifier to snake case: `log_msg`
[INFO] [stdout] 
[INFO] [stdout] 
[INFO] [stderr]    Compiling Logging4Dummys v1.0.2 (/opt/rustwide/workdir)
[INFO] [stdout] warning: variable `logMsg` should have a snake case name
[INFO] [stdout]   --> src/log.rs:18:18
[INFO] [stdout]    |
[INFO] [stdout] 18 | pub fn write_log(logMsg: String){
[INFO] [stdout]    |                  ^^^^^^ help: convert the identifier to snake case: `log_msg`
[INFO] [stdout]    |
[INFO] [stdout]    = note: `#[warn(non_snake_case)]` on by default
[INFO] [stdout] 
[INFO] [stdout] 
[INFO] [stderr]     Finished `test` profile [unoptimized + debuginfo] target(s) in 0.17s
[INFO] running `Command { std: "docker" "inspect" "3881f4c7ba19611601171d4e8947f85610cf65e23dfd4646a61bc2e7fe094d3e", kill_on_drop: false }`
[INFO] running `Command { std: "docker" "rm" "-f" "3881f4c7ba19611601171d4e8947f85610cf65e23dfd4646a61bc2e7fe094d3e", kill_on_drop: false }`
[INFO] [stdout] 3881f4c7ba19611601171d4e8947f85610cf65e23dfd4646a61bc2e7fe094d3e
[INFO] running `Command { std: "docker" "create" "-v" "/var/lib/crater-agent-workspace/builds/worker-2-tc1/target:/opt/rustwide/target:rw,Z" "-v" "/var/lib/crater-agent-workspace/builds/worker-2-tc1/source:/opt/rustwide/workdir:ro,Z" "-v" "/var/lib/crater-agent-workspace/cargo-home:/opt/rustwide/cargo-home:ro,Z" "-v" "/var/lib/crater-agent-workspace/rustup-home:/opt/rustwide/rustup-home:ro,Z" "-e" "SOURCE_DIR=/opt/rustwide/workdir" "-e" "CARGO_TARGET_DIR=/opt/rustwide/target" "-e" "CARGO_INCREMENTAL=0" "-e" "RUST_BACKTRACE=full" "-e" "RUSTFLAGS=--cap-lints=forbid" "-e" "RUSTDOCFLAGS=--cap-lints=forbid" "-e" "CARGO_HOME=/opt/rustwide/cargo-home" "-e" "RUSTUP_HOME=/opt/rustwide/rustup-home" "-w" "/opt/rustwide/workdir" "-m" "1610612736" "--user" "0:0" "--network" "none" "ghcr.io/rust-lang/crates-build-env/linux@sha256:4a844ea9eb2546a2d2c7022eacef16ef2e8229c7fbb2c7d4d55a9ceca922f72d" "/opt/rustwide/cargo-home/bin/cargo" "+nightly-2024-10-28" "test" "--frozen", kill_on_drop: false }`
[INFO] [stdout] b9124ea8cb95c740431acb8af01601c803bbc20d596a5f0da2172390f9953942
[INFO] running `Command { std: "docker" "start" "-a" "b9124ea8cb95c740431acb8af01601c803bbc20d596a5f0da2172390f9953942", kill_on_drop: false }`
[INFO] [stderr] warning: crate `Logging4Dummys` should have a snake case name
[INFO] [stderr]   |
[INFO] [stderr]   = help: convert the identifier to snake case: `logging4_dummys`
[INFO] [stderr]   = note: `#[warn(non_snake_case)]` on by default
[INFO] [stderr] 
[INFO] [stderr] warning: variable `logMsg` should have a snake case name
[INFO] [stderr]   --> src/log.rs:18:18
[INFO] [stderr]    |
[INFO] [stderr] 18 | pub fn write_log(logMsg: String){
[INFO] [stderr]    |                  ^^^^^^ help: convert the identifier to snake case: `log_msg`
[INFO] [stderr] 
[INFO] [stderr] warning: variable `logMsg` should have a snake case name
[INFO] [stderr]   --> src/log.rs:18:18
[INFO] [stderr]    |
[INFO] [stderr] 18 | pub fn write_log(logMsg: String){
[INFO] [stderr]    |                  ^^^^^^ help: convert the identifier to snake case: `log_msg`
[INFO] [stderr]    |
[INFO] [stderr]    = note: `#[warn(non_snake_case)]` on by default
[INFO] [stderr] 
[INFO] [stderr] warning: `Logging4Dummys` (lib) generated 2 warnings
[INFO] [stderr] warning: `Logging4Dummys` (lib test) generated 1 warning
[INFO] [stderr]     Finished `test` profile [unoptimized + debuginfo] target(s) in 0.02s
[INFO] [stderr]      Running unittests src/lib.rs (/opt/rustwide/target/debug/deps/Logging4Dummys-21d4537151d4bab9)
[INFO] [stdout] 
[INFO] [stdout] running 1 test
[INFO] [stdout] test tests::it_works ... ok
[INFO] [stdout] 
[INFO] [stdout] test result: ok. 1 passed; 0 failed; 0 ignored; 0 measured; 0 filtered out; finished in 0.00s
[INFO] [stdout] 
[INFO] [stderr]    Doc-tests Logging4Dummys
[INFO] [stdout] 
[INFO] [stdout] running 2 tests
[INFO] [stdout] test src/date.rs - date::date (line 5) ... FAILED
[INFO] [stdout] test src/lib.rs - log (line 14) ... FAILED
[INFO] [stdout] 
[INFO] [stdout] failures:
[INFO] [stdout] 
[INFO] [stdout] ---- src/date.rs - date::date (line 5) stdout ----
[INFO] [stdout] error[E0425]: cannot find function `date` in this scope
[INFO] [stdout]  --> src/date.rs:6:12
[INFO] [stdout]   |
[INFO] [stdout] 3 | let Time = date();
[INFO] [stdout]   |            ^^^^ not found in this scope
[INFO] [stdout] 
[INFO] [stdout] error: aborting due to 1 previous error
[INFO] [stdout] 
[INFO] [stdout] For more information about this error, try `rustc --explain E0425`.
[INFO] [stdout] Couldn't compile the test.
[INFO] [stdout] ---- src/lib.rs - log (line 14) stdout ----
[INFO] [stdout] error[E0423]: expected function, tuple struct or tuple variant, found enum `log::Log`
[INFO] [stdout]   --> src/lib.rs:18:6
[INFO] [stdout]    |
[INFO] [stdout] 6  |      log::Log(log::Log::Info, "This is an Info".to_string());
[INFO] [stdout]    |      ^^^^^^^^
[INFO] [stdout]    |
[INFO] [stdout]   ::: /opt/rustwide/workdir/src/lib.rs:34:1
[INFO] [stdout]    |
[INFO] [stdout] 34 | pub fn log(logs: Log, log_msg: String){
[INFO] [stdout]    | -------------------------------------- similarly named function `log` defined here
[INFO] [stdout]    |
[INFO] [stdout]    = help: the enum has no tuple variants to construct
[INFO] [stdout]    = help: you might have meant to construct one of the enum's non-tuple variants
[INFO] [stdout] help: a function with a similar name exists
[INFO] [stdout]    |
[INFO] [stdout] 6  |      log::log(log::Log::Info, "This is an Info".to_string());
[INFO] [stdout]    |           ~~~
[INFO] [stdout] help: consider importing one of these tuple variants instead
[INFO] [stdout]    |
[INFO] [stdout] 4  + use crate::log::log::Type::Log;
[INFO] [stdout]    |
[INFO] [stdout] 4  + use Logging4Dummys::log::Type::Log;
[INFO] [stdout]    |
[INFO] [stdout] help: if you import `Log`, refer to it directly
[INFO] [stdout]    |
[INFO] [stdout] 6  -      log::Log(log::Log::Info, "This is an Info".to_string());
[INFO] [stdout] 6  +      Log(log::Log::Info, "This is an Info".to_string());
[INFO] [stdout]    |
[INFO] [stdout] 
[INFO] [stdout] error[E0603]: enum `Log` is private
[INFO] [stdout]  --> src/lib.rs:18:11
[INFO] [stdout]   |
[INFO] [stdout] 6 |      log::Log(log::Log::Info, "This is an Info".to_string());
[INFO] [stdout]   |           ^^^ private enum
[INFO] [stdout]   |
[INFO] [stdout] note: the enum `Log` is defined here
[INFO] [stdout]  --> /opt/rustwide/workdir/src/lib.rs:2:18
[INFO] [stdout]   |
[INFO] [stdout] 2 | use crate::log::{Log, print_log, Type, write_log};
[INFO] [stdout]   |                  ^^^
[INFO] [stdout] help: consider importing one of these enums instead
[INFO] [stdout]   |
[INFO] [stdout] 6 |      crate::log::log::Log(log::Log::Info, "This is an Info".to_string());
[INFO] [stdout]   |      ~~~~~~~~~~~~~~~~~~~~
[INFO] [stdout] 6 |      Logging4Dummys::log::Log(log::Log::Info, "This is an Info".to_string());
[INFO] [stdout]   |      ~~~~~~~~~~~~~~~~~~~~~~~~
[INFO] [stdout] help: import `Log` directly
[INFO] [stdout]   |
[INFO] [stdout] 6 |      Logging4Dummys::log::Log(log::Log::Info, "This is an Info".to_string());
[INFO] [stdout]   |      ~~~~~~~~~~~~~~~~~~~~~~~~
[INFO] [stdout] 
[INFO] [stdout] error[E0603]: enum `Log` is private
[INFO] [stdout]  --> src/lib.rs:18:20
[INFO] [stdout]   |
[INFO] [stdout] 6 |      log::Log(log::Log::Info, "This is an Info".to_string());
[INFO] [stdout]   |                    ^^^ private enum
[INFO] [stdout]   |
[INFO] [stdout] note: the enum `Log` is defined here
[INFO] [stdout]  --> /opt/rustwide/workdir/src/lib.rs:2:18
[INFO] [stdout]   |
[INFO] [stdout] 2 | use crate::log::{Log, print_log, Type, write_log};
[INFO] [stdout]   |                  ^^^
[INFO] [stdout] help: consider importing one of these unit variants instead
[INFO] [stdout]   |
[INFO] [stdout] 6 |      log::Log(crate::log::log::Log::Info, "This is an Info".to_string());
[INFO] [stdout]   |               ~~~~~~~~~~~~~~~~~~~~~~~~~~
[INFO] [stdout] 6 |      log::Log(Logging4Dummys::log::Log::Info, "This is an Info".to_string());
[INFO] [stdout]   |               ~~~~~~~~~~~~~~~~~~~~~~~~~~~~~~
[INFO] [stdout] help: import `Log` directly
[INFO] [stdout]   |
[INFO] [stdout] 6 |      log::Log(Logging4Dummys::log::Log, "This is an Info".to_string());
[INFO] [stdout]   |               ~~~~~~~~~~~~~~~~~~~~~~~~
[INFO] [stdout] 
[INFO] [stdout] error: aborting due to 3 previous errors
[INFO] [stdout] 
[INFO] [stdout] Some errors have detailed explanations: E0423, E0603.
[INFO] [stdout] For more information about an error, try `rustc --explain E0423`.
[INFO] [stdout] Couldn't compile the test.
[INFO] [stdout] 
[INFO] [stdout] failures:
[INFO] [stdout]     src/date.rs - date::date (line 5)
[INFO] [stdout]     src/lib.rs - log (line 14)
[INFO] [stdout] 
[INFO] [stdout] test result: FAILED. 0 passed; 2 failed; 0 ignored; 0 measured; 0 filtered out; finished in 0.05s
[INFO] [stdout] 
[INFO] [stderr] error: doctest failed, to rerun pass `--doc`
[INFO] running `Command { std: "docker" "inspect" "b9124ea8cb95c740431acb8af01601c803bbc20d596a5f0da2172390f9953942", kill_on_drop: false }`
[INFO] running `Command { std: "docker" "rm" "-f" "b9124ea8cb95c740431acb8af01601c803bbc20d596a5f0da2172390f9953942", kill_on_drop: false }`
[INFO] [stdout] b9124ea8cb95c740431acb8af01601c803bbc20d596a5f0da2172390f9953942
