[INFO] fetching crate AronIS_GPS_Crate 0.1.5...
[INFO] testing AronIS_GPS_Crate-0.1.5 against nightly-2024-10-28+rustflags=-Zrandomize-layout for randomize-layout
[INFO] extracting crate AronIS_GPS_Crate 0.1.5 into /workspace/builds/worker-3-tc2/source
[INFO] validating manifest of crates.io crate AronIS_GPS_Crate 0.1.5 on toolchain nightly-2024-10-28
[INFO] running `Command { std: CARGO_HOME="/workspace/cargo-home" RUSTUP_HOME="/workspace/rustup-home" "/workspace/cargo-home/bin/cargo" "+nightly-2024-10-28" "metadata" "--manifest-path" "Cargo.toml" "--no-deps", kill_on_drop: false }`
[INFO] started tweaking crates.io crate AronIS_GPS_Crate 0.1.5
[INFO] finished tweaking crates.io crate AronIS_GPS_Crate 0.1.5
[INFO] tweaked toml for crates.io crate AronIS_GPS_Crate 0.1.5 written to /workspace/builds/worker-3-tc2/source/Cargo.toml
[INFO] running `Command { std: CARGO_HOME="/workspace/cargo-home" RUSTUP_HOME="/workspace/rustup-home" "/workspace/cargo-home/bin/cargo" "+nightly-2024-10-28" "generate-lockfile" "--manifest-path" "Cargo.toml", kill_on_drop: false }`
[INFO] [stderr]     Updating crates.io index
[INFO] [stderr]      Locking 3 packages to latest compatible versions
[INFO] [stderr]       Adding rpi_embedded v0.0.5 (available: v0.1.0)
[INFO] running `Command { std: CARGO_HOME="/workspace/cargo-home" RUSTUP_HOME="/workspace/rustup-home" "/workspace/cargo-home/bin/cargo" "+nightly-2024-10-28" "fetch" "--manifest-path" "Cargo.toml", kill_on_drop: false }`
[INFO] running `Command { std: "docker" "create" "-v" "/var/lib/crater-agent-workspace/builds/worker-3-tc2/target:/opt/rustwide/target:rw,Z" "-v" "/var/lib/crater-agent-workspace/builds/worker-3-tc2/source:/opt/rustwide/workdir:ro,Z" "-v" "/var/lib/crater-agent-workspace/cargo-home:/opt/rustwide/cargo-home:ro,Z" "-v" "/var/lib/crater-agent-workspace/rustup-home:/opt/rustwide/rustup-home:ro,Z" "-e" "SOURCE_DIR=/opt/rustwide/workdir" "-e" "CARGO_TARGET_DIR=/opt/rustwide/target" "-e" "CARGO_HOME=/opt/rustwide/cargo-home" "-e" "RUSTUP_HOME=/opt/rustwide/rustup-home" "-w" "/opt/rustwide/workdir" "-m" "1610612736" "--user" "0:0" "--network" "none" "ghcr.io/rust-lang/crates-build-env/linux@sha256:4a844ea9eb2546a2d2c7022eacef16ef2e8229c7fbb2c7d4d55a9ceca922f72d" "/opt/rustwide/cargo-home/bin/cargo" "+nightly-2024-10-28" "metadata" "--no-deps" "--format-version=1", kill_on_drop: false }`
[INFO] [stdout] e37a58242bf130e4ff7cf4d9b8fe764c235103857d89b05c12d545459cb801fd
[INFO] running `Command { std: "docker" "start" "-a" "e37a58242bf130e4ff7cf4d9b8fe764c235103857d89b05c12d545459cb801fd", kill_on_drop: false }`
[INFO] running `Command { std: "docker" "inspect" "e37a58242bf130e4ff7cf4d9b8fe764c235103857d89b05c12d545459cb801fd", kill_on_drop: false }`
[INFO] running `Command { std: "docker" "rm" "-f" "e37a58242bf130e4ff7cf4d9b8fe764c235103857d89b05c12d545459cb801fd", kill_on_drop: false }`
[INFO] [stdout] e37a58242bf130e4ff7cf4d9b8fe764c235103857d89b05c12d545459cb801fd
[INFO] running `Command { std: "docker" "create" "-v" "/var/lib/crater-agent-workspace/builds/worker-3-tc2/target:/opt/rustwide/target:rw,Z" "-v" "/var/lib/crater-agent-workspace/builds/worker-3-tc2/source:/opt/rustwide/workdir:ro,Z" "-v" "/var/lib/crater-agent-workspace/cargo-home:/opt/rustwide/cargo-home:ro,Z" "-v" "/var/lib/crater-agent-workspace/rustup-home:/opt/rustwide/rustup-home:ro,Z" "-e" "SOURCE_DIR=/opt/rustwide/workdir" "-e" "CARGO_TARGET_DIR=/opt/rustwide/target" "-e" "CARGO_INCREMENTAL=0" "-e" "RUST_BACKTRACE=full" "-e" "RUSTFLAGS=--cap-lints=forbid -Zrandomize-layout" "-e" "RUSTDOCFLAGS=--cap-lints=forbid" "-e" "CARGO_HOME=/opt/rustwide/cargo-home" "-e" "RUSTUP_HOME=/opt/rustwide/rustup-home" "-w" "/opt/rustwide/workdir" "-m" "1610612736" "--user" "0:0" "--network" "none" "ghcr.io/rust-lang/crates-build-env/linux@sha256:4a844ea9eb2546a2d2c7022eacef16ef2e8229c7fbb2c7d4d55a9ceca922f72d" "/opt/rustwide/cargo-home/bin/cargo" "+nightly-2024-10-28" "build" "--frozen" "--message-format=json", kill_on_drop: false }`
[INFO] [stdout] 6aa7c9d06b5835bd0b9d28fea9c395a755fb343a4f737a8d6b7b1635b1f08971
[INFO] running `Command { std: "docker" "start" "-a" "6aa7c9d06b5835bd0b9d28fea9c395a755fb343a4f737a8d6b7b1635b1f08971", kill_on_drop: false }`
[INFO] [stderr]    Compiling libc v0.2.161
[INFO] [stderr]    Compiling lazy_static v1.5.0
[INFO] [stderr]    Compiling rpi_embedded v0.0.5
[INFO] [stderr]    Compiling AronIS_GPS_Crate v0.1.5 (/opt/rustwide/workdir)
[INFO] [stdout] warning: variant `baud_rate` should have an upper camel case name
[INFO] [stdout]   --> src/gps.rs:50:5
[INFO] [stdout]    |
[INFO] [stdout] 50 |     baud_rate,
[INFO] [stdout]    |     ^^^^^^^^^ help: convert the identifier to upper camel case: `BaudRate`
[INFO] [stdout]    |
[INFO] [stdout]    = note: `#[warn(non_camel_case_types)]` on by default
[INFO] [stdout] 
[INFO] [stdout] 
[INFO] [stdout] warning: variant `parity_bit` should have an upper camel case name
[INFO] [stdout]   --> src/gps.rs:51:5
[INFO] [stdout]    |
[INFO] [stdout] 51 |     parity_bit,
[INFO] [stdout]    |     ^^^^^^^^^^ help: convert the identifier to upper camel case: `ParityBit`
[INFO] [stdout] 
[INFO] [stdout] 
[INFO] [stdout] warning: variant `stop_bit` should have an upper camel case name
[INFO] [stdout]   --> src/gps.rs:52:5
[INFO] [stdout]    |
[INFO] [stdout] 52 |     stop_bit,
[INFO] [stdout]    |     ^^^^^^^^ help: convert the identifier to upper camel case: `StopBit`
[INFO] [stdout] 
[INFO] [stdout] 
[INFO] [stdout] warning: unused variable: `uart`
[INFO] [stdout]   --> src/gps.rs:27:17
[INFO] [stdout]    |
[INFO] [stdout] 27 |         let mut uart = Uart::new(9600, Parity::None, 8, 1).unwrap();
[INFO] [stdout]    |                 ^^^^ help: if this is intentional, prefix it with an underscore: `_uart`
[INFO] [stdout]    |
[INFO] [stdout]    = note: `#[warn(unused_variables)]` on by default
[INFO] [stdout] 
[INFO] [stdout] 
[INFO] [stdout] warning: variable does not need to be mutable
[INFO] [stdout]   --> src/gps.rs:27:13
[INFO] [stdout]    |
[INFO] [stdout] 27 |         let mut uart = Uart::new(9600, Parity::None, 8, 1).unwrap();
[INFO] [stdout]    |             ----^^^^
[INFO] [stdout]    |             |
[INFO] [stdout]    |             help: remove this `mut`
[INFO] [stdout]    |
[INFO] [stdout]    = note: `#[warn(unused_mut)]` on by default
[INFO] [stdout] 
[INFO] [stdout] 
[INFO] [stdout] warning: function `main` is never used
[INFO] [stdout]   --> src/lib.rs:22:4
[INFO] [stdout]    |
[INFO] [stdout] 22 | fn main() {
[INFO] [stdout]    |    ^^^^
[INFO] [stdout]    |
[INFO] [stdout]    = note: `#[warn(dead_code)]` on by default
[INFO] [stdout] 
[INFO] [stdout] 
[INFO] [stdout] warning: struct `GPS` is never constructed
[INFO] [stdout]  --> src/gps.rs:9:12
[INFO] [stdout]   |
[INFO] [stdout] 9 | pub struct GPS{
[INFO] [stdout]   |            ^^^
[INFO] [stdout]   |
[INFO] [stdout]   = note: `GPS` has a derived impl for the trait `Debug`, but this is intentionally ignored during dead code analysis
[INFO] [stdout] 
[INFO] [stdout] 
[INFO] [stdout] warning: associated items `new` and `decoder` are never used
[INFO] [stdout]   --> src/gps.rs:16:12
[INFO] [stdout]    |
[INFO] [stdout] 15 | impl GPS{
[INFO] [stdout]    | -------- associated items in this implementation
[INFO] [stdout] 16 |     pub fn new()->Self{
[INFO] [stdout]    |            ^^^
[INFO] [stdout] ...
[INFO] [stdout] 26 |         pub fn decoder(&mut self){
[INFO] [stdout]    |                ^^^^^^^
[INFO] [stdout] 
[INFO] [stdout] 
[INFO] [stdout] warning: enum `UART` is never used
[INFO] [stdout]   --> src/gps.rs:49:10
[INFO] [stdout]    |
[INFO] [stdout] 49 | pub enum UART{
[INFO] [stdout]    |          ^^^^
[INFO] [stdout] 
[INFO] [stdout] 
[INFO] [stdout] warning: method `get_val` is never used
[INFO] [stdout]   --> src/gps.rs:55:12
[INFO] [stdout]    |
[INFO] [stdout] 54 | impl UART{
[INFO] [stdout]    | --------- method in this implementation
[INFO] [stdout] 55 |     pub fn get_val(&self)->u32{
[INFO] [stdout]    |            ^^^^^^^
[INFO] [stdout] 
[INFO] [stdout] 
[INFO] [stdout] warning: crate `AronIS_GPS_Crate` should have a snake case name
[INFO] [stdout]   |
[INFO] [stdout]   = help: convert the identifier to snake case: `aron_is_gps_crate`
[INFO] [stdout]   = note: `#[warn(non_snake_case)]` on by default
[INFO] [stdout] 
[INFO] [stdout] 
[INFO] [stderr]     Finished `dev` profile [unoptimized + debuginfo] target(s) in 1.29s
[INFO] running `Command { std: "docker" "inspect" "6aa7c9d06b5835bd0b9d28fea9c395a755fb343a4f737a8d6b7b1635b1f08971", kill_on_drop: false }`
[INFO] running `Command { std: "docker" "rm" "-f" "6aa7c9d06b5835bd0b9d28fea9c395a755fb343a4f737a8d6b7b1635b1f08971", kill_on_drop: false }`
[INFO] [stdout] 6aa7c9d06b5835bd0b9d28fea9c395a755fb343a4f737a8d6b7b1635b1f08971
[INFO] running `Command { std: "docker" "create" "-v" "/var/lib/crater-agent-workspace/builds/worker-3-tc2/target:/opt/rustwide/target:rw,Z" "-v" "/var/lib/crater-agent-workspace/builds/worker-3-tc2/source:/opt/rustwide/workdir:ro,Z" "-v" "/var/lib/crater-agent-workspace/cargo-home:/opt/rustwide/cargo-home:ro,Z" "-v" "/var/lib/crater-agent-workspace/rustup-home:/opt/rustwide/rustup-home:ro,Z" "-e" "SOURCE_DIR=/opt/rustwide/workdir" "-e" "CARGO_TARGET_DIR=/opt/rustwide/target" "-e" "CARGO_INCREMENTAL=0" "-e" "RUST_BACKTRACE=full" "-e" "RUSTFLAGS=--cap-lints=forbid -Zrandomize-layout" "-e" "RUSTDOCFLAGS=--cap-lints=forbid" "-e" "CARGO_HOME=/opt/rustwide/cargo-home" "-e" "RUSTUP_HOME=/opt/rustwide/rustup-home" "-w" "/opt/rustwide/workdir" "-m" "1610612736" "--user" "0:0" "--network" "none" "ghcr.io/rust-lang/crates-build-env/linux@sha256:4a844ea9eb2546a2d2c7022eacef16ef2e8229c7fbb2c7d4d55a9ceca922f72d" "/opt/rustwide/cargo-home/bin/cargo" "+nightly-2024-10-28" "test" "--frozen" "--no-run" "--message-format=json", kill_on_drop: false }`
[INFO] [stdout] 2fbf9564e60d81428aafe2fa423d0ebad54d5ba5e8b1fc0d5e316eb46adeed15
[INFO] running `Command { std: "docker" "start" "-a" "2fbf9564e60d81428aafe2fa423d0ebad54d5ba5e8b1fc0d5e316eb46adeed15", kill_on_drop: false }`
[INFO] [stdout] warning: variant `baud_rate` should have an upper camel case name
[INFO] [stdout]   --> src/gps.rs:50:5
[INFO] [stdout]    |
[INFO] [stdout] 50 |     baud_rate,
[INFO] [stdout]    |     ^^^^^^^^^ help: convert the identifier to upper camel case: `BaudRate`
[INFO] [stdout]    |
[INFO] [stdout]    = note: `#[warn(non_camel_case_types)]` on by default
[INFO] [stdout] 
[INFO] [stdout] 
[INFO] [stdout] warning: variant `parity_bit` should have an upper camel case name
[INFO] [stdout]   --> src/gps.rs:51:5
[INFO] [stdout]    |
[INFO] [stdout] 51 |     parity_bit,
[INFO] [stdout]    |     ^^^^^^^^^^ help: convert the identifier to upper camel case: `ParityBit`
[INFO] [stdout] 
[INFO] [stdout] 
[INFO] [stdout] warning: variant `stop_bit` should have an upper camel case name
[INFO] [stdout]   --> src/gps.rs:52:5
[INFO] [stdout]    |
[INFO] [stdout] 52 |     stop_bit,
[INFO] [stdout]    |     ^^^^^^^^ help: convert the identifier to upper camel case: `StopBit`
[INFO] [stdout] 
[INFO] [stdout] 
[INFO] [stdout] warning: unused variable: `uart`
[INFO] [stdout]   --> src/gps.rs:27:17
[INFO] [stdout]    |
[INFO] [stdout] 27 |         let mut uart = Uart::new(9600, Parity::None, 8, 1).unwrap();
[INFO] [stdout]    |                 ^^^^ help: if this is intentional, prefix it with an underscore: `_uart`
[INFO] [stdout]    |
[INFO] [stdout]    = note: `#[warn(unused_variables)]` on by default
[INFO] [stdout] 
[INFO] [stdout] 
[INFO] [stdout] warning: variable does not need to be mutable
[INFO] [stdout]   --> src/gps.rs:27:13
[INFO] [stdout]    |
[INFO] [stdout] 27 |         let mut uart = Uart::new(9600, Parity::None, 8, 1).unwrap();
[INFO] [stdout]    |             ----^^^^
[INFO] [stdout]    |             |
[INFO] [stdout]    |             help: remove this `mut`
[INFO] [stdout]    |
[INFO] [stdout]    = note: `#[warn(unused_mut)]` on by default
[INFO] [stdout] 
[INFO] [stdout] 
[INFO] [stderr]    Compiling AronIS_GPS_Crate v0.1.5 (/opt/rustwide/workdir)
[INFO] [stdout] warning: function `main` is never used
[INFO] [stdout]   --> src/lib.rs:22:4
[INFO] [stdout]    |
[INFO] [stdout] 22 | fn main() {
[INFO] [stdout]    |    ^^^^
[INFO] [stdout]    |
[INFO] [stdout]    = note: `#[warn(dead_code)]` on by default
[INFO] [stdout] 
[INFO] [stdout] 
[INFO] [stdout] warning: struct `GPS` is never constructed
[INFO] [stdout]  --> src/gps.rs:9:12
[INFO] [stdout]   |
[INFO] [stdout] 9 | pub struct GPS{
[INFO] [stdout]   |            ^^^
[INFO] [stdout]   |
[INFO] [stdout]   = note: `GPS` has a derived impl for the trait `Debug`, but this is intentionally ignored during dead code analysis
[INFO] [stdout] 
[INFO] [stdout] 
[INFO] [stdout] warning: associated items `new` and `decoder` are never used
[INFO] [stdout]   --> src/gps.rs:16:12
[INFO] [stdout]    |
[INFO] [stdout] 15 | impl GPS{
[INFO] [stdout]    | -------- associated items in this implementation
[INFO] [stdout] 16 |     pub fn new()->Self{
[INFO] [stdout]    |            ^^^
[INFO] [stdout] ...
[INFO] [stdout] 26 |         pub fn decoder(&mut self){
[INFO] [stdout]    |                ^^^^^^^
[INFO] [stdout] 
[INFO] [stdout] 
[INFO] [stdout] warning: enum `UART` is never used
[INFO] [stdout]   --> src/gps.rs:49:10
[INFO] [stdout]    |
[INFO] [stdout] 49 | pub enum UART{
[INFO] [stdout]    |          ^^^^
[INFO] [stdout] 
[INFO] [stdout] 
[INFO] [stdout] warning: method `get_val` is never used
[INFO] [stdout]   --> src/gps.rs:55:12
[INFO] [stdout]    |
[INFO] [stdout] 54 | impl UART{
[INFO] [stdout]    | --------- method in this implementation
[INFO] [stdout] 55 |     pub fn get_val(&self)->u32{
[INFO] [stdout]    |            ^^^^^^^
[INFO] [stdout] 
[INFO] [stdout] 
[INFO] [stdout] warning: crate `AronIS_GPS_Crate` should have a snake case name
[INFO] [stdout]   |
[INFO] [stdout]   = help: convert the identifier to snake case: `aron_is_gps_crate`
[INFO] [stdout]   = note: `#[warn(non_snake_case)]` on by default
[INFO] [stdout] 
[INFO] [stdout] 
[INFO] [stdout] warning: variant `baud_rate` should have an upper camel case name
[INFO] [stdout]   --> src/gps.rs:50:5
[INFO] [stdout]    |
[INFO] [stdout] 50 |     baud_rate,
[INFO] [stdout]    |     ^^^^^^^^^ help: convert the identifier to upper camel case: `BaudRate`
[INFO] [stdout]    |
[INFO] [stdout]    = note: `#[warn(non_camel_case_types)]` on by default
[INFO] [stdout] 
[INFO] [stdout] 
[INFO] [stdout] warning: variant `parity_bit` should have an upper camel case name
[INFO] [stdout]   --> src/gps.rs:51:5
[INFO] [stdout]    |
[INFO] [stdout] 51 |     parity_bit,
[INFO] [stdout]    |     ^^^^^^^^^^ help: convert the identifier to upper camel case: `ParityBit`
[INFO] [stdout] 
[INFO] [stdout] 
[INFO] [stdout] warning: variant `stop_bit` should have an upper camel case name
[INFO] [stdout]   --> src/gps.rs:52:5
[INFO] [stdout]    |
[INFO] [stdout] 52 |     stop_bit,
[INFO] [stdout]    |     ^^^^^^^^ help: convert the identifier to upper camel case: `StopBit`
[INFO] [stdout] 
[INFO] [stdout] 
[INFO] [stdout] warning: unused variable: `uart`
[INFO] [stdout]   --> src/gps.rs:27:17
[INFO] [stdout]    |
[INFO] [stdout] 27 |         let mut uart = Uart::new(9600, Parity::None, 8, 1).unwrap();
[INFO] [stdout]    |                 ^^^^ help: if this is intentional, prefix it with an underscore: `_uart`
[INFO] [stdout]    |
[INFO] [stdout]    = note: `#[warn(unused_variables)]` on by default
[INFO] [stdout] 
[INFO] [stdout] 
[INFO] [stdout] warning: variable does not need to be mutable
[INFO] [stdout]   --> src/gps.rs:27:13
[INFO] [stdout]    |
[INFO] [stdout] 27 |         let mut uart = Uart::new(9600, Parity::None, 8, 1).unwrap();
[INFO] [stdout]    |             ----^^^^
[INFO] [stdout]    |             |
[INFO] [stdout]    |             help: remove this `mut`
[INFO] [stdout]    |
[INFO] [stdout]    = note: `#[warn(unused_mut)]` on by default
[INFO] [stdout] 
[INFO] [stdout] 
[INFO] [stderr]     Finished `test` profile [unoptimized + debuginfo] target(s) in 0.11s
[INFO] running `Command { std: "docker" "inspect" "2fbf9564e60d81428aafe2fa423d0ebad54d5ba5e8b1fc0d5e316eb46adeed15", kill_on_drop: false }`
[INFO] running `Command { std: "docker" "rm" "-f" "2fbf9564e60d81428aafe2fa423d0ebad54d5ba5e8b1fc0d5e316eb46adeed15", kill_on_drop: false }`
[INFO] [stdout] 2fbf9564e60d81428aafe2fa423d0ebad54d5ba5e8b1fc0d5e316eb46adeed15
[INFO] running `Command { std: "docker" "create" "-v" "/var/lib/crater-agent-workspace/builds/worker-3-tc2/target:/opt/rustwide/target:rw,Z" "-v" "/var/lib/crater-agent-workspace/builds/worker-3-tc2/source:/opt/rustwide/workdir:ro,Z" "-v" "/var/lib/crater-agent-workspace/cargo-home:/opt/rustwide/cargo-home:ro,Z" "-v" "/var/lib/crater-agent-workspace/rustup-home:/opt/rustwide/rustup-home:ro,Z" "-e" "SOURCE_DIR=/opt/rustwide/workdir" "-e" "CARGO_TARGET_DIR=/opt/rustwide/target" "-e" "CARGO_INCREMENTAL=0" "-e" "RUST_BACKTRACE=full" "-e" "RUSTFLAGS=--cap-lints=forbid -Zrandomize-layout" "-e" "RUSTDOCFLAGS=--cap-lints=forbid" "-e" "CARGO_HOME=/opt/rustwide/cargo-home" "-e" "RUSTUP_HOME=/opt/rustwide/rustup-home" "-w" "/opt/rustwide/workdir" "-m" "1610612736" "--user" "0:0" "--network" "none" "ghcr.io/rust-lang/crates-build-env/linux@sha256:4a844ea9eb2546a2d2c7022eacef16ef2e8229c7fbb2c7d4d55a9ceca922f72d" "/opt/rustwide/cargo-home/bin/cargo" "+nightly-2024-10-28" "test" "--frozen", kill_on_drop: false }`
[INFO] [stdout] 4d42df81e2f684c2f076cee8768c9c794f285800bbec6192149b9a3e249d56e8
[INFO] running `Command { std: "docker" "start" "-a" "4d42df81e2f684c2f076cee8768c9c794f285800bbec6192149b9a3e249d56e8", kill_on_drop: false }`
[INFO] [stderr] warning: variant `baud_rate` should have an upper camel case name
[INFO] [stderr]   --> src/gps.rs:50:5
[INFO] [stderr]    |
[INFO] [stderr] 50 |     baud_rate,
[INFO] [stderr]    |     ^^^^^^^^^ help: convert the identifier to upper camel case: `BaudRate`
[INFO] [stderr]    |
[INFO] [stderr]    = note: `#[warn(non_camel_case_types)]` on by default
[INFO] [stderr] 
[INFO] [stderr] warning: variant `parity_bit` should have an upper camel case name
[INFO] [stderr]   --> src/gps.rs:51:5
[INFO] [stderr]    |
[INFO] [stderr] 51 |     parity_bit,
[INFO] [stderr]    |     ^^^^^^^^^^ help: convert the identifier to upper camel case: `ParityBit`
[INFO] [stderr] 
[INFO] [stderr] warning: variant `stop_bit` should have an upper camel case name
[INFO] [stderr]   --> src/gps.rs:52:5
[INFO] [stderr]    |
[INFO] [stderr] 52 |     stop_bit,
[INFO] [stderr]    |     ^^^^^^^^ help: convert the identifier to upper camel case: `StopBit`
[INFO] [stderr] 
[INFO] [stderr] warning: unused variable: `uart`
[INFO] [stderr]   --> src/gps.rs:27:17
[INFO] [stderr]    |
[INFO] [stderr] 27 |         let mut uart = Uart::new(9600, Parity::None, 8, 1).unwrap();
[INFO] [stderr]    |                 ^^^^ help: if this is intentional, prefix it with an underscore: `_uart`
[INFO] [stderr]    |
[INFO] [stderr]    = note: `#[warn(unused_variables)]` on by default
[INFO] [stderr] 
[INFO] [stderr] warning: variable does not need to be mutable
[INFO] [stderr]   --> src/gps.rs:27:13
[INFO] [stderr]    |
[INFO] [stderr] 27 |         let mut uart = Uart::new(9600, Parity::None, 8, 1).unwrap();
[INFO] [stderr]    |             ----^^^^
[INFO] [stderr]    |             |
[INFO] [stderr]    |             help: remove this `mut`
[INFO] [stderr]    |
[INFO] [stderr]    = note: `#[warn(unused_mut)]` on by default
[INFO] [stderr] 
[INFO] [stderr] warning: function `main` is never used
[INFO] [stderr]   --> src/lib.rs:22:4
[INFO] [stderr]    |
[INFO] [stderr] 22 | fn main() {
[INFO] [stderr]    |    ^^^^
[INFO] [stderr]    |
[INFO] [stderr]    = note: `#[warn(dead_code)]` on by default
[INFO] [stderr] 
[INFO] [stderr] warning: struct `GPS` is never constructed
[INFO] [stderr]  --> src/gps.rs:9:12
[INFO] [stderr]   |
[INFO] [stderr] 9 | pub struct GPS{
[INFO] [stderr]   |            ^^^
[INFO] [stderr]   |
[INFO] [stderr]   = note: `GPS` has a derived impl for the trait `Debug`, but this is intentionally ignored during dead code analysis
[INFO] [stderr] 
[INFO] [stderr] warning: associated items `new` and `decoder` are never used
[INFO] [stderr]   --> src/gps.rs:16:12
[INFO] [stderr]    |
[INFO] [stderr] 15 | impl GPS{
[INFO] [stderr]    | -------- associated items in this implementation
[INFO] [stderr] 16 |     pub fn new()->Self{
[INFO] [stderr]    |            ^^^
[INFO] [stderr] ...
[INFO] [stderr] 26 |         pub fn decoder(&mut self){
[INFO] [stderr]    |                ^^^^^^^
[INFO] [stderr] 
[INFO] [stderr] warning: enum `UART` is never used
[INFO] [stderr]   --> src/gps.rs:49:10
[INFO] [stderr]    |
[INFO] [stderr] 49 | pub enum UART{
[INFO] [stderr]    |          ^^^^
[INFO] [stderr] 
[INFO] [stderr] warning: method `get_val` is never used
[INFO] [stderr]   --> src/gps.rs:55:12
[INFO] [stderr]    |
[INFO] [stderr] 54 | impl UART{
[INFO] [stderr]    | --------- method in this implementation
[INFO] [stderr] 55 |     pub fn get_val(&self)->u32{
[INFO] [stderr]    |            ^^^^^^^
[INFO] [stderr] 
[INFO] [stderr] warning: crate `AronIS_GPS_Crate` should have a snake case name
[INFO] [stderr]   |
[INFO] [stderr]   = help: convert the identifier to snake case: `aron_is_gps_crate`
[INFO] [stderr]   = note: `#[warn(non_snake_case)]` on by default
[INFO] [stderr] 
[INFO] [stderr] warning: `AronIS_GPS_Crate` (lib) generated 11 warnings (run `cargo fix --lib -p AronIS_GPS_Crate` to apply 1 suggestion)
[INFO] [stderr] warning: `AronIS_GPS_Crate` (lib test) generated 5 warnings (5 duplicates)
[INFO] [stderr]     Finished `test` profile [unoptimized + debuginfo] target(s) in 0.01s
[INFO] [stderr]      Running unittests src/lib.rs (/opt/rustwide/target/debug/deps/AronIS_GPS_Crate-200e37019df5e632)
[INFO] [stdout] 
[INFO] [stdout] running 0 tests
[INFO] [stdout] 
[INFO] [stdout] test result: ok. 0 passed; 0 failed; 0 ignored; 0 measured; 0 filtered out; finished in 0.00s
[INFO] [stdout] 
[INFO] [stderr]    Doc-tests AronIS_GPS_Crate
[INFO] [stderr] warning: variant `baud_rate` should have an upper camel case name
[INFO] [stderr]   --> src/gps.rs:50:5
[INFO] [stderr]    |
[INFO] [stderr] 50 |     baud_rate,
[INFO] [stderr]    |     ^^^^^^^^^ help: convert the identifier to upper camel case: `BaudRate`
[INFO] [stderr]    |
[INFO] [stderr]    = note: `#[warn(non_camel_case_types)]` on by default
[INFO] [stderr] 
[INFO] [stderr] warning: variant `parity_bit` should have an upper camel case name
[INFO] [stderr]   --> src/gps.rs:51:5
[INFO] [stderr]    |
[INFO] [stderr] 51 |     parity_bit,
[INFO] [stderr]    |     ^^^^^^^^^^ help: convert the identifier to upper camel case: `ParityBit`
[INFO] [stderr] 
[INFO] [stderr] warning: variant `stop_bit` should have an upper camel case name
[INFO] [stderr]   --> src/gps.rs:52:5
[INFO] [stderr]    |
[INFO] [stderr] 52 |     stop_bit,
[INFO] [stderr]    |     ^^^^^^^^ help: convert the identifier to upper camel case: `StopBit`
[INFO] [stderr] 
[INFO] [stderr] warning: 3 warnings emitted
[INFO] [stderr] 
[INFO] [stdout] 
[INFO] [stdout] running 2 tests
[INFO] [stdout] test src/lib.rs - (line 17) ... FAILED
[INFO] [stdout] test src/lib.rs - (line 4) ... FAILED
[INFO] [stdout] 
[INFO] [stdout] failures:
[INFO] [stdout] 
[INFO] [stdout] ---- src/lib.rs - (line 17) stdout ----
[INFO] [stdout] error: expected one of `!`, `.`, `::`, `;`, `?`, `{`, `}`, or an operator, found `output`
[INFO] [stdout]  --> src/lib.rs:18:5
[INFO] [stdout]   |
[INFO] [stdout] 3 | The output from the GPS is printed to the terminal and can additionally be read by reding the values from the struct
[INFO] [stdout]   |     ^^^^^^ expected one of 8 possible tokens
[INFO] [stdout] 
[INFO] [stdout] error: aborting due to 1 previous error
[INFO] [stdout] 
[INFO] [stdout] Couldn't compile the test.
[INFO] [stdout] ---- src/lib.rs - (line 4) stdout ----
[INFO] [stdout] error[E0432]: unresolved import `AronIS_GPS_Crate::GPS`
[INFO] [stdout]  --> src/lib.rs:6:5
[INFO] [stdout]   |
[INFO] [stdout] 4 | use AronIS_GPS_Crate::GPS;
[INFO] [stdout]   |     ^^^^^^^^^^^^^^^^^^---
[INFO] [stdout]   |     |                 |
[INFO] [stdout]   |     |                 help: a similar name exists in the module: `gps`
[INFO] [stdout]   |     no `GPS` in the root
[INFO] [stdout] 
[INFO] [stdout] error[E0433]: failed to resolve: use of undeclared crate or module `gps`
[INFO] [stdout]  --> src/lib.rs:10:15
[INFO] [stdout]   |
[INFO] [stdout] 8 | let mut gps = gps::GPS::new();
[INFO] [stdout]   |               ^^^ use of undeclared crate or module `gps`
[INFO] [stdout] 
[INFO] [stdout] error: aborting due to 2 previous errors
[INFO] [stdout] 
[INFO] [stdout] Some errors have detailed explanations: E0432, E0433.
[INFO] [stdout] For more information about an error, try `rustc --explain E0432`.
[INFO] [stdout] Couldn't compile the test.
[INFO] [stdout] 
[INFO] [stdout] failures:
[INFO] [stdout]     src/lib.rs - (line 17)
[INFO] [stdout]     src/lib.rs - (line 4)
[INFO] [stdout] 
[INFO] [stdout] test result: FAILED. 0 passed; 2 failed; 0 ignored; 0 measured; 0 filtered out; finished in 0.04s
[INFO] [stdout] 
[INFO] [stderr] error: doctest failed, to rerun pass `--doc`
[INFO] running `Command { std: "docker" "inspect" "4d42df81e2f684c2f076cee8768c9c794f285800bbec6192149b9a3e249d56e8", kill_on_drop: false }`
[INFO] running `Command { std: "docker" "rm" "-f" "4d42df81e2f684c2f076cee8768c9c794f285800bbec6192149b9a3e249d56e8", kill_on_drop: false }`
[INFO] [stdout] 4d42df81e2f684c2f076cee8768c9c794f285800bbec6192149b9a3e249d56e8
