[INFO] fetching crate ABC_Game_Engine 0.1.2...
[INFO] testing ABC_Game_Engine-0.1.2 against nightly-2024-10-28 for randomize-layout
[INFO] extracting crate ABC_Game_Engine 0.1.2 into /workspace/builds/worker-0-tc1/source
[INFO] validating manifest of crates.io crate ABC_Game_Engine 0.1.2 on toolchain nightly-2024-10-28
[INFO] running `Command { std: CARGO_HOME="/workspace/cargo-home" RUSTUP_HOME="/workspace/rustup-home" "/workspace/cargo-home/bin/cargo" "+nightly-2024-10-28" "metadata" "--manifest-path" "Cargo.toml" "--no-deps", kill_on_drop: false }`
[INFO] started tweaking crates.io crate ABC_Game_Engine 0.1.2
[INFO] finished tweaking crates.io crate ABC_Game_Engine 0.1.2
[INFO] tweaked toml for crates.io crate ABC_Game_Engine 0.1.2 written to /workspace/builds/worker-0-tc1/source/Cargo.toml
[INFO] running `Command { std: CARGO_HOME="/workspace/cargo-home" RUSTUP_HOME="/workspace/rustup-home" "/workspace/cargo-home/bin/cargo" "+nightly-2024-10-28" "generate-lockfile" "--manifest-path" "Cargo.toml", kill_on_drop: false }`
[INFO] [stderr]     Updating crates.io index
[INFO] [stderr]      Locking 187 packages to latest compatible versions
[INFO] [stderr]       Adding gilrs v0.10.10 (available: v0.11.0)
[INFO] [stderr]       Adding glam v0.27.0 (available: v0.29.1)
[INFO] [stderr]       Adding rapier2d v0.19.0 (available: v0.22.0)
[INFO] [stderr]       Adding rodio v0.17.3 (available: v0.19.0)
[INFO] running `Command { std: CARGO_HOME="/workspace/cargo-home" RUSTUP_HOME="/workspace/rustup-home" "/workspace/cargo-home/bin/cargo" "+nightly-2024-10-28" "fetch" "--manifest-path" "Cargo.toml", kill_on_drop: false }`
[INFO] [stderr]  Downloading crates ...
[INFO] [stderr]   Downloaded arrayvec v0.7.6
[INFO] [stderr]   Downloaded bytemuck v1.19.0
[INFO] [stderr]   Downloaded symphonia v0.5.4
[INFO] [stderr]   Downloaded symphonia-metadata v0.5.4
[INFO] [stderr]   Downloaded zerocopy-derive v0.7.35
[INFO] [stderr]   Downloaded num-derive v0.4.2
[INFO] [stderr]   Downloaded approx v0.5.1
[INFO] [stderr]   Downloaded byteorder v1.5.0
[INFO] [stderr]   Downloaded tracing-attributes v0.1.27
[INFO] [stderr]   Downloaded android_system_properties v0.1.5
[INFO] [stderr]   Downloaded clang-sys v1.8.1
[INFO] [stderr]   Downloaded typenum v1.17.0
[INFO] [stderr]   Downloaded ppv-lite86 v0.2.20
[INFO] [stderr]   Downloaded fxhash v0.2.1
[INFO] [stderr]   Downloaded ABC-ECS v0.2.1
[INFO] [stderr]   Downloaded iana-time-zone v0.1.61
[INFO] [stderr]   Downloaded mach2 v0.4.2
[INFO] [stderr]   Downloaded num-traits v0.2.19
[INFO] [stderr]   Downloaded smallvec v1.13.2
[INFO] [stderr]   Downloaded rayon-core v1.12.1
[INFO] [stderr]   Downloaded allocator-api2 v0.2.18
[INFO] [stderr]   Downloaded inotify v0.10.2
[INFO] [stderr]   Downloaded slotmap v1.0.7
[INFO] [stderr]   Downloaded nom v7.1.3
[INFO] [stderr]   Downloaded gilrs v0.10.10
[INFO] [stderr]   Downloaded hashbrown v0.14.5
[INFO] [stderr]   Downloaded combine v4.6.7
[INFO] [stderr]   Downloaded aho-corasick v1.1.3
[INFO] [stderr]   Downloaded rayon v1.10.0
[INFO] [stderr]   Downloaded chrono v0.4.38
[INFO] [stderr]   Downloaded rapier2d v0.19.0
[INFO] [stderr]   Downloaded parry2d v0.15.1
[INFO] [stderr]   Downloaded windows_aarch64_gnullvm v0.52.6
[INFO] [stderr]   Downloaded nix v0.29.0
[INFO] [stderr]   Downloaded windows_x86_64_gnullvm v0.42.2
[INFO] [stderr]   Downloaded nalgebra v0.32.6
[INFO] [stderr]   Downloaded windows_aarch64_gnullvm v0.42.2
[INFO] [stderr]   Downloaded glam v0.27.0
[INFO] [stderr]   Downloaded regex-syntax v0.8.5
[INFO] [stderr]   Downloaded ndk-sys v0.5.0+25.2.9519653
[INFO] [stderr]   Downloaded regex-automata v0.4.8
[INFO] [stderr]   Downloaded web-sys v0.3.72
[INFO] [stderr]   Downloaded spade v2.12.1
[INFO] [stderr]   Downloaded robust v1.1.0
[INFO] [stderr]   Downloaded windows_i686_gnullvm v0.52.6
[INFO] [stderr]   Downloaded windows_x86_64_gnullvm v0.52.6
[INFO] [stderr]   Downloaded windows_i686_gnu v0.42.2
[INFO] [stderr]   Downloaded windows_x86_64_gnu v0.42.2
[INFO] [stderr]   Downloaded regex v1.11.1
[INFO] [stderr]   Downloaded bindgen v0.70.1
[INFO] [stderr]   Downloaded windows_aarch64_msvc v0.42.2
[INFO] [stderr]   Downloaded hashbrown v0.15.0
[INFO] [stderr]   Downloaded windows_x86_64_msvc v0.42.2
[INFO] [stderr]   Downloaded oboe-sys v0.6.1
[INFO] [stderr]   Downloaded jni v0.21.1
[INFO] [stderr]   Downloaded windows_i686_msvc v0.42.2
[INFO] [stderr]   Downloaded windows_aarch64_msvc v0.52.6
[INFO] [stderr]   Downloaded windows_i686_gnu v0.52.6
[INFO] [stderr]   Downloaded windows_x86_64_gnu v0.52.6
[INFO] [stderr]   Downloaded windows_x86_64_msvc v0.52.6
[INFO] [stderr]   Downloaded windows_i686_msvc v0.52.6
[INFO] [stderr]   Downloaded rand v0.8.5
[INFO] [stderr]   Downloaded zerocopy v0.7.35
[INFO] [stderr]   Downloaded ahash v0.8.11
[INFO] [stderr]   Downloaded safe_arch v0.7.2
[INFO] [stderr]   Downloaded minimal-lexical v0.2.1
[INFO] [stderr]   Downloaded gilrs-core v0.5.15
[INFO] [stderr]   Downloaded crossbeam-epoch v0.9.18
[INFO] [stderr]   Downloaded wide v0.7.28
[INFO] [stderr]   Downloaded winnow v0.6.20
[INFO] [stderr]   Downloaded windows-core v0.52.0
[INFO] [stderr]   Downloaded windows-core v0.58.0
[INFO] [stderr]   Downloaded wasi v0.11.0+wasi-snapshot-preview1
[INFO] [stderr]   Downloaded downcast-rs v1.2.1
[INFO] [stderr]   Downloaded matrixmultiply v0.3.9
[INFO] [stderr]   Downloaded nalgebra-macros v0.2.2
[INFO] [stderr]   Downloaded alsa v0.9.1
[INFO] [stderr]   Downloaded windows-implement v0.58.0
[INFO] [stderr]   Downloaded windows-strings v0.1.0
[INFO] [stderr]   Downloaded uuid v1.11.0
[INFO] [stderr]   Downloaded crossbeam-deque v0.8.5
[INFO] [stderr]   Downloaded crossbeam v0.8.4
[INFO] [stderr]   Downloaded num-integer v0.1.46
[INFO] [stderr]   Downloaded num-complex v0.4.6
[INFO] [stderr]   Downloaded alsa-sys v0.3.1
[INFO] [stderr]   Downloaded anymap v1.0.0-beta.2
[INFO] [stderr]   Downloaded android-tzdata v0.1.1
[INFO] [stderr]   Downloaded iana-time-zone-haiku v0.1.2
[INFO] [stderr]   Downloaded core-foundation v0.9.4
[INFO] [stderr]   Downloaded io-kit-sys v0.4.1
[INFO] [stderr]   Downloaded windows-interface v0.58.0
[INFO] [stderr]   Downloaded rand_chacha v0.3.1
[INFO] [stderr]   Downloaded rand_core v0.6.4
[INFO] [stderr]   Downloaded ordered-float v4.4.0
[INFO] [stderr]   Downloaded inotify-sys v0.1.5
[INFO] [stderr]   Downloaded cfg_aliases v0.2.1
[INFO] [stderr]   Downloaded getrandom v0.2.15
[INFO] [stderr]   Downloaded glob v0.3.1
[INFO] [stderr]   Downloaded libloading v0.8.5
[INFO] [stderr]   Downloaded either v1.13.0
[INFO] [stderr]   Downloaded coreaudio-sys v0.2.16
[INFO] [stderr]   Downloaded dasp_sample v0.11.0
[INFO] [stderr]   Downloaded same-file v1.0.6
[INFO] [stderr]   Downloaded winapi-util v0.1.9
[INFO] [stderr]   Downloaded libm v0.2.11
[INFO] [stderr]   Downloaded ogg v0.8.0
[INFO] [stderr]   Downloaded libudev-sys v0.1.4
[INFO] [stderr]   Downloaded rawpointer v0.2.1
[INFO] [stderr]   Downloaded num-rational v0.4.2
[INFO] [stderr]   Downloaded itertools v0.13.0
[INFO] [stderr]   Downloaded equivalent v1.0.1
[INFO] [stderr]   Downloaded ndk v0.8.0
[INFO] [stderr]   Downloaded wasm-bindgen-futures v0.4.45
[INFO] [stderr]   Downloaded wasm-bindgen-backend v0.2.95
[INFO] [stderr]   Downloaded wasm-bindgen v0.2.95
[INFO] [stderr]   Downloaded cpal v0.15.3
[INFO] [stderr]   Downloaded lewton v0.10.2
[INFO] [stderr]   Downloaded windows-result v0.2.0
[INFO] [stderr]   Downloaded toml_edit v0.22.22
[INFO] [stderr]   Downloaded js-sys v0.3.72
[INFO] [stderr]   Downloaded wasm-bindgen-shared v0.2.95
[INFO] [stderr]   Downloaded windows-result v0.1.2
[INFO] [stderr]   Downloaded hound v3.5.1
[INFO] [stderr]   Downloaded bit-vec v0.6.3
[INFO] [stderr]   Downloaded crossbeam-queue v0.3.11
[INFO] [stderr]   Downloaded claxon v0.4.3
[INFO] [stderr]   Downloaded windows-sys v0.45.0
[INFO] [stderr]   Downloaded indexmap v2.6.0
[INFO] [stderr]   Downloaded proc-macro-crate v3.2.0
[INFO] [stderr]   Downloaded num_enum_derive v0.7.3
[INFO] [stderr]   Downloaded thiserror-impl v1.0.66
[INFO] [stderr]   Downloaded bumpalo v3.16.0
[INFO] [stderr]   Downloaded symphonia-core v0.5.4
[INFO] [stderr]   Downloaded coreaudio-rs v0.11.3
[INFO] [stderr]   Downloaded toml_datetime v0.6.8
[INFO] [stderr]   Downloaded ndk-context v0.1.1
[INFO] [stderr]   Downloaded wasm-bindgen-macro v0.2.95
[INFO] [stderr]   Downloaded windows-targets v0.52.6
[INFO] [stderr]   Downloaded windows-sys v0.59.0
[INFO] [stderr]   Downloaded symphonia-bundle-mp3 v0.5.4
[INFO] [stderr]   Downloaded rodio v0.17.3
[INFO] [stderr]   Downloaded simba v0.8.1
[INFO] [stderr]   Downloaded core-foundation-sys v0.8.7
[INFO] [stderr]   Downloaded walkdir v2.5.0
[INFO] [stderr]   Downloaded oboe v0.6.1
[INFO] [stderr]   Downloaded windows-core v0.54.0
[INFO] [stderr]   Downloaded paste v1.0.15
[INFO] [stderr]   Downloaded cexpr v0.6.0
[INFO] [stderr]   Downloaded rustc-hash v1.1.0
[INFO] [stderr]   Downloaded cesu8 v1.1.0
[INFO] [stderr]   Downloaded windows-targets v0.42.2
[INFO] [stderr]   Downloaded jni-sys v0.3.0
[INFO] [stderr]   Downloaded num_enum v0.7.3
[INFO] [stderr]   Downloaded thiserror v1.0.66
[INFO] [stderr]   Downloaded jobserver v0.1.32
[INFO] [stderr]   Downloaded wasm-bindgen-macro-support v0.2.95
[INFO] [stderr]   Downloaded windows v0.58.0
[INFO] [stderr]   Downloaded windows v0.54.0
[INFO] running `Command { std: "docker" "create" "-v" "/var/lib/crater-agent-workspace/builds/worker-0-tc1/target:/opt/rustwide/target:rw,Z" "-v" "/var/lib/crater-agent-workspace/builds/worker-0-tc1/source:/opt/rustwide/workdir:ro,Z" "-v" "/var/lib/crater-agent-workspace/cargo-home:/opt/rustwide/cargo-home:ro,Z" "-v" "/var/lib/crater-agent-workspace/rustup-home:/opt/rustwide/rustup-home:ro,Z" "-e" "SOURCE_DIR=/opt/rustwide/workdir" "-e" "CARGO_TARGET_DIR=/opt/rustwide/target" "-e" "CARGO_HOME=/opt/rustwide/cargo-home" "-e" "RUSTUP_HOME=/opt/rustwide/rustup-home" "-w" "/opt/rustwide/workdir" "-m" "1610612736" "--user" "0:0" "--network" "none" "ghcr.io/rust-lang/crates-build-env/linux@sha256:4a844ea9eb2546a2d2c7022eacef16ef2e8229c7fbb2c7d4d55a9ceca922f72d" "/opt/rustwide/cargo-home/bin/cargo" "+nightly-2024-10-28" "metadata" "--no-deps" "--format-version=1", kill_on_drop: false }`
[INFO] [stdout] a3dabb5cdef41de56cf89cac5d687fe8f717f884145e6b91f11576a5c512c5c9
[INFO] running `Command { std: "docker" "start" "-a" "a3dabb5cdef41de56cf89cac5d687fe8f717f884145e6b91f11576a5c512c5c9", kill_on_drop: false }`
[INFO] running `Command { std: "docker" "inspect" "a3dabb5cdef41de56cf89cac5d687fe8f717f884145e6b91f11576a5c512c5c9", kill_on_drop: false }`
[INFO] running `Command { std: "docker" "rm" "-f" "a3dabb5cdef41de56cf89cac5d687fe8f717f884145e6b91f11576a5c512c5c9", kill_on_drop: false }`
[INFO] [stdout] a3dabb5cdef41de56cf89cac5d687fe8f717f884145e6b91f11576a5c512c5c9
[INFO] running `Command { std: "docker" "create" "-v" "/var/lib/crater-agent-workspace/builds/worker-0-tc1/target:/opt/rustwide/target:rw,Z" "-v" "/var/lib/crater-agent-workspace/builds/worker-0-tc1/source:/opt/rustwide/workdir:ro,Z" "-v" "/var/lib/crater-agent-workspace/cargo-home:/opt/rustwide/cargo-home:ro,Z" "-v" "/var/lib/crater-agent-workspace/rustup-home:/opt/rustwide/rustup-home:ro,Z" "-e" "SOURCE_DIR=/opt/rustwide/workdir" "-e" "CARGO_TARGET_DIR=/opt/rustwide/target" "-e" "CARGO_INCREMENTAL=0" "-e" "RUST_BACKTRACE=full" "-e" "RUSTFLAGS=--cap-lints=forbid" "-e" "RUSTDOCFLAGS=--cap-lints=forbid" "-e" "CARGO_HOME=/opt/rustwide/cargo-home" "-e" "RUSTUP_HOME=/opt/rustwide/rustup-home" "-w" "/opt/rustwide/workdir" "-m" "1610612736" "--user" "0:0" "--network" "none" "ghcr.io/rust-lang/crates-build-env/linux@sha256:4a844ea9eb2546a2d2c7022eacef16ef2e8229c7fbb2c7d4d55a9ceca922f72d" "/opt/rustwide/cargo-home/bin/cargo" "+nightly-2024-10-28" "build" "--frozen" "--message-format=json", kill_on_drop: false }`
[INFO] [stdout] d68c9e1c93675273c43dbe4f7d3d48ec230ab4549b5a1dc3e77caf4b1fe37dde
[INFO] running `Command { std: "docker" "start" "-a" "d68c9e1c93675273c43dbe4f7d3d48ec230ab4549b5a1dc3e77caf4b1fe37dde", kill_on_drop: false }`
[INFO] [stderr]    Compiling autocfg v1.4.0
[INFO] [stderr]    Compiling cfg-if v1.0.0
[INFO] [stderr]    Compiling proc-macro2 v1.0.89
[INFO] [stderr]    Compiling unicode-ident v1.0.13
[INFO] [stderr]    Compiling libc v0.2.161
[INFO] [stderr]    Compiling libm v0.2.11
[INFO] [stderr]    Compiling byteorder v1.5.0
[INFO] [stderr]    Compiling crossbeam-utils v0.8.20
[INFO] [stderr]    Compiling pkg-config v0.3.31
[INFO] [stderr]    Compiling bytemuck v1.19.0
[INFO] [stderr]    Compiling version_check v0.9.5
[INFO] [stderr]    Compiling bitflags v1.3.2
[INFO] [stderr]    Compiling log v0.4.22
[INFO] [stderr]    Compiling once_cell v1.20.2
[INFO] [stderr]    Compiling arrayvec v0.7.6
[INFO] [stderr]    Compiling bitflags v2.6.0
[INFO] [stderr]    Compiling paste v1.0.15
[INFO] [stderr]    Compiling lazy_static v1.5.0
[INFO] [stderr]    Compiling typenum v1.17.0
[INFO] [stderr]    Compiling cfg_aliases v0.2.1
[INFO] [stderr]    Compiling safe_arch v0.7.2
[INFO] [stderr]    Compiling nix v0.29.0
[INFO] [stderr]    Compiling encoding_rs v0.8.35
[INFO] [stderr]    Compiling rawpointer v0.2.1
[INFO] [stderr]    Compiling rayon-core v1.12.1
[INFO] [stderr]    Compiling either v1.13.0
[INFO] [stderr]    Compiling allocator-api2 v0.2.18
[INFO] [stderr]    Compiling symphonia-core v0.5.4
[INFO] [stderr]    Compiling ahash v0.8.11
[INFO] [stderr]    Compiling slotmap v1.0.7
[INFO] [stderr]    Compiling rustc-hash v1.1.0
[INFO] [stderr]    Compiling num-traits v0.2.19
[INFO] [stderr]    Compiling matrixmultiply v0.3.9
[INFO] [stderr]    Compiling slab v0.4.9
[INFO] [stderr]    Compiling crossbeam-epoch v0.9.18
[INFO] [stderr]    Compiling alsa-sys v0.3.1
[INFO] [stderr]    Compiling libudev-sys v0.1.4
[INFO] [stderr]    Compiling wide v0.7.28
[INFO] [stderr]    Compiling cpal v0.15.3
[INFO] [stderr]    Compiling quote v1.0.37
[INFO] [stderr]    Compiling crossbeam-deque v0.8.5
[INFO] [stderr]    Compiling robust v1.1.0
[INFO] [stderr]    Compiling smallvec v1.13.2
[INFO] [stderr]    Compiling tinyvec_macros v0.1.1
[INFO] [stderr]    Compiling syn v2.0.86
[INFO] [stderr]    Compiling tinyvec v1.8.0
[INFO] [stderr]    Compiling crossbeam-channel v0.5.13
[INFO] [stderr]    Compiling crossbeam-queue v0.3.11
[INFO] [stderr]    Compiling ogg v0.8.0
[INFO] [stderr]    Compiling downcast-rs v1.2.1
[INFO] [stderr]    Compiling vec_map v0.8.2
[INFO] [stderr]    Compiling uuid v1.11.0
[INFO] [stderr]    Compiling gilrs v0.10.10
[INFO] [stderr]    Compiling dasp_sample v0.11.0
[INFO] [stderr]    Compiling tracing-core v0.1.32
[INFO] [stderr]    Compiling bit-vec v0.6.3
[INFO] [stderr]    Compiling symphonia-metadata v0.5.4
[INFO] [stderr]    Compiling rayon v1.10.0
[INFO] [stderr]    Compiling crossbeam v0.8.4
[INFO] [stderr]    Compiling getrandom v0.2.15
[INFO] [stderr]    Compiling inotify-sys v0.1.5
[INFO] [stderr]    Compiling num-integer v0.1.46
[INFO] [stderr]    Compiling num-complex v0.4.6
[INFO] [stderr]    Compiling approx v0.5.1
[INFO] [stderr]    Compiling inotify v0.10.2
[INFO] [stderr]    Compiling rand_core v0.6.4
[INFO] [stderr]    Compiling alsa v0.9.1
[INFO] [stderr]    Compiling num-rational v0.4.2
[INFO] [stderr]    Compiling symphonia-bundle-mp3 v0.5.4
[INFO] [stderr]    Compiling gilrs-core v0.5.15
[INFO] [stderr]    Compiling lewton v0.10.2
[INFO] [stderr]    Compiling ordered-float v4.4.0
[INFO] [stderr]    Compiling anymap v1.0.0-beta.2
[INFO] [stderr]    Compiling hound v3.5.1
[INFO] [stderr]    Compiling iana-time-zone v0.1.61
[INFO] [stderr]    Compiling fnv v1.0.7
[INFO] [stderr]    Compiling pin-project-lite v0.2.15
[INFO] [stderr]    Compiling claxon v0.4.3
[INFO] [stderr]    Compiling chrono v0.4.38
[INFO] [stderr]    Compiling fxhash v0.2.1
[INFO] [stderr]    Compiling simba v0.8.1
[INFO] [stderr]    Compiling glam v0.27.0
[INFO] [stderr]    Compiling symphonia v0.5.4
[INFO] [stderr]    Compiling rodio v0.17.3
[INFO] [stderr]    Compiling ABC-ECS v0.2.1
[INFO] [stderr]    Compiling zerocopy-derive v0.7.35
[INFO] [stderr]    Compiling nalgebra-macros v0.2.2
[INFO] [stderr]    Compiling num-derive v0.4.2
[INFO] [stderr]    Compiling tracing-attributes v0.1.27
[INFO] [stderr]    Compiling zerocopy v0.7.35
[INFO] [stderr]    Compiling tracing v0.1.40
[INFO] [stderr]    Compiling ppv-lite86 v0.2.20
[INFO] [stderr]    Compiling hashbrown v0.14.5
[INFO] [stderr]    Compiling rand_chacha v0.3.1
[INFO] [stderr]    Compiling rand v0.8.5
[INFO] [stderr]    Compiling spade v2.12.1
[INFO] [stderr]    Compiling nalgebra v0.32.6
[INFO] [stderr]    Compiling parry2d v0.15.1
[INFO] [stderr]    Compiling rapier2d v0.19.0
[INFO] [stderr]    Compiling ABC_Game_Engine v0.1.2 (/opt/rustwide/workdir)
[INFO] [stdout] warning: unused import: `crate::Scene`
[INFO] [stdout]  --> src/physics.rs:1:5
[INFO] [stdout]   |
[INFO] [stdout] 1 | use crate::Scene;
[INFO] [stdout]   |     ^^^^^^^^^^^^
[INFO] [stdout]   |
[INFO] [stdout]   = note: `#[warn(unused_imports)]` on by default
[INFO] [stdout] 
[INFO] [stdout] 
[INFO] [stdout] warning: unused import: `crate::Component`
[INFO] [stdout]  --> src/ui.rs:4:5
[INFO] [stdout]   |
[INFO] [stdout] 4 | use crate::Component;
[INFO] [stdout]   |     ^^^^^^^^^^^^^^^^
[INFO] [stdout] 
[INFO] [stdout] 
[INFO] [stdout] warning: unused variable: `rb_entity`
[INFO] [stdout]    --> src/physics/physics_system.rs:717:25
[INFO] [stdout]     |
[INFO] [stdout] 717 |         for (rb_handle, rb_entity) in rigidbody_entities_in_physics_copy {
[INFO] [stdout]     |                         ^^^^^^^^^ help: if this is intentional, prefix it with an underscore: `_rb_entity`
[INFO] [stdout]     |
[INFO] [stdout]     = note: `#[warn(unused_variables)]` on by default
[INFO] [stdout] 
[INFO] [stdout] 
[INFO] [stdout] warning: unused variable: `collider_path`
[INFO] [stdout]    --> src/physics/physics_system.rs:736:31
[INFO] [stdout]     |
[INFO] [stdout] 736 |         for (collider_handle, collider_path) in collider_entities_in_physics_copy {
[INFO] [stdout]     |                               ^^^^^^^^^^^^^ help: if this is intentional, prefix it with an underscore: `_collider_path`
[INFO] [stdout] 
[INFO] [stdout] 
[INFO] [stdout] warning: unused variable: `rb_handle`
[INFO] [stdout]    --> src/physics/physics_system.rs:934:10
[INFO] [stdout]     |
[INFO] [stdout] 934 |     for (rb_handle, entity) in physics_info.rigid_body_handle_map.iter() {
[INFO] [stdout]     |          ^^^^^^^^^ help: if this is intentional, prefix it with an underscore: `_rb_handle`
[INFO] [stdout] 
[INFO] [stdout] 
[INFO] [stdout] warning: unused variable: `collider_handle`
[INFO] [stdout]    --> src/physics/physics_system.rs:967:10
[INFO] [stdout]     |
[INFO] [stdout] 967 |     for (collider_handle, entity) in physics_info.collider_handle_map.iter() {
[INFO] [stdout]     |          ^^^^^^^^^^^^^^^ help: if this is intentional, prefix it with an underscore: `_collider_handle`
[INFO] [stdout] 
[INFO] [stdout] 
[INFO] [stdout] warning: unused variable: `transform`
[INFO] [stdout]    --> src/physics/physics_system.rs:970:42
[INFO] [stdout]     |
[INFO] [stdout] 970 |         if let (Some(ecs_collider), Some(transform), Some(collider_handle)) =
[INFO] [stdout]     |                                          ^^^^^^^^^ help: if this is intentional, prefix it with an underscore: `_transform`
[INFO] [stdout] 
[INFO] [stdout] 
[INFO] [stdout] warning: function `add_default_resources_and_systems` is never used
[INFO] [stdout]   --> src/resources.rs:10:15
[INFO] [stdout]    |
[INFO] [stdout] 10 | pub(crate) fn add_default_resources_and_systems(scene: &mut Scene) {
[INFO] [stdout]    |               ^^^^^^^^^^^^^^^^^^^^^^^^^^^^^^^^^
[INFO] [stdout]    |
[INFO] [stdout]    = note: `#[warn(dead_code)]` on by default
[INFO] [stdout] 
[INFO] [stdout] 
[INFO] [stdout] warning: crate `ABC_Game_Engine` should have a snake case name
[INFO] [stdout]   |
[INFO] [stdout]   = help: convert the identifier to snake case: `abc_game_engine`
[INFO] [stdout]   = note: `#[warn(non_snake_case)]` on by default
[INFO] [stdout] 
[INFO] [stdout] 
[INFO] [stderr]     Finished `dev` profile [unoptimized + debuginfo] target(s) in 20.27s
[INFO] [stderr] warning: the following packages contain code that will be rejected by a future version of Rust: anymap v1.0.0-beta.2
[INFO] [stderr] note: to see what the problems were, use the option `--future-incompat-report`, or run `cargo report future-incompatibilities --id 1`
[INFO] running `Command { std: "docker" "inspect" "d68c9e1c93675273c43dbe4f7d3d48ec230ab4549b5a1dc3e77caf4b1fe37dde", kill_on_drop: false }`
[INFO] running `Command { std: "docker" "rm" "-f" "d68c9e1c93675273c43dbe4f7d3d48ec230ab4549b5a1dc3e77caf4b1fe37dde", kill_on_drop: false }`
[INFO] [stdout] d68c9e1c93675273c43dbe4f7d3d48ec230ab4549b5a1dc3e77caf4b1fe37dde
[INFO] running `Command { std: "docker" "create" "-v" "/var/lib/crater-agent-workspace/builds/worker-0-tc1/target:/opt/rustwide/target:rw,Z" "-v" "/var/lib/crater-agent-workspace/builds/worker-0-tc1/source:/opt/rustwide/workdir:ro,Z" "-v" "/var/lib/crater-agent-workspace/cargo-home:/opt/rustwide/cargo-home:ro,Z" "-v" "/var/lib/crater-agent-workspace/rustup-home:/opt/rustwide/rustup-home:ro,Z" "-e" "SOURCE_DIR=/opt/rustwide/workdir" "-e" "CARGO_TARGET_DIR=/opt/rustwide/target" "-e" "CARGO_INCREMENTAL=0" "-e" "RUST_BACKTRACE=full" "-e" "RUSTFLAGS=--cap-lints=forbid" "-e" "RUSTDOCFLAGS=--cap-lints=forbid" "-e" "CARGO_HOME=/opt/rustwide/cargo-home" "-e" "RUSTUP_HOME=/opt/rustwide/rustup-home" "-w" "/opt/rustwide/workdir" "-m" "1610612736" "--user" "0:0" "--network" "none" "ghcr.io/rust-lang/crates-build-env/linux@sha256:4a844ea9eb2546a2d2c7022eacef16ef2e8229c7fbb2c7d4d55a9ceca922f72d" "/opt/rustwide/cargo-home/bin/cargo" "+nightly-2024-10-28" "test" "--frozen" "--no-run" "--message-format=json", kill_on_drop: false }`
[INFO] [stdout] 1a7773bb34f344ddd4b2dbd5ac84286cbc11aacad1112b9effc661c77d7e1806
[INFO] running `Command { std: "docker" "start" "-a" "1a7773bb34f344ddd4b2dbd5ac84286cbc11aacad1112b9effc661c77d7e1806", kill_on_drop: false }`
[INFO] [stdout] warning: unused import: `crate::Scene`
[INFO] [stdout]  --> src/physics.rs:1:5
[INFO] [stdout]   |
[INFO] [stdout] 1 | use crate::Scene;
[INFO] [stdout]   |     ^^^^^^^^^^^^
[INFO] [stdout]   |
[INFO] [stdout]   = note: `#[warn(unused_imports)]` on by default
[INFO] [stdout] 
[INFO] [stdout] 
[INFO] [stdout] warning: unused import: `crate::Component`
[INFO] [stdout]  --> src/ui.rs:4:5
[INFO] [stdout]   |
[INFO] [stdout] 4 | use crate::Component;
[INFO] [stdout]   |     ^^^^^^^^^^^^^^^^
[INFO] [stdout] 
[INFO] [stdout] 
[INFO] [stderr]    Compiling ABC_Game_Engine v0.1.2 (/opt/rustwide/workdir)
[INFO] [stdout] warning: unused variable: `rb_entity`
[INFO] [stdout]    --> src/physics/physics_system.rs:717:25
[INFO] [stdout]     |
[INFO] [stdout] 717 |         for (rb_handle, rb_entity) in rigidbody_entities_in_physics_copy {
[INFO] [stdout]     |                         ^^^^^^^^^ help: if this is intentional, prefix it with an underscore: `_rb_entity`
[INFO] [stdout]     |
[INFO] [stdout]     = note: `#[warn(unused_variables)]` on by default
[INFO] [stdout] 
[INFO] [stdout] 
[INFO] [stdout] warning: unused variable: `collider_path`
[INFO] [stdout]    --> src/physics/physics_system.rs:736:31
[INFO] [stdout]     |
[INFO] [stdout] 736 |         for (collider_handle, collider_path) in collider_entities_in_physics_copy {
[INFO] [stdout]     |                               ^^^^^^^^^^^^^ help: if this is intentional, prefix it with an underscore: `_collider_path`
[INFO] [stdout] 
[INFO] [stdout] 
[INFO] [stdout] warning: unused variable: `rb_handle`
[INFO] [stdout]    --> src/physics/physics_system.rs:934:10
[INFO] [stdout]     |
[INFO] [stdout] 934 |     for (rb_handle, entity) in physics_info.rigid_body_handle_map.iter() {
[INFO] [stdout]     |          ^^^^^^^^^ help: if this is intentional, prefix it with an underscore: `_rb_handle`
[INFO] [stdout] 
[INFO] [stdout] 
[INFO] [stdout] warning: unused variable: `collider_handle`
[INFO] [stdout]    --> src/physics/physics_system.rs:967:10
[INFO] [stdout]     |
[INFO] [stdout] 967 |     for (collider_handle, entity) in physics_info.collider_handle_map.iter() {
[INFO] [stdout]     |          ^^^^^^^^^^^^^^^ help: if this is intentional, prefix it with an underscore: `_collider_handle`
[INFO] [stdout] 
[INFO] [stdout] 
[INFO] [stdout] warning: unused variable: `transform`
[INFO] [stdout]    --> src/physics/physics_system.rs:970:42
[INFO] [stdout]     |
[INFO] [stdout] 970 |         if let (Some(ecs_collider), Some(transform), Some(collider_handle)) =
[INFO] [stdout]     |                                          ^^^^^^^^^ help: if this is intentional, prefix it with an underscore: `_transform`
[INFO] [stdout] 
[INFO] [stdout] 
[INFO] [stdout] warning: function `add_default_resources_and_systems` is never used
[INFO] [stdout]   --> src/resources.rs:10:15
[INFO] [stdout]    |
[INFO] [stdout] 10 | pub(crate) fn add_default_resources_and_systems(scene: &mut Scene) {
[INFO] [stdout]    |               ^^^^^^^^^^^^^^^^^^^^^^^^^^^^^^^^^
[INFO] [stdout]    |
[INFO] [stdout]    = note: `#[warn(dead_code)]` on by default
[INFO] [stdout] 
[INFO] [stdout] 
[INFO] [stdout] warning: crate `ABC_Game_Engine` should have a snake case name
[INFO] [stdout]   |
[INFO] [stdout]   = help: convert the identifier to snake case: `abc_game_engine`
[INFO] [stdout]   = note: `#[warn(non_snake_case)]` on by default
[INFO] [stdout] 
[INFO] [stdout] 
[INFO] [stdout] warning: unused import: `crate::Scene`
[INFO] [stdout]  --> src/physics.rs:1:5
[INFO] [stdout]   |
[INFO] [stdout] 1 | use crate::Scene;
[INFO] [stdout]   |     ^^^^^^^^^^^^
[INFO] [stdout]   |
[INFO] [stdout]   = note: `#[warn(unused_imports)]` on by default
[INFO] [stdout] 
[INFO] [stdout] 
[INFO] [stdout] warning: unused import: `crate::Component`
[INFO] [stdout]  --> src/ui.rs:4:5
[INFO] [stdout]   |
[INFO] [stdout] 4 | use crate::Component;
[INFO] [stdout]   |     ^^^^^^^^^^^^^^^^
[INFO] [stdout] 
[INFO] [stdout] 
[INFO] [stdout] warning: unused variable: `rb_entity`
[INFO] [stdout]    --> src/physics/physics_system.rs:717:25
[INFO] [stdout]     |
[INFO] [stdout] 717 |         for (rb_handle, rb_entity) in rigidbody_entities_in_physics_copy {
[INFO] [stdout]     |                         ^^^^^^^^^ help: if this is intentional, prefix it with an underscore: `_rb_entity`
[INFO] [stdout]     |
[INFO] [stdout]     = note: `#[warn(unused_variables)]` on by default
[INFO] [stdout] 
[INFO] [stdout] 
[INFO] [stdout] warning: unused variable: `collider_path`
[INFO] [stdout]    --> src/physics/physics_system.rs:736:31
[INFO] [stdout]     |
[INFO] [stdout] 736 |         for (collider_handle, collider_path) in collider_entities_in_physics_copy {
[INFO] [stdout]     |                               ^^^^^^^^^^^^^ help: if this is intentional, prefix it with an underscore: `_collider_path`
[INFO] [stdout] 
[INFO] [stdout] 
[INFO] [stdout] warning: unused variable: `rb_handle`
[INFO] [stdout]    --> src/physics/physics_system.rs:934:10
[INFO] [stdout]     |
[INFO] [stdout] 934 |     for (rb_handle, entity) in physics_info.rigid_body_handle_map.iter() {
[INFO] [stdout]     |          ^^^^^^^^^ help: if this is intentional, prefix it with an underscore: `_rb_handle`
[INFO] [stdout] 
[INFO] [stdout] 
[INFO] [stdout] warning: unused variable: `collider_handle`
[INFO] [stdout]    --> src/physics/physics_system.rs:967:10
[INFO] [stdout]     |
[INFO] [stdout] 967 |     for (collider_handle, entity) in physics_info.collider_handle_map.iter() {
[INFO] [stdout]     |          ^^^^^^^^^^^^^^^ help: if this is intentional, prefix it with an underscore: `_collider_handle`
[INFO] [stdout] 
[INFO] [stdout] 
[INFO] [stdout] warning: unused variable: `transform`
[INFO] [stdout]    --> src/physics/physics_system.rs:970:42
[INFO] [stdout]     |
[INFO] [stdout] 970 |         if let (Some(ecs_collider), Some(transform), Some(collider_handle)) =
[INFO] [stdout]     |                                          ^^^^^^^^^ help: if this is intentional, prefix it with an underscore: `_transform`
[INFO] [stdout] 
[INFO] [stdout] 
[INFO] [stdout] warning: function `add_default_resources_and_systems` is never used
[INFO] [stdout]   --> src/resources.rs:10:15
[INFO] [stdout]    |
[INFO] [stdout] 10 | pub(crate) fn add_default_resources_and_systems(scene: &mut Scene) {
[INFO] [stdout]    |               ^^^^^^^^^^^^^^^^^^^^^^^^^^^^^^^^^
[INFO] [stdout]    |
[INFO] [stdout]    = note: `#[warn(dead_code)]` on by default
[INFO] [stdout] 
[INFO] [stdout] 
[INFO] [stderr]     Finished `test` profile [unoptimized + debuginfo] target(s) in 1.37s
[INFO] [stderr] warning: the following packages contain code that will be rejected by a future version of Rust: anymap v1.0.0-beta.2
[INFO] [stderr] note: to see what the problems were, use the option `--future-incompat-report`, or run `cargo report future-incompatibilities --id 1`
[INFO] running `Command { std: "docker" "inspect" "1a7773bb34f344ddd4b2dbd5ac84286cbc11aacad1112b9effc661c77d7e1806", kill_on_drop: false }`
[INFO] running `Command { std: "docker" "rm" "-f" "1a7773bb34f344ddd4b2dbd5ac84286cbc11aacad1112b9effc661c77d7e1806", kill_on_drop: false }`
[INFO] [stdout] 1a7773bb34f344ddd4b2dbd5ac84286cbc11aacad1112b9effc661c77d7e1806
[INFO] running `Command { std: "docker" "create" "-v" "/var/lib/crater-agent-workspace/builds/worker-0-tc1/target:/opt/rustwide/target:rw,Z" "-v" "/var/lib/crater-agent-workspace/builds/worker-0-tc1/source:/opt/rustwide/workdir:ro,Z" "-v" "/var/lib/crater-agent-workspace/cargo-home:/opt/rustwide/cargo-home:ro,Z" "-v" "/var/lib/crater-agent-workspace/rustup-home:/opt/rustwide/rustup-home:ro,Z" "-e" "SOURCE_DIR=/opt/rustwide/workdir" "-e" "CARGO_TARGET_DIR=/opt/rustwide/target" "-e" "CARGO_INCREMENTAL=0" "-e" "RUST_BACKTRACE=full" "-e" "RUSTFLAGS=--cap-lints=forbid" "-e" "RUSTDOCFLAGS=--cap-lints=forbid" "-e" "CARGO_HOME=/opt/rustwide/cargo-home" "-e" "RUSTUP_HOME=/opt/rustwide/rustup-home" "-w" "/opt/rustwide/workdir" "-m" "1610612736" "--user" "0:0" "--network" "none" "ghcr.io/rust-lang/crates-build-env/linux@sha256:4a844ea9eb2546a2d2c7022eacef16ef2e8229c7fbb2c7d4d55a9ceca922f72d" "/opt/rustwide/cargo-home/bin/cargo" "+nightly-2024-10-28" "test" "--frozen", kill_on_drop: false }`
[INFO] [stdout] 63d20f3482cf10179060b8c527b6aee82fb9ba2ca16a8ad112b1c9826eb37d5f
[INFO] running `Command { std: "docker" "start" "-a" "63d20f3482cf10179060b8c527b6aee82fb9ba2ca16a8ad112b1c9826eb37d5f", kill_on_drop: false }`
[INFO] [stderr] warning: unused import: `crate::Scene`
[INFO] [stderr]  --> src/physics.rs:1:5
[INFO] [stderr]   |
[INFO] [stderr] 1 | use crate::Scene;
[INFO] [stderr]   |     ^^^^^^^^^^^^
[INFO] [stderr]   |
[INFO] [stderr]   = note: `#[warn(unused_imports)]` on by default
[INFO] [stderr] 
[INFO] [stderr] warning: unused import: `crate::Component`
[INFO] [stderr]  --> src/ui.rs:4:5
[INFO] [stderr]   |
[INFO] [stderr] 4 | use crate::Component;
[INFO] [stderr]   |     ^^^^^^^^^^^^^^^^
[INFO] [stderr] 
[INFO] [stderr] warning: unused variable: `rb_entity`
[INFO] [stderr]    --> src/physics/physics_system.rs:717:25
[INFO] [stderr]     |
[INFO] [stderr] 717 |         for (rb_handle, rb_entity) in rigidbody_entities_in_physics_copy {
[INFO] [stderr]     |                         ^^^^^^^^^ help: if this is intentional, prefix it with an underscore: `_rb_entity`
[INFO] [stderr]     |
[INFO] [stderr]     = note: `#[warn(unused_variables)]` on by default
[INFO] [stderr] 
[INFO] [stderr] warning: unused variable: `collider_path`
[INFO] [stderr]    --> src/physics/physics_system.rs:736:31
[INFO] [stderr]     |
[INFO] [stderr] 736 |         for (collider_handle, collider_path) in collider_entities_in_physics_copy {
[INFO] [stderr]     |                               ^^^^^^^^^^^^^ help: if this is intentional, prefix it with an underscore: `_collider_path`
[INFO] [stderr] 
[INFO] [stderr] warning: unused variable: `rb_handle`
[INFO] [stderr]    --> src/physics/physics_system.rs:934:10
[INFO] [stderr]     |
[INFO] [stderr] 934 |     for (rb_handle, entity) in physics_info.rigid_body_handle_map.iter() {
[INFO] [stderr]     |          ^^^^^^^^^ help: if this is intentional, prefix it with an underscore: `_rb_handle`
[INFO] [stderr] 
[INFO] [stderr] warning: unused variable: `collider_handle`
[INFO] [stderr]    --> src/physics/physics_system.rs:967:10
[INFO] [stderr]     |
[INFO] [stderr] 967 |     for (collider_handle, entity) in physics_info.collider_handle_map.iter() {
[INFO] [stderr]     |          ^^^^^^^^^^^^^^^ help: if this is intentional, prefix it with an underscore: `_collider_handle`
[INFO] [stderr] 
[INFO] [stderr] warning: unused variable: `transform`
[INFO] [stderr]    --> src/physics/physics_system.rs:970:42
[INFO] [stderr]     |
[INFO] [stderr] 970 |         if let (Some(ecs_collider), Some(transform), Some(collider_handle)) =
[INFO] [stderr]     |                                          ^^^^^^^^^ help: if this is intentional, prefix it with an underscore: `_transform`
[INFO] [stderr] 
[INFO] [stderr] warning: function `add_default_resources_and_systems` is never used
[INFO] [stderr]   --> src/resources.rs:10:15
[INFO] [stderr]    |
[INFO] [stderr] 10 | pub(crate) fn add_default_resources_and_systems(scene: &mut Scene) {
[INFO] [stderr]    |               ^^^^^^^^^^^^^^^^^^^^^^^^^^^^^^^^^
[INFO] [stderr]    |
[INFO] [stderr]    = note: `#[warn(dead_code)]` on by default
[INFO] [stderr] 
[INFO] [stderr] warning: crate `ABC_Game_Engine` should have a snake case name
[INFO] [stderr]   |
[INFO] [stderr]   = help: convert the identifier to snake case: `abc_game_engine`
[INFO] [stderr]   = note: `#[warn(non_snake_case)]` on by default
[INFO] [stderr] 
[INFO] [stderr] warning: `ABC_Game_Engine` (lib) generated 9 warnings (run `cargo fix --lib -p ABC_Game_Engine` to apply 2 suggestions)
[INFO] [stderr] warning: `ABC_Game_Engine` (lib test) generated 8 warnings (8 duplicates)
[INFO] [stderr]     Finished `test` profile [unoptimized + debuginfo] target(s) in 0.10s
[INFO] [stderr] warning: the following packages contain code that will be rejected by a future version of Rust: anymap v1.0.0-beta.2
[INFO] [stderr] note: to see what the problems were, use the option `--future-incompat-report`, or run `cargo report future-incompatibilities --id 1`
[INFO] [stderr]      Running unittests src/lib.rs (/opt/rustwide/target/debug/deps/ABC_Game_Engine-7e1c9751856efa95)
[INFO] [stdout] 
[INFO] [stdout] running 12 tests
[INFO] [stdout] test resources::input::tests::test_axis ... ok
[INFO] [stdout] test resources::input::tests::test_button ... ok
[INFO] [stdout] test resources::input::tests::test_gamepad_axis ... ok
[INFO] [stdout] test resources::input::tests::test_gamepad_button ... ok
[INFO] [stdout] test resources::input::tests::test_key_state ... ok
[INFO] [stdout] test tests::transform_add_sub_cancellation ... ok
[INFO] [stdout] test resources::input::tests::test_button_state ... ok
[INFO] [stdout] test resources::input::tests::test_pressed ... ok
[INFO] [stdout] test resources::input::tests::test_held ... ok
[INFO] [stdout] test resources::input::tests::test_releasing ... ok
[INFO] [stderr] ALSA lib confmisc.c:855:(parse_card) cannot find card '0'
[INFO] [stderr] ALSA lib conf.c:5178:(_snd_config_evaluate) function snd_func_card_inum returned error: No such file or directory
[INFO] [stderr] ALSA lib confmisc.c:422:(snd_func_concat) error evaluating strings
[INFO] [stderr] ALSA lib conf.c:5178:(_snd_config_evaluate) function snd_func_concat returned error: No such file or directory
[INFO] [stderr] ALSA lib confmisc.c:1334:(snd_func_refer) error evaluating name
[INFO] [stderr] ALSA lib conf.c:5178:(_snd_config_evaluate) function snd_func_refer returned error: No such file or directory
[INFO] [stderr] ALSA lib conf.c:5701:(snd_config_expand) Evaluate error: No such file or directory
[INFO] [stderr] ALSA lib pcm.c:2664:(snd_pcm_open_noupdate) Unknown PCM default
[INFO] [stderr] ALSA lib confmisc.c:855:(parse_card) cannot find card '0'
[INFO] [stderr] ALSA lib conf.c:5178:(_snd_config_evaluate) function snd_func_card_inum returned error: No such file or directory
[INFO] [stderr] ALSA lib confmisc.c:422:(snd_func_concat) error evaluating strings
[INFO] [stderr] ALSA lib conf.c:5178:(_snd_config_evaluate) function snd_func_concat returned error: No such file or directory
[INFO] [stderr] ALSA lib confmisc.c:1334:(snd_func_refer) error evaluating name
[INFO] [stderr] ALSA lib conf.c:5178:(_snd_config_evaluate) function snd_func_refer returned error: No such file or directory
[INFO] [stderr] ALSA lib conf.c:5701:(snd_config_expand) Evaluate error: No such file or directory
[INFO] [stderr] ALSA lib pcm.c:2664:(snd_pcm_open_noupdate) Unknown PCM default
[INFO] [stdout] test resources::input::tests::test_axis_event ... FAILED
[INFO] [stdout] test resources::input::tests::test_axis_value ... FAILED
[INFO] [stdout] 
[INFO] [stdout] failures:
[INFO] [stdout] 
[INFO] [stdout] ---- resources::input::tests::test_axis_event stdout ----
[INFO] [stdout] thread 'resources::input::tests::test_axis_event' panicked at src/resources/audio_stream.rs:211:68:
[INFO] [stdout] Failed to open stream: DefaultStreamConfigError(DeviceNotAvailable)
[INFO] [stdout] stack backtrace:
[INFO] [stdout]    0:     0x6395d8f4818a - std::backtrace_rs::backtrace::libunwind::trace::h207520d6e9873551
[INFO] [stdout]                                at /rustc/df4ca44d3fbc9301ee17f30f4d474e6ae4b05252/library/std/src/../../backtrace/src/backtrace/libunwind.rs:116:5
[INFO] [stdout]    1:     0x6395d8f4818a - std::backtrace_rs::backtrace::trace_unsynchronized::h2ed7433f370e3eca
[INFO] [stdout]                                at /rustc/df4ca44d3fbc9301ee17f30f4d474e6ae4b05252/library/std/src/../../backtrace/src/backtrace/mod.rs:66:5
[INFO] [stdout]    2:     0x6395d8f4818a - std::sys::backtrace::_print_fmt::h916fac51166b18d7
[INFO] [stdout]                                at /rustc/df4ca44d3fbc9301ee17f30f4d474e6ae4b05252/library/std/src/sys/backtrace.rs:66:9
[INFO] [stdout]    3:     0x6395d8f4818a - <std::sys::backtrace::BacktraceLock::print::DisplayBacktrace as core::fmt::Display>::fmt::ha0a4c9b8ce3802e6
[INFO] [stdout]                                at /rustc/df4ca44d3fbc9301ee17f30f4d474e6ae4b05252/library/std/src/sys/backtrace.rs:39:26
[INFO] [stdout]    4:     0x6395d8f70c93 - core::fmt::rt::Argument::fmt::h4cfc8587d52b3eb5
[INFO] [stdout]                                at /rustc/df4ca44d3fbc9301ee17f30f4d474e6ae4b05252/library/core/src/fmt/rt.rs:177:76
[INFO] [stdout]    5:     0x6395d8f70c93 - core::fmt::write::h522cc39e5b36ae9f
[INFO] [stdout]                                at /rustc/df4ca44d3fbc9301ee17f30f4d474e6ae4b05252/library/core/src/fmt/mod.rs:1190:21
[INFO] [stdout]    6:     0x6395d8f44863 - std::io::Write::write_fmt::h7d3c26752da97734
[INFO] [stdout]                                at /rustc/df4ca44d3fbc9301ee17f30f4d474e6ae4b05252/library/std/src/io/mod.rs:1839:15
[INFO] [stdout]    7:     0x6395d8f47fd2 - std::sys::backtrace::BacktraceLock::print::h4b9e00b29e9c0942
[INFO] [stdout]                                at /rustc/df4ca44d3fbc9301ee17f30f4d474e6ae4b05252/library/std/src/sys/backtrace.rs:42:9
[INFO] [stdout]    8:     0x6395d8f4961a - std::panicking::default_hook::{{closure}}::hb59b88280d0324d9
[INFO] [stdout]                                at /rustc/df4ca44d3fbc9301ee17f30f4d474e6ae4b05252/library/std/src/panicking.rs:268:22
[INFO] [stdout]    9:     0x6395d8f49424 - std::panicking::default_hook::he1dd496665be4a29
[INFO] [stdout]                                at /rustc/df4ca44d3fbc9301ee17f30f4d474e6ae4b05252/library/std/src/panicking.rs:292:9
[INFO] [stdout]   10:     0x6395d8e39a39 - <alloc::boxed::Box<F,A> as core::ops::function::Fn<Args>>::call::h4ff71de18744e1dc
[INFO] [stdout]                                at /rustc/df4ca44d3fbc9301ee17f30f4d474e6ae4b05252/library/alloc/src/boxed.rs:2468:9
[INFO] [stdout]   11:     0x6395d8e39a39 - test::test_main::{{closure}}::hcf7c055ce117aa81
[INFO] [stdout]                                at /rustc/df4ca44d3fbc9301ee17f30f4d474e6ae4b05252/library/test/src/lib.rs:133:21
[INFO] [stdout]   12:     0x6395d8f49d18 - <alloc::boxed::Box<F,A> as core::ops::function::Fn<Args>>::call::h1d66c6bbd60c9692
[INFO] [stdout]                                at /rustc/df4ca44d3fbc9301ee17f30f4d474e6ae4b05252/library/alloc/src/boxed.rs:2468:9
[INFO] [stdout]   13:     0x6395d8f49d18 - std::panicking::rust_panic_with_hook::h2ff17fe8f26dfcf8
[INFO] [stdout]                                at /rustc/df4ca44d3fbc9301ee17f30f4d474e6ae4b05252/library/std/src/panicking.rs:809:13
[INFO] [stdout]   14:     0x6395d8f49ada - std::panicking::begin_panic_handler::{{closure}}::h4fad77951c07e101
[INFO] [stdout]                                at /rustc/df4ca44d3fbc9301ee17f30f4d474e6ae4b05252/library/std/src/panicking.rs:674:13
[INFO] [stdout]   15:     0x6395d8f48669 - std::sys::backtrace::__rust_end_short_backtrace::hb1a25b3da5d0ea08
[INFO] [stdout]                                at /rustc/df4ca44d3fbc9301ee17f30f4d474e6ae4b05252/library/std/src/sys/backtrace.rs:170:18
[INFO] [stdout]   16:     0x6395d8f4976c - rust_begin_unwind
[INFO] [stdout]                                at /rustc/df4ca44d3fbc9301ee17f30f4d474e6ae4b05252/library/std/src/panicking.rs:665:5
[INFO] [stdout]   17:     0x6395d8f6e6d0 - core::panicking::panic_fmt::ha9db07b529f9b256
[INFO] [stdout]                                at /rustc/df4ca44d3fbc9301ee17f30f4d474e6ae4b05252/library/core/src/panicking.rs:75:14
[INFO] [stdout]   18:     0x6395d8f6eb56 - core::result::unwrap_failed::h5e8218e4d4338b8a
[INFO] [stdout]                                at /rustc/df4ca44d3fbc9301ee17f30f4d474e6ae4b05252/library/core/src/result.rs:1698:5
[INFO] [stdout]   19:     0x6395d8da2ef8 - core::result::Result<T,E>::expect::h9e2b2e188e5b317f
[INFO] [stdout]                                at /rustc/df4ca44d3fbc9301ee17f30f4d474e6ae4b05252/library/core/src/result.rs:1060:23
[INFO] [stdout]   20:     0x6395d8dbc9a0 - ABC_Game_Engine::resources::audio_stream::AudioHandle::new::h776361002263c28f
[INFO] [stdout]                                at /opt/rustwide/workdir/src/resources/audio_stream.rs:211:33
[INFO] [stdout]   21:     0x6395d8db7449 - ABC_Game_Engine::resources::add_default_resources::h78edf5765e2bd45e
[INFO] [stdout]                                at /opt/rustwide/workdir/src/resources.rs:29:23
[INFO] [stdout]   22:     0x6395d8daba2e - ABC_Game_Engine::Scene::new::h41a5cf0717996f64
[INFO] [stdout]                                at /opt/rustwide/workdir/src/lib.rs:160:9
[INFO] [stdout]   23:     0x6395d8dc6231 - ABC_Game_Engine::resources::input::tests::test_axis_event::h20fd48209b03f81a
[INFO] [stdout]                                at /opt/rustwide/workdir/src/resources/input.rs:1320:25
[INFO] [stdout]   24:     0x6395d8dc5e37 - ABC_Game_Engine::resources::input::tests::test_axis_event::{{closure}}::h4450f9d89a5a3088
[INFO] [stdout]                                at /opt/rustwide/workdir/src/resources/input.rs:1301:25
[INFO] [stdout]   25:     0x6395d8db0d16 - core::ops::function::FnOnce::call_once::he3268482bb6a63d1
[INFO] [stdout]                                at /rustc/df4ca44d3fbc9301ee17f30f4d474e6ae4b05252/library/core/src/ops/function.rs:250:5
[INFO] [stdout]   26:     0x6395d8e3e30b - core::ops::function::FnOnce::call_once::h22c3ba5715e93f05
[INFO] [stdout]                                at /rustc/df4ca44d3fbc9301ee17f30f4d474e6ae4b05252/library/core/src/ops/function.rs:250:5
[INFO] [stdout]   27:     0x6395d8e3e30b - test::__rust_begin_short_backtrace::h8e82d8113d0da17f
[INFO] [stdout]                                at /rustc/df4ca44d3fbc9301ee17f30f4d474e6ae4b05252/library/test/src/lib.rs:621:18
[INFO] [stdout]   28:     0x6395d8e3dc87 - test::run_test_in_process::{{closure}}::h33235f4f20b7b7c7
[INFO] [stdout]                                at /rustc/df4ca44d3fbc9301ee17f30f4d474e6ae4b05252/library/test/src/lib.rs:644:60
[INFO] [stdout]   29:     0x6395d8e3dc87 - <core::panic::unwind_safe::AssertUnwindSafe<F> as core::ops::function::FnOnce<()>>::call_once::hb5043206310c586f
[INFO] [stdout]                                at /rustc/df4ca44d3fbc9301ee17f30f4d474e6ae4b05252/library/core/src/panic/unwind_safe.rs:272:9
[INFO] [stdout]   30:     0x6395d8e3dc87 - std::panicking::try::do_call::h9ad4731a60ab23e2
[INFO] [stdout]                                at /rustc/df4ca44d3fbc9301ee17f30f4d474e6ae4b05252/library/std/src/panicking.rs:557:40
[INFO] [stdout]   31:     0x6395d8e3dc87 - std::panicking::try::h3824d23db772a716
[INFO] [stdout]                                at /rustc/df4ca44d3fbc9301ee17f30f4d474e6ae4b05252/library/std/src/panicking.rs:520:19
[INFO] [stdout]   32:     0x6395d8e3dc87 - std::panic::catch_unwind::h5afd514605fde46b
[INFO] [stdout]                                at /rustc/df4ca44d3fbc9301ee17f30f4d474e6ae4b05252/library/std/src/panic.rs:358:14
[INFO] [stdout]   33:     0x6395d8e3dc87 - test::run_test_in_process::h0d5cbfa7067d1720
[INFO] [stdout]                                at /rustc/df4ca44d3fbc9301ee17f30f4d474e6ae4b05252/library/test/src/lib.rs:644:27
[INFO] [stdout]   34:     0x6395d8e3dc87 - test::run_test::{{closure}}::h708eb8872708115d
[INFO] [stdout]                                at /rustc/df4ca44d3fbc9301ee17f30f4d474e6ae4b05252/library/test/src/lib.rs:565:43
[INFO] [stdout]   35:     0x6395d8e013a4 - test::run_test::{{closure}}::h392c51cee94713ab
[INFO] [stdout]                                at /rustc/df4ca44d3fbc9301ee17f30f4d474e6ae4b05252/library/test/src/lib.rs:595:41
[INFO] [stdout]   36:     0x6395d8e013a4 - std::sys::backtrace::__rust_begin_short_backtrace::h2f40290710935a8b
[INFO] [stdout]                                at /rustc/df4ca44d3fbc9301ee17f30f4d474e6ae4b05252/library/std/src/sys/backtrace.rs:154:18
[INFO] [stdout]   37:     0x6395d8e04b4e - std::thread::Builder::spawn_unchecked_::{{closure}}::{{closure}}::h3fd968d89053a903
[INFO] [stdout]                                at /rustc/df4ca44d3fbc9301ee17f30f4d474e6ae4b05252/library/std/src/thread/mod.rs:541:17
[INFO] [stdout]   38:     0x6395d8e04b4e - <core::panic::unwind_safe::AssertUnwindSafe<F> as core::ops::function::FnOnce<()>>::call_once::h743f637ba4229880
[INFO] [stdout]                                at /rustc/df4ca44d3fbc9301ee17f30f4d474e6ae4b05252/library/core/src/panic/unwind_safe.rs:272:9
[INFO] [stdout]   39:     0x6395d8e04b4e - std::panicking::try::do_call::h07440897322525a6
[INFO] [stdout]                                at /rustc/df4ca44d3fbc9301ee17f30f4d474e6ae4b05252/library/std/src/panicking.rs:557:40
[INFO] [stdout]   40:     0x6395d8e04b4e - std::panicking::try::he5a2e00188156637
[INFO] [stdout]                                at /rustc/df4ca44d3fbc9301ee17f30f4d474e6ae4b05252/library/std/src/panicking.rs:520:19
[INFO] [stdout]   41:     0x6395d8e04b4e - std::panic::catch_unwind::hbaf3cae49b3c6433
[INFO] [stdout]                                at /rustc/df4ca44d3fbc9301ee17f30f4d474e6ae4b05252/library/std/src/panic.rs:358:14
[INFO] [stdout]   42:     0x6395d8e04b4e - std::thread::Builder::spawn_unchecked_::{{closure}}::h8e141ea224820bce
[INFO] [stdout]                                at /rustc/df4ca44d3fbc9301ee17f30f4d474e6ae4b05252/library/std/src/thread/mod.rs:540:30
[INFO] [stdout]   43:     0x6395d8e04b4e - core::ops::function::FnOnce::call_once{{vtable.shim}}::h90d312fedd7b8ea8
[INFO] [stdout]                                at /rustc/df4ca44d3fbc9301ee17f30f4d474e6ae4b05252/library/core/src/ops/function.rs:250:5
[INFO] [stdout]   44:     0x6395d8f4eadb - <alloc::boxed::Box<F,A> as core::ops::function::FnOnce<Args>>::call_once::h69aa08ddb6adb8b6
[INFO] [stdout]                                at /rustc/df4ca44d3fbc9301ee17f30f4d474e6ae4b05252/library/alloc/src/boxed.rs:2454:9
[INFO] [stdout]   45:     0x6395d8f4eadb - <alloc::boxed::Box<F,A> as core::ops::function::FnOnce<Args>>::call_once::h5aa36efdb79c806f
[INFO] [stdout]                                at /rustc/df4ca44d3fbc9301ee17f30f4d474e6ae4b05252/library/alloc/src/boxed.rs:2454:9
[INFO] [stdout]   46:     0x6395d8f4eadb - std::sys::pal::unix::thread::Thread::new::thread_start::h6cd80a1b4be5158d
[INFO] [stdout]                                at /rustc/df4ca44d3fbc9301ee17f30f4d474e6ae4b05252/library/std/src/sys/pal/unix/thread.rs:105:17
[INFO] [stdout]   47:     0x7045c6deaac3 - <unknown>
[INFO] [stdout]   48:     0x7045c6e7ba04 - clone
[INFO] [stdout]   49:                0x0 - <unknown>
[INFO] [stdout] 
[INFO] [stdout] ---- resources::input::tests::test_axis_value stdout ----
[INFO] [stdout] thread 'resources::input::tests::test_axis_value' panicked at src/resources/audio_stream.rs:211:68:
[INFO] [stdout] Failed to open stream: DefaultStreamConfigError(DeviceNotAvailable)
[INFO] [stdout] stack backtrace:
[INFO] [stdout]    0:     0x6395d8f4818a - std::backtrace_rs::backtrace::libunwind::trace::h207520d6e9873551
[INFO] [stdout]                                at /rustc/df4ca44d3fbc9301ee17f30f4d474e6ae4b05252/library/std/src/../../backtrace/src/backtrace/libunwind.rs:116:5
[INFO] [stdout]    1:     0x6395d8f4818a - std::backtrace_rs::backtrace::trace_unsynchronized::h2ed7433f370e3eca
[INFO] [stdout]                                at /rustc/df4ca44d3fbc9301ee17f30f4d474e6ae4b05252/library/std/src/../../backtrace/src/backtrace/mod.rs:66:5
[INFO] [stdout]    2:     0x6395d8f4818a - std::sys::backtrace::_print_fmt::h916fac51166b18d7
[INFO] [stdout]                                at /rustc/df4ca44d3fbc9301ee17f30f4d474e6ae4b05252/library/std/src/sys/backtrace.rs:66:9
[INFO] [stdout]    3:     0x6395d8f4818a - <std::sys::backtrace::BacktraceLock::print::DisplayBacktrace as core::fmt::Display>::fmt::ha0a4c9b8ce3802e6
[INFO] [stdout]                                at /rustc/df4ca44d3fbc9301ee17f30f4d474e6ae4b05252/library/std/src/sys/backtrace.rs:39:26
[INFO] [stdout]    4:     0x6395d8f70c93 - core::fmt::rt::Argument::fmt::h4cfc8587d52b3eb5
[INFO] [stdout]                                at /rustc/df4ca44d3fbc9301ee17f30f4d474e6ae4b05252/library/core/src/fmt/rt.rs:177:76
[INFO] [stdout]    5:     0x6395d8f70c93 - core::fmt::write::h522cc39e5b36ae9f
[INFO] [stdout]                                at /rustc/df4ca44d3fbc9301ee17f30f4d474e6ae4b05252/library/core/src/fmt/mod.rs:1190:21
[INFO] [stdout]    6:     0x6395d8f44863 - std::io::Write::write_fmt::h7d3c26752da97734
[INFO] [stdout]                                at /rustc/df4ca44d3fbc9301ee17f30f4d474e6ae4b05252/library/std/src/io/mod.rs:1839:15
[INFO] [stdout]    7:     0x6395d8f47fd2 - std::sys::backtrace::BacktraceLock::print::h4b9e00b29e9c0942
[INFO] [stdout]                                at /rustc/df4ca44d3fbc9301ee17f30f4d474e6ae4b05252/library/std/src/sys/backtrace.rs:42:9
[INFO] [stdout]    8:     0x6395d8f4961a - std::panicking::default_hook::{{closure}}::hb59b88280d0324d9
[INFO] [stdout]                                at /rustc/df4ca44d3fbc9301ee17f30f4d474e6ae4b05252/library/std/src/panicking.rs:268:22
[INFO] [stdout]    9:     0x6395d8f49424 - std::panicking::default_hook::he1dd496665be4a29
[INFO] [stdout]                                at /rustc/df4ca44d3fbc9301ee17f30f4d474e6ae4b05252/library/std/src/panicking.rs:292:9
[INFO] [stdout]   10:     0x6395d8e39a39 - <alloc::boxed::Box<F,A> as core::ops::function::Fn<Args>>::call::h4ff71de18744e1dc
[INFO] [stdout]                                at /rustc/df4ca44d3fbc9301ee17f30f4d474e6ae4b05252/library/alloc/src/boxed.rs:2468:9
[INFO] [stdout]   11:     0x6395d8e39a39 - test::test_main::{{closure}}::hcf7c055ce117aa81
[INFO] [stdout]                                at /rustc/df4ca44d3fbc9301ee17f30f4d474e6ae4b05252/library/test/src/lib.rs:133:21
[INFO] [stdout]   12:     0x6395d8f49d18 - <alloc::boxed::Box<F,A> as core::ops::function::Fn<Args>>::call::h1d66c6bbd60c9692
[INFO] [stdout]                                at /rustc/df4ca44d3fbc9301ee17f30f4d474e6ae4b05252/library/alloc/src/boxed.rs:2468:9
[INFO] [stdout]   13:     0x6395d8f49d18 - std::panicking::rust_panic_with_hook::h2ff17fe8f26dfcf8
[INFO] [stdout]                                at /rustc/df4ca44d3fbc9301ee17f30f4d474e6ae4b05252/library/std/src/panicking.rs:809:13
[INFO] [stdout]   14:     0x6395d8f49ada - std::panicking::begin_panic_handler::{{closure}}::h4fad77951c07e101
[INFO] [stdout]                                at /rustc/df4ca44d3fbc9301ee17f30f4d474e6ae4b05252/library/std/src/panicking.rs:674:13
[INFO] [stdout]   15:     0x6395d8f48669 - std::sys::backtrace::__rust_end_short_backtrace::hb1a25b3da5d0ea08
[INFO] [stdout]                                at /rustc/df4ca44d3fbc9301ee17f30f4d474e6ae4b05252/library/std/src/sys/backtrace.rs:170:18
[INFO] [stdout]   16:     0x6395d8f4976c - rust_begin_unwind
[INFO] [stdout]                                at /rustc/df4ca44d3fbc9301ee17f30f4d474e6ae4b05252/library/std/src/panicking.rs:665:5
[INFO] [stdout]   17:     0x6395d8f6e6d0 - core::panicking::panic_fmt::ha9db07b529f9b256
[INFO] [stdout]                                at /rustc/df4ca44d3fbc9301ee17f30f4d474e6ae4b05252/library/core/src/panicking.rs:75:14
[INFO] [stdout]   18:     0x6395d8f6eb56 - core::result::unwrap_failed::h5e8218e4d4338b8a
[INFO] [stdout]                                at /rustc/df4ca44d3fbc9301ee17f30f4d474e6ae4b05252/library/core/src/result.rs:1698:5
[INFO] [stdout]   19:     0x6395d8da2ef8 - core::result::Result<T,E>::expect::h9e2b2e188e5b317f
[INFO] [stdout]                                at /rustc/df4ca44d3fbc9301ee17f30f4d474e6ae4b05252/library/core/src/result.rs:1060:23
[INFO] [stdout]   20:     0x6395d8dbc9a0 - ABC_Game_Engine::resources::audio_stream::AudioHandle::new::h776361002263c28f
[INFO] [stdout]                                at /opt/rustwide/workdir/src/resources/audio_stream.rs:211:33
[INFO] [stdout]   21:     0x6395d8db7449 - ABC_Game_Engine::resources::add_default_resources::h78edf5765e2bd45e
[INFO] [stdout]                                at /opt/rustwide/workdir/src/resources.rs:29:23
[INFO] [stdout]   22:     0x6395d8daba2e - ABC_Game_Engine::Scene::new::h41a5cf0717996f64
[INFO] [stdout]                                at /opt/rustwide/workdir/src/lib.rs:160:9
[INFO] [stdout]   23:     0x6395d8dc5b17 - ABC_Game_Engine::resources::input::tests::test_axis_value::h5b8a8000f695e2b1
[INFO] [stdout]                                at /opt/rustwide/workdir/src/resources/input.rs:1273:25
[INFO] [stdout]   24:     0x6395d8dc57a7 - ABC_Game_Engine::resources::input::tests::test_axis_value::{{closure}}::hd9ceee5f9d3944b1
[INFO] [stdout]                                at /opt/rustwide/workdir/src/resources/input.rs:1261:25
[INFO] [stdout]   25:     0x6395d8db0536 - core::ops::function::FnOnce::call_once::h3fd2e734b8ecd8fc
[INFO] [stdout]                                at /rustc/df4ca44d3fbc9301ee17f30f4d474e6ae4b05252/library/core/src/ops/function.rs:250:5
[INFO] [stdout]   26:     0x6395d8e3e30b - core::ops::function::FnOnce::call_once::h22c3ba5715e93f05
[INFO] [stdout]                                at /rustc/df4ca44d3fbc9301ee17f30f4d474e6ae4b05252/library/core/src/ops/function.rs:250:5
[INFO] [stdout]   27:     0x6395d8e3e30b - test::__rust_begin_short_backtrace::h8e82d8113d0da17f
[INFO] [stdout]                                at /rustc/df4ca44d3fbc9301ee17f30f4d474e6ae4b05252/library/test/src/lib.rs:621:18
[INFO] [stdout]   28:     0x6395d8e3dc87 - test::run_test_in_process::{{closure}}::h33235f4f20b7b7c7
[INFO] [stdout]                                at /rustc/df4ca44d3fbc9301ee17f30f4d474e6ae4b05252/library/test/src/lib.rs:644:60
[INFO] [stdout]   29:     0x6395d8e3dc87 - <core::panic::unwind_safe::AssertUnwindSafe<F> as core::ops::function::FnOnce<()>>::call_once::hb5043206310c586f
[INFO] [stdout]                                at /rustc/df4ca44d3fbc9301ee17f30f4d474e6ae4b05252/library/core/src/panic/unwind_safe.rs:272:9
[INFO] [stdout]   30:     0x6395d8e3dc87 - std::panicking::try::do_call::h9ad4731a60ab23e2
[INFO] [stdout]                                at /rustc/df4ca44d3fbc9301ee17f30f4d474e6ae4b05252/library/std/src/panicking.rs:557:40
[INFO] [stdout]   31:     0x6395d8e3dc87 - std::panicking::try::h3824d23db772a716
[INFO] [stdout]                                at /rustc/df4ca44d3fbc9301ee17f30f4d474e6ae4b05252/library/std/src/panicking.rs:520:19
[INFO] [stdout]   32:     0x6395d8e3dc87 - std::panic::catch_unwind::h5afd514605fde46b
[INFO] [stdout]                                at /rustc/df4ca44d3fbc9301ee17f30f4d474e6ae4b05252/library/std/src/panic.rs:358:14
[INFO] [stdout]   33:     0x6395d8e3dc87 - test::run_test_in_process::h0d5cbfa7067d1720
[INFO] [stdout]                                at /rustc/df4ca44d3fbc9301ee17f30f4d474e6ae4b05252/library/test/src/lib.rs:644:27
[INFO] [stdout]   34:     0x6395d8e3dc87 - test::run_test::{{closure}}::h708eb8872708115d
[INFO] [stdout]                                at /rustc/df4ca44d3fbc9301ee17f30f4d474e6ae4b05252/library/test/src/lib.rs:565:43
[INFO] [stdout]   35:     0x6395d8e013a4 - test::run_test::{{closure}}::h392c51cee94713ab
[INFO] [stdout]                                at /rustc/df4ca44d3fbc9301ee17f30f4d474e6ae4b05252/library/test/src/lib.rs:595:41
[INFO] [stdout]   36:     0x6395d8e013a4 - std::sys::backtrace::__rust_begin_short_backtrace::h2f40290710935a8b
[INFO] [stdout]                                at /rustc/df4ca44d3fbc9301ee17f30f4d474e6ae4b05252/library/std/src/sys/backtrace.rs:154:18
[INFO] [stdout]   37:     0x6395d8e04b4e - std::thread::Builder::spawn_unchecked_::{{closure}}::{{closure}}::h3fd968d89053a903
[INFO] [stdout]                                at /rustc/df4ca44d3fbc9301ee17f30f4d474e6ae4b05252/library/std/src/thread/mod.rs:541:17
[INFO] [stdout]   38:     0x6395d8e04b4e - <core::panic::unwind_safe::AssertUnwindSafe<F> as core::ops::function::FnOnce<()>>::call_once::h743f637ba4229880
[INFO] [stdout]                                at /rustc/df4ca44d3fbc9301ee17f30f4d474e6ae4b05252/library/core/src/panic/unwind_safe.rs:272:9
[INFO] [stdout]   39:     0x6395d8e04b4e - std::panicking::try::do_call::h07440897322525a6
[INFO] [stdout]                                at /rustc/df4ca44d3fbc9301ee17f30f4d474e6ae4b05252/library/std/src/panicking.rs:557:40
[INFO] [stdout]   40:     0x6395d8e04b4e - std::panicking::try::he5a2e00188156637
[INFO] [stdout]                                at /rustc/df4ca44d3fbc9301ee17f30f4d474e6ae4b05252/library/std/src/panicking.rs:520:19
[INFO] [stdout]   41:     0x6395d8e04b4e - std::panic::catch_unwind::hbaf3cae49b3c6433
[INFO] [stdout]                                at /rustc/df4ca44d3fbc9301ee17f30f4d474e6ae4b05252/library/std/src/panic.rs:358:14
[INFO] [stdout]   42:     0x6395d8e04b4e - std::thread::Builder::spawn_unchecked_::{{closure}}::h8e141ea224820bce
[INFO] [stdout]                                at /rustc/df4ca44d3fbc9301ee17f30f4d474e6ae4b05252/library/std/src/thread/mod.rs:540:30
[INFO] [stdout]   43:     0x6395d8e04b4e - core::ops::function::FnOnce::call_once{{vtable.shim}}::h90d312fedd7b8ea8
[INFO] [stdout]                                at /rustc/df4ca44d3fbc9301ee17f30f4d474e6ae4b05252/library/core/src/ops/function.rs:250:5
[INFO] [stdout]   44:     0x6395d8f4eadb - <alloc::boxed::Box<F,A> as core::ops::function::FnOnce<Args>>::call_once::h69aa08ddb6adb8b6
[INFO] [stdout]                                at /rustc/df4ca44d3fbc9301ee17f30f4d474e6ae4b05252/library/alloc/src/boxed.rs:2454:9
[INFO] [stdout]   45:     0x6395d8f4eadb - <alloc::boxed::Box<F,A> as core::ops::function::FnOnce<Args>>::call_once::h5aa36efdb79c806f
[INFO] [stdout]                                at /rustc/df4ca44d3fbc9301ee17f30f4d474e6ae4b05252/library/alloc/src/boxed.rs:2454:9
[INFO] [stdout]   46:     0x6395d8f4eadb - std::sys::pal::unix::thread::Thread::new::thread_start::h6cd80a1b4be5158d
[INFO] [stdout]                                at /rustc/df4ca44d3fbc9301ee17f30f4d474e6ae4b05252/library/std/src/sys/pal/unix/thread.rs:105:17
[INFO] [stdout]   47:     0x7045c6deaac3 - <unknown>
[INFO] [stdout]   48:     0x7045c6e7ba04 - clone
[INFO] [stdout]   49:                0x0 - <unknown>
[INFO] [stdout] 
[INFO] [stdout] 
[INFO] [stdout] failures:
[INFO] [stdout]     resources::input::tests::test_axis_event
[INFO] [stdout]     resources::input::tests::test_axis_value
[INFO] [stdout] 
[INFO] [stdout] test result: FAILED. 10 passed; 2 failed; 0 ignored; 0 measured; 0 filtered out; finished in 0.06s
[INFO] [stdout] 
[INFO] [stderr] error: test failed, to rerun pass `--lib`
[INFO] running `Command { std: "docker" "inspect" "63d20f3482cf10179060b8c527b6aee82fb9ba2ca16a8ad112b1c9826eb37d5f", kill_on_drop: false }`
[INFO] running `Command { std: "docker" "rm" "-f" "63d20f3482cf10179060b8c527b6aee82fb9ba2ca16a8ad112b1c9826eb37d5f", kill_on_drop: false }`
[INFO] [stdout] 63d20f3482cf10179060b8c527b6aee82fb9ba2ca16a8ad112b1c9826eb37d5f
