[INFO] cloning repository https://github.com/helsing-ai/buffrs
[INFO] running `Command { std: "git" "-c" "credential.helper=" "-c" "credential.helper=/workspace/cargo-home/bin/git-credential-null" "clone" "--bare" "https://github.com/helsing-ai/buffrs" "/workspace/cache/git-repos/https%3A%2F%2Fgithub.com%2Fhelsing-ai%2Fbuffrs", kill_on_drop: false }`
[INFO] [stderr] Cloning into bare repository '/workspace/cache/git-repos/https%3A%2F%2Fgithub.com%2Fhelsing-ai%2Fbuffrs'...
[INFO] running `Command { std: "git" "rev-parse" "HEAD", kill_on_drop: false }`
[INFO] [stdout] 0cf7c492d3512c0fc9e48d027d673a23bb9dc9e5
[INFO] testing helsing-ai/buffrs against nightly-2024-10-28+rustflags=-Zrandomize-layout for randomize-layout
[INFO] running `Command { std: "git" "clone" "/workspace/cache/git-repos/https%3A%2F%2Fgithub.com%2Fhelsing-ai%2Fbuffrs" "/workspace/builds/worker-1-tc2/source", kill_on_drop: false }`
[INFO] [stderr] Cloning into '/workspace/builds/worker-1-tc2/source'...
[INFO] [stderr] done.
[INFO] validating manifest of git repo https://github.com/helsing-ai/buffrs on toolchain nightly-2024-10-28
[INFO] running `Command { std: CARGO_HOME="/workspace/cargo-home" RUSTUP_HOME="/workspace/rustup-home" "/workspace/cargo-home/bin/cargo" "+nightly-2024-10-28" "metadata" "--manifest-path" "Cargo.toml" "--no-deps", kill_on_drop: false }`
[INFO] started tweaking git repo https://github.com/helsing-ai/buffrs
[INFO] removed 0 missing tests
[INFO] finished tweaking git repo https://github.com/helsing-ai/buffrs
[INFO] tweaked toml for git repo https://github.com/helsing-ai/buffrs written to /workspace/builds/worker-1-tc2/source/Cargo.toml
[INFO] crate git repo https://github.com/helsing-ai/buffrs already has a lockfile, it will not be regenerated
[INFO] running `Command { std: CARGO_HOME="/workspace/cargo-home" RUSTUP_HOME="/workspace/rustup-home" "/workspace/cargo-home/bin/cargo" "+nightly-2024-10-28" "fetch" "--manifest-path" "Cargo.toml", kill_on_drop: false }`
[INFO] running `Command { std: "docker" "create" "-v" "/var/lib/crater-agent-workspace/builds/worker-1-tc2/target:/opt/rustwide/target:rw,Z" "-v" "/var/lib/crater-agent-workspace/builds/worker-1-tc2/source:/opt/rustwide/workdir:ro,Z" "-v" "/var/lib/crater-agent-workspace/cargo-home:/opt/rustwide/cargo-home:ro,Z" "-v" "/var/lib/crater-agent-workspace/rustup-home:/opt/rustwide/rustup-home:ro,Z" "-e" "SOURCE_DIR=/opt/rustwide/workdir" "-e" "CARGO_TARGET_DIR=/opt/rustwide/target" "-e" "CARGO_HOME=/opt/rustwide/cargo-home" "-e" "RUSTUP_HOME=/opt/rustwide/rustup-home" "-w" "/opt/rustwide/workdir" "-m" "1610612736" "--user" "0:0" "--network" "none" "ghcr.io/rust-lang/crates-build-env/linux@sha256:4a844ea9eb2546a2d2c7022eacef16ef2e8229c7fbb2c7d4d55a9ceca922f72d" "/opt/rustwide/cargo-home/bin/cargo" "+nightly-2024-10-28" "metadata" "--no-deps" "--format-version=1", kill_on_drop: false }`
[INFO] [stdout] 435d3b0d0c870dc19ce0f57df2393aa2ef02082f4e104fd13c9ae8691cc81d6e
[INFO] running `Command { std: "docker" "start" "-a" "435d3b0d0c870dc19ce0f57df2393aa2ef02082f4e104fd13c9ae8691cc81d6e", kill_on_drop: false }`
[INFO] running `Command { std: "docker" "inspect" "435d3b0d0c870dc19ce0f57df2393aa2ef02082f4e104fd13c9ae8691cc81d6e", kill_on_drop: false }`
[INFO] running `Command { std: "docker" "rm" "-f" "435d3b0d0c870dc19ce0f57df2393aa2ef02082f4e104fd13c9ae8691cc81d6e", kill_on_drop: false }`
[INFO] [stdout] 435d3b0d0c870dc19ce0f57df2393aa2ef02082f4e104fd13c9ae8691cc81d6e
[INFO] running `Command { std: "docker" "create" "-v" "/var/lib/crater-agent-workspace/builds/worker-1-tc2/target:/opt/rustwide/target:rw,Z" "-v" "/var/lib/crater-agent-workspace/builds/worker-1-tc2/source:/opt/rustwide/workdir:ro,Z" "-v" "/var/lib/crater-agent-workspace/cargo-home:/opt/rustwide/cargo-home:ro,Z" "-v" "/var/lib/crater-agent-workspace/rustup-home:/opt/rustwide/rustup-home:ro,Z" "-e" "SOURCE_DIR=/opt/rustwide/workdir" "-e" "CARGO_TARGET_DIR=/opt/rustwide/target" "-e" "CARGO_INCREMENTAL=0" "-e" "RUST_BACKTRACE=full" "-e" "RUSTFLAGS=--cap-lints=forbid -Zrandomize-layout" "-e" "RUSTDOCFLAGS=--cap-lints=forbid" "-e" "CARGO_HOME=/opt/rustwide/cargo-home" "-e" "RUSTUP_HOME=/opt/rustwide/rustup-home" "-w" "/opt/rustwide/workdir" "-m" "1610612736" "--user" "0:0" "--network" "none" "ghcr.io/rust-lang/crates-build-env/linux@sha256:4a844ea9eb2546a2d2c7022eacef16ef2e8229c7fbb2c7d4d55a9ceca922f72d" "/opt/rustwide/cargo-home/bin/cargo" "+nightly-2024-10-28" "build" "--frozen" "--message-format=json", kill_on_drop: false }`
[INFO] [stdout] 9162661bb666a3c8caecc5d725b70407c69cea20e9ceb3876059fbef6bd114a3
[INFO] running `Command { std: "docker" "start" "-a" "9162661bb666a3c8caecc5d725b70407c69cea20e9ceb3876059fbef6bd114a3", kill_on_drop: false }`
[INFO] [stderr]    Compiling proc-macro2 v1.0.86
[INFO] [stderr]    Compiling libc v0.2.158
[INFO] [stderr]    Compiling autocfg v1.3.0
[INFO] [stderr]    Compiling serde v1.0.210
[INFO] [stderr]    Compiling once_cell v1.19.0
[INFO] [stderr]    Compiling pin-project-lite v0.2.14
[INFO] [stderr]    Compiling log v0.4.22
[INFO] [stderr]    Compiling hashbrown v0.14.5
[INFO] [stderr]    Compiling bytes v1.7.2
[INFO] [stderr]    Compiling spin v0.9.8
[INFO] [stderr]    Compiling cc v1.1.21
[INFO] [stderr]    Compiling futures-core v0.3.30
[INFO] [stderr]    Compiling rustix v0.38.37
[INFO] [stderr]    Compiling thiserror v1.0.64
[INFO] [stderr]    Compiling linux-raw-sys v0.4.14
[INFO] [stderr]    Compiling futures-task v0.3.30
[INFO] [stderr]    Compiling rustls v0.21.12
[INFO] [stderr]    Compiling gimli v0.31.0
[INFO] [stderr]    Compiling futures-sink v0.3.30
[INFO] [stderr]    Compiling tracing-core v0.1.32
[INFO] [stderr]    Compiling httparse v1.9.4
[INFO] [stderr]    Compiling futures-util v0.3.30
[INFO] [stderr]    Compiling anstyle-parse v0.2.5
[INFO] [stderr]    Compiling object v0.36.4
[INFO] [stderr]    Compiling syn v1.0.109
[INFO] [stderr]    Compiling num-traits v0.2.19
[INFO] [stderr]    Compiling slab v0.4.9
[INFO] [stderr]    Compiling colorchoice v1.0.2
[INFO] [stderr]    Compiling anstyle v1.0.8
[INFO] [stderr]    Compiling http v0.2.12
[INFO] [stderr]    Compiling rustversion v1.0.17
[INFO] [stderr]    Compiling anstyle-query v1.1.1
[INFO] [stderr]    Compiling rustc-demangle v0.1.24
[INFO] [stderr]    Compiling indexmap v2.5.0
[INFO] [stderr]    Compiling anstream v0.6.15
[INFO] [stderr]    Compiling futures-channel v0.3.30
[INFO] [stderr]    Compiling quote v1.0.37
[INFO] [stderr]    Compiling getrandom v0.2.15
[INFO] [stderr]    Compiling socket2 v0.5.7
[INFO] [stderr]    Compiling signal-hook-registry v1.4.2
[INFO] [stderr]    Compiling mio v1.0.2
[INFO] [stderr]    Compiling syn v2.0.77
[INFO] [stderr]    Compiling is-terminal v0.4.13
[INFO] [stderr]    Compiling unicode-bidi v0.3.15
[INFO] [stderr]    Compiling winnow v0.6.18
[INFO] [stderr]    Compiling base64 v0.21.7
[INFO] [stderr]    Compiling protobuf v3.5.1
[INFO] [stderr]    Compiling http-body v0.4.6
[INFO] [stderr]    Compiling num-integer v0.1.46
[INFO] [stderr]    Compiling anyhow v1.0.89
[INFO] [stderr]    Compiling idna v0.5.0
[INFO] [stderr]    Compiling rustls-pemfile v1.0.4
[INFO] [stderr]    Compiling ring v0.17.8
[INFO] [stderr]    Compiling num-complex v0.4.6
[INFO] [stderr]    Compiling num-bigint v0.4.6
[INFO] [stderr]    Compiling num-iter v0.1.45
[INFO] [stderr]    Compiling overload v0.1.1
[INFO] [stderr]    Compiling either v1.13.0
[INFO] [stderr]    Compiling is_ci v1.2.0
[INFO] [stderr]    Compiling smawk v0.3.2
[INFO] [stderr]    Compiling fastrand v2.1.1
[INFO] [stderr]    Compiling serde_json v1.0.128
[INFO] [stderr]    Compiling semver v1.0.23
[INFO] [stderr]    Compiling home v0.5.9
[INFO] [stderr]    Compiling unicode-linebreak v0.1.5
[INFO] [stderr]    Compiling clap_builder v4.5.18
[INFO] [stderr]    Compiling supports-color v2.1.0
[INFO] [stderr]    Compiling sharded-slab v0.1.7
[INFO] [stderr]    Compiling nu-ansi-term v0.46.0
[INFO] [stderr]    Compiling rustls-native-certs v0.6.3
[INFO] [stderr]    Compiling textwrap v0.15.2
[INFO] [stderr]    Compiling supports-hyperlinks v2.1.0
[INFO] [stderr]    Compiling supports-unicode v2.1.0
[INFO] [stderr]    Compiling which v4.4.2
[INFO] [stderr]    Compiling xattr v1.3.1
[INFO] [stderr]    Compiling addr2line v0.24.1
[INFO] [stderr]    Compiling tempfile v3.12.0
[INFO] [stderr]    Compiling uuid v1.10.0
[INFO] [stderr]    Compiling terminal_size v0.1.17
[INFO] [stderr]    Compiling filetime v0.2.25
[INFO] [stderr]    Compiling tracing-log v0.2.0
[INFO] [stderr]    Compiling thread_local v1.1.8
[INFO] [stderr]    Compiling encoding_rs v0.8.34
[INFO] [stderr]    Compiling owo-colors v3.5.0
[INFO] [stderr]    Compiling ipnet v2.10.0
[INFO] [stderr]    Compiling smallvec v1.13.2
[INFO] [stderr]    Compiling sha2 v0.10.8
[INFO] [stderr]    Compiling walkdir v2.5.0
[INFO] [stderr]    Compiling flate2 v1.0.33
[INFO] [stderr]    Compiling tar v0.4.41
[INFO] [stderr]    Compiling tracing-subscriber v0.3.18
[INFO] [stderr]    Compiling num-rational v0.4.2
[INFO] [stderr]    Compiling num v0.4.3
[INFO] [stderr]    Compiling backtrace v0.3.74
[INFO] [stderr]    Compiling diff_derive v0.2.3
[INFO] [stderr]    Compiling backtrace-ext v0.2.1
[INFO] [stderr]    Compiling serde_derive v1.0.210
[INFO] [stderr]    Compiling tokio-macros v2.4.0
[INFO] [stderr]    Compiling tracing-attributes v0.1.27
[INFO] [stderr]    Compiling thiserror-impl v1.0.64
[INFO] [stderr]    Compiling miette-derive v5.10.0
[INFO] [stderr]    Compiling strum_macros v0.26.4
[INFO] [stderr]    Compiling clap_derive v4.5.18
[INFO] [stderr]    Compiling async-recursion v1.1.1
[INFO] [stderr]    Compiling rustls-webpki v0.101.7
[INFO] [stderr]    Compiling sct v0.7.1
[INFO] [stderr]    Compiling tokio v1.40.0
[INFO] [stderr]    Compiling tracing v0.1.40
[INFO] [stderr]    Compiling protobuf-support v3.5.1
[INFO] [stderr]    Compiling miette v5.10.0
[INFO] [stderr]    Compiling strum v0.26.3
[INFO] [stderr]    Compiling clap v4.5.18
[INFO] [stderr]    Compiling protobuf-parse v3.5.1
[INFO] [stderr]    Compiling tokio-util v0.7.12
[INFO] [stderr]    Compiling tokio-rustls v0.24.1
[INFO] [stderr]    Compiling toml_datetime v0.6.8
[INFO] [stderr]    Compiling serde_spanned v0.6.7
[INFO] [stderr]    Compiling serde_urlencoded v0.7.1
[INFO] [stderr]    Compiling os_info v3.8.2
[INFO] [stderr]    Compiling url v2.5.2
[INFO] [stderr]    Compiling diff-struct v0.5.3
[INFO] [stderr]    Compiling toml_edit v0.22.21
[INFO] [stderr]    Compiling h2 v0.3.26
[INFO] [stderr]    Compiling toml v0.8.19
[INFO] [stderr]    Compiling human-panic v1.2.3
[INFO] [stderr]    Compiling hyper v0.14.30
[INFO] [stderr]    Compiling hyper-rustls v0.24.2
[INFO] [stderr]    Compiling reqwest v0.11.27
[INFO] [stderr]    Compiling buffrs v0.9.0 (/opt/rustwide/workdir)
[INFO] [stdout] warning: use of deprecated type alias `std::panic::PanicInfo`: use `PanicHookInfo` instead
[INFO] [stdout]    --> src/main.rs:159:5
[INFO] [stdout]     |
[INFO] [stdout] 159 |     human_panic::setup_panic!();
[INFO] [stdout]     |     ^^^^^^^^^^^^^^^^^^^^^^^^^^^
[INFO] [stdout]     |
[INFO] [stdout]     = note: `#[warn(deprecated)]` on by default
[INFO] [stdout]     = note: this warning originates in the macro `$crate::setup_panic` which comes from the expansion of the macro `human_panic::setup_panic` (in Nightly builds, run with -Z macro-backtrace for more info)
[INFO] [stdout] 
[INFO] [stdout] 
[INFO] [stdout] warning: use of deprecated type alias `std::panic::PanicInfo`: use `PanicHookInfo` instead
[INFO] [stdout]    --> src/main.rs:159:5
[INFO] [stdout]     |
[INFO] [stdout] 159 |     human_panic::setup_panic!();
[INFO] [stdout]     |     ^^^^^^^^^^^^^^^^^^^^^^^^^^^
[INFO] [stdout]     |
[INFO] [stdout]     = note: this warning originates in the macro `$crate::setup_panic` which comes from the expansion of the macro `human_panic::setup_panic` (in Nightly builds, run with -Z macro-backtrace for more info)
[INFO] [stdout] 
[INFO] [stdout] 
[INFO] [stderr]     Finished `dev` profile [unoptimized + debuginfo] target(s) in 20.75s
[INFO] running `Command { std: "docker" "inspect" "9162661bb666a3c8caecc5d725b70407c69cea20e9ceb3876059fbef6bd114a3", kill_on_drop: false }`
[INFO] running `Command { std: "docker" "rm" "-f" "9162661bb666a3c8caecc5d725b70407c69cea20e9ceb3876059fbef6bd114a3", kill_on_drop: false }`
[INFO] [stdout] 9162661bb666a3c8caecc5d725b70407c69cea20e9ceb3876059fbef6bd114a3
[INFO] running `Command { std: "docker" "create" "-v" "/var/lib/crater-agent-workspace/builds/worker-1-tc2/target:/opt/rustwide/target:rw,Z" "-v" "/var/lib/crater-agent-workspace/builds/worker-1-tc2/source:/opt/rustwide/workdir:ro,Z" "-v" "/var/lib/crater-agent-workspace/cargo-home:/opt/rustwide/cargo-home:ro,Z" "-v" "/var/lib/crater-agent-workspace/rustup-home:/opt/rustwide/rustup-home:ro,Z" "-e" "SOURCE_DIR=/opt/rustwide/workdir" "-e" "CARGO_TARGET_DIR=/opt/rustwide/target" "-e" "CARGO_INCREMENTAL=0" "-e" "RUST_BACKTRACE=full" "-e" "RUSTFLAGS=--cap-lints=forbid -Zrandomize-layout" "-e" "RUSTDOCFLAGS=--cap-lints=forbid" "-e" "CARGO_HOME=/opt/rustwide/cargo-home" "-e" "RUSTUP_HOME=/opt/rustwide/rustup-home" "-w" "/opt/rustwide/workdir" "-m" "1610612736" "--user" "0:0" "--network" "none" "ghcr.io/rust-lang/crates-build-env/linux@sha256:4a844ea9eb2546a2d2c7022eacef16ef2e8229c7fbb2c7d4d55a9ceca922f72d" "/opt/rustwide/cargo-home/bin/cargo" "+nightly-2024-10-28" "test" "--frozen" "--no-run" "--message-format=json", kill_on_drop: false }`
[INFO] [stdout] 05b4fb6c6d3ca9452fb3227406982cf0a986a05378ce7082c508f973ff645c1b
[INFO] running `Command { std: "docker" "start" "-a" "05b4fb6c6d3ca9452fb3227406982cf0a986a05378ce7082c508f973ff645c1b", kill_on_drop: false }`
[INFO] [stderr]    Compiling regex-syntax v0.8.4
[INFO] [stderr]    Compiling smallvec v1.13.2
[INFO] [stderr]    Compiling aho-corasick v1.1.3
[INFO] [stderr]    Compiling gix-trace v0.1.10
[INFO] [stderr]    Compiling faster-hex v0.9.0
[INFO] [stderr]    Compiling sha1_smol v1.0.1
[INFO] [stderr]    Compiling hashbrown v0.14.5
[INFO] [stderr]    Compiling prodash v28.0.0
[INFO] [stderr]    Compiling winnow v0.6.18
[INFO] [stderr]    Compiling syn v2.0.77
[INFO] [stderr]    Compiling gix-utils v0.1.12
[INFO] [stderr]    Compiling lock_api v0.4.12
[INFO] [stderr]    Compiling num_threads v0.1.7
[INFO] [stderr]    Compiling futures-task v0.3.30
[INFO] [stderr]    Compiling memmap2 v0.9.5
[INFO] [stderr]    Compiling crossbeam-utils v0.8.20
[INFO] [stderr]    Compiling http v1.1.0
[INFO] [stderr]    Compiling time v0.3.36
[INFO] [stderr]    Compiling futures-util v0.3.30
[INFO] [stderr]    Compiling parking_lot_core v0.9.10
[INFO] [stderr]    Compiling object v0.36.4
[INFO] [stderr]    Compiling float-cmp v0.9.0
[INFO] [stderr]    Compiling gix-sec v0.10.8
[INFO] [stderr]    Compiling clru v0.6.2
[INFO] [stderr]    Compiling tracing-subscriber v0.3.18
[INFO] [stderr]    Compiling parking_lot v0.12.3
[INFO] [stderr]    Compiling doc-comment v0.3.3
[INFO] [stderr]    Compiling arc-swap v1.7.1
[INFO] [stderr]    Compiling unicode-bom v2.0.3
[INFO] [stderr]    Compiling sync_wrapper v1.0.1
[INFO] [stderr]    Compiling similar v2.6.0
[INFO] [stderr]    Compiling console v0.15.8
[INFO] [stderr]    Compiling indexmap v2.5.0
[INFO] [stderr]    Compiling wait-timeout v0.2.0
[INFO] [stderr]    Compiling http-body v1.0.1
[INFO] [stderr]    Compiling crossbeam-epoch v0.9.18
[INFO] [stderr]    Compiling matchit v0.7.3
[INFO] [stderr]    Compiling diff v0.1.13
[INFO] [stderr]    Compiling yansi v1.0.1
[INFO] [stderr]    Compiling crossbeam-deque v0.8.5
[INFO] [stderr]    Compiling pretty_assertions v1.4.1
[INFO] [stderr]    Compiling similar-asserts v1.6.0
[INFO] [stderr]    Compiling fs_extra v1.3.0
[INFO] [stderr]    Compiling regex-automata v0.4.7
[INFO] [stderr]    Compiling http-body-util v0.1.2
[INFO] [stderr]    Compiling backtrace v0.3.74
[INFO] [stderr]    Compiling backtrace-ext v0.2.1
[INFO] [stderr]    Compiling thiserror-impl v1.0.64
[INFO] [stderr]    Compiling serde_derive v1.0.210
[INFO] [stderr]    Compiling tokio-macros v2.4.0
[INFO] [stderr]    Compiling tracing-attributes v0.1.27
[INFO] [stderr]    Compiling pin-project-internal v1.1.5
[INFO] [stderr]    Compiling strum_macros v0.26.4
[INFO] [stderr]    Compiling clap_derive v4.5.18
[INFO] [stderr]    Compiling miette-derive v5.10.0
[INFO] [stderr]    Compiling async-recursion v1.1.1
[INFO] [stderr]    Compiling async-trait v0.1.82
[INFO] [stderr]    Compiling gix-macros v0.1.5
[INFO] [stderr]    Compiling bstr v1.10.0
[INFO] [stderr]    Compiling regex v1.10.6
[INFO] [stderr]    Compiling tokio v1.40.0
[INFO] [stderr]    Compiling axum-core v0.4.4
[INFO] [stderr]    Compiling thiserror v1.0.64
[INFO] [stderr]    Compiling gix-hash v0.14.2
[INFO] [stderr]    Compiling gix-chunk v0.4.8
[INFO] [stderr]    Compiling protobuf-support v3.5.1
[INFO] [stderr]    Compiling pin-project v1.1.5
[INFO] [stderr]    Compiling gix-features v0.38.2
[INFO] [stderr]    Compiling gix-hashtable v0.5.2
[INFO] [stderr]    Compiling miette v5.10.0
[INFO] [stderr]    Compiling predicates v3.1.2
[INFO] [stderr]    Compiling protobuf v3.5.1
[INFO] [stderr]    Compiling gix-date v0.8.7
[INFO] [stderr]    Compiling gix-validate v0.8.5
[INFO] [stderr]    Compiling gix-path v0.10.11
[INFO] [stderr]    Compiling gix-fs v0.11.3
[INFO] [stderr]    Compiling gix-actor v0.31.5
[INFO] [stderr]    Compiling tracing v0.1.40
[INFO] [stderr]    Compiling gix-commitgraph v0.24.3
[INFO] [stderr]    Compiling globset v0.4.15
[INFO] [stderr]    Compiling strum v0.26.3
[INFO] [stderr]    Compiling gix-tempfile v14.0.2
[INFO] [stderr]    Compiling gix-glob v0.16.5
[INFO] [stderr]    Compiling gix-config-value v0.14.8
[INFO] [stderr]    Compiling gix-object v0.42.3
[INFO] [stderr]    Compiling clap v4.5.18
[INFO] [stderr]    Compiling gix-quote v0.4.12
[INFO] [stderr]    Compiling assert_cmd v2.0.16
[INFO] [stderr]    Compiling gix-lock v14.0.0
[INFO] [stderr]    Compiling ignore v0.4.23
[INFO] [stderr]    Compiling globwalk v0.9.1
[INFO] [stderr]    Compiling gix-revwalk v0.13.2
[INFO] [stderr]    Compiling gix-ref v0.44.1
[INFO] [stderr]    Compiling gix-pack v0.51.1
[INFO] [stderr]    Compiling gix-diff v0.44.1
[INFO] [stderr]    Compiling assert_fs v1.1.2
[INFO] [stderr]    Compiling gix-revision v0.27.2
[INFO] [stderr]    Compiling gix-traverse v0.39.2
[INFO] [stderr]    Compiling serde v1.0.210
[INFO] [stderr]    Compiling gix-refspec v0.23.1
[INFO] [stderr]    Compiling gix-odb v0.61.1
[INFO] [stderr]    Compiling gix-discover v0.32.0
[INFO] [stderr]    Compiling gix-config v0.37.0
[INFO] [stderr]    Compiling protobuf-parse v3.5.1
[INFO] [stderr]    Compiling tokio-util v0.7.12
[INFO] [stderr]    Compiling tokio-rustls v0.24.1
[INFO] [stderr]    Compiling tower v0.4.13
[INFO] [stderr]    Compiling hyper v1.4.1
[INFO] [stderr]    Compiling tower v0.5.1
[INFO] [stderr]    Compiling h2 v0.3.26
[INFO] [stderr]    Compiling hyper-util v0.1.8
[INFO] [stderr]    Compiling url v2.5.2
[INFO] [stderr]    Compiling serde_spanned v0.6.7
[INFO] [stderr]    Compiling toml_datetime v0.6.8
[INFO] [stderr]    Compiling os_info v3.8.2
[INFO] [stderr]    Compiling serde_urlencoded v0.7.1
[INFO] [stderr]    Compiling serde_json v1.0.128
[INFO] [stderr]    Compiling diff-struct v0.5.3
[INFO] [stderr]    Compiling semver v1.0.23
[INFO] [stderr]    Compiling serde_test v1.0.177
[INFO] [stderr]    Compiling axum v0.7.6
[INFO] [stderr]    Compiling toml_edit v0.22.21
[INFO] [stderr]    Compiling gix-url v0.27.5
[INFO] [stderr]    Compiling gix v0.63.0
[INFO] [stderr]    Compiling hyper v0.14.30
[INFO] [stderr]    Compiling toml v0.8.19
[INFO] [stderr]    Compiling human-panic v1.2.3
[INFO] [stderr]    Compiling hyper-rustls v0.24.2
[INFO] [stderr]    Compiling reqwest v0.11.27
[INFO] [stderr]    Compiling buffrs v0.9.0 (/opt/rustwide/workdir)
[INFO] [stdout] warning: use of deprecated type alias `std::panic::PanicInfo`: use `PanicHookInfo` instead
[INFO] [stdout]    --> src/main.rs:159:5
[INFO] [stdout]     |
[INFO] [stdout] 159 |     human_panic::setup_panic!();
[INFO] [stdout]     |     ^^^^^^^^^^^^^^^^^^^^^^^^^^^
[INFO] [stdout]     |
[INFO] [stdout]     = note: `#[warn(deprecated)]` on by default
[INFO] [stdout]     = note: this warning originates in the macro `$crate::setup_panic` which comes from the expansion of the macro `human_panic::setup_panic` (in Nightly builds, run with -Z macro-backtrace for more info)
[INFO] [stdout] 
[INFO] [stdout] 
[INFO] [stdout] warning: use of deprecated type alias `std::panic::PanicInfo`: use `PanicHookInfo` instead
[INFO] [stdout]    --> src/main.rs:159:5
[INFO] [stdout]     |
[INFO] [stdout] 159 |     human_panic::setup_panic!();
[INFO] [stdout]     |     ^^^^^^^^^^^^^^^^^^^^^^^^^^^
[INFO] [stdout]     |
[INFO] [stdout]     = note: this warning originates in the macro `$crate::setup_panic` which comes from the expansion of the macro `human_panic::setup_panic` (in Nightly builds, run with -Z macro-backtrace for more info)
[INFO] [stdout] 
[INFO] [stdout] 
[INFO] [stdout] warning: use of deprecated type alias `std::panic::PanicInfo`: use `PanicHookInfo` instead
[INFO] [stdout]    --> src/main.rs:159:5
[INFO] [stdout]     |
[INFO] [stdout] 159 |     human_panic::setup_panic!();
[INFO] [stdout]     |     ^^^^^^^^^^^^^^^^^^^^^^^^^^^
[INFO] [stdout]     |
[INFO] [stdout]     = note: `#[warn(deprecated)]` on by default
[INFO] [stdout]     = note: this warning originates in the macro `$crate::setup_panic` which comes from the expansion of the macro `human_panic::setup_panic` (in Nightly builds, run with -Z macro-backtrace for more info)
[INFO] [stdout] 
[INFO] [stdout] 
[INFO] [stdout] warning: use of deprecated type alias `std::panic::PanicInfo`: use `PanicHookInfo` instead
[INFO] [stdout]    --> src/main.rs:159:5
[INFO] [stdout]     |
[INFO] [stdout] 159 |     human_panic::setup_panic!();
[INFO] [stdout]     |     ^^^^^^^^^^^^^^^^^^^^^^^^^^^
[INFO] [stdout]     |
[INFO] [stdout]     = note: this warning originates in the macro `$crate::setup_panic` which comes from the expansion of the macro `human_panic::setup_panic` (in Nightly builds, run with -Z macro-backtrace for more info)
[INFO] [stdout] 
[INFO] [stdout] 
[INFO] [stderr]     Finished `test` profile [unoptimized + debuginfo] target(s) in 32.10s
[INFO] running `Command { std: "docker" "inspect" "05b4fb6c6d3ca9452fb3227406982cf0a986a05378ce7082c508f973ff645c1b", kill_on_drop: false }`
[INFO] running `Command { std: "docker" "rm" "-f" "05b4fb6c6d3ca9452fb3227406982cf0a986a05378ce7082c508f973ff645c1b", kill_on_drop: false }`
[INFO] [stdout] 05b4fb6c6d3ca9452fb3227406982cf0a986a05378ce7082c508f973ff645c1b
[INFO] running `Command { std: "docker" "create" "-v" "/var/lib/crater-agent-workspace/builds/worker-1-tc2/target:/opt/rustwide/target:rw,Z" "-v" "/var/lib/crater-agent-workspace/builds/worker-1-tc2/source:/opt/rustwide/workdir:ro,Z" "-v" "/var/lib/crater-agent-workspace/cargo-home:/opt/rustwide/cargo-home:ro,Z" "-v" "/var/lib/crater-agent-workspace/rustup-home:/opt/rustwide/rustup-home:ro,Z" "-e" "SOURCE_DIR=/opt/rustwide/workdir" "-e" "CARGO_TARGET_DIR=/opt/rustwide/target" "-e" "CARGO_INCREMENTAL=0" "-e" "RUST_BACKTRACE=full" "-e" "RUSTFLAGS=--cap-lints=forbid -Zrandomize-layout" "-e" "RUSTDOCFLAGS=--cap-lints=forbid" "-e" "CARGO_HOME=/opt/rustwide/cargo-home" "-e" "RUSTUP_HOME=/opt/rustwide/rustup-home" "-w" "/opt/rustwide/workdir" "-m" "1610612736" "--user" "0:0" "--network" "none" "ghcr.io/rust-lang/crates-build-env/linux@sha256:4a844ea9eb2546a2d2c7022eacef16ef2e8229c7fbb2c7d4d55a9ceca922f72d" "/opt/rustwide/cargo-home/bin/cargo" "+nightly-2024-10-28" "test" "--frozen", kill_on_drop: false }`
[INFO] [stdout] 3e114b05604de8810cc1d1f505ffcffc11e0c1cb7bead6ed5d36bfe8ed487b9b
[INFO] running `Command { std: "docker" "start" "-a" "3e114b05604de8810cc1d1f505ffcffc11e0c1cb7bead6ed5d36bfe8ed487b9b", kill_on_drop: false }`
[INFO] [stderr] warning: use of deprecated type alias `std::panic::PanicInfo`: use `PanicHookInfo` instead
[INFO] [stderr]    --> src/main.rs:159:5
[INFO] [stderr]     |
[INFO] [stderr] 159 |     human_panic::setup_panic!();
[INFO] [stderr]     |     ^^^^^^^^^^^^^^^^^^^^^^^^^^^
[INFO] [stderr]     |
[INFO] [stderr]     = note: `#[warn(deprecated)]` on by default
[INFO] [stderr]     = note: this warning originates in the macro `$crate::setup_panic` which comes from the expansion of the macro `human_panic::setup_panic` (in Nightly builds, run with -Z macro-backtrace for more info)
[INFO] [stderr] 
[INFO] [stderr] warning: use of deprecated type alias `std::panic::PanicInfo`: use `PanicHookInfo` instead
[INFO] [stderr]    --> src/main.rs:159:5
[INFO] [stderr]     |
[INFO] [stderr] 159 |     human_panic::setup_panic!();
[INFO] [stderr]     |     ^^^^^^^^^^^^^^^^^^^^^^^^^^^
[INFO] [stderr]     |
[INFO] [stderr]     = note: this warning originates in the macro `$crate::setup_panic` which comes from the expansion of the macro `human_panic::setup_panic` (in Nightly builds, run with -Z macro-backtrace for more info)
[INFO] [stderr] 
[INFO] [stderr] warning: `buffrs` (bin "buffrs") generated 2 warnings
[INFO] [stderr] warning: `buffrs` (bin "buffrs" test) generated 2 warnings (2 duplicates)
[INFO] [stderr]     Finished `test` profile [unoptimized + debuginfo] target(s) in 0.88s
[INFO] [stderr]      Running unittests src/lib.rs (/opt/rustwide/target/debug/deps/buffrs-3c27afd0982eedb0)
[INFO] [stdout] 
[INFO] [stdout] running 38 tests
[INFO] [stdout] test lock::digest::can_display_digest_algorithm ... ok
[INFO] [stdout] test command::tests::invalid_dependency_locators ... ok
[INFO] [stdout] test command::tests::valid_dependency_locator ... ok
[INFO] [stdout] test lock::digest::can_parse_digest_algorithm ... ok
[INFO] [stdout] test lock::digest::tests::can_convert_digest ... ok
[INFO] [stdout] test lock::digest::tests::can_parse_digest ... ok
[INFO] [stdout] test lock::digest::tests::can_roundtrip_digest ... ok
[INFO] [stdout] test lock::digest::tests::can_serialize ... ok
[INFO] [stdout] test lock::digest::tests::cannot_parse_invalid_digest ... ok
[INFO] [stdout] test lock::digest::tests::from_parts ... ok
[INFO] [stdout] test package::name::test::ascii_lowercase ... ok
[INFO] [stdout] test package::name::test::empty ... ok
[INFO] [stdout] test package::name::test::long ... ok
[INFO] [stdout] test package::name::test::numeric_start ... ok
[INFO] [stdout] test package::name::test::short ... ok
[INFO] [stdout] test package::name::test::snake_case ... ok
[INFO] [stdout] test package::r#type::tests::can_parse_package_type ... ok
[INFO] [stdout] test registry::cache::tests::can_publish_and_fetch ... ignored, gzid header issues
[INFO] [stdout] test package::store::can_get_proto_path ... ok
[INFO] [stdout] test validation::rules::package_hierarchy::tests::file_name_should_not_matter_with_no_subpackages ... ok
[INFO] [stdout] test validation::rules::lib_package::tests::should_complain_about_service_defs ... ok
[INFO] [stdout] test registry::tests::incomplete_version ... ok
[INFO] [stdout] test registry::tests::valid_version ... ok
[INFO] [stdout] test registry::tests::unsupported_version_operator ... ok
[INFO] [stdout] test validation::rules::package_hierarchy::tests::file_name_should_not_matter_with_subpackages ... ok
[INFO] [stdout] test validation::rules::package_hierarchy::tests::should_complain_about_folder_name_mismatch ... ok
[INFO] [stdout] test validation::rules::package_name::tests::can_check_prefix ... ok
[INFO] [stdout] test validation::rules::package_name::tests::can_fail_wrong_prefix ... ok
[INFO] [stdout] test validation::rules::package_hierarchy::tests::should_enforce_hierarchy_on_1st_level ... ok
[INFO] [stdout] test validation::rules::package_name::tests::correct_case_transformation ... ok
[INFO] [stdout] test validation::rules::package_name::tests::correct_package_name ... ok
[INFO] [stdout] test validation::rules::package_name::tests::correct_package_name_submodule ... ok
[INFO] [stdout] test validation::rules::package_name::tests::incorrect_package_name ... ok
[INFO] [stdout] test validation::rules::tests::all_should_contain_these_rules_for_api_packages ... ok
[INFO] [stdout] test validation::rules::package_hierarchy::tests::should_check_each_file_of_a_package ... ok
[INFO] [stdout] test validation::rules::tests::all_should_contain_these_rules_for_lib_packages ... ok
[INFO] [stdout] test validation::tests::can_parse_books ... ok
[INFO] [stdout] test validation::tests::can_parse_addressbook ... ok
[INFO] [stdout] 
[INFO] [stdout] test result: ok. 37 passed; 0 failed; 1 ignored; 0 measured; 0 filtered out; finished in 0.01s
[INFO] [stdout] 
[INFO] [stderr]      Running unittests src/main.rs (/opt/rustwide/target/debug/deps/buffrs-1a689bbac7a4b5cf)
[INFO] [stdout] 
[INFO] [stdout] running 0 tests
[INFO] [stdout] 
[INFO] [stdout] test result: ok. 0 passed; 0 failed; 0 ignored; 0 measured; 0 filtered out; finished in 0.00s
[INFO] [stdout] 
[INFO] [stderr]      Running tests/lib.rs (/opt/rustwide/target/debug/deps/e2e-3c1c4ce4f31834b2)
[INFO] [stdout] 
[INFO] [stdout] running 16 tests
[INFO] [stdout] test cmd::login::fixture ... ok
[INFO] [stdout] test cmd::init::api::fixture ... ok
[INFO] [stdout] test cmd::init::default::fixture ... ok
[INFO] [stdout] test cmd::init::lib::fixture ... ok
[INFO] [stdout] test cmd::add::fixture ... ok
[INFO] [stdout] test cmd::remove::fixture ... ok
[INFO] [stdout] test cmd::ls::fixture ... ok
[INFO] [stdout] test cmd::logout::fixture ... ok
[INFO] [stdout] test cmd::install::empty::fixture ... ok
[INFO] [stdout] test cmd::install::local::fixture ... ok
[INFO] [stdout] test cmd::lint::fixture ... ok
[INFO] [stdout] test cmd::package::fixture ... ok
[INFO] [stdout] test cmd::publish::local::fixture ... ok
[INFO] [stdout] test cmd::publish::lib::fixture ... ok
[INFO] [stdout] test cmd::install::upgrade::fixture ... ok
[INFO] [stderr]     Creating binary (application) package
[INFO] [stderr] note: see more `Cargo.toml` keys and their definitions at https://doc.rust-lang.org/cargo/reference/manifest.html
[INFO] [stderr]       Adding buffrs (local) to dependencies
[INFO] [stderr]              Features:
[INFO] [stderr]              - git
[INFO] [stderr]              - validation
[INFO] [stderr]     Updating crates.io index
[INFO] [stderr] warning: spurious network error (3 tries remaining): [6] Could not resolve hostname (Could not resolve host: index.crates.io)
[INFO] [stderr] warning: spurious network error (2 tries remaining): [6] Could not resolve hostname (Could not resolve host: index.crates.io)
[INFO] [stderr] warning: spurious network error (1 tries remaining): [6] Could not resolve hostname (Could not resolve host: index.crates.io)
[INFO] [stderr] error: failed to get `prost` as a dependency of package `sensor-server v0.1.0 (/tmp/.tmpQy0c4O/root/sensor-server)`
[INFO] [stderr] 
[INFO] [stderr] Caused by:
[INFO] [stderr]   download of config.json failed
[INFO] [stderr] 
[INFO] [stderr] Caused by:
[INFO] [stderr]   failed to download from `https://index.crates.io/config.json`
[INFO] [stderr] 
[INFO] [stderr] Caused by:
[INFO] [stderr]   [6] Could not resolve hostname (Could not resolve host: index.crates.io)
[INFO] [stdout] test cmd::tuto::fixture ... FAILED
[INFO] [stdout] 
[INFO] [stdout] failures:
[INFO] [stdout] 
[INFO] [stdout] ---- cmd::tuto::fixture stdout ----
[INFO] [stdout] [tests/cmd/tuto/mod.rs:146:13] git_root = "/opt/rustwide/workdir"
[INFO] [stdout] thread 'cmd::tuto::fixture' panicked at tests/cmd/tuto/mod.rs:149:13:
[INFO] [stdout] assertion failed: Command::new("cargo").args(["add", "buffrs", "--no-default-features",
[INFO] [stdout]                             "--path",
[INFO] [stdout]                             git_root]).current_dir(&cwd).status().unwrap().success()
[INFO] [stdout] stack backtrace:
[INFO] [stdout]    0:     0x5b6e77ae688a - std::backtrace_rs::backtrace::libunwind::trace::h207520d6e9873551
[INFO] [stdout]                                at /rustc/df4ca44d3fbc9301ee17f30f4d474e6ae4b05252/library/std/src/../../backtrace/src/backtrace/libunwind.rs:116:5
[INFO] [stdout]    1:     0x5b6e77ae688a - std::backtrace_rs::backtrace::trace_unsynchronized::h2ed7433f370e3eca
[INFO] [stdout]                                at /rustc/df4ca44d3fbc9301ee17f30f4d474e6ae4b05252/library/std/src/../../backtrace/src/backtrace/mod.rs:66:5
[INFO] [stdout]    2:     0x5b6e77ae688a - std::sys::backtrace::_print_fmt::h916fac51166b18d7
[INFO] [stdout]                                at /rustc/df4ca44d3fbc9301ee17f30f4d474e6ae4b05252/library/std/src/sys/backtrace.rs:66:9
[INFO] [stdout]    3:     0x5b6e77ae688a - <std::sys::backtrace::BacktraceLock::print::DisplayBacktrace as core::fmt::Display>::fmt::ha0a4c9b8ce3802e6
[INFO] [stdout]                                at /rustc/df4ca44d3fbc9301ee17f30f4d474e6ae4b05252/library/std/src/sys/backtrace.rs:39:26
[INFO] [stdout]    4:     0x5b6e77b150b3 - core::fmt::rt::Argument::fmt::h4cfc8587d52b3eb5
[INFO] [stdout]                                at /rustc/df4ca44d3fbc9301ee17f30f4d474e6ae4b05252/library/core/src/fmt/rt.rs:177:76
[INFO] [stdout]    5:     0x5b6e77b150b3 - core::fmt::write::h522cc39e5b36ae9f
[INFO] [stdout]                                at /rustc/df4ca44d3fbc9301ee17f30f4d474e6ae4b05252/library/core/src/fmt/mod.rs:1190:21
[INFO] [stdout]    6:     0x5b6e77ae1823 - std::io::Write::write_fmt::h7d3c26752da97734
[INFO] [stdout]                                at /rustc/df4ca44d3fbc9301ee17f30f4d474e6ae4b05252/library/std/src/io/mod.rs:1839:15
[INFO] [stdout]    7:     0x5b6e77ae66d2 - std::sys::backtrace::BacktraceLock::print::h4b9e00b29e9c0942
[INFO] [stdout]                                at /rustc/df4ca44d3fbc9301ee17f30f4d474e6ae4b05252/library/std/src/sys/backtrace.rs:42:9
[INFO] [stdout]    8:     0x5b6e77ae839a - std::panicking::default_hook::{{closure}}::hb59b88280d0324d9
[INFO] [stdout]                                at /rustc/df4ca44d3fbc9301ee17f30f4d474e6ae4b05252/library/std/src/panicking.rs:268:22
[INFO] [stdout]    9:     0x5b6e77ae81a4 - std::panicking::default_hook::he1dd496665be4a29
[INFO] [stdout]                                at /rustc/df4ca44d3fbc9301ee17f30f4d474e6ae4b05252/library/std/src/panicking.rs:292:9
[INFO] [stdout]   10:     0x5b6e771e97e9 - <alloc::boxed::Box<F,A> as core::ops::function::Fn<Args>>::call::h4ff71de18744e1dc
[INFO] [stdout]                                at /rustc/df4ca44d3fbc9301ee17f30f4d474e6ae4b05252/library/alloc/src/boxed.rs:2468:9
[INFO] [stdout]   11:     0x5b6e771e97e9 - test::test_main::{{closure}}::hcf7c055ce117aa81
[INFO] [stdout]                                at /rustc/df4ca44d3fbc9301ee17f30f4d474e6ae4b05252/library/test/src/lib.rs:133:21
[INFO] [stdout]   12:     0x5b6e77ae8a98 - <alloc::boxed::Box<F,A> as core::ops::function::Fn<Args>>::call::h1d66c6bbd60c9692
[INFO] [stdout]                                at /rustc/df4ca44d3fbc9301ee17f30f4d474e6ae4b05252/library/alloc/src/boxed.rs:2468:9
[INFO] [stdout]   13:     0x5b6e77ae8a98 - std::panicking::rust_panic_with_hook::h2ff17fe8f26dfcf8
[INFO] [stdout]                                at /rustc/df4ca44d3fbc9301ee17f30f4d474e6ae4b05252/library/std/src/panicking.rs:809:13
[INFO] [stdout]   14:     0x5b6e77ae8826 - std::panicking::begin_panic_handler::{{closure}}::h4fad77951c07e101
[INFO] [stdout]                                at /rustc/df4ca44d3fbc9301ee17f30f4d474e6ae4b05252/library/std/src/panicking.rs:667:13
[INFO] [stdout]   15:     0x5b6e77ae6d69 - std::sys::backtrace::__rust_end_short_backtrace::hb1a25b3da5d0ea08
[INFO] [stdout]                                at /rustc/df4ca44d3fbc9301ee17f30f4d474e6ae4b05252/library/std/src/sys/backtrace.rs:170:18
[INFO] [stdout]   16:     0x5b6e77ae84ec - rust_begin_unwind
[INFO] [stdout]                                at /rustc/df4ca44d3fbc9301ee17f30f4d474e6ae4b05252/library/std/src/panicking.rs:665:5
[INFO] [stdout]   17:     0x5b6e77b13260 - core::panicking::panic_fmt::ha9db07b529f9b256
[INFO] [stdout]                                at /rustc/df4ca44d3fbc9301ee17f30f4d474e6ae4b05252/library/core/src/panicking.rs:75:14
[INFO] [stdout]   18:     0x5b6e77b132ec - core::panicking::panic::h993086813d94accc
[INFO] [stdout]                                at /rustc/df4ca44d3fbc9301ee17f30f4d474e6ae4b05252/library/core/src/panicking.rs:152:5
[INFO] [stdout]   19:     0x5b6e76f9fe42 - e2e::cmd::tuto::fixture::{{closure}}::h91ac6a2b601d2465
[INFO] [stdout]                                at /opt/rustwide/workdir/tests/cmd/tuto/mod.rs:149:13
[INFO] [stdout]   20:     0x5b6e76fae929 - e2e::test_registry::with_test_registry::{{closure}}::hb5e6fb4287aa9dc3
[INFO] [stdout]                                at /opt/rustwide/workdir/tests/test_registry.rs:85:5
[INFO] [stdout]   21:     0x5b6e76f856af - tokio::runtime::park::CachedParkThread::block_on::{{closure}}::hcca621b63bb76274
[INFO] [stdout]                                at /opt/rustwide/cargo-home/registry/src/index.crates.io-6f17d22bba15001f/tokio-1.40.0/src/runtime/park.rs:281:63
[INFO] [stdout]   22:     0x5b6e76f85246 - tokio::runtime::coop::with_budget::h86805d235978a84e
[INFO] [stdout]                                at /opt/rustwide/cargo-home/registry/src/index.crates.io-6f17d22bba15001f/tokio-1.40.0/src/runtime/coop.rs:107:5
[INFO] [stdout]   23:     0x5b6e76f85246 - tokio::runtime::coop::budget::h1c508fb4a31650ab
[INFO] [stdout]                                at /opt/rustwide/cargo-home/registry/src/index.crates.io-6f17d22bba15001f/tokio-1.40.0/src/runtime/coop.rs:73:5
[INFO] [stdout]   24:     0x5b6e76f85246 - tokio::runtime::park::CachedParkThread::block_on::hda82551ba1e9538e
[INFO] [stdout]                                at /opt/rustwide/cargo-home/registry/src/index.crates.io-6f17d22bba15001f/tokio-1.40.0/src/runtime/park.rs:281:31
[INFO] [stdout]   25:     0x5b6e76f7b333 - tokio::runtime::context::blocking::BlockingRegionGuard::block_on::h7f3af675fd0a61f9
[INFO] [stdout]                                at /opt/rustwide/cargo-home/registry/src/index.crates.io-6f17d22bba15001f/tokio-1.40.0/src/runtime/context/blocking.rs:66:9
[INFO] [stdout]   26:     0x5b6e76f262e8 - tokio::runtime::scheduler::multi_thread::MultiThread::block_on::{{closure}}::h855790fecc8e9434
[INFO] [stdout]                                at /opt/rustwide/cargo-home/registry/src/index.crates.io-6f17d22bba15001f/tokio-1.40.0/src/runtime/scheduler/multi_thread/mod.rs:87:13
[INFO] [stdout]   27:     0x5b6e76f552db - tokio::runtime::context::runtime::enter_runtime::h7034c302a8a63fc3
[INFO] [stdout]                                at /opt/rustwide/cargo-home/registry/src/index.crates.io-6f17d22bba15001f/tokio-1.40.0/src/runtime/context/runtime.rs:65:16
[INFO] [stdout]   28:     0x5b6e76f26203 - tokio::runtime::scheduler::multi_thread::MultiThread::block_on::h98fc9ac9f9ec2c83
[INFO] [stdout]                                at /opt/rustwide/cargo-home/registry/src/index.crates.io-6f17d22bba15001f/tokio-1.40.0/src/runtime/scheduler/multi_thread/mod.rs:86:9
[INFO] [stdout]   29:     0x5b6e76f65f2b - tokio::runtime::runtime::Runtime::block_on_inner::h1e029c2641c47218
[INFO] [stdout]                                at /opt/rustwide/cargo-home/registry/src/index.crates.io-6f17d22bba15001f/tokio-1.40.0/src/runtime/runtime.rs:363:45
[INFO] [stdout]   30:     0x5b6e76f66ba6 - tokio::runtime::runtime::Runtime::block_on::hcb2cd5356a1644fc
[INFO] [stdout]                                at /opt/rustwide/cargo-home/registry/src/index.crates.io-6f17d22bba15001f/tokio-1.40.0/src/runtime/runtime.rs:335:13
[INFO] [stdout]   31:     0x5b6e76fabffd - e2e::test_registry::with_test_registry::h9cc7ddb859f2a4fa
[INFO] [stdout]                                at /opt/rustwide/workdir/tests/test_registry.rs:73:5
[INFO] [stdout]   32:     0x5b6e76f9c296 - e2e::cmd::tuto::fixture::h3938f63ef5f78e92
[INFO] [stdout]                                at /opt/rustwide/workdir/tests/cmd/tuto/mod.rs:6:5
[INFO] [stdout]   33:     0x5b6e76f9c277 - e2e::cmd::tuto::fixture::{{closure}}::hdfe1d419b5d156bd
[INFO] [stdout]                                at /opt/rustwide/workdir/tests/cmd/tuto/mod.rs:5:13
[INFO] [stdout]   34:     0x5b6e76f5d6f6 - core::ops::function::FnOnce::call_once::he7a5afcdf1f38e2b
[INFO] [stdout]                                at /rustc/df4ca44d3fbc9301ee17f30f4d474e6ae4b05252/library/core/src/ops/function.rs:250:5
[INFO] [stdout]   35:     0x5b6e771ee0bb - core::ops::function::FnOnce::call_once::h22c3ba5715e93f05
[INFO] [stdout]                                at /rustc/df4ca44d3fbc9301ee17f30f4d474e6ae4b05252/library/core/src/ops/function.rs:250:5
[INFO] [stdout]   36:     0x5b6e771ee0bb - test::__rust_begin_short_backtrace::h8e82d8113d0da17f
[INFO] [stdout]                                at /rustc/df4ca44d3fbc9301ee17f30f4d474e6ae4b05252/library/test/src/lib.rs:621:18
[INFO] [stdout]   37:     0x5b6e771eda37 - test::run_test_in_process::{{closure}}::h33235f4f20b7b7c7
[INFO] [stdout]                                at /rustc/df4ca44d3fbc9301ee17f30f4d474e6ae4b05252/library/test/src/lib.rs:644:60
[INFO] [stdout]   38:     0x5b6e771eda37 - <core::panic::unwind_safe::AssertUnwindSafe<F> as core::ops::function::FnOnce<()>>::call_once::hb5043206310c586f
[INFO] [stdout]                                at /rustc/df4ca44d3fbc9301ee17f30f4d474e6ae4b05252/library/core/src/panic/unwind_safe.rs:272:9
[INFO] [stdout]   39:     0x5b6e771eda37 - std::panicking::try::do_call::h9ad4731a60ab23e2
[INFO] [stdout]                                at /rustc/df4ca44d3fbc9301ee17f30f4d474e6ae4b05252/library/std/src/panicking.rs:557:40
[INFO] [stdout]   40:     0x5b6e771eda37 - std::panicking::try::h3824d23db772a716
[INFO] [stdout]                                at /rustc/df4ca44d3fbc9301ee17f30f4d474e6ae4b05252/library/std/src/panicking.rs:520:19
[INFO] [stdout]   41:     0x5b6e771eda37 - std::panic::catch_unwind::h5afd514605fde46b
[INFO] [stdout]                                at /rustc/df4ca44d3fbc9301ee17f30f4d474e6ae4b05252/library/std/src/panic.rs:358:14
[INFO] [stdout]   42:     0x5b6e771eda37 - test::run_test_in_process::h0d5cbfa7067d1720
[INFO] [stdout]                                at /rustc/df4ca44d3fbc9301ee17f30f4d474e6ae4b05252/library/test/src/lib.rs:644:27
[INFO] [stdout]   43:     0x5b6e771eda37 - test::run_test::{{closure}}::h708eb8872708115d
[INFO] [stdout]                                at /rustc/df4ca44d3fbc9301ee17f30f4d474e6ae4b05252/library/test/src/lib.rs:565:43
[INFO] [stdout]   44:     0x5b6e771b1154 - test::run_test::{{closure}}::h392c51cee94713ab
[INFO] [stdout]                                at /rustc/df4ca44d3fbc9301ee17f30f4d474e6ae4b05252/library/test/src/lib.rs:595:41
[INFO] [stdout]   45:     0x5b6e771b1154 - std::sys::backtrace::__rust_begin_short_backtrace::h2f40290710935a8b
[INFO] [stdout]                                at /rustc/df4ca44d3fbc9301ee17f30f4d474e6ae4b05252/library/std/src/sys/backtrace.rs:154:18
[INFO] [stdout]   46:     0x5b6e771b48fe - std::thread::Builder::spawn_unchecked_::{{closure}}::{{closure}}::h3fd968d89053a903
[INFO] [stdout]                                at /rustc/df4ca44d3fbc9301ee17f30f4d474e6ae4b05252/library/std/src/thread/mod.rs:541:17
[INFO] [stdout]   47:     0x5b6e771b48fe - <core::panic::unwind_safe::AssertUnwindSafe<F> as core::ops::function::FnOnce<()>>::call_once::h743f637ba4229880
[INFO] [stdout]                                at /rustc/df4ca44d3fbc9301ee17f30f4d474e6ae4b05252/library/core/src/panic/unwind_safe.rs:272:9
[INFO] [stdout]   48:     0x5b6e771b48fe - std::panicking::try::do_call::h07440897322525a6
[INFO] [stdout]                                at /rustc/df4ca44d3fbc9301ee17f30f4d474e6ae4b05252/library/std/src/panicking.rs:557:40
[INFO] [stdout]   49:     0x5b6e771b48fe - std::panicking::try::he5a2e00188156637
[INFO] [stdout]                                at /rustc/df4ca44d3fbc9301ee17f30f4d474e6ae4b05252/library/std/src/panicking.rs:520:19
[INFO] [stdout]   50:     0x5b6e771b48fe - std::panic::catch_unwind::hbaf3cae49b3c6433
[INFO] [stdout]                                at /rustc/df4ca44d3fbc9301ee17f30f4d474e6ae4b05252/library/std/src/panic.rs:358:14
[INFO] [stdout]   51:     0x5b6e771b48fe - std::thread::Builder::spawn_unchecked_::{{closure}}::h8e141ea224820bce
[INFO] [stdout]                                at /rustc/df4ca44d3fbc9301ee17f30f4d474e6ae4b05252/library/std/src/thread/mod.rs:540:30
[INFO] [stdout]   52:     0x5b6e771b48fe - core::ops::function::FnOnce::call_once{{vtable.shim}}::h90d312fedd7b8ea8
[INFO] [stdout]                                at /rustc/df4ca44d3fbc9301ee17f30f4d474e6ae4b05252/library/core/src/ops/function.rs:250:5
[INFO] [stdout]   53:     0x5b6e77aef1ab - <alloc::boxed::Box<F,A> as core::ops::function::FnOnce<Args>>::call_once::h69aa08ddb6adb8b6
[INFO] [stdout]                                at /rustc/df4ca44d3fbc9301ee17f30f4d474e6ae4b05252/library/alloc/src/boxed.rs:2454:9
[INFO] [stdout]   54:     0x5b6e77aef1ab - <alloc::boxed::Box<F,A> as core::ops::function::FnOnce<Args>>::call_once::h5aa36efdb79c806f
[INFO] [stdout]                                at /rustc/df4ca44d3fbc9301ee17f30f4d474e6ae4b05252/library/alloc/src/boxed.rs:2454:9
[INFO] [stdout]   55:     0x5b6e77aef1ab - std::sys::pal::unix::thread::Thread::new::thread_start::h6cd80a1b4be5158d
[INFO] [stdout]                                at /rustc/df4ca44d3fbc9301ee17f30f4d474e6ae4b05252/library/std/src/sys/pal/unix/thread.rs:105:17
[INFO] [stdout]   56:     0x7487d3999ac3 - <unknown>
[INFO] [stdout]   57:     0x7487d3a2aa04 - clone
[INFO] [stdout]   58:                0x0 - <unknown>
[INFO] [stdout] 
[INFO] [stdout] 
[INFO] [stdout] failures:
[INFO] [stdout]     cmd::tuto::fixture
[INFO] [stdout] 
[INFO] [stdout] test result: FAILED. 15 passed; 1 failed; 0 ignored; 0 measured; 0 filtered out; finished in 12.59s
[INFO] [stdout] 
[INFO] [stderr] error: test failed, to rerun pass `--test e2e`
[INFO] running `Command { std: "docker" "inspect" "3e114b05604de8810cc1d1f505ffcffc11e0c1cb7bead6ed5d36bfe8ed487b9b", kill_on_drop: false }`
[INFO] running `Command { std: "docker" "rm" "-f" "3e114b05604de8810cc1d1f505ffcffc11e0c1cb7bead6ed5d36bfe8ed487b9b", kill_on_drop: false }`
[INFO] [stdout] 3e114b05604de8810cc1d1f505ffcffc11e0c1cb7bead6ed5d36bfe8ed487b9b
