[INFO] cloning repository https://github.com/heat1q/anyhow-http
[INFO] running `Command { std: "git" "-c" "credential.helper=" "-c" "credential.helper=/workspace/cargo-home/bin/git-credential-null" "clone" "--bare" "https://github.com/heat1q/anyhow-http" "/workspace/cache/git-repos/https%3A%2F%2Fgithub.com%2Fheat1q%2Fanyhow-http", kill_on_drop: false }`
[INFO] [stderr] Cloning into bare repository '/workspace/cache/git-repos/https%3A%2F%2Fgithub.com%2Fheat1q%2Fanyhow-http'...
[INFO] running `Command { std: "git" "rev-parse" "HEAD", kill_on_drop: false }`
[INFO] [stdout] 142dd7927715acf805ed5d07e55a0356d40c5e20
[INFO] testing heat1q/anyhow-http against nightly-2024-10-28 for randomize-layout
[INFO] running `Command { std: "git" "clone" "/workspace/cache/git-repos/https%3A%2F%2Fgithub.com%2Fheat1q%2Fanyhow-http" "/workspace/builds/worker-7-tc1/source", kill_on_drop: false }`
[INFO] [stderr] Cloning into '/workspace/builds/worker-7-tc1/source'...
[INFO] [stderr] done.
[INFO] validating manifest of git repo https://github.com/heat1q/anyhow-http on toolchain nightly-2024-10-28
[INFO] running `Command { std: CARGO_HOME="/workspace/cargo-home" RUSTUP_HOME="/workspace/rustup-home" "/workspace/cargo-home/bin/cargo" "+nightly-2024-10-28" "metadata" "--manifest-path" "Cargo.toml" "--no-deps", kill_on_drop: false }`
[INFO] started tweaking git repo https://github.com/heat1q/anyhow-http
[INFO] finished tweaking git repo https://github.com/heat1q/anyhow-http
[INFO] tweaked toml for git repo https://github.com/heat1q/anyhow-http written to /workspace/builds/worker-7-tc1/source/Cargo.toml
[INFO] crate git repo https://github.com/heat1q/anyhow-http already has a lockfile, it will not be regenerated
[INFO] running `Command { std: CARGO_HOME="/workspace/cargo-home" RUSTUP_HOME="/workspace/rustup-home" "/workspace/cargo-home/bin/cargo" "+nightly-2024-10-28" "fetch" "--manifest-path" "Cargo.toml", kill_on_drop: false }`
[INFO] running `Command { std: "docker" "create" "-v" "/var/lib/crater-agent-workspace/builds/worker-7-tc1/target:/opt/rustwide/target:rw,Z" "-v" "/var/lib/crater-agent-workspace/builds/worker-7-tc1/source:/opt/rustwide/workdir:ro,Z" "-v" "/var/lib/crater-agent-workspace/cargo-home:/opt/rustwide/cargo-home:ro,Z" "-v" "/var/lib/crater-agent-workspace/rustup-home:/opt/rustwide/rustup-home:ro,Z" "-e" "SOURCE_DIR=/opt/rustwide/workdir" "-e" "CARGO_TARGET_DIR=/opt/rustwide/target" "-e" "CARGO_HOME=/opt/rustwide/cargo-home" "-e" "RUSTUP_HOME=/opt/rustwide/rustup-home" "-w" "/opt/rustwide/workdir" "-m" "1610612736" "--user" "0:0" "--network" "none" "ghcr.io/rust-lang/crates-build-env/linux@sha256:4a844ea9eb2546a2d2c7022eacef16ef2e8229c7fbb2c7d4d55a9ceca922f72d" "/opt/rustwide/cargo-home/bin/cargo" "+nightly-2024-10-28" "metadata" "--no-deps" "--format-version=1", kill_on_drop: false }`
[INFO] [stdout] f3d4d4a7747fc0032d0c3ec9cb43c05531692aa9e04840b0aaee9f1d754799a3
[INFO] running `Command { std: "docker" "start" "-a" "f3d4d4a7747fc0032d0c3ec9cb43c05531692aa9e04840b0aaee9f1d754799a3", kill_on_drop: false }`
[INFO] running `Command { std: "docker" "inspect" "f3d4d4a7747fc0032d0c3ec9cb43c05531692aa9e04840b0aaee9f1d754799a3", kill_on_drop: false }`
[INFO] running `Command { std: "docker" "rm" "-f" "f3d4d4a7747fc0032d0c3ec9cb43c05531692aa9e04840b0aaee9f1d754799a3", kill_on_drop: false }`
[INFO] [stdout] f3d4d4a7747fc0032d0c3ec9cb43c05531692aa9e04840b0aaee9f1d754799a3
[INFO] running `Command { std: "docker" "create" "-v" "/var/lib/crater-agent-workspace/builds/worker-7-tc1/target:/opt/rustwide/target:rw,Z" "-v" "/var/lib/crater-agent-workspace/builds/worker-7-tc1/source:/opt/rustwide/workdir:ro,Z" "-v" "/var/lib/crater-agent-workspace/cargo-home:/opt/rustwide/cargo-home:ro,Z" "-v" "/var/lib/crater-agent-workspace/rustup-home:/opt/rustwide/rustup-home:ro,Z" "-e" "SOURCE_DIR=/opt/rustwide/workdir" "-e" "CARGO_TARGET_DIR=/opt/rustwide/target" "-e" "CARGO_INCREMENTAL=0" "-e" "RUST_BACKTRACE=full" "-e" "RUSTFLAGS=--cap-lints=forbid" "-e" "RUSTDOCFLAGS=--cap-lints=forbid" "-e" "CARGO_HOME=/opt/rustwide/cargo-home" "-e" "RUSTUP_HOME=/opt/rustwide/rustup-home" "-w" "/opt/rustwide/workdir" "-m" "1610612736" "--user" "0:0" "--network" "none" "ghcr.io/rust-lang/crates-build-env/linux@sha256:4a844ea9eb2546a2d2c7022eacef16ef2e8229c7fbb2c7d4d55a9ceca922f72d" "/opt/rustwide/cargo-home/bin/cargo" "+nightly-2024-10-28" "build" "--frozen" "--message-format=json", kill_on_drop: false }`
[INFO] [stdout] adaae44ecd218690fc332891fe27e323e26004986c2b69a63e940c7ac2f382fa
[INFO] running `Command { std: "docker" "start" "-a" "adaae44ecd218690fc332891fe27e323e26004986c2b69a63e940c7ac2f382fa", kill_on_drop: false }`
[INFO] [stderr]    Compiling proc-macro2 v1.0.83
[INFO] [stderr]    Compiling unicode-ident v1.0.12
[INFO] [stderr]    Compiling fnv v1.0.7
[INFO] [stderr]    Compiling itoa v1.0.11
[INFO] [stderr]    Compiling strsim v0.11.1
[INFO] [stderr]    Compiling ident_case v1.0.1
[INFO] [stderr]    Compiling serde v1.0.202
[INFO] [stderr]    Compiling serde_json v1.0.117
[INFO] [stderr]    Compiling anyhow v1.0.86
[INFO] [stderr]    Compiling bytes v1.7.1
[INFO] [stderr]    Compiling ryu v1.0.18
[INFO] [stderr]    Compiling mime v0.3.17
[INFO] [stderr]    Compiling http v1.1.0
[INFO] [stderr]    Compiling quote v1.0.36
[INFO] [stderr]    Compiling syn v2.0.65
[INFO] [stderr]    Compiling darling_core v0.20.9
[INFO] [stderr]    Compiling serde_derive v1.0.202
[INFO] [stderr]    Compiling darling_macro v0.20.9
[INFO] [stderr]    Compiling darling v0.20.9
[INFO] [stderr]    Compiling anyhow-http-derive v0.4.0 (/opt/rustwide/workdir/anyhow-http-derive)
[INFO] [stderr]    Compiling anyhow-http v0.4.0 (/opt/rustwide/workdir/anyhow-http)
[INFO] [stderr]     Finished `dev` profile [unoptimized + debuginfo] target(s) in 6.48s
[INFO] running `Command { std: "docker" "inspect" "adaae44ecd218690fc332891fe27e323e26004986c2b69a63e940c7ac2f382fa", kill_on_drop: false }`
[INFO] running `Command { std: "docker" "rm" "-f" "adaae44ecd218690fc332891fe27e323e26004986c2b69a63e940c7ac2f382fa", kill_on_drop: false }`
[INFO] [stdout] adaae44ecd218690fc332891fe27e323e26004986c2b69a63e940c7ac2f382fa
[INFO] running `Command { std: "docker" "create" "-v" "/var/lib/crater-agent-workspace/builds/worker-7-tc1/target:/opt/rustwide/target:rw,Z" "-v" "/var/lib/crater-agent-workspace/builds/worker-7-tc1/source:/opt/rustwide/workdir:ro,Z" "-v" "/var/lib/crater-agent-workspace/cargo-home:/opt/rustwide/cargo-home:ro,Z" "-v" "/var/lib/crater-agent-workspace/rustup-home:/opt/rustwide/rustup-home:ro,Z" "-e" "SOURCE_DIR=/opt/rustwide/workdir" "-e" "CARGO_TARGET_DIR=/opt/rustwide/target" "-e" "CARGO_INCREMENTAL=0" "-e" "RUST_BACKTRACE=full" "-e" "RUSTFLAGS=--cap-lints=forbid" "-e" "RUSTDOCFLAGS=--cap-lints=forbid" "-e" "CARGO_HOME=/opt/rustwide/cargo-home" "-e" "RUSTUP_HOME=/opt/rustwide/rustup-home" "-w" "/opt/rustwide/workdir" "-m" "1610612736" "--user" "0:0" "--network" "none" "ghcr.io/rust-lang/crates-build-env/linux@sha256:4a844ea9eb2546a2d2c7022eacef16ef2e8229c7fbb2c7d4d55a9ceca922f72d" "/opt/rustwide/cargo-home/bin/cargo" "+nightly-2024-10-28" "test" "--frozen" "--no-run" "--message-format=json", kill_on_drop: false }`
[INFO] [stdout] 9ffa843f1ba0aafd911e473b4498a636445b743dfa1b8f8203edd299a9693090
[INFO] running `Command { std: "docker" "start" "-a" "9ffa843f1ba0aafd911e473b4498a636445b743dfa1b8f8203edd299a9693090", kill_on_drop: false }`
[INFO] [stderr]    Compiling proc-macro2 v1.0.83
[INFO] [stderr]    Compiling unicode-ident v1.0.12
[INFO] [stderr]    Compiling libc v0.2.155
[INFO] [stderr]    Compiling pin-project-lite v0.2.14
[INFO] [stderr]    Compiling autocfg v1.3.0
[INFO] [stderr]    Compiling parking_lot_core v0.9.10
[INFO] [stderr]    Compiling futures-core v0.3.30
[INFO] [stderr]    Compiling rustversion v1.0.17
[INFO] [stderr]    Compiling scopeguard v1.2.0
[INFO] [stderr]    Compiling strsim v0.11.1
[INFO] [stderr]    Compiling smallvec v1.13.2
[INFO] [stderr]    Compiling serde_json v1.0.117
[INFO] [stderr]    Compiling ident_case v1.0.1
[INFO] [stderr]    Compiling pin-utils v0.1.0
[INFO] [stderr]    Compiling futures-task v0.3.30
[INFO] [stderr]    Compiling http-body v1.0.0
[INFO] [stderr]    Compiling once_cell v1.19.0
[INFO] [stderr]    Compiling lock_api v0.4.12
[INFO] [stderr]    Compiling futures-util v0.3.30
[INFO] [stderr]    Compiling httparse v1.8.0
[INFO] [stderr]    Compiling tracing-core v0.1.32
[INFO] [stderr]    Compiling quote v1.0.36
[INFO] [stderr]    Compiling log v0.4.21
[INFO] [stderr]    Compiling syn v2.0.65
[INFO] [stderr]    Compiling axum-core v0.4.3
[INFO] [stderr]    Compiling futures-channel v0.3.30
[INFO] [stderr]    Compiling tracing v0.1.40
[INFO] [stderr]    Compiling socket2 v0.5.7
[INFO] [stderr]    Compiling signal-hook-registry v1.4.2
[INFO] [stderr]    Compiling mio v0.8.11
[INFO] [stderr]    Compiling num_cpus v1.16.0
[INFO] [stderr]    Compiling parking_lot v0.12.2
[INFO] [stderr]    Compiling tower-layer v0.3.2
[INFO] [stderr]    Compiling httpdate v1.0.3
[INFO] [stderr]    Compiling percent-encoding v2.3.1
[INFO] [stderr]    Compiling tower-service v0.3.2
[INFO] [stderr]    Compiling form_urlencoded v1.2.1
[INFO] [stderr]    Compiling axum v0.7.5
[INFO] [stderr]    Compiling http-body-util v0.1.1
[INFO] [stderr]    Compiling sync_wrapper v0.1.2
[INFO] [stderr]    Compiling matchit v0.7.3
[INFO] [stderr]    Compiling sync_wrapper v1.0.1
[INFO] [stderr]    Compiling memchr v2.7.2
[INFO] [stderr]    Compiling darling_core v0.20.9
[INFO] [stderr]    Compiling serde_derive v1.0.202
[INFO] [stderr]    Compiling tokio-macros v2.2.0
[INFO] [stderr]    Compiling pin-project-internal v1.1.5
[INFO] [stderr]    Compiling async-trait v0.1.80
[INFO] [stderr]    Compiling tokio v1.37.0
[INFO] [stderr]    Compiling pin-project v1.1.5
[INFO] [stderr]    Compiling darling_macro v0.20.9
[INFO] [stderr]    Compiling serde v1.0.202
[INFO] [stderr]    Compiling darling v0.20.9
[INFO] [stderr]    Compiling anyhow-http-derive v0.4.0 (/opt/rustwide/workdir/anyhow-http-derive)
[INFO] [stderr]    Compiling hyper v1.3.1
[INFO] [stderr]    Compiling tower v0.4.13
[INFO] [stderr]    Compiling serde_path_to_error v0.1.16
[INFO] [stderr]    Compiling serde_urlencoded v0.7.1
[INFO] [stderr]    Compiling hyper-util v0.1.3
[INFO] [stderr]    Compiling anyhow-http v0.4.0 (/opt/rustwide/workdir/anyhow-http)
[INFO] [stdout] warning: unused import: `super::*`
[INFO] [stdout]    --> anyhow-http/src/response.rs:108:9
[INFO] [stdout]     |
[INFO] [stdout] 108 |     use super::*;
[INFO] [stdout]     |         ^^^^^^^^
[INFO] [stdout]     |
[INFO] [stdout]     = note: `#[warn(unused_imports)]` on by default
[INFO] [stdout] 
[INFO] [stdout] 
[INFO] [stdout] warning: unused import: `crate::http_error`
[INFO] [stdout]    --> anyhow-http/src/response.rs:109:9
[INFO] [stdout]     |
[INFO] [stdout] 109 |     use crate::http_error;
[INFO] [stdout]     |         ^^^^^^^^^^^^^^^^^
[INFO] [stdout] 
[INFO] [stdout] 
[INFO] [stdout] warning: unused import: `http::StatusCode`
[INFO] [stdout]    --> anyhow-http/src/response.rs:110:9
[INFO] [stdout]     |
[INFO] [stdout] 110 |     use http::StatusCode;
[INFO] [stdout]     |         ^^^^^^^^^^^^^^^^
[INFO] [stdout] 
[INFO] [stdout] 
[INFO] [stderr]     Finished `test` profile [unoptimized + debuginfo] target(s) in 11.64s
[INFO] running `Command { std: "docker" "inspect" "9ffa843f1ba0aafd911e473b4498a636445b743dfa1b8f8203edd299a9693090", kill_on_drop: false }`
[INFO] running `Command { std: "docker" "rm" "-f" "9ffa843f1ba0aafd911e473b4498a636445b743dfa1b8f8203edd299a9693090", kill_on_drop: false }`
[INFO] [stdout] 9ffa843f1ba0aafd911e473b4498a636445b743dfa1b8f8203edd299a9693090
[INFO] running `Command { std: "docker" "create" "-v" "/var/lib/crater-agent-workspace/builds/worker-7-tc1/target:/opt/rustwide/target:rw,Z" "-v" "/var/lib/crater-agent-workspace/builds/worker-7-tc1/source:/opt/rustwide/workdir:ro,Z" "-v" "/var/lib/crater-agent-workspace/cargo-home:/opt/rustwide/cargo-home:ro,Z" "-v" "/var/lib/crater-agent-workspace/rustup-home:/opt/rustwide/rustup-home:ro,Z" "-e" "SOURCE_DIR=/opt/rustwide/workdir" "-e" "CARGO_TARGET_DIR=/opt/rustwide/target" "-e" "CARGO_INCREMENTAL=0" "-e" "RUST_BACKTRACE=full" "-e" "RUSTFLAGS=--cap-lints=forbid" "-e" "RUSTDOCFLAGS=--cap-lints=forbid" "-e" "CARGO_HOME=/opt/rustwide/cargo-home" "-e" "RUSTUP_HOME=/opt/rustwide/rustup-home" "-w" "/opt/rustwide/workdir" "-m" "1610612736" "--user" "0:0" "--network" "none" "ghcr.io/rust-lang/crates-build-env/linux@sha256:4a844ea9eb2546a2d2c7022eacef16ef2e8229c7fbb2c7d4d55a9ceca922f72d" "/opt/rustwide/cargo-home/bin/cargo" "+nightly-2024-10-28" "test" "--frozen", kill_on_drop: false }`
[INFO] [stdout] d39a72720ea330054c0ebaed1c1c3dd5d3425027b9dc13c599764ccbe6fcda4e
[INFO] running `Command { std: "docker" "start" "-a" "d39a72720ea330054c0ebaed1c1c3dd5d3425027b9dc13c599764ccbe6fcda4e", kill_on_drop: false }`
[INFO] [stderr] warning: unused import: `super::*`
[INFO] [stderr]    --> anyhow-http/src/response.rs:108:9
[INFO] [stderr]     |
[INFO] [stderr] 108 |     use super::*;
[INFO] [stderr]     |         ^^^^^^^^
[INFO] [stderr]     |
[INFO] [stderr]     = note: `#[warn(unused_imports)]` on by default
[INFO] [stderr] 
[INFO] [stderr] warning: unused import: `crate::http_error`
[INFO] [stderr]    --> anyhow-http/src/response.rs:109:9
[INFO] [stderr]     |
[INFO] [stderr] 109 |     use crate::http_error;
[INFO] [stderr]     |         ^^^^^^^^^^^^^^^^^
[INFO] [stderr] 
[INFO] [stderr] warning: unused import: `http::StatusCode`
[INFO] [stderr]    --> anyhow-http/src/response.rs:110:9
[INFO] [stderr]     |
[INFO] [stderr] 110 |     use http::StatusCode;
[INFO] [stderr]     |         ^^^^^^^^^^^^^^^^
[INFO] [stderr] 
[INFO] [stderr] warning: `anyhow-http` (lib test) generated 3 warnings (run `cargo fix --lib -p anyhow-http --tests` to apply 3 suggestions)
[INFO] [stderr]     Finished `test` profile [unoptimized + debuginfo] target(s) in 0.05s
[INFO] [stderr]      Running unittests src/lib.rs (/opt/rustwide/target/debug/deps/anyhow_http-b2d9734800cb7846)
[INFO] [stdout] 
[INFO] [stdout] running 25 tests
[INFO] [stdout] test extension::tests::http_err_ext_option ... ok
[INFO] [stdout] test extension::tests::http_err_ext_result_map_http_error ... ok
[INFO] [stdout] test extension::tests::http_err_ext_result_map_status ... ok
[INFO] [stdout] test http_error::tests::http_error_anyhow_downcast ... ok
[INFO] [stdout] test http_error::tests::http_error_data ... ok
[INFO] [stdout] test http_error::tests::http_error_default ... ok
[INFO] [stdout] test http_error::tests::http_error_from_custom_impl_try ... ok
[INFO] [stdout] test http_error::tests::http_error_display ... ok
[INFO] [stdout] test http_error::tests::http_error_from_static ... ok
[INFO] [stdout] test http_error::tests::http_error_from_err ... ok
[INFO] [stdout] test http_error::tests::http_error_from_status_code ... ok
[INFO] [stdout] test http_error::tests::http_error_new_const ... ok
[INFO] [stdout] test http_error::tests::http_error_with_data ... ok
[INFO] [stdout] test http_error::tests::http_error_with_dyn_source_error ... ok
[INFO] [stdout] test http_error::tests::http_error_with_reason ... ok
[INFO] [stdout] test http_error::tests::http_error_with_source_error ... ok
[INFO] [stdout] test http_error::tests::http_error_with_source_context ... ok
[INFO] [stdout] test http_error::tests::http_error_into_anyhow ... ok
[INFO] [stdout] test http_error::tests::http_error_with_status_code ... ok
[INFO] [stdout] test macros::tests::http_error_bridge ... ok
[INFO] [stdout] test macros::tests::http_error_only_reason ... ok
[INFO] [stdout] test macros::tests::http_error_static ... ok
[INFO] [stdout] test macros::tests::http_error_status_code ... ok
[INFO] [stdout] test macros::tests::http_error_status_and_source ... ok
[INFO] [stdout] test macros::tests::http_error_status_source_and_format ... ok
[INFO] [stdout] 
[INFO] [stdout] test result: ok. 25 passed; 0 failed; 0 ignored; 0 measured; 0 filtered out; finished in 0.00s
[INFO] [stdout] 
[INFO] [stderr]      Running unittests src/lib.rs (/opt/rustwide/target/debug/deps/anyhow_http_derive-4e308aa2724d6cf3)
[INFO] [stdout] 
[INFO] [stdout] running 0 tests
[INFO] [stdout] 
[INFO] [stdout] test result: ok. 0 passed; 0 failed; 0 ignored; 0 measured; 0 filtered out; finished in 0.00s
[INFO] [stdout] 
[INFO] [stderr]      Running tests/derive_http_error.rs (/opt/rustwide/target/debug/deps/derive_http_error-dadbb81765daebe0)
[INFO] [stdout] 
[INFO] [stdout] running 4 tests
[INFO] [stdout] test derive_enum_from ... ok
[INFO] [stdout] test derive_enum_named_with_source ... ok
[INFO] [stdout] test derive_enum_transparent ... ok
[INFO] [stdout] test derive_enum_unnamed_with_source ... ok
[INFO] [stdout] 
[INFO] [stdout] test result: ok. 4 passed; 0 failed; 0 ignored; 0 measured; 0 filtered out; finished in 0.00s
[INFO] [stdout] 
[INFO] [stderr]    Doc-tests anyhow_http
[INFO] [stdout] 
[INFO] [stdout] running 8 tests
[INFO] [stdout] test anyhow-http/src/lib.rs - (line 9) - compile ... FAILED
[INFO] [stdout] test anyhow-http/src/http_error.rs - http_error::HttpError::from_static (line 85) ... ok
[INFO] [stdout] test anyhow-http/src/macros.rs - macros::http_error_bail (line 40) ... ok
[INFO] [stdout] test anyhow-http/src/macros.rs - macros::http_error (line 3) ... ok
[INFO] [stdout] test anyhow-http/src/extension.rs - extension::OptionExt::ok_or_status (line 88) ... ok
[INFO] [stdout] test anyhow-http/src/extension.rs - extension::ResultExt::map_status (line 15) ... ok
[INFO] [stdout] test anyhow-http/src/extension.rs - extension::ResultExt::map_http_error (line 31) ... ok
[INFO] [stdout] test anyhow-http/src/http_error.rs - http_error::HttpError::with_data (line 150) ... ok
[INFO] [stdout] 
[INFO] [stdout] failures:
[INFO] [stdout] 
[INFO] [stdout] ---- anyhow-http/src/lib.rs - (line 9) stdout ----
[INFO] [stdout] error[E0432]: unresolved import `anyhow_http::response::HttpJsonResult`
[INFO] [stdout]   --> anyhow-http/src/lib.rs:16:36
[INFO] [stdout]    |
[INFO] [stdout] 9  | use anyhow_http::{http_error_bail, response::HttpJsonResult};
[INFO] [stdout]    |                                    ^^^^^^^^^^--------------
[INFO] [stdout]    |                                    |         |
[INFO] [stdout]    |                                    |         help: a similar name exists in the module: `HttpResult`
[INFO] [stdout]    |                                    no `HttpJsonResult` in `response`
[INFO] [stdout]    |
[INFO] [stdout] note: found an item that was configured out
[INFO] [stdout]   --> /opt/rustwide/workdir/anyhow-http/src/response.rs:63:10
[INFO] [stdout]    |
[INFO] [stdout] 63 | pub type HttpJsonResult<T> = core::result::Result<T, HttpJsonErrorResponse>;
[INFO] [stdout]    |          ^^^^^^^^^^^^^^
[INFO] [stdout] note: the item is gated behind the `json` feature
[INFO] [stdout]   --> /opt/rustwide/workdir/anyhow-http/src/response.rs:61:7
[INFO] [stdout]    |
[INFO] [stdout] 61 | #[cfg(feature = "json")]
[INFO] [stdout]    |       ^^^^^^^^^^^^^^^^
[INFO] [stdout] 
[INFO] [stdout] error[E0277]: the trait bound `fn() -> impl Future<Output = {type error}> {handler}: Handler<_, _>` is not satisfied
[INFO] [stdout]    --> anyhow-http/src/lib.rs:21:25
[INFO] [stdout]     |
[INFO] [stdout] 14  |         .route("/", get(handler));
[INFO] [stdout]     |                     --- ^^^^^^^ the trait `Handler<_, _>` is not implemented for fn item `fn() -> impl Future<Output = {type error}> {handler}`
[INFO] [stdout]     |                     |
[INFO] [stdout]     |                     required by a bound introduced by this call
[INFO] [stdout]     |
[INFO] [stdout]     = note: Consider using `#[axum::debug_handler]` to improve the error message
[INFO] [stdout]     = help: the following other types implement trait `Handler<T, S>`:
[INFO] [stdout]               `Layered<L, H, T, S>` implements `Handler<T, S>`
[INFO] [stdout]               `MethodRouter<S>` implements `Handler<(), S>`
[INFO] [stdout] note: required by a bound in `axum::routing::get`
[INFO] [stdout]    --> /opt/rustwide/cargo-home/registry/src/index.crates.io-6f17d22bba15001f/axum-0.7.5/src/routing/method_routing.rs:385:1
[INFO] [stdout]     |
[INFO] [stdout] 385 | top_level_handler_fn!(get, GET);
[INFO] [stdout]     | ^^^^^^^^^^^^^^^^^^^^^^---^^^^^^
[INFO] [stdout]     | |                     |
[INFO] [stdout]     | |                     required by a bound in this function
[INFO] [stdout]     | required by this bound in `get`
[INFO] [stdout]     = note: this error originates in the macro `top_level_handler_fn` (in Nightly builds, run with -Z macro-backtrace for more info)
[INFO] [stdout] 
[INFO] [stdout] error: aborting due to 2 previous errors
[INFO] [stdout] 
[INFO] [stdout] Some errors have detailed explanations: E0277, E0432.
[INFO] [stdout] For more information about an error, try `rustc --explain E0277`.
[INFO] [stdout] Couldn't compile the test.
[INFO] [stdout] 
[INFO] [stdout] failures:
[INFO] [stdout]     anyhow-http/src/lib.rs - (line 9)
[INFO] [stdout] 
[INFO] [stdout] test result: FAILED. 7 passed; 1 failed; 0 ignored; 0 measured; 0 filtered out; finished in 0.17s
[INFO] [stdout] 
[INFO] [stderr] error: doctest failed, to rerun pass `-p anyhow-http --doc`
[INFO] running `Command { std: "docker" "inspect" "d39a72720ea330054c0ebaed1c1c3dd5d3425027b9dc13c599764ccbe6fcda4e", kill_on_drop: false }`
[INFO] running `Command { std: "docker" "rm" "-f" "d39a72720ea330054c0ebaed1c1c3dd5d3425027b9dc13c599764ccbe6fcda4e", kill_on_drop: false }`
[INFO] [stdout] d39a72720ea330054c0ebaed1c1c3dd5d3425027b9dc13c599764ccbe6fcda4e
