[INFO] cloning repository https://github.com/hdbg/proxied
[INFO] running `Command { std: "git" "-c" "credential.helper=" "-c" "credential.helper=/workspace/cargo-home/bin/git-credential-null" "clone" "--bare" "https://github.com/hdbg/proxied" "/workspace/cache/git-repos/https%3A%2F%2Fgithub.com%2Fhdbg%2Fproxied", kill_on_drop: false }`
[INFO] [stderr] Cloning into bare repository '/workspace/cache/git-repos/https%3A%2F%2Fgithub.com%2Fhdbg%2Fproxied'...
[INFO] running `Command { std: "git" "rev-parse" "HEAD", kill_on_drop: false }`
[INFO] [stdout] d95f547f5234671f75af4a921e438bf7c205cd75
[INFO] testing hdbg/proxied against nightly-2024-10-28+rustflags=-Zrandomize-layout for randomize-layout
[INFO] running `Command { std: "git" "clone" "/workspace/cache/git-repos/https%3A%2F%2Fgithub.com%2Fhdbg%2Fproxied" "/workspace/builds/worker-4-tc2/source", kill_on_drop: false }`
[INFO] [stderr] Cloning into '/workspace/builds/worker-4-tc2/source'...
[INFO] [stderr] done.
[INFO] validating manifest of git repo https://github.com/hdbg/proxied on toolchain nightly-2024-10-28
[INFO] running `Command { std: CARGO_HOME="/workspace/cargo-home" RUSTUP_HOME="/workspace/rustup-home" "/workspace/cargo-home/bin/cargo" "+nightly-2024-10-28" "metadata" "--manifest-path" "Cargo.toml" "--no-deps", kill_on_drop: false }`
[INFO] started tweaking git repo https://github.com/hdbg/proxied
[INFO] finished tweaking git repo https://github.com/hdbg/proxied
[INFO] tweaked toml for git repo https://github.com/hdbg/proxied written to /workspace/builds/worker-4-tc2/source/Cargo.toml
[INFO] crate git repo https://github.com/hdbg/proxied already has a lockfile, it will not be regenerated
[INFO] running `Command { std: CARGO_HOME="/workspace/cargo-home" RUSTUP_HOME="/workspace/rustup-home" "/workspace/cargo-home/bin/cargo" "+nightly-2024-10-28" "fetch" "--manifest-path" "Cargo.toml", kill_on_drop: false }`
[INFO] [stderr]     Blocking waiting for file lock on package cache
[INFO] running `Command { std: "docker" "create" "-v" "/var/lib/crater-agent-workspace/builds/worker-4-tc2/target:/opt/rustwide/target:rw,Z" "-v" "/var/lib/crater-agent-workspace/builds/worker-4-tc2/source:/opt/rustwide/workdir:ro,Z" "-v" "/var/lib/crater-agent-workspace/cargo-home:/opt/rustwide/cargo-home:ro,Z" "-v" "/var/lib/crater-agent-workspace/rustup-home:/opt/rustwide/rustup-home:ro,Z" "-e" "SOURCE_DIR=/opt/rustwide/workdir" "-e" "CARGO_TARGET_DIR=/opt/rustwide/target" "-e" "CARGO_HOME=/opt/rustwide/cargo-home" "-e" "RUSTUP_HOME=/opt/rustwide/rustup-home" "-w" "/opt/rustwide/workdir" "-m" "1610612736" "--user" "0:0" "--network" "none" "ghcr.io/rust-lang/crates-build-env/linux@sha256:4a844ea9eb2546a2d2c7022eacef16ef2e8229c7fbb2c7d4d55a9ceca922f72d" "/opt/rustwide/cargo-home/bin/cargo" "+nightly-2024-10-28" "metadata" "--no-deps" "--format-version=1", kill_on_drop: false }`
[INFO] [stdout] a1a0cc1a136c39652bb02246a9bff04d1721c74b3f46faeb62e915a99303ba13
[INFO] running `Command { std: "docker" "start" "-a" "a1a0cc1a136c39652bb02246a9bff04d1721c74b3f46faeb62e915a99303ba13", kill_on_drop: false }`
[INFO] running `Command { std: "docker" "inspect" "a1a0cc1a136c39652bb02246a9bff04d1721c74b3f46faeb62e915a99303ba13", kill_on_drop: false }`
[INFO] running `Command { std: "docker" "rm" "-f" "a1a0cc1a136c39652bb02246a9bff04d1721c74b3f46faeb62e915a99303ba13", kill_on_drop: false }`
[INFO] [stdout] a1a0cc1a136c39652bb02246a9bff04d1721c74b3f46faeb62e915a99303ba13
[INFO] running `Command { std: "docker" "create" "-v" "/var/lib/crater-agent-workspace/builds/worker-4-tc2/target:/opt/rustwide/target:rw,Z" "-v" "/var/lib/crater-agent-workspace/builds/worker-4-tc2/source:/opt/rustwide/workdir:ro,Z" "-v" "/var/lib/crater-agent-workspace/cargo-home:/opt/rustwide/cargo-home:ro,Z" "-v" "/var/lib/crater-agent-workspace/rustup-home:/opt/rustwide/rustup-home:ro,Z" "-e" "SOURCE_DIR=/opt/rustwide/workdir" "-e" "CARGO_TARGET_DIR=/opt/rustwide/target" "-e" "CARGO_INCREMENTAL=0" "-e" "RUST_BACKTRACE=full" "-e" "RUSTFLAGS=--cap-lints=forbid -Zrandomize-layout" "-e" "RUSTDOCFLAGS=--cap-lints=forbid" "-e" "CARGO_HOME=/opt/rustwide/cargo-home" "-e" "RUSTUP_HOME=/opt/rustwide/rustup-home" "-w" "/opt/rustwide/workdir" "-m" "1610612736" "--user" "0:0" "--network" "none" "ghcr.io/rust-lang/crates-build-env/linux@sha256:4a844ea9eb2546a2d2c7022eacef16ef2e8229c7fbb2c7d4d55a9ceca922f72d" "/opt/rustwide/cargo-home/bin/cargo" "+nightly-2024-10-28" "build" "--frozen" "--message-format=json", kill_on_drop: false }`
[INFO] [stdout] cd3d3daec2426c8fbc02ef2617d7a49f10314a21cf96170db044f21d96b1f8b4
[INFO] running `Command { std: "docker" "start" "-a" "cd3d3daec2426c8fbc02ef2617d7a49f10314a21cf96170db044f21d96b1f8b4", kill_on_drop: false }`
[INFO] [stderr]    Compiling proc-macro2 v1.0.82
[INFO] [stderr]    Compiling libc v0.2.155
[INFO] [stderr]    Compiling pin-project-lite v0.2.14
[INFO] [stderr]    Compiling thiserror v1.0.63
[INFO] [stderr]    Compiling bytes v1.6.0
[INFO] [stderr]    Compiling anyhow v1.0.86
[INFO] [stderr]    Compiling httparse v1.9.4
[INFO] [stderr]    Compiling futures-core v0.3.30
[INFO] [stderr]    Compiling serde v1.0.202
[INFO] [stderr]    Compiling log v0.4.22
[INFO] [stderr]    Compiling base64 v0.13.1
[INFO] [stderr]    Compiling uri v0.4.0
[INFO] [stderr]    Compiling quote v1.0.36
[INFO] [stderr]    Compiling syn v2.0.63
[INFO] [stderr]    Compiling mio v0.8.11
[INFO] [stderr]    Compiling socket2 v0.5.7
[INFO] [stderr]    Compiling tokio-macros v2.3.0
[INFO] [stderr]    Compiling thiserror-impl v1.0.63
[INFO] [stderr]    Compiling async-trait v0.1.80
[INFO] [stderr]    Compiling serde_derive v1.0.202
[INFO] [stderr]    Compiling tokio v1.38.0
[INFO] [stderr]    Compiling tokio-stream v0.1.15
[INFO] [stderr]    Compiling async-http-proxy v1.2.5
[INFO] [stderr]    Compiling fast-socks5 v0.9.6
[INFO] [stderr]    Compiling proxied v0.3.6 (/opt/rustwide/workdir)
[INFO] [stderr]     Finished `dev` profile [unoptimized + debuginfo] target(s) in 7.77s
[INFO] running `Command { std: "docker" "inspect" "cd3d3daec2426c8fbc02ef2617d7a49f10314a21cf96170db044f21d96b1f8b4", kill_on_drop: false }`
[INFO] running `Command { std: "docker" "rm" "-f" "cd3d3daec2426c8fbc02ef2617d7a49f10314a21cf96170db044f21d96b1f8b4", kill_on_drop: false }`
[INFO] [stdout] cd3d3daec2426c8fbc02ef2617d7a49f10314a21cf96170db044f21d96b1f8b4
[INFO] running `Command { std: "docker" "create" "-v" "/var/lib/crater-agent-workspace/builds/worker-4-tc2/target:/opt/rustwide/target:rw,Z" "-v" "/var/lib/crater-agent-workspace/builds/worker-4-tc2/source:/opt/rustwide/workdir:ro,Z" "-v" "/var/lib/crater-agent-workspace/cargo-home:/opt/rustwide/cargo-home:ro,Z" "-v" "/var/lib/crater-agent-workspace/rustup-home:/opt/rustwide/rustup-home:ro,Z" "-e" "SOURCE_DIR=/opt/rustwide/workdir" "-e" "CARGO_TARGET_DIR=/opt/rustwide/target" "-e" "CARGO_INCREMENTAL=0" "-e" "RUST_BACKTRACE=full" "-e" "RUSTFLAGS=--cap-lints=forbid -Zrandomize-layout" "-e" "RUSTDOCFLAGS=--cap-lints=forbid" "-e" "CARGO_HOME=/opt/rustwide/cargo-home" "-e" "RUSTUP_HOME=/opt/rustwide/rustup-home" "-w" "/opt/rustwide/workdir" "-m" "1610612736" "--user" "0:0" "--network" "none" "ghcr.io/rust-lang/crates-build-env/linux@sha256:4a844ea9eb2546a2d2c7022eacef16ef2e8229c7fbb2c7d4d55a9ceca922f72d" "/opt/rustwide/cargo-home/bin/cargo" "+nightly-2024-10-28" "test" "--frozen" "--no-run" "--message-format=json", kill_on_drop: false }`
[INFO] [stdout] fee4e9b1a6e58bb2adadb436e672e0268c1fb9bf8e6c2a5c7594df0fd723b1d2
[INFO] running `Command { std: "docker" "start" "-a" "fee4e9b1a6e58bb2adadb436e672e0268c1fb9bf8e6c2a5c7594df0fd723b1d2", kill_on_drop: false }`
[INFO] [stderr]    Compiling syn v2.0.63
[INFO] [stderr]    Compiling autocfg v1.3.0
[INFO] [stderr]    Compiling smallvec v1.13.2
[INFO] [stderr]    Compiling parking_lot_core v0.9.10
[INFO] [stderr]    Compiling scopeguard v1.2.0
[INFO] [stderr]    Compiling once_cell v1.19.0
[INFO] [stderr]    Compiling log v0.4.22
[INFO] [stderr]    Compiling futures-sink v0.3.30
[INFO] [stderr]    Compiling futures-task v0.3.30
[INFO] [stderr]    Compiling memchr v2.7.4
[INFO] [stderr]    Compiling futures-io v0.3.30
[INFO] [stderr]    Compiling pin-utils v0.1.0
[INFO] [stderr]    Compiling num_cpus v1.16.0
[INFO] [stderr]    Compiling signal-hook-registry v1.4.2
[INFO] [stderr]    Compiling lazy_static v1.5.0
[INFO] [stderr]    Compiling overload v0.1.1
[INFO] [stderr]    Compiling futures-channel v0.3.30
[INFO] [stderr]    Compiling nu-ansi-term v0.46.0
[INFO] [stderr]    Compiling sharded-slab v0.1.7
[INFO] [stderr]    Compiling tracing-core v0.1.32
[INFO] [stderr]    Compiling thread_local v1.1.8
[INFO] [stderr]    Compiling lock_api v0.4.12
[INFO] [stderr]    Compiling slab v0.4.9
[INFO] [stderr]    Compiling tracing-log v0.2.0
[INFO] [stderr]    Compiling parking_lot v0.12.3
[INFO] [stderr]    Compiling tracing-subscriber v0.3.18
[INFO] [stderr]    Compiling tokio-macros v2.3.0
[INFO] [stderr]    Compiling thiserror-impl v1.0.63
[INFO] [stderr]    Compiling futures-macro v0.3.30
[INFO] [stderr]    Compiling serde_derive v1.0.202
[INFO] [stderr]    Compiling async-trait v0.1.80
[INFO] [stderr]    Compiling tracing-attributes v0.1.27
[INFO] [stderr]    Compiling tokio v1.38.0
[INFO] [stderr]    Compiling futures-util v0.3.30
[INFO] [stderr]    Compiling thiserror v1.0.63
[INFO] [stderr]    Compiling tracing v0.1.40
[INFO] [stderr]    Compiling serde v1.0.202
[INFO] [stderr]    Compiling futures-executor v0.3.30
[INFO] [stderr]    Compiling futures v0.3.30
[INFO] [stderr]    Compiling tokio-stream v0.1.15
[INFO] [stderr]    Compiling async-http-proxy v1.2.5
[INFO] [stderr]    Compiling fast-socks5 v0.9.6
[INFO] [stderr]    Compiling proxied v0.3.6 (/opt/rustwide/workdir)
[INFO] [stdout] warning: unused import: `ops::Deref`
[INFO] [stdout]  --> tests/test_socks5.rs:8:32
[INFO] [stdout]   |
[INFO] [stdout] 8 | use std::{convert::Infallible, ops::Deref, sync::LazyLock};
[INFO] [stdout]   |                                ^^^^^^^^^^
[INFO] [stdout]   |
[INFO] [stdout]   = note: `#[warn(unused_imports)]` on by default
[INFO] [stdout] 
[INFO] [stdout] 
[INFO] [stdout] warning: unused import: `task::JoinSet`
[INFO] [stdout]   --> tests/test_socks5.rs:11:5
[INFO] [stdout]    |
[INFO] [stdout] 11 |     task::JoinSet,
[INFO] [stdout]    |     ^^^^^^^^^^^^^
[INFO] [stdout] 
[INFO] [stdout] 
[INFO] [stdout] warning: variant `NoAuth` is never constructed
[INFO] [stdout]   --> tests/test_socks5.rs:33:5
[INFO] [stdout]    |
[INFO] [stdout] 32 | enum AuthMode {
[INFO] [stdout]    |      -------- variant in this enum
[INFO] [stdout] 33 |     NoAuth,
[INFO] [stdout]    |     ^^^^^^
[INFO] [stdout]    |
[INFO] [stdout]    = note: `AuthMode` has a derived impl for the trait `Debug`, but this is intentionally ignored during dead code analysis
[INFO] [stdout]    = note: `#[warn(dead_code)]` on by default
[INFO] [stdout] 
[INFO] [stdout] 
[INFO] [stdout] warning: variable `VERIFICATION_SLICE` should have a snake case name
[INFO] [stdout]    --> tests/test_socks5.rs:143:9
[INFO] [stdout]     |
[INFO] [stdout] 143 |     let VERIFICATION_SLICE: &[u8] = &[1, 2, 3, 4, 5, 6, 7, 8, 9, 10];
[INFO] [stdout]     |         ^^^^^^^^^^^^^^^^^^ help: convert the identifier to snake case: `verification_slice`
[INFO] [stdout]     |
[INFO] [stdout]     = note: `#[warn(non_snake_case)]` on by default
[INFO] [stdout] 
[INFO] [stdout] 
[INFO] [stderr]     Finished `test` profile [unoptimized + debuginfo] target(s) in 8.42s
[INFO] running `Command { std: "docker" "inspect" "fee4e9b1a6e58bb2adadb436e672e0268c1fb9bf8e6c2a5c7594df0fd723b1d2", kill_on_drop: false }`
[INFO] running `Command { std: "docker" "rm" "-f" "fee4e9b1a6e58bb2adadb436e672e0268c1fb9bf8e6c2a5c7594df0fd723b1d2", kill_on_drop: false }`
[INFO] [stdout] fee4e9b1a6e58bb2adadb436e672e0268c1fb9bf8e6c2a5c7594df0fd723b1d2
[INFO] running `Command { std: "docker" "create" "-v" "/var/lib/crater-agent-workspace/builds/worker-4-tc2/target:/opt/rustwide/target:rw,Z" "-v" "/var/lib/crater-agent-workspace/builds/worker-4-tc2/source:/opt/rustwide/workdir:ro,Z" "-v" "/var/lib/crater-agent-workspace/cargo-home:/opt/rustwide/cargo-home:ro,Z" "-v" "/var/lib/crater-agent-workspace/rustup-home:/opt/rustwide/rustup-home:ro,Z" "-e" "SOURCE_DIR=/opt/rustwide/workdir" "-e" "CARGO_TARGET_DIR=/opt/rustwide/target" "-e" "CARGO_INCREMENTAL=0" "-e" "RUST_BACKTRACE=full" "-e" "RUSTFLAGS=--cap-lints=forbid -Zrandomize-layout" "-e" "RUSTDOCFLAGS=--cap-lints=forbid" "-e" "CARGO_HOME=/opt/rustwide/cargo-home" "-e" "RUSTUP_HOME=/opt/rustwide/rustup-home" "-w" "/opt/rustwide/workdir" "-m" "1610612736" "--user" "0:0" "--network" "none" "ghcr.io/rust-lang/crates-build-env/linux@sha256:4a844ea9eb2546a2d2c7022eacef16ef2e8229c7fbb2c7d4d55a9ceca922f72d" "/opt/rustwide/cargo-home/bin/cargo" "+nightly-2024-10-28" "test" "--frozen", kill_on_drop: false }`
[INFO] [stdout] 79aee64c0ba10ceb92c6032d1098aacc324dfaebe4e0048e5c9fa67e01ef1515
[INFO] running `Command { std: "docker" "start" "-a" "79aee64c0ba10ceb92c6032d1098aacc324dfaebe4e0048e5c9fa67e01ef1515", kill_on_drop: false }`
[INFO] [stderr] warning: unused import: `ops::Deref`
[INFO] [stderr]  --> tests/test_socks5.rs:8:32
[INFO] [stderr]   |
[INFO] [stderr] 8 | use std::{convert::Infallible, ops::Deref, sync::LazyLock};
[INFO] [stderr]   |                                ^^^^^^^^^^
[INFO] [stderr]   |
[INFO] [stderr]   = note: `#[warn(unused_imports)]` on by default
[INFO] [stderr] 
[INFO] [stderr] warning: unused import: `task::JoinSet`
[INFO] [stderr]   --> tests/test_socks5.rs:11:5
[INFO] [stderr]    |
[INFO] [stderr] 11 |     task::JoinSet,
[INFO] [stderr]    |     ^^^^^^^^^^^^^
[INFO] [stderr] 
[INFO] [stderr] warning: variant `NoAuth` is never constructed
[INFO] [stderr]   --> tests/test_socks5.rs:33:5
[INFO] [stderr]    |
[INFO] [stderr] 32 | enum AuthMode {
[INFO] [stderr]    |      -------- variant in this enum
[INFO] [stderr] 33 |     NoAuth,
[INFO] [stderr]    |     ^^^^^^
[INFO] [stderr]    |
[INFO] [stderr]    = note: `AuthMode` has a derived impl for the trait `Debug`, but this is intentionally ignored during dead code analysis
[INFO] [stderr]    = note: `#[warn(dead_code)]` on by default
[INFO] [stderr] 
[INFO] [stderr] warning: variable `VERIFICATION_SLICE` should have a snake case name
[INFO] [stderr]    --> tests/test_socks5.rs:143:9
[INFO] [stderr]     |
[INFO] [stderr] 143 |     let VERIFICATION_SLICE: &[u8] = &[1, 2, 3, 4, 5, 6, 7, 8, 9, 10];
[INFO] [stderr]     |         ^^^^^^^^^^^^^^^^^^ help: convert the identifier to snake case: `verification_slice`
[INFO] [stderr]     |
[INFO] [stderr]     = note: `#[warn(non_snake_case)]` on by default
[INFO] [stderr] 
[INFO] [stderr] warning: `proxied` (test "test_socks5") generated 4 warnings (run `cargo fix --test "test_socks5"` to apply 2 suggestions)
[INFO] [stderr]     Finished `test` profile [unoptimized + debuginfo] target(s) in 0.04s
[INFO] [stderr]      Running unittests src/lib.rs (/opt/rustwide/target/debug/deps/proxied-21004ea324a091cf)
[INFO] [stdout] 
[INFO] [stdout] running 0 tests
[INFO] [stdout] 
[INFO] [stdout] test result: ok. 0 passed; 0 failed; 0 ignored; 0 measured; 0 filtered out; finished in 0.00s
[INFO] [stdout] 
[INFO] [stderr]      Running tests/test_socks5.rs (/opt/rustwide/target/debug/deps/test_socks5-11241708b41c38bd)
[INFO] [stdout] 
[INFO] [stdout] running 1 test
[INFO] [stdout] [2m2024-11-03T22:06:25.842621Z[0m [32m INFO[0m [2mtest_socks5[0m[2m:[0m Simple auth system has been set.
[INFO] [stdout] [2m2024-11-03T22:06:25.842681Z[0m [32m INFO[0m [2mtest_socks5[0m[2m:[0m Listen for socks connections @ 127.0.0.1:1034
[INFO] [stdout] test test_socks5_password ... FAILED
[INFO] [stdout] 
[INFO] [stdout] failures:
[INFO] [stdout] 
[INFO] [stdout] ---- test_socks5_password stdout ----
[INFO] [stdout] thread 'test_socks5_password' panicked at tests/test_socks5.rs:138:10:
[INFO] [stdout] called `Result::unwrap()` on an `Err` value: IO(Os { code: 111, kind: ConnectionRefused, message: "Connection refused" })
[INFO] [stdout] stack backtrace:
[INFO] [stdout]    0:     0x571d111bdd9a - std::backtrace_rs::backtrace::libunwind::trace::h207520d6e9873551
[INFO] [stdout]                                at /rustc/df4ca44d3fbc9301ee17f30f4d474e6ae4b05252/library/std/src/../../backtrace/src/backtrace/libunwind.rs:116:5
[INFO] [stdout]    1:     0x571d111bdd9a - std::backtrace_rs::backtrace::trace_unsynchronized::h2ed7433f370e3eca
[INFO] [stdout]                                at /rustc/df4ca44d3fbc9301ee17f30f4d474e6ae4b05252/library/std/src/../../backtrace/src/backtrace/mod.rs:66:5
[INFO] [stdout]    2:     0x571d111bdd9a - std::sys::backtrace::_print_fmt::h916fac51166b18d7
[INFO] [stdout]                                at /rustc/df4ca44d3fbc9301ee17f30f4d474e6ae4b05252/library/std/src/sys/backtrace.rs:66:9
[INFO] [stdout]    3:     0x571d111bdd9a - <std::sys::backtrace::BacktraceLock::print::DisplayBacktrace as core::fmt::Display>::fmt::ha0a4c9b8ce3802e6
[INFO] [stdout]                                at /rustc/df4ca44d3fbc9301ee17f30f4d474e6ae4b05252/library/std/src/sys/backtrace.rs:39:26
[INFO] [stdout]    4:     0x571d111e85e3 - core::fmt::rt::Argument::fmt::h4cfc8587d52b3eb5
[INFO] [stdout]                                at /rustc/df4ca44d3fbc9301ee17f30f4d474e6ae4b05252/library/core/src/fmt/rt.rs:177:76
[INFO] [stdout]    5:     0x571d111e85e3 - core::fmt::write::h522cc39e5b36ae9f
[INFO] [stdout]                                at /rustc/df4ca44d3fbc9301ee17f30f4d474e6ae4b05252/library/core/src/fmt/mod.rs:1190:21
[INFO] [stdout]    6:     0x571d111b9bf3 - std::io::Write::write_fmt::h7d3c26752da97734
[INFO] [stdout]                                at /rustc/df4ca44d3fbc9301ee17f30f4d474e6ae4b05252/library/std/src/io/mod.rs:1839:15
[INFO] [stdout]    7:     0x571d111bdbe2 - std::sys::backtrace::BacktraceLock::print::h4b9e00b29e9c0942
[INFO] [stdout]                                at /rustc/df4ca44d3fbc9301ee17f30f4d474e6ae4b05252/library/std/src/sys/backtrace.rs:42:9
[INFO] [stdout]    8:     0x571d111bf22a - std::panicking::default_hook::{{closure}}::hb59b88280d0324d9
[INFO] [stdout]                                at /rustc/df4ca44d3fbc9301ee17f30f4d474e6ae4b05252/library/std/src/panicking.rs:268:22
[INFO] [stdout]    9:     0x571d111bf034 - std::panicking::default_hook::he1dd496665be4a29
[INFO] [stdout]                                at /rustc/df4ca44d3fbc9301ee17f30f4d474e6ae4b05252/library/std/src/panicking.rs:292:9
[INFO] [stdout]   10:     0x571d11086169 - <alloc::boxed::Box<F,A> as core::ops::function::Fn<Args>>::call::h4ff71de18744e1dc
[INFO] [stdout]                                at /rustc/df4ca44d3fbc9301ee17f30f4d474e6ae4b05252/library/alloc/src/boxed.rs:2468:9
[INFO] [stdout]   11:     0x571d11086169 - test::test_main::{{closure}}::hcf7c055ce117aa81
[INFO] [stdout]                                at /rustc/df4ca44d3fbc9301ee17f30f4d474e6ae4b05252/library/test/src/lib.rs:133:21
[INFO] [stdout]   12:     0x571d111bf928 - <alloc::boxed::Box<F,A> as core::ops::function::Fn<Args>>::call::h1d66c6bbd60c9692
[INFO] [stdout]                                at /rustc/df4ca44d3fbc9301ee17f30f4d474e6ae4b05252/library/alloc/src/boxed.rs:2468:9
[INFO] [stdout]   13:     0x571d111bf928 - std::panicking::rust_panic_with_hook::h2ff17fe8f26dfcf8
[INFO] [stdout]                                at /rustc/df4ca44d3fbc9301ee17f30f4d474e6ae4b05252/library/std/src/panicking.rs:809:13
[INFO] [stdout]   14:     0x571d111bf6ea - std::panicking::begin_panic_handler::{{closure}}::h4fad77951c07e101
[INFO] [stdout]                                at /rustc/df4ca44d3fbc9301ee17f30f4d474e6ae4b05252/library/std/src/panicking.rs:674:13
[INFO] [stdout]   15:     0x571d111be279 - std::sys::backtrace::__rust_end_short_backtrace::hb1a25b3da5d0ea08
[INFO] [stdout]                                at /rustc/df4ca44d3fbc9301ee17f30f4d474e6ae4b05252/library/std/src/sys/backtrace.rs:170:18
[INFO] [stdout]   16:     0x571d111bf37c - rust_begin_unwind
[INFO] [stdout]                                at /rustc/df4ca44d3fbc9301ee17f30f4d474e6ae4b05252/library/std/src/panicking.rs:665:5
[INFO] [stdout]   17:     0x571d111e62b0 - core::panicking::panic_fmt::ha9db07b529f9b256
[INFO] [stdout]                                at /rustc/df4ca44d3fbc9301ee17f30f4d474e6ae4b05252/library/core/src/panicking.rs:75:14
[INFO] [stdout]   18:     0x571d111e6756 - core::result::unwrap_failed::h5e8218e4d4338b8a
[INFO] [stdout]                                at /rustc/df4ca44d3fbc9301ee17f30f4d474e6ae4b05252/library/core/src/result.rs:1698:5
[INFO] [stdout]   19:     0x571d10ff3e97 - core::result::Result<T,E>::unwrap::headad562ef07f121
[INFO] [stdout]                                at /rustc/df4ca44d3fbc9301ee17f30f4d474e6ae4b05252/library/core/src/result.rs:1103:23
[INFO] [stdout]   20:     0x571d10ff3e97 - test_socks5::test_socks5_password::{{closure}}::h0c877967c32875a2
[INFO] [stdout]                                at /opt/rustwide/workdir/tests/test_socks5.rs:132:26
[INFO] [stdout]   21:     0x571d10fee2b5 - <core::pin::Pin<P> as core::future::future::Future>::poll::h9b9495cd5c3fa757
[INFO] [stdout]                                at /rustc/df4ca44d3fbc9301ee17f30f4d474e6ae4b05252/library/core/src/future/future.rs:123:9
[INFO] [stdout]   22:     0x571d10fee26d - <core::pin::Pin<P> as core::future::future::Future>::poll::h98319b609b812ab1
[INFO] [stdout]                                at /rustc/df4ca44d3fbc9301ee17f30f4d474e6ae4b05252/library/core/src/future/future.rs:123:9
[INFO] [stdout]   23:     0x571d10fdeb3f - tokio::runtime::scheduler::current_thread::CoreGuard::block_on::{{closure}}::{{closure}}::{{closure}}::h9d9cc8e479a03ef7
[INFO] [stdout]                                at /opt/rustwide/cargo-home/registry/src/index.crates.io-6f17d22bba15001f/tokio-1.38.0/src/runtime/scheduler/current_thread/mod.rs:659:57
[INFO] [stdout]   24:     0x571d10fdea76 - tokio::runtime::coop::with_budget::h656838c96fdbad39
[INFO] [stdout]                                at /opt/rustwide/cargo-home/registry/src/index.crates.io-6f17d22bba15001f/tokio-1.38.0/src/runtime/coop.rs:107:5
[INFO] [stdout]   25:     0x571d10fdea76 - tokio::runtime::coop::budget::hed7b2b914cf48129
[INFO] [stdout]                                at /opt/rustwide/cargo-home/registry/src/index.crates.io-6f17d22bba15001f/tokio-1.38.0/src/runtime/coop.rs:73:5
[INFO] [stdout]   26:     0x571d10fdea76 - tokio::runtime::scheduler::current_thread::CoreGuard::block_on::{{closure}}::{{closure}}::hdd021b5112e2a31f
[INFO] [stdout]                                at /opt/rustwide/cargo-home/registry/src/index.crates.io-6f17d22bba15001f/tokio-1.38.0/src/runtime/scheduler/current_thread/mod.rs:659:25
[INFO] [stdout]   27:     0x571d10fdd406 - tokio::runtime::scheduler::current_thread::Context::enter::ha2b563e34c2b782b
[INFO] [stdout]                                at /opt/rustwide/cargo-home/registry/src/index.crates.io-6f17d22bba15001f/tokio-1.38.0/src/runtime/scheduler/current_thread/mod.rs:404:19
[INFO] [stdout]   28:     0x571d10fde24b - tokio::runtime::scheduler::current_thread::CoreGuard::block_on::{{closure}}::hd98f13ee71e4ffea
[INFO] [stdout]                                at /opt/rustwide/cargo-home/registry/src/index.crates.io-6f17d22bba15001f/tokio-1.38.0/src/runtime/scheduler/current_thread/mod.rs:658:36
[INFO] [stdout]   29:     0x571d10fddf8b - tokio::runtime::scheduler::current_thread::CoreGuard::enter::{{closure}}::he519c3a23f486eb8
[INFO] [stdout]                                at /opt/rustwide/cargo-home/registry/src/index.crates.io-6f17d22bba15001f/tokio-1.38.0/src/runtime/scheduler/current_thread/mod.rs:737:68
[INFO] [stdout]   30:     0x571d10fcb9da - tokio::runtime::context::scoped::Scoped<T>::set::hf088cfbfb1861ee5
[INFO] [stdout]                                at /opt/rustwide/cargo-home/registry/src/index.crates.io-6f17d22bba15001f/tokio-1.38.0/src/runtime/context/scoped.rs:40:9
[INFO] [stdout]   31:     0x571d10fbc84a - tokio::runtime::context::set_scheduler::{{closure}}::h8c94beec2c8dada0
[INFO] [stdout]                                at /opt/rustwide/cargo-home/registry/src/index.crates.io-6f17d22bba15001f/tokio-1.38.0/src/runtime/context.rs:180:26
[INFO] [stdout]   32:     0x571d10fe18f1 - std::thread::local::LocalKey<T>::try_with::hecb935ab6b6bcb3d
[INFO] [stdout]                                at /rustc/df4ca44d3fbc9301ee17f30f4d474e6ae4b05252/library/std/src/thread/local.rs:283:12
[INFO] [stdout]   33:     0x571d10fe0b9d - std::thread::local::LocalKey<T>::with::h51f7744557701388
[INFO] [stdout]                                at /rustc/df4ca44d3fbc9301ee17f30f4d474e6ae4b05252/library/std/src/thread/local.rs:260:9
[INFO] [stdout]   34:     0x571d10fbc7f1 - tokio::runtime::context::set_scheduler::h7bba9c03082f865e
[INFO] [stdout]                                at /opt/rustwide/cargo-home/registry/src/index.crates.io-6f17d22bba15001f/tokio-1.38.0/src/runtime/context.rs:180:9
[INFO] [stdout]   35:     0x571d10fddcfd - tokio::runtime::scheduler::current_thread::CoreGuard::enter::hbb56d6a734c4f586
[INFO] [stdout]                                at /opt/rustwide/cargo-home/registry/src/index.crates.io-6f17d22bba15001f/tokio-1.38.0/src/runtime/scheduler/current_thread/mod.rs:737:27
[INFO] [stdout]   36:     0x571d10fddfb3 - tokio::runtime::scheduler::current_thread::CoreGuard::block_on::hb7e2d6f1ebd9a65a
[INFO] [stdout]                                at /opt/rustwide/cargo-home/registry/src/index.crates.io-6f17d22bba15001f/tokio-1.38.0/src/runtime/scheduler/current_thread/mod.rs:646:19
[INFO] [stdout]   37:     0x571d10fdc453 - tokio::runtime::scheduler::current_thread::CurrentThread::block_on::{{closure}}::h6f77b2b7e668f60c
[INFO] [stdout]                                at /opt/rustwide/cargo-home/registry/src/index.crates.io-6f17d22bba15001f/tokio-1.38.0/src/runtime/scheduler/current_thread/mod.rs:175:28
[INFO] [stdout]   38:     0x571d10fc5316 - tokio::runtime::context::runtime::enter_runtime::h905f46a214360cbc
[INFO] [stdout]                                at /opt/rustwide/cargo-home/registry/src/index.crates.io-6f17d22bba15001f/tokio-1.38.0/src/runtime/context/runtime.rs:65:16
[INFO] [stdout]   39:     0x571d10fdc351 - tokio::runtime::scheduler::current_thread::CurrentThread::block_on::h5b9759214a85513a
[INFO] [stdout]                                at /opt/rustwide/cargo-home/registry/src/index.crates.io-6f17d22bba15001f/tokio-1.38.0/src/runtime/scheduler/current_thread/mod.rs:167:9
[INFO] [stdout]   40:     0x571d10fcbaf4 - tokio::runtime::runtime::Runtime::block_on::h33184dc7e4527be3
[INFO] [stdout]                                at /opt/rustwide/cargo-home/registry/src/index.crates.io-6f17d22bba15001f/tokio-1.38.0/src/runtime/runtime.rs:347:47
[INFO] [stdout]   41:     0x571d10ff3573 - test_socks5::test_socks5_password::hc159220dd05da6b8
[INFO] [stdout]                                at /opt/rustwide/workdir/tests/test_socks5.rs:152:5
[INFO] [stdout]   42:     0x571d10ff3417 - test_socks5::test_socks5_password::{{closure}}::hbbe5c8d128911f7c
[INFO] [stdout]                                at /opt/rustwide/workdir/tests/test_socks5.rs:109:36
[INFO] [stdout]   43:     0x571d10f8af86 - core::ops::function::FnOnce::call_once::hd67e05c4f41bd376
[INFO] [stdout]                                at /rustc/df4ca44d3fbc9301ee17f30f4d474e6ae4b05252/library/core/src/ops/function.rs:250:5
[INFO] [stdout]   44:     0x571d1108aa3b - core::ops::function::FnOnce::call_once::h22c3ba5715e93f05
[INFO] [stdout]                                at /rustc/df4ca44d3fbc9301ee17f30f4d474e6ae4b05252/library/core/src/ops/function.rs:250:5
[INFO] [stdout]   45:     0x571d1108aa3b - test::__rust_begin_short_backtrace::h8e82d8113d0da17f
[INFO] [stdout]                                at /rustc/df4ca44d3fbc9301ee17f30f4d474e6ae4b05252/library/test/src/lib.rs:621:18
[INFO] [stdout]   46:     0x571d1108a3b7 - test::run_test_in_process::{{closure}}::h33235f4f20b7b7c7
[INFO] [stdout]                                at /rustc/df4ca44d3fbc9301ee17f30f4d474e6ae4b05252/library/test/src/lib.rs:644:60
[INFO] [stdout]   47:     0x571d1108a3b7 - <core::panic::unwind_safe::AssertUnwindSafe<F> as core::ops::function::FnOnce<()>>::call_once::hb5043206310c586f
[INFO] [stdout]                                at /rustc/df4ca44d3fbc9301ee17f30f4d474e6ae4b05252/library/core/src/panic/unwind_safe.rs:272:9
[INFO] [stdout]   48:     0x571d1108a3b7 - std::panicking::try::do_call::h9ad4731a60ab23e2
[INFO] [stdout]                                at /rustc/df4ca44d3fbc9301ee17f30f4d474e6ae4b05252/library/std/src/panicking.rs:557:40
[INFO] [stdout]   49:     0x571d1108a3b7 - std::panicking::try::h3824d23db772a716
[INFO] [stdout]                                at /rustc/df4ca44d3fbc9301ee17f30f4d474e6ae4b05252/library/std/src/panicking.rs:520:19
[INFO] [stdout]   50:     0x571d1108a3b7 - std::panic::catch_unwind::h5afd514605fde46b
[INFO] [stdout]                                at /rustc/df4ca44d3fbc9301ee17f30f4d474e6ae4b05252/library/std/src/panic.rs:358:14
[INFO] [stdout]   51:     0x571d1108a3b7 - test::run_test_in_process::h0d5cbfa7067d1720
[INFO] [stdout]                                at /rustc/df4ca44d3fbc9301ee17f30f4d474e6ae4b05252/library/test/src/lib.rs:644:27
[INFO] [stdout]   52:     0x571d1108a3b7 - test::run_test::{{closure}}::h708eb8872708115d
[INFO] [stdout]                                at /rustc/df4ca44d3fbc9301ee17f30f4d474e6ae4b05252/library/test/src/lib.rs:565:43
[INFO] [stdout]   53:     0x571d1104dad4 - test::run_test::{{closure}}::h392c51cee94713ab
[INFO] [stdout]                                at /rustc/df4ca44d3fbc9301ee17f30f4d474e6ae4b05252/library/test/src/lib.rs:595:41
[INFO] [stdout]   54:     0x571d1104dad4 - std::sys::backtrace::__rust_begin_short_backtrace::h2f40290710935a8b
[INFO] [stdout]                                at /rustc/df4ca44d3fbc9301ee17f30f4d474e6ae4b05252/library/std/src/sys/backtrace.rs:154:18
[INFO] [stdout]   55:     0x571d1105127e - std::thread::Builder::spawn_unchecked_::{{closure}}::{{closure}}::h3fd968d89053a903
[INFO] [stdout]                                at /rustc/df4ca44d3fbc9301ee17f30f4d474e6ae4b05252/library/std/src/thread/mod.rs:541:17
[INFO] [stdout]   56:     0x571d1105127e - <core::panic::unwind_safe::AssertUnwindSafe<F> as core::ops::function::FnOnce<()>>::call_once::h743f637ba4229880
[INFO] [stdout]                                at /rustc/df4ca44d3fbc9301ee17f30f4d474e6ae4b05252/library/core/src/panic/unwind_safe.rs:272:9
[INFO] [stdout]   57:     0x571d1105127e - std::panicking::try::do_call::h07440897322525a6
[INFO] [stdout]                                at /rustc/df4ca44d3fbc9301ee17f30f4d474e6ae4b05252/library/std/src/panicking.rs:557:40
[INFO] [stdout]   58:     0x571d1105127e - std::panicking::try::he5a2e00188156637
[INFO] [stdout]                                at /rustc/df4ca44d3fbc9301ee17f30f4d474e6ae4b05252/library/std/src/panicking.rs:520:19
[INFO] [stdout]   59:     0x571d1105127e - std::panic::catch_unwind::hbaf3cae49b3c6433
[INFO] [stdout]                                at /rustc/df4ca44d3fbc9301ee17f30f4d474e6ae4b05252/library/std/src/panic.rs:358:14
[INFO] [stdout]   60:     0x571d1105127e - std::thread::Builder::spawn_unchecked_::{{closure}}::h8e141ea224820bce
[INFO] [stdout]                                at /rustc/df4ca44d3fbc9301ee17f30f4d474e6ae4b05252/library/std/src/thread/mod.rs:540:30
[INFO] [stdout]   61:     0x571d1105127e - core::ops::function::FnOnce::call_once{{vtable.shim}}::h90d312fedd7b8ea8
[INFO] [stdout]                                at /rustc/df4ca44d3fbc9301ee17f30f4d474e6ae4b05252/library/core/src/ops/function.rs:250:5
[INFO] [stdout]   62:     0x571d111c3b1b - <alloc::boxed::Box<F,A> as core::ops::function::FnOnce<Args>>::call_once::h69aa08ddb6adb8b6
[INFO] [stdout]                                at /rustc/df4ca44d3fbc9301ee17f30f4d474e6ae4b05252/library/alloc/src/boxed.rs:2454:9
[INFO] [stdout]   63:     0x571d111c3b1b - <alloc::boxed::Box<F,A> as core::ops::function::FnOnce<Args>>::call_once::h5aa36efdb79c806f
[INFO] [stdout]                                at /rustc/df4ca44d3fbc9301ee17f30f4d474e6ae4b05252/library/alloc/src/boxed.rs:2454:9
[INFO] [stdout]   64:     0x571d111c3b1b - std::sys::pal::unix::thread::Thread::new::thread_start::h6cd80a1b4be5158d
[INFO] [stdout]                                at /rustc/df4ca44d3fbc9301ee17f30f4d474e6ae4b05252/library/std/src/sys/pal/unix/thread.rs:105:17
[INFO] [stdout]   65:     0x7e3bba0c1ac3 - <unknown>
[INFO] [stdout]   66:     0x7e3bba152a04 - clone
[INFO] [stdout]   67:                0x0 - <unknown>
[INFO] [stdout] 
[INFO] [stdout] 
[INFO] [stdout] failures:
[INFO] [stdout]     test_socks5_password
[INFO] [stdout] 
[INFO] [stdout] test result: FAILED. 0 passed; 1 failed; 0 ignored; 0 measured; 0 filtered out; finished in 0.02s
[INFO] [stdout] 
[INFO] [stderr] error: test failed, to rerun pass `--test test_socks5`
[INFO] running `Command { std: "docker" "inspect" "79aee64c0ba10ceb92c6032d1098aacc324dfaebe4e0048e5c9fa67e01ef1515", kill_on_drop: false }`
[INFO] running `Command { std: "docker" "rm" "-f" "79aee64c0ba10ceb92c6032d1098aacc324dfaebe4e0048e5c9fa67e01ef1515", kill_on_drop: false }`
[INFO] [stdout] 79aee64c0ba10ceb92c6032d1098aacc324dfaebe4e0048e5c9fa67e01ef1515
