[INFO] cloning repository https://github.com/haze518/harvester_rs
[INFO] running `Command { std: "git" "-c" "credential.helper=" "-c" "credential.helper=/workspace/cargo-home/bin/git-credential-null" "clone" "--bare" "https://github.com/haze518/harvester_rs" "/workspace/cache/git-repos/https%3A%2F%2Fgithub.com%2Fhaze518%2Fharvester_rs", kill_on_drop: false }`
[INFO] [stderr] Cloning into bare repository '/workspace/cache/git-repos/https%3A%2F%2Fgithub.com%2Fhaze518%2Fharvester_rs'...
[INFO] running `Command { std: "git" "rev-parse" "HEAD", kill_on_drop: false }`
[INFO] [stdout] 45bb309af20a82cff611230e9c976df36052c770
[INFO] testing haze518/harvester_rs against nightly-2024-10-28+rustflags=-Zrandomize-layout for randomize-layout
[INFO] running `Command { std: "git" "clone" "/workspace/cache/git-repos/https%3A%2F%2Fgithub.com%2Fhaze518%2Fharvester_rs" "/workspace/builds/worker-7-tc2/source", kill_on_drop: false }`
[INFO] [stderr] Cloning into '/workspace/builds/worker-7-tc2/source'...
[INFO] [stderr] done.
[INFO] validating manifest of git repo https://github.com/haze518/harvester_rs on toolchain nightly-2024-10-28
[INFO] running `Command { std: CARGO_HOME="/workspace/cargo-home" RUSTUP_HOME="/workspace/rustup-home" "/workspace/cargo-home/bin/cargo" "+nightly-2024-10-28" "metadata" "--manifest-path" "Cargo.toml" "--no-deps", kill_on_drop: false }`
[INFO] started tweaking git repo https://github.com/haze518/harvester_rs
[INFO] finished tweaking git repo https://github.com/haze518/harvester_rs
[INFO] tweaked toml for git repo https://github.com/haze518/harvester_rs written to /workspace/builds/worker-7-tc2/source/Cargo.toml
[INFO] crate git repo https://github.com/haze518/harvester_rs already has a lockfile, it will not be regenerated
[INFO] running `Command { std: CARGO_HOME="/workspace/cargo-home" RUSTUP_HOME="/workspace/rustup-home" "/workspace/cargo-home/bin/cargo" "+nightly-2024-10-28" "fetch" "--manifest-path" "Cargo.toml", kill_on_drop: false }`
[INFO] running `Command { std: "docker" "create" "-v" "/var/lib/crater-agent-workspace/builds/worker-7-tc2/target:/opt/rustwide/target:rw,Z" "-v" "/var/lib/crater-agent-workspace/builds/worker-7-tc2/source:/opt/rustwide/workdir:ro,Z" "-v" "/var/lib/crater-agent-workspace/cargo-home:/opt/rustwide/cargo-home:ro,Z" "-v" "/var/lib/crater-agent-workspace/rustup-home:/opt/rustwide/rustup-home:ro,Z" "-e" "SOURCE_DIR=/opt/rustwide/workdir" "-e" "CARGO_TARGET_DIR=/opt/rustwide/target" "-e" "CARGO_HOME=/opt/rustwide/cargo-home" "-e" "RUSTUP_HOME=/opt/rustwide/rustup-home" "-w" "/opt/rustwide/workdir" "-m" "1610612736" "--user" "0:0" "--network" "none" "ghcr.io/rust-lang/crates-build-env/linux@sha256:4a844ea9eb2546a2d2c7022eacef16ef2e8229c7fbb2c7d4d55a9ceca922f72d" "/opt/rustwide/cargo-home/bin/cargo" "+nightly-2024-10-28" "metadata" "--no-deps" "--format-version=1", kill_on_drop: false }`
[INFO] [stdout] f19af3ee489afc335bbf8817c822fbe9c65cc5973e79207c953fbe1b9e7a6ae7
[INFO] running `Command { std: "docker" "start" "-a" "f19af3ee489afc335bbf8817c822fbe9c65cc5973e79207c953fbe1b9e7a6ae7", kill_on_drop: false }`
[INFO] running `Command { std: "docker" "inspect" "f19af3ee489afc335bbf8817c822fbe9c65cc5973e79207c953fbe1b9e7a6ae7", kill_on_drop: false }`
[INFO] running `Command { std: "docker" "rm" "-f" "f19af3ee489afc335bbf8817c822fbe9c65cc5973e79207c953fbe1b9e7a6ae7", kill_on_drop: false }`
[INFO] [stdout] f19af3ee489afc335bbf8817c822fbe9c65cc5973e79207c953fbe1b9e7a6ae7
[INFO] running `Command { std: "docker" "create" "-v" "/var/lib/crater-agent-workspace/builds/worker-7-tc2/target:/opt/rustwide/target:rw,Z" "-v" "/var/lib/crater-agent-workspace/builds/worker-7-tc2/source:/opt/rustwide/workdir:ro,Z" "-v" "/var/lib/crater-agent-workspace/cargo-home:/opt/rustwide/cargo-home:ro,Z" "-v" "/var/lib/crater-agent-workspace/rustup-home:/opt/rustwide/rustup-home:ro,Z" "-e" "SOURCE_DIR=/opt/rustwide/workdir" "-e" "CARGO_TARGET_DIR=/opt/rustwide/target" "-e" "CARGO_INCREMENTAL=0" "-e" "RUST_BACKTRACE=full" "-e" "RUSTFLAGS=--cap-lints=forbid -Zrandomize-layout" "-e" "RUSTDOCFLAGS=--cap-lints=forbid" "-e" "CARGO_HOME=/opt/rustwide/cargo-home" "-e" "RUSTUP_HOME=/opt/rustwide/rustup-home" "-w" "/opt/rustwide/workdir" "-m" "1610612736" "--user" "0:0" "--network" "none" "ghcr.io/rust-lang/crates-build-env/linux@sha256:4a844ea9eb2546a2d2c7022eacef16ef2e8229c7fbb2c7d4d55a9ceca922f72d" "/opt/rustwide/cargo-home/bin/cargo" "+nightly-2024-10-28" "build" "--frozen" "--message-format=json", kill_on_drop: false }`
[INFO] [stdout] 749d74410cd9ba2707124efcbea04bc8538d53b80f578b4578f25d77556e1d17
[INFO] running `Command { std: "docker" "start" "-a" "749d74410cd9ba2707124efcbea04bc8538d53b80f578b4578f25d77556e1d17", kill_on_drop: false }`
[INFO] [stderr]    Compiling libc v0.2.147
[INFO] [stderr]    Compiling pkg-config v0.3.27
[INFO] [stderr]    Compiling vcpkg v0.2.15
[INFO] [stderr]    Compiling smallvec v1.11.0
[INFO] [stderr]    Compiling scopeguard v1.2.0
[INFO] [stderr]    Compiling proc-macro2 v1.0.66
[INFO] [stderr]    Compiling lock_api v0.4.10
[INFO] [stderr]    Compiling parking_lot_core v0.9.8
[INFO] [stderr]    Compiling unicode-ident v1.0.11
[INFO] [stderr]    Compiling parking_lot_core v0.8.6
[INFO] [stderr]    Compiling serde v1.0.182
[INFO] [stderr]    Compiling num-traits v0.2.16
[INFO] [stderr]    Compiling instant v0.1.12
[INFO] [stderr]    Compiling serde_derive v1.0.182
[INFO] [stderr]    Compiling curl v0.4.44
[INFO] [stderr]    Compiling anyhow v1.0.72
[INFO] [stderr]    Compiling ryu v1.0.15
[INFO] [stderr]    Compiling quote v1.0.32
[INFO] [stderr]    Compiling thiserror v1.0.44
[INFO] [stderr]    Compiling hashbrown v0.14.0
[INFO] [stderr]    Compiling itoa v1.0.9
[INFO] [stderr]    Compiling serde_json v1.0.104
[INFO] [stderr]    Compiling syn v2.0.28
[INFO] [stderr]    Compiling equivalent v1.0.1
[INFO] [stderr]    Compiling cc v1.0.81
[INFO] [stderr]    Compiling time v0.1.45
[INFO] [stderr]    Compiling socket2 v0.4.9
[INFO] [stderr]    Compiling parking_lot v0.12.1
[INFO] [stderr]    Compiling indexmap v2.0.0
[INFO] [stderr]    Compiling parking_lot v0.11.2
[INFO] [stderr]    Compiling scheduled-thread-pool v0.2.7
[INFO] [stderr]    Compiling unsafe-libyaml v0.2.9
[INFO] [stderr]    Compiling match_cfg v0.1.0
[INFO] [stderr]    Compiling log v0.4.19
[INFO] [stderr]    Compiling bitflags v1.3.2
[INFO] [stderr]    Compiling openssl-probe v0.1.5
[INFO] [stderr]    Compiling iana-time-zone v0.1.57
[INFO] [stderr]    Compiling r2d2 v0.8.10
[INFO] [stderr]    Compiling libz-sys v1.1.12
[INFO] [stderr]    Compiling openssl-sys v0.9.91
[INFO] [stderr]    Compiling curl-sys v0.4.65+curl-8.2.1
[INFO] [stderr]    Compiling libssh2-sys v0.3.0
[INFO] [stderr]    Compiling hostname v0.3.1
[INFO] [stderr]    Compiling base64 v0.21.2
[INFO] [stderr]    Compiling chrono v0.4.26
[INFO] [stderr]    Compiling thiserror-impl v1.0.44
[INFO] [stderr]    Compiling serde_yaml v0.9.25
[INFO] [stderr]    Compiling ssh2 v0.9.4
[INFO] [stderr]    Compiling harvester v0.1.0 (/opt/rustwide/workdir)
[INFO] [stdout] warning: unused import: `std::path`
[INFO] [stdout]  --> src/session_manager.rs:6:5
[INFO] [stdout]   |
[INFO] [stdout] 6 | use std::path;
[INFO] [stdout]   |     ^^^^^^^^^
[INFO] [stdout]   |
[INFO] [stdout]   = note: `#[warn(unused_imports)]` on by default
[INFO] [stdout] 
[INFO] [stdout] 
[INFO] [stdout] warning: unused import: `super::*`
[INFO] [stdout]   --> src/session_manager.rs:80:9
[INFO] [stdout]    |
[INFO] [stdout] 80 |     use super::*;
[INFO] [stdout]    |         ^^^^^^^^
[INFO] [stdout] 
[INFO] [stdout] 
[INFO] [stdout] warning: unused import: `std::collections::HashMap`
[INFO] [stdout]  --> src/ssh_utils.rs:3:5
[INFO] [stdout]   |
[INFO] [stdout] 3 | use std::collections::HashMap;
[INFO] [stdout]   |     ^^^^^^^^^^^^^^^^^^^^^^^^^
[INFO] [stdout] 
[INFO] [stdout] 
[INFO] [stdout] warning: unused import: `super::*`
[INFO] [stdout]    --> src/ssh_utils.rs:117:9
[INFO] [stdout]     |
[INFO] [stdout] 117 |     use super::*;
[INFO] [stdout]     |         ^^^^^^^^
[INFO] [stdout] 
[INFO] [stdout] 
[INFO] [stdout] warning: unused import: `std::sync::Arc`
[INFO] [stdout]  --> src/ptaf_node.rs:1:5
[INFO] [stdout]   |
[INFO] [stdout] 1 | use std::sync::Arc;
[INFO] [stdout]   |     ^^^^^^^^^^^^^^
[INFO] [stdout] 
[INFO] [stdout] 
[INFO] [stdout] warning: unused import: `std::sync::Mutex`
[INFO] [stdout]  --> src/ptaf_node.rs:2:5
[INFO] [stdout]   |
[INFO] [stdout] 2 | use std::sync::Mutex;
[INFO] [stdout]   |     ^^^^^^^^^^^^^^^^
[INFO] [stdout] 
[INFO] [stdout] 
[INFO] [stdout] warning: unused import: `std::thread`
[INFO] [stdout]  --> src/ptaf_node.rs:3:5
[INFO] [stdout]   |
[INFO] [stdout] 3 | use std::thread;
[INFO] [stdout]   |     ^^^^^^^^^^^
[INFO] [stdout] 
[INFO] [stdout] 
[INFO] [stdout] warning: unused import: `std::path::PathBuf`
[INFO] [stdout]  --> src/ptaf_node.rs:6:5
[INFO] [stdout]   |
[INFO] [stdout] 6 | use std::path::PathBuf;
[INFO] [stdout]   |     ^^^^^^^^^^^^^^^^^^
[INFO] [stdout] 
[INFO] [stdout] 
[INFO] [stdout] warning: unused import: `crate::constants`
[INFO] [stdout]   --> src/ptaf_node.rs:11:5
[INFO] [stdout]    |
[INFO] [stdout] 11 | use crate::constants;
[INFO] [stdout]    |     ^^^^^^^^^^^^^^^^
[INFO] [stdout] 
[INFO] [stdout] 
[INFO] [stdout] warning: unused import: `super::*`
[INFO] [stdout]   --> src/ptaf_node.rs:51:9
[INFO] [stdout]    |
[INFO] [stdout] 51 |     use super::*;
[INFO] [stdout]    |         ^^^^^^^^
[INFO] [stdout] 
[INFO] [stdout] 
[INFO] [stdout] warning: unused import: `serde_yaml::Deserializer`
[INFO] [stdout]  --> src/k8s_manager.rs:3:5
[INFO] [stdout]   |
[INFO] [stdout] 3 | use serde_yaml::Deserializer;
[INFO] [stdout]   |     ^^^^^^^^^^^^^^^^^^^^^^^^
[INFO] [stdout] 
[INFO] [stdout] 
[INFO] [stdout] warning: unused imports: `alphabet` and `self`
[INFO] [stdout]  --> src/k8s_manager.rs:5:27
[INFO] [stdout]   |
[INFO] [stdout] 5 | use base64::{Engine as _, alphabet, engine::{self, general_purpose}};
[INFO] [stdout]   |                           ^^^^^^^^           ^^^^
[INFO] [stdout] 
[INFO] [stdout] 
[INFO] [stdout] warning: unused import: `super::*`
[INFO] [stdout]    --> src/k8s_manager.rs:123:9
[INFO] [stdout]     |
[INFO] [stdout] 123 |     use super::*;
[INFO] [stdout]     |         ^^^^^^^^
[INFO] [stdout] 
[INFO] [stdout] 
[INFO] [stdout] warning: unused imports: `DateTime` and `Utc`
[INFO] [stdout]  --> src/loki_worker.rs:3:14
[INFO] [stdout]   |
[INFO] [stdout] 3 | use chrono::{DateTime, Utc};
[INFO] [stdout]   |              ^^^^^^^^  ^^^
[INFO] [stdout] 
[INFO] [stdout] 
[INFO] [stdout] warning: unused import: `std::path::PathBuf`
[INFO] [stdout]  --> src/loki_worker.rs:4:5
[INFO] [stdout]   |
[INFO] [stdout] 4 | use std::path::PathBuf;
[INFO] [stdout]   |     ^^^^^^^^^^^^^^^^^^
[INFO] [stdout] 
[INFO] [stdout] 
[INFO] [stdout] warning: unused import: `std::thread`
[INFO] [stdout]  --> src/loki_worker.rs:6:5
[INFO] [stdout]   |
[INFO] [stdout] 6 | use std::thread;
[INFO] [stdout]   |     ^^^^^^^^^^^
[INFO] [stdout] 
[INFO] [stdout] 
[INFO] [stdout] warning: unused import: `chrono::NaiveDateTime`
[INFO] [stdout]    --> src/loki_worker.rs:231:9
[INFO] [stdout]     |
[INFO] [stdout] 231 |     use chrono::NaiveDateTime;
[INFO] [stdout]     |         ^^^^^^^^^^^^^^^^^^^^^
[INFO] [stdout] 
[INFO] [stdout] 
[INFO] [stdout] warning: unused import: `super::*`
[INFO] [stdout]    --> src/loki_worker.rs:233:9
[INFO] [stdout]     |
[INFO] [stdout] 233 |     use super::*;
[INFO] [stdout]     |         ^^^^^^^^
[INFO] [stdout] 
[INFO] [stdout] 
[INFO] [stdout] warning: unused import: `fs`
[INFO] [stdout]  --> src/config.rs:3:11
[INFO] [stdout]   |
[INFO] [stdout] 3 | use std::{fs, sync::Arc};
[INFO] [stdout]   |           ^^
[INFO] [stdout] 
[INFO] [stdout] 
[INFO] [stdout] warning: unused import: `Context`
[INFO] [stdout]  --> src/config.rs:4:22
[INFO] [stdout]   |
[INFO] [stdout] 4 | use anyhow::{Result, Context};
[INFO] [stdout]   |                      ^^^^^^^
[INFO] [stdout] 
[INFO] [stdout] 
[INFO] [stdout] warning: unused import: `crate::constants`
[INFO] [stdout]  --> src/config.rs:7:5
[INFO] [stdout]   |
[INFO] [stdout] 7 | use crate::constants;
[INFO] [stdout]   |     ^^^^^^^^^^^^^^^^
[INFO] [stdout] 
[INFO] [stdout] 
[INFO] [stdout] warning: unused import: `super::*`
[INFO] [stdout]    --> src/config.rs:197:9
[INFO] [stdout]     |
[INFO] [stdout] 197 |     use super::*;
[INFO] [stdout]     |         ^^^^^^^^
[INFO] [stdout] 
[INFO] [stdout] 
[INFO] [stdout] warning: unused variable: `dead_pods`
[INFO] [stdout]    --> src/loki_worker.rs:160:13
[INFO] [stdout]     |
[INFO] [stdout] 160 |         let dead_pods = loki_pods
[INFO] [stdout]     |             ^^^^^^^^^ help: if this is intentional, prefix it with an underscore: `_dead_pods`
[INFO] [stdout]     |
[INFO] [stdout]     = note: `#[warn(unused_variables)]` on by default
[INFO] [stdout] 
[INFO] [stdout] 
[INFO] [stdout] warning: method `copy_to_local` is never used
[INFO] [stdout]   --> src/ssh_utils.rs:58:12
[INFO] [stdout]    |
[INFO] [stdout] 14 | impl SSHConnection {
[INFO] [stdout]    | ------------------ method in this implementation
[INFO] [stdout] ...
[INFO] [stdout] 58 |     pub fn copy_to_local(
[INFO] [stdout]    |            ^^^^^^^^^^^^^
[INFO] [stdout]    |
[INFO] [stdout]    = note: `#[warn(dead_code)]` on by default
[INFO] [stdout] 
[INFO] [stdout] 
[INFO] [stdout] warning: function `ensure_dir_exists` is never used
[INFO] [stdout]    --> src/ssh_utils.rs:107:4
[INFO] [stdout]     |
[INFO] [stdout] 107 | fn ensure_dir_exists(dir_path: &str) -> Result<()> {
[INFO] [stdout]     |    ^^^^^^^^^^^^^^^^^
[INFO] [stdout] 
[INFO] [stdout] 
[INFO] [stdout] warning: fields `host`, `port`, and `config` are never read
[INFO] [stdout]   --> src/ptaf_node.rs:14:5
[INFO] [stdout]    |
[INFO] [stdout] 13 | pub struct PTAFNode {
[INFO] [stdout]    |            -------- fields in this struct
[INFO] [stdout] 14 |     host: String,
[INFO] [stdout]    |     ^^^^
[INFO] [stdout] 15 |     port: String,
[INFO] [stdout]    |     ^^^^
[INFO] [stdout] 16 |     config: config::SharedConfig,
[INFO] [stdout]    |     ^^^^^^
[INFO] [stdout] 
[INFO] [stdout] 
[INFO] [stdout] warning: field `name` is never read
[INFO] [stdout]   --> src/k8s_manager.rs:12:5
[INFO] [stdout]    |
[INFO] [stdout] 10 | struct ClusterData {
[INFO] [stdout]    |        ----------- field in this struct
[INFO] [stdout] 11 |     cluster: Cluster,
[INFO] [stdout] 12 |     name: String,
[INFO] [stdout]    |     ^^^^
[INFO] [stdout]    |
[INFO] [stdout]    = note: `ClusterData` has a derived impl for the trait `Debug`, but this is intentionally ignored during dead code analysis
[INFO] [stdout] 
[INFO] [stdout] 
[INFO] [stdout] warning: fields `context` and `name` are never read
[INFO] [stdout]   --> src/k8s_manager.rs:24:5
[INFO] [stdout]    |
[INFO] [stdout] 23 | struct ContextData {
[INFO] [stdout]    |        ----------- fields in this struct
[INFO] [stdout] 24 |     context: Context,
[INFO] [stdout]    |     ^^^^^^^
[INFO] [stdout] 25 |     name: String,
[INFO] [stdout]    |     ^^^^
[INFO] [stdout]    |
[INFO] [stdout]    = note: `ContextData` has a derived impl for the trait `Debug`, but this is intentionally ignored during dead code analysis
[INFO] [stdout] 
[INFO] [stdout] 
[INFO] [stdout] warning: fields `cluster` and `user` are never read
[INFO] [stdout]   --> src/k8s_manager.rs:30:5
[INFO] [stdout]    |
[INFO] [stdout] 29 | struct Context {
[INFO] [stdout]    |        ------- fields in this struct
[INFO] [stdout] 30 |     cluster: String,
[INFO] [stdout]    |     ^^^^^^^
[INFO] [stdout] 31 |     user: String,
[INFO] [stdout]    |     ^^^^
[INFO] [stdout]    |
[INFO] [stdout]    = note: `Context` has a derived impl for the trait `Debug`, but this is intentionally ignored during dead code analysis
[INFO] [stdout] 
[INFO] [stdout] 
[INFO] [stdout] warning: field `name` is never read
[INFO] [stdout]   --> src/k8s_manager.rs:36:5
[INFO] [stdout]    |
[INFO] [stdout] 35 | struct UserData {
[INFO] [stdout]    |        -------- field in this struct
[INFO] [stdout] 36 |     name: String,
[INFO] [stdout]    |     ^^^^
[INFO] [stdout]    |
[INFO] [stdout]    = note: `UserData` has a derived impl for the trait `Debug`, but this is intentionally ignored during dead code analysis
[INFO] [stdout] 
[INFO] [stdout] 
[INFO] [stdout] warning: field `contexts` is never read
[INFO] [stdout]   --> src/k8s_manager.rs:51:5
[INFO] [stdout]    |
[INFO] [stdout] 49 | struct KubeConfig {
[INFO] [stdout]    |        ---------- field in this struct
[INFO] [stdout] 50 |     clusters: Vec<ClusterData>,
[INFO] [stdout] 51 |     contexts: Vec<ContextData>,
[INFO] [stdout]    |     ^^^^^^^^
[INFO] [stdout]    |
[INFO] [stdout]    = note: `KubeConfig` has a derived impl for the trait `Debug`, but this is intentionally ignored during dead code analysis
[INFO] [stdout] 
[INFO] [stdout] 
[INFO] [stdout] warning: field `namespace` is never read
[INFO] [stdout]   --> src/k8s_manager.rs:64:9
[INFO] [stdout]    |
[INFO] [stdout] 62 | pub struct Metadata {
[INFO] [stdout]    |            -------- field in this struct
[INFO] [stdout] 63 |     pub name: String,
[INFO] [stdout] 64 |     pub namespace: String,
[INFO] [stdout]    |         ^^^^^^^^^
[INFO] [stdout]    |
[INFO] [stdout]    = note: `Metadata` has a derived impl for the trait `Debug`, but this is intentionally ignored during dead code analysis
[INFO] [stdout] 
[INFO] [stdout] 
[INFO] [stdout] warning: method `add_instance` is never used
[INFO] [stdout]   --> src/loki_worker.rs:42:8
[INFO] [stdout]    |
[INFO] [stdout] 21 | impl<'a> LokiQueryBuilder<'a> {
[INFO] [stdout]    | ----------------------------- method in this implementation
[INFO] [stdout] ...
[INFO] [stdout] 42 |     fn add_instance(&mut self, pod_name: &str) -> &mut Self {
[INFO] [stdout]    |        ^^^^^^^^^^^^
[INFO] [stdout] 
[INFO] [stdout] 
[INFO] [stdout] warning: method `get_svc_names` is never used
[INFO] [stdout]   --> src/config.rs:16:12
[INFO] [stdout]    |
[INFO] [stdout] 15 | impl Labels {
[INFO] [stdout]    | ----------- method in this implementation
[INFO] [stdout] 16 |     pub fn get_svc_names(&self) -> Vec<&String> {
[INFO] [stdout]    |            ^^^^^^^^^^^^^
[INFO] [stdout] 
[INFO] [stdout] 
[INFO] [stdout] warning: field `items` is never read
[INFO] [stdout]   --> src/config.rs:28:9
[INFO] [stdout]    |
[INFO] [stdout] 27 | pub struct App {
[INFO] [stdout]    |            --- field in this struct
[INFO] [stdout] 28 |     pub items: Vec<String>,
[INFO] [stdout]    |         ^^^^^
[INFO] [stdout]    |
[INFO] [stdout]    = note: `App` has a derived impl for the trait `Debug`, but this is intentionally ignored during dead code analysis
[INFO] [stdout] 
[INFO] [stdout] 
[INFO] [stdout] warning: field `items` is never read
[INFO] [stdout]   --> src/config.rs:33:9
[INFO] [stdout]    |
[INFO] [stdout] 32 | pub struct Unit {
[INFO] [stdout]    |            ---- field in this struct
[INFO] [stdout] 33 |     pub items: Vec<String>,
[INFO] [stdout]    |         ^^^^^
[INFO] [stdout]    |
[INFO] [stdout]    = note: `Unit` has a derived impl for the trait `Debug`, but this is intentionally ignored during dead code analysis
[INFO] [stdout] 
[INFO] [stdout] 
[INFO] [stdout] warning: method `get_svc_names` is never used
[INFO] [stdout]   --> src/config.rs:67:12
[INFO] [stdout]    |
[INFO] [stdout] 54 | impl Artifacts {
[INFO] [stdout]    | -------------- method in this implementation
[INFO] [stdout] ...
[INFO] [stdout] 67 |     pub fn get_svc_names(&self) -> Vec<&String> {
[INFO] [stdout]    |            ^^^^^^^^^^^^^
[INFO] [stdout] 
[INFO] [stdout] 
[INFO] [stdout] warning: field `addr` is never read
[INFO] [stdout]   --> src/config.rs:89:9
[INFO] [stdout]    |
[INFO] [stdout] 88 | pub struct SshConfig {
[INFO] [stdout]    |            --------- field in this struct
[INFO] [stdout] 89 |     pub addr: String,
[INFO] [stdout]    |         ^^^^
[INFO] [stdout]    |
[INFO] [stdout]    = note: `SshConfig` has derived impls for the traits `Debug` and `Clone`, but these are intentionally ignored during dead code analysis
[INFO] [stdout] 
[INFO] [stdout] 
[INFO] [stdout] warning: fields `since`, `time_zone`, and `tenant_id` are never read
[INFO] [stdout]    --> src/config.rs:108:9
[INFO] [stdout]     |
[INFO] [stdout] 101 | pub struct LokiConfig {
[INFO] [stdout]     |            ---------- fields in this struct
[INFO] [stdout] ...
[INFO] [stdout] 108 |     pub since: String,
[INFO] [stdout]     |         ^^^^^
[INFO] [stdout] 109 |     pub time_zone: String,
[INFO] [stdout]     |         ^^^^^^^^^
[INFO] [stdout] 110 |     pub tenant_id: String,
[INFO] [stdout]     |         ^^^^^^^^^
[INFO] [stdout]     |
[INFO] [stdout]     = note: `LokiConfig` has derived impls for the traits `Debug` and `Clone`, but these are intentionally ignored during dead code analysis
[INFO] [stdout] 
[INFO] [stdout] 
[INFO] [stderr]     Finished `dev` profile [unoptimized + debuginfo] target(s) in 19.82s
[INFO] running `Command { std: "docker" "inspect" "749d74410cd9ba2707124efcbea04bc8538d53b80f578b4578f25d77556e1d17", kill_on_drop: false }`
[INFO] running `Command { std: "docker" "rm" "-f" "749d74410cd9ba2707124efcbea04bc8538d53b80f578b4578f25d77556e1d17", kill_on_drop: false }`
[INFO] [stdout] 749d74410cd9ba2707124efcbea04bc8538d53b80f578b4578f25d77556e1d17
[INFO] running `Command { std: "docker" "create" "-v" "/var/lib/crater-agent-workspace/builds/worker-7-tc2/target:/opt/rustwide/target:rw,Z" "-v" "/var/lib/crater-agent-workspace/builds/worker-7-tc2/source:/opt/rustwide/workdir:ro,Z" "-v" "/var/lib/crater-agent-workspace/cargo-home:/opt/rustwide/cargo-home:ro,Z" "-v" "/var/lib/crater-agent-workspace/rustup-home:/opt/rustwide/rustup-home:ro,Z" "-e" "SOURCE_DIR=/opt/rustwide/workdir" "-e" "CARGO_TARGET_DIR=/opt/rustwide/target" "-e" "CARGO_INCREMENTAL=0" "-e" "RUST_BACKTRACE=full" "-e" "RUSTFLAGS=--cap-lints=forbid -Zrandomize-layout" "-e" "RUSTDOCFLAGS=--cap-lints=forbid" "-e" "CARGO_HOME=/opt/rustwide/cargo-home" "-e" "RUSTUP_HOME=/opt/rustwide/rustup-home" "-w" "/opt/rustwide/workdir" "-m" "1610612736" "--user" "0:0" "--network" "none" "ghcr.io/rust-lang/crates-build-env/linux@sha256:4a844ea9eb2546a2d2c7022eacef16ef2e8229c7fbb2c7d4d55a9ceca922f72d" "/opt/rustwide/cargo-home/bin/cargo" "+nightly-2024-10-28" "test" "--frozen" "--no-run" "--message-format=json", kill_on_drop: false }`
[INFO] [stdout] cf64a6e372b76d520ade350928e8cae8bde0898b0ca789f1e0c6d39f8785de2d
[INFO] running `Command { std: "docker" "start" "-a" "cf64a6e372b76d520ade350928e8cae8bde0898b0ca789f1e0c6d39f8785de2d", kill_on_drop: false }`
[INFO] [stderr]    Compiling harvester v0.1.0 (/opt/rustwide/workdir)
[INFO] [stdout] warning: unused import: `std::path`
[INFO] [stdout]  --> src/session_manager.rs:6:5
[INFO] [stdout]   |
[INFO] [stdout] 6 | use std::path;
[INFO] [stdout]   |     ^^^^^^^^^
[INFO] [stdout]   |
[INFO] [stdout]   = note: `#[warn(unused_imports)]` on by default
[INFO] [stdout] 
[INFO] [stdout] 
[INFO] [stdout] warning: unused import: `std::collections::HashMap`
[INFO] [stdout]  --> src/ssh_utils.rs:3:5
[INFO] [stdout]   |
[INFO] [stdout] 3 | use std::collections::HashMap;
[INFO] [stdout]   |     ^^^^^^^^^^^^^^^^^^^^^^^^^
[INFO] [stdout] 
[INFO] [stdout] 
[INFO] [stdout] warning: unused import: `std::sync::Mutex`
[INFO] [stdout]  --> src/ptaf_node.rs:2:5
[INFO] [stdout]   |
[INFO] [stdout] 2 | use std::sync::Mutex;
[INFO] [stdout]   |     ^^^^^^^^^^^^^^^^
[INFO] [stdout] 
[INFO] [stdout] 
[INFO] [stdout] warning: unused import: `std::path::PathBuf`
[INFO] [stdout]  --> src/ptaf_node.rs:6:5
[INFO] [stdout]   |
[INFO] [stdout] 6 | use std::path::PathBuf;
[INFO] [stdout]   |     ^^^^^^^^^^^^^^^^^^
[INFO] [stdout] 
[INFO] [stdout] 
[INFO] [stdout] warning: unused import: `serde_yaml::Deserializer`
[INFO] [stdout]  --> src/k8s_manager.rs:3:5
[INFO] [stdout]   |
[INFO] [stdout] 3 | use serde_yaml::Deserializer;
[INFO] [stdout]   |     ^^^^^^^^^^^^^^^^^^^^^^^^
[INFO] [stdout] 
[INFO] [stdout] 
[INFO] [stdout] warning: unused imports: `alphabet` and `self`
[INFO] [stdout]  --> src/k8s_manager.rs:5:27
[INFO] [stdout]   |
[INFO] [stdout] 5 | use base64::{Engine as _, alphabet, engine::{self, general_purpose}};
[INFO] [stdout]   |                           ^^^^^^^^           ^^^^
[INFO] [stdout] 
[INFO] [stdout] 
[INFO] [stdout] warning: unused imports: `DateTime` and `Utc`
[INFO] [stdout]  --> src/loki_worker.rs:3:14
[INFO] [stdout]   |
[INFO] [stdout] 3 | use chrono::{DateTime, Utc};
[INFO] [stdout]   |              ^^^^^^^^  ^^^
[INFO] [stdout] 
[INFO] [stdout] 
[INFO] [stdout] warning: unused import: `std::path::PathBuf`
[INFO] [stdout]  --> src/loki_worker.rs:4:5
[INFO] [stdout]   |
[INFO] [stdout] 4 | use std::path::PathBuf;
[INFO] [stdout]   |     ^^^^^^^^^^^^^^^^^^
[INFO] [stdout] 
[INFO] [stdout] 
[INFO] [stdout] warning: unused import: `std::thread`
[INFO] [stdout]  --> src/loki_worker.rs:6:5
[INFO] [stdout]   |
[INFO] [stdout] 6 | use std::thread;
[INFO] [stdout]   |     ^^^^^^^^^^^
[INFO] [stdout] 
[INFO] [stdout] 
[INFO] [stdout] warning: unused import: `chrono::NaiveDateTime`
[INFO] [stdout]    --> src/loki_worker.rs:231:9
[INFO] [stdout]     |
[INFO] [stdout] 231 |     use chrono::NaiveDateTime;
[INFO] [stdout]     |         ^^^^^^^^^^^^^^^^^^^^^
[INFO] [stdout] 
[INFO] [stdout] 
[INFO] [stdout] warning: unused import: `super::*`
[INFO] [stdout]    --> src/loki_worker.rs:233:9
[INFO] [stdout]     |
[INFO] [stdout] 233 |     use super::*;
[INFO] [stdout]     |         ^^^^^^^^
[INFO] [stdout] 
[INFO] [stdout] 
[INFO] [stdout] warning: unused import: `fs`
[INFO] [stdout]  --> src/config.rs:3:11
[INFO] [stdout]   |
[INFO] [stdout] 3 | use std::{fs, sync::Arc};
[INFO] [stdout]   |           ^^
[INFO] [stdout] 
[INFO] [stdout] 
[INFO] [stdout] warning: unused import: `Context`
[INFO] [stdout]  --> src/config.rs:4:22
[INFO] [stdout]   |
[INFO] [stdout] 4 | use anyhow::{Result, Context};
[INFO] [stdout]   |                      ^^^^^^^
[INFO] [stdout] 
[INFO] [stdout] 
[INFO] [stdout] warning: unused variable: `dead_pods`
[INFO] [stdout]    --> src/loki_worker.rs:160:13
[INFO] [stdout]     |
[INFO] [stdout] 160 |         let dead_pods = loki_pods
[INFO] [stdout]     |             ^^^^^^^^^ help: if this is intentional, prefix it with an underscore: `_dead_pods`
[INFO] [stdout]     |
[INFO] [stdout]     = note: `#[warn(unused_variables)]` on by default
[INFO] [stdout] 
[INFO] [stdout] 
[INFO] [stdout] warning: method `copy_to_local` is never used
[INFO] [stdout]   --> src/ssh_utils.rs:58:12
[INFO] [stdout]    |
[INFO] [stdout] 14 | impl SSHConnection {
[INFO] [stdout]    | ------------------ method in this implementation
[INFO] [stdout] ...
[INFO] [stdout] 58 |     pub fn copy_to_local(
[INFO] [stdout]    |            ^^^^^^^^^^^^^
[INFO] [stdout]    |
[INFO] [stdout]    = note: `#[warn(dead_code)]` on by default
[INFO] [stdout] 
[INFO] [stdout] 
[INFO] [stdout] warning: function `ensure_dir_exists` is never used
[INFO] [stdout]    --> src/ssh_utils.rs:107:4
[INFO] [stdout]     |
[INFO] [stdout] 107 | fn ensure_dir_exists(dir_path: &str) -> Result<()> {
[INFO] [stdout]     |    ^^^^^^^^^^^^^^^^^
[INFO] [stdout] 
[INFO] [stdout] 
[INFO] [stdout] warning: fields `host`, `port`, and `config` are never read
[INFO] [stdout]   --> src/ptaf_node.rs:14:5
[INFO] [stdout]    |
[INFO] [stdout] 13 | pub struct PTAFNode {
[INFO] [stdout]    |            -------- fields in this struct
[INFO] [stdout] 14 |     host: String,
[INFO] [stdout]    |     ^^^^
[INFO] [stdout] 15 |     port: String,
[INFO] [stdout]    |     ^^^^
[INFO] [stdout] 16 |     config: config::SharedConfig,
[INFO] [stdout]    |     ^^^^^^
[INFO] [stdout] 
[INFO] [stdout] 
[INFO] [stdout] warning: field `name` is never read
[INFO] [stdout]   --> src/k8s_manager.rs:12:5
[INFO] [stdout]    |
[INFO] [stdout] 10 | struct ClusterData {
[INFO] [stdout]    |        ----------- field in this struct
[INFO] [stdout] 11 |     cluster: Cluster,
[INFO] [stdout] 12 |     name: String,
[INFO] [stdout]    |     ^^^^
[INFO] [stdout]    |
[INFO] [stdout]    = note: `ClusterData` has a derived impl for the trait `Debug`, but this is intentionally ignored during dead code analysis
[INFO] [stdout] 
[INFO] [stdout] 
[INFO] [stdout] warning: fields `context` and `name` are never read
[INFO] [stdout]   --> src/k8s_manager.rs:24:5
[INFO] [stdout]    |
[INFO] [stdout] 23 | struct ContextData {
[INFO] [stdout]    |        ----------- fields in this struct
[INFO] [stdout] 24 |     context: Context,
[INFO] [stdout]    |     ^^^^^^^
[INFO] [stdout] 25 |     name: String,
[INFO] [stdout]    |     ^^^^
[INFO] [stdout]    |
[INFO] [stdout]    = note: `ContextData` has a derived impl for the trait `Debug`, but this is intentionally ignored during dead code analysis
[INFO] [stdout] 
[INFO] [stdout] 
[INFO] [stdout] warning: fields `cluster` and `user` are never read
[INFO] [stdout]   --> src/k8s_manager.rs:30:5
[INFO] [stdout]    |
[INFO] [stdout] 29 | struct Context {
[INFO] [stdout]    |        ------- fields in this struct
[INFO] [stdout] 30 |     cluster: String,
[INFO] [stdout]    |     ^^^^^^^
[INFO] [stdout] 31 |     user: String,
[INFO] [stdout]    |     ^^^^
[INFO] [stdout]    |
[INFO] [stdout]    = note: `Context` has a derived impl for the trait `Debug`, but this is intentionally ignored during dead code analysis
[INFO] [stdout] 
[INFO] [stdout] 
[INFO] [stdout] warning: field `name` is never read
[INFO] [stdout]   --> src/k8s_manager.rs:36:5
[INFO] [stdout]    |
[INFO] [stdout] 35 | struct UserData {
[INFO] [stdout]    |        -------- field in this struct
[INFO] [stdout] 36 |     name: String,
[INFO] [stdout]    |     ^^^^
[INFO] [stdout]    |
[INFO] [stdout]    = note: `UserData` has a derived impl for the trait `Debug`, but this is intentionally ignored during dead code analysis
[INFO] [stdout] 
[INFO] [stdout] 
[INFO] [stdout] warning: field `contexts` is never read
[INFO] [stdout]   --> src/k8s_manager.rs:51:5
[INFO] [stdout]    |
[INFO] [stdout] 49 | struct KubeConfig {
[INFO] [stdout]    |        ---------- field in this struct
[INFO] [stdout] 50 |     clusters: Vec<ClusterData>,
[INFO] [stdout] 51 |     contexts: Vec<ContextData>,
[INFO] [stdout]    |     ^^^^^^^^
[INFO] [stdout]    |
[INFO] [stdout]    = note: `KubeConfig` has a derived impl for the trait `Debug`, but this is intentionally ignored during dead code analysis
[INFO] [stdout] 
[INFO] [stdout] 
[INFO] [stdout] warning: field `namespace` is never read
[INFO] [stdout]   --> src/k8s_manager.rs:64:9
[INFO] [stdout]    |
[INFO] [stdout] 62 | pub struct Metadata {
[INFO] [stdout]    |            -------- field in this struct
[INFO] [stdout] 63 |     pub name: String,
[INFO] [stdout] 64 |     pub namespace: String,
[INFO] [stdout]    |         ^^^^^^^^^
[INFO] [stdout]    |
[INFO] [stdout]    = note: `Metadata` has a derived impl for the trait `Debug`, but this is intentionally ignored during dead code analysis
[INFO] [stdout] 
[INFO] [stdout] 
[INFO] [stdout] warning: method `add_instance` is never used
[INFO] [stdout]   --> src/loki_worker.rs:42:8
[INFO] [stdout]    |
[INFO] [stdout] 21 | impl<'a> LokiQueryBuilder<'a> {
[INFO] [stdout]    | ----------------------------- method in this implementation
[INFO] [stdout] ...
[INFO] [stdout] 42 |     fn add_instance(&mut self, pod_name: &str) -> &mut Self {
[INFO] [stdout]    |        ^^^^^^^^^^^^
[INFO] [stdout] 
[INFO] [stdout] 
[INFO] [stdout] warning: method `get_svc_names` is never used
[INFO] [stdout]   --> src/config.rs:16:12
[INFO] [stdout]    |
[INFO] [stdout] 15 | impl Labels {
[INFO] [stdout]    | ----------- method in this implementation
[INFO] [stdout] 16 |     pub fn get_svc_names(&self) -> Vec<&String> {
[INFO] [stdout]    |            ^^^^^^^^^^^^^
[INFO] [stdout] 
[INFO] [stdout] 
[INFO] [stdout] warning: field `items` is never read
[INFO] [stdout]   --> src/config.rs:28:9
[INFO] [stdout]    |
[INFO] [stdout] 27 | pub struct App {
[INFO] [stdout]    |            --- field in this struct
[INFO] [stdout] 28 |     pub items: Vec<String>,
[INFO] [stdout]    |         ^^^^^
[INFO] [stdout]    |
[INFO] [stdout]    = note: `App` has a derived impl for the trait `Debug`, but this is intentionally ignored during dead code analysis
[INFO] [stdout] 
[INFO] [stdout] 
[INFO] [stdout] warning: field `items` is never read
[INFO] [stdout]   --> src/config.rs:33:9
[INFO] [stdout]    |
[INFO] [stdout] 32 | pub struct Unit {
[INFO] [stdout]    |            ---- field in this struct
[INFO] [stdout] 33 |     pub items: Vec<String>,
[INFO] [stdout]    |         ^^^^^
[INFO] [stdout]    |
[INFO] [stdout]    = note: `Unit` has a derived impl for the trait `Debug`, but this is intentionally ignored during dead code analysis
[INFO] [stdout] 
[INFO] [stdout] 
[INFO] [stdout] warning: method `get_svc_names` is never used
[INFO] [stdout]   --> src/config.rs:67:12
[INFO] [stdout]    |
[INFO] [stdout] 54 | impl Artifacts {
[INFO] [stdout]    | -------------- method in this implementation
[INFO] [stdout] ...
[INFO] [stdout] 67 |     pub fn get_svc_names(&self) -> Vec<&String> {
[INFO] [stdout]    |            ^^^^^^^^^^^^^
[INFO] [stdout] 
[INFO] [stdout] 
[INFO] [stdout] warning: field `addr` is never read
[INFO] [stdout]   --> src/config.rs:89:9
[INFO] [stdout]    |
[INFO] [stdout] 88 | pub struct SshConfig {
[INFO] [stdout]    |            --------- field in this struct
[INFO] [stdout] 89 |     pub addr: String,
[INFO] [stdout]    |         ^^^^
[INFO] [stdout]    |
[INFO] [stdout]    = note: `SshConfig` has derived impls for the traits `Debug` and `Clone`, but these are intentionally ignored during dead code analysis
[INFO] [stdout] 
[INFO] [stdout] 
[INFO] [stdout] warning: fields `since`, `time_zone`, and `tenant_id` are never read
[INFO] [stdout]    --> src/config.rs:108:9
[INFO] [stdout]     |
[INFO] [stdout] 101 | pub struct LokiConfig {
[INFO] [stdout]     |            ---------- fields in this struct
[INFO] [stdout] ...
[INFO] [stdout] 108 |     pub since: String,
[INFO] [stdout]     |         ^^^^^
[INFO] [stdout] 109 |     pub time_zone: String,
[INFO] [stdout]     |         ^^^^^^^^^
[INFO] [stdout] 110 |     pub tenant_id: String,
[INFO] [stdout]     |         ^^^^^^^^^
[INFO] [stdout]     |
[INFO] [stdout]     = note: `LokiConfig` has derived impls for the traits `Debug` and `Clone`, but these are intentionally ignored during dead code analysis
[INFO] [stdout] 
[INFO] [stdout] 
[INFO] [stderr]     Finished `test` profile [unoptimized + debuginfo] target(s) in 1.56s
[INFO] running `Command { std: "docker" "inspect" "cf64a6e372b76d520ade350928e8cae8bde0898b0ca789f1e0c6d39f8785de2d", kill_on_drop: false }`
[INFO] running `Command { std: "docker" "rm" "-f" "cf64a6e372b76d520ade350928e8cae8bde0898b0ca789f1e0c6d39f8785de2d", kill_on_drop: false }`
[INFO] [stdout] cf64a6e372b76d520ade350928e8cae8bde0898b0ca789f1e0c6d39f8785de2d
[INFO] running `Command { std: "docker" "create" "-v" "/var/lib/crater-agent-workspace/builds/worker-7-tc2/target:/opt/rustwide/target:rw,Z" "-v" "/var/lib/crater-agent-workspace/builds/worker-7-tc2/source:/opt/rustwide/workdir:ro,Z" "-v" "/var/lib/crater-agent-workspace/cargo-home:/opt/rustwide/cargo-home:ro,Z" "-v" "/var/lib/crater-agent-workspace/rustup-home:/opt/rustwide/rustup-home:ro,Z" "-e" "SOURCE_DIR=/opt/rustwide/workdir" "-e" "CARGO_TARGET_DIR=/opt/rustwide/target" "-e" "CARGO_INCREMENTAL=0" "-e" "RUST_BACKTRACE=full" "-e" "RUSTFLAGS=--cap-lints=forbid -Zrandomize-layout" "-e" "RUSTDOCFLAGS=--cap-lints=forbid" "-e" "CARGO_HOME=/opt/rustwide/cargo-home" "-e" "RUSTUP_HOME=/opt/rustwide/rustup-home" "-w" "/opt/rustwide/workdir" "-m" "1610612736" "--user" "0:0" "--network" "none" "ghcr.io/rust-lang/crates-build-env/linux@sha256:4a844ea9eb2546a2d2c7022eacef16ef2e8229c7fbb2c7d4d55a9ceca922f72d" "/opt/rustwide/cargo-home/bin/cargo" "+nightly-2024-10-28" "test" "--frozen", kill_on_drop: false }`
[INFO] [stdout] f14fc6f448f65dabfb01484ae6da97f5a4804d9acc5051f4f3bd1000cca183cc
[INFO] running `Command { std: "docker" "start" "-a" "f14fc6f448f65dabfb01484ae6da97f5a4804d9acc5051f4f3bd1000cca183cc", kill_on_drop: false }`
[INFO] [stderr] warning: unused import: `std::path`
[INFO] [stderr]  --> src/session_manager.rs:6:5
[INFO] [stderr]   |
[INFO] [stderr] 6 | use std::path;
[INFO] [stderr]   |     ^^^^^^^^^
[INFO] [stderr]   |
[INFO] [stderr]   = note: `#[warn(unused_imports)]` on by default
[INFO] [stderr] 
[INFO] [stderr] warning: unused import: `std::collections::HashMap`
[INFO] [stderr]  --> src/ssh_utils.rs:3:5
[INFO] [stderr]   |
[INFO] [stderr] 3 | use std::collections::HashMap;
[INFO] [stderr]   |     ^^^^^^^^^^^^^^^^^^^^^^^^^
[INFO] [stderr] 
[INFO] [stderr] warning: unused import: `std::sync::Mutex`
[INFO] [stderr]  --> src/ptaf_node.rs:2:5
[INFO] [stderr]   |
[INFO] [stderr] 2 | use std::sync::Mutex;
[INFO] [stderr]   |     ^^^^^^^^^^^^^^^^
[INFO] [stderr] 
[INFO] [stderr] warning: unused import: `std::path::PathBuf`
[INFO] [stderr]  --> src/ptaf_node.rs:6:5
[INFO] [stderr]   |
[INFO] [stderr] 6 | use std::path::PathBuf;
[INFO] [stderr]   |     ^^^^^^^^^^^^^^^^^^
[INFO] [stderr] 
[INFO] [stderr] warning: unused import: `serde_yaml::Deserializer`
[INFO] [stderr]  --> src/k8s_manager.rs:3:5
[INFO] [stderr]   |
[INFO] [stderr] 3 | use serde_yaml::Deserializer;
[INFO] [stderr]   |     ^^^^^^^^^^^^^^^^^^^^^^^^
[INFO] [stderr] 
[INFO] [stderr] warning: unused imports: `alphabet` and `self`
[INFO] [stderr]  --> src/k8s_manager.rs:5:27
[INFO] [stderr]   |
[INFO] [stderr] 5 | use base64::{Engine as _, alphabet, engine::{self, general_purpose}};
[INFO] [stderr]   |                           ^^^^^^^^           ^^^^
[INFO] [stderr] 
[INFO] [stderr] warning: unused imports: `DateTime` and `Utc`
[INFO] [stderr]  --> src/loki_worker.rs:3:14
[INFO] [stderr]   |
[INFO] [stderr] 3 | use chrono::{DateTime, Utc};
[INFO] [stderr]   |              ^^^^^^^^  ^^^
[INFO] [stderr] 
[INFO] [stderr] warning: unused import: `std::path::PathBuf`
[INFO] [stderr]  --> src/loki_worker.rs:4:5
[INFO] [stderr]   |
[INFO] [stderr] 4 | use std::path::PathBuf;
[INFO] [stderr]   |     ^^^^^^^^^^^^^^^^^^
[INFO] [stderr] 
[INFO] [stderr] warning: unused import: `std::thread`
[INFO] [stderr]  --> src/loki_worker.rs:6:5
[INFO] [stderr]   |
[INFO] [stderr] 6 | use std::thread;
[INFO] [stderr]   |     ^^^^^^^^^^^
[INFO] [stderr] 
[INFO] [stderr] warning: unused import: `chrono::NaiveDateTime`
[INFO] [stderr]    --> src/loki_worker.rs:231:9
[INFO] [stderr]     |
[INFO] [stderr] 231 |     use chrono::NaiveDateTime;
[INFO] [stderr]     |         ^^^^^^^^^^^^^^^^^^^^^
[INFO] [stderr] 
[INFO] [stderr] warning: unused import: `super::*`
[INFO] [stderr]    --> src/loki_worker.rs:233:9
[INFO] [stderr]     |
[INFO] [stderr] 233 |     use super::*;
[INFO] [stderr]     |         ^^^^^^^^
[INFO] [stderr] 
[INFO] [stderr] warning: unused import: `fs`
[INFO] [stderr]  --> src/config.rs:3:11
[INFO] [stderr]   |
[INFO] [stderr] 3 | use std::{fs, sync::Arc};
[INFO] [stderr]   |           ^^
[INFO] [stderr] 
[INFO] [stderr] warning: unused import: `Context`
[INFO] [stderr]  --> src/config.rs:4:22
[INFO] [stderr]   |
[INFO] [stderr] 4 | use anyhow::{Result, Context};
[INFO] [stderr]   |                      ^^^^^^^
[INFO] [stderr] 
[INFO] [stderr] warning: unused variable: `dead_pods`
[INFO] [stderr]    --> src/loki_worker.rs:160:13
[INFO] [stderr]     |
[INFO] [stderr] 160 |         let dead_pods = loki_pods
[INFO] [stderr]     |             ^^^^^^^^^ help: if this is intentional, prefix it with an underscore: `_dead_pods`
[INFO] [stderr]     |
[INFO] [stderr]     = note: `#[warn(unused_variables)]` on by default
[INFO] [stderr] 
[INFO] [stderr] warning: method `copy_to_local` is never used
[INFO] [stderr]   --> src/ssh_utils.rs:58:12
[INFO] [stderr]    |
[INFO] [stderr] 14 | impl SSHConnection {
[INFO] [stderr]    | ------------------ method in this implementation
[INFO] [stderr] ...
[INFO] [stderr] 58 |     pub fn copy_to_local(
[INFO] [stderr]    |            ^^^^^^^^^^^^^
[INFO] [stderr]    |
[INFO] [stderr]    = note: `#[warn(dead_code)]` on by default
[INFO] [stderr] 
[INFO] [stderr] warning: function `ensure_dir_exists` is never used
[INFO] [stderr]    --> src/ssh_utils.rs:107:4
[INFO] [stderr]     |
[INFO] [stderr] 107 | fn ensure_dir_exists(dir_path: &str) -> Result<()> {
[INFO] [stderr]     |    ^^^^^^^^^^^^^^^^^
[INFO] [stderr] 
[INFO] [stderr] warning: fields `host`, `port`, and `config` are never read
[INFO] [stderr]   --> src/ptaf_node.rs:14:5
[INFO] [stderr]    |
[INFO] [stderr] 13 | pub struct PTAFNode {
[INFO] [stderr]    |            -------- fields in this struct
[INFO] [stderr] 14 |     host: String,
[INFO] [stderr]    |     ^^^^
[INFO] [stderr] 15 |     port: String,
[INFO] [stderr]    |     ^^^^
[INFO] [stderr] 16 |     config: config::SharedConfig,
[INFO] [stderr]    |     ^^^^^^
[INFO] [stderr] 
[INFO] [stderr] warning: field `name` is never read
[INFO] [stderr]   --> src/k8s_manager.rs:12:5
[INFO] [stderr]    |
[INFO] [stderr] 10 | struct ClusterData {
[INFO] [stderr]    |        ----------- field in this struct
[INFO] [stderr] 11 |     cluster: Cluster,
[INFO] [stderr] 12 |     name: String,
[INFO] [stderr]    |     ^^^^
[INFO] [stderr]    |
[INFO] [stderr]    = note: `ClusterData` has a derived impl for the trait `Debug`, but this is intentionally ignored during dead code analysis
[INFO] [stderr] 
[INFO] [stderr] warning: fields `context` and `name` are never read
[INFO] [stderr]   --> src/k8s_manager.rs:24:5
[INFO] [stderr]    |
[INFO] [stderr] 23 | struct ContextData {
[INFO] [stderr]    |        ----------- fields in this struct
[INFO] [stderr] 24 |     context: Context,
[INFO] [stderr]    |     ^^^^^^^
[INFO] [stderr] 25 |     name: String,
[INFO] [stderr]    |     ^^^^
[INFO] [stderr]    |
[INFO] [stderr]    = note: `ContextData` has a derived impl for the trait `Debug`, but this is intentionally ignored during dead code analysis
[INFO] [stderr] 
[INFO] [stderr] warning: fields `cluster` and `user` are never read
[INFO] [stderr]   --> src/k8s_manager.rs:30:5
[INFO] [stderr]    |
[INFO] [stderr] 29 | struct Context {
[INFO] [stderr]    |        ------- fields in this struct
[INFO] [stderr] 30 |     cluster: String,
[INFO] [stderr]    |     ^^^^^^^
[INFO] [stderr] 31 |     user: String,
[INFO] [stderr]    |     ^^^^
[INFO] [stderr]    |
[INFO] [stderr]    = note: `Context` has a derived impl for the trait `Debug`, but this is intentionally ignored during dead code analysis
[INFO] [stderr] 
[INFO] [stderr] warning: field `name` is never read
[INFO] [stderr]   --> src/k8s_manager.rs:36:5
[INFO] [stderr]    |
[INFO] [stderr] 35 | struct UserData {
[INFO] [stderr]    |        -------- field in this struct
[INFO] [stderr] 36 |     name: String,
[INFO] [stderr]    |     ^^^^
[INFO] [stderr]    |
[INFO] [stderr]    = note: `UserData` has a derived impl for the trait `Debug`, but this is intentionally ignored during dead code analysis
[INFO] [stderr] 
[INFO] [stderr] warning: field `contexts` is never read
[INFO] [stderr]   --> src/k8s_manager.rs:51:5
[INFO] [stderr]    |
[INFO] [stderr] 49 | struct KubeConfig {
[INFO] [stderr]    |        ---------- field in this struct
[INFO] [stderr] 50 |     clusters: Vec<ClusterData>,
[INFO] [stderr] 51 |     contexts: Vec<ContextData>,
[INFO] [stderr]    |     ^^^^^^^^
[INFO] [stderr]    |
[INFO] [stderr]    = note: `KubeConfig` has a derived impl for the trait `Debug`, but this is intentionally ignored during dead code analysis
[INFO] [stderr] 
[INFO] [stderr] warning: field `namespace` is never read
[INFO] [stderr]   --> src/k8s_manager.rs:64:9
[INFO] [stderr]    |
[INFO] [stderr] 62 | pub struct Metadata {
[INFO] [stderr]    |            -------- field in this struct
[INFO] [stderr] 63 |     pub name: String,
[INFO] [stderr] 64 |     pub namespace: String,
[INFO] [stderr]    |         ^^^^^^^^^
[INFO] [stderr]    |
[INFO] [stderr]    = note: `Metadata` has a derived impl for the trait `Debug`, but this is intentionally ignored during dead code analysis
[INFO] [stderr] 
[INFO] [stderr] warning: method `add_instance` is never used
[INFO] [stderr]   --> src/loki_worker.rs:42:8
[INFO] [stderr]    |
[INFO] [stderr] 21 | impl<'a> LokiQueryBuilder<'a> {
[INFO] [stderr]    | ----------------------------- method in this implementation
[INFO] [stderr] ...
[INFO] [stderr] 42 |     fn add_instance(&mut self, pod_name: &str) -> &mut Self {
[INFO] [stderr]    |        ^^^^^^^^^^^^
[INFO] [stderr] 
[INFO] [stderr] warning: method `get_svc_names` is never used
[INFO] [stderr]   --> src/config.rs:16:12
[INFO] [stderr]    |
[INFO] [stderr] 15 | impl Labels {
[INFO] [stderr]    | ----------- method in this implementation
[INFO] [stderr] 16 |     pub fn get_svc_names(&self) -> Vec<&String> {
[INFO] [stderr]    |            ^^^^^^^^^^^^^
[INFO] [stderr] 
[INFO] [stderr] warning: field `items` is never read
[INFO] [stderr]   --> src/config.rs:28:9
[INFO] [stderr]    |
[INFO] [stderr] 27 | pub struct App {
[INFO] [stderr]    |            --- field in this struct
[INFO] [stderr] 28 |     pub items: Vec<String>,
[INFO] [stderr]    |         ^^^^^
[INFO] [stderr]    |
[INFO] [stderr]    = note: `App` has a derived impl for the trait `Debug`, but this is intentionally ignored during dead code analysis
[INFO] [stderr] 
[INFO] [stderr] warning: field `items` is never read
[INFO] [stderr]   --> src/config.rs:33:9
[INFO] [stderr]    |
[INFO] [stderr] 32 | pub struct Unit {
[INFO] [stderr]    |            ---- field in this struct
[INFO] [stderr] 33 |     pub items: Vec<String>,
[INFO] [stderr]    |         ^^^^^
[INFO] [stderr]    |
[INFO] [stderr]    = note: `Unit` has a derived impl for the trait `Debug`, but this is intentionally ignored during dead code analysis
[INFO] [stderr] 
[INFO] [stderr] warning: method `get_svc_names` is never used
[INFO] [stderr]   --> src/config.rs:67:12
[INFO] [stderr]    |
[INFO] [stderr] 54 | impl Artifacts {
[INFO] [stderr]    | -------------- method in this implementation
[INFO] [stderr] ...
[INFO] [stderr] 67 |     pub fn get_svc_names(&self) -> Vec<&String> {
[INFO] [stderr]    |            ^^^^^^^^^^^^^
[INFO] [stderr] 
[INFO] [stderr] warning: field `addr` is never read
[INFO] [stderr]   --> src/config.rs:89:9
[INFO] [stderr]    |
[INFO] [stderr] 88 | pub struct SshConfig {
[INFO] [stderr]    |            --------- field in this struct
[INFO] [stderr] 89 |     pub addr: String,
[INFO] [stderr]    |         ^^^^
[INFO] [stderr]    |
[INFO] [stderr]    = note: `SshConfig` has derived impls for the traits `Debug` and `Clone`, but these are intentionally ignored during dead code analysis
[INFO] [stderr] 
[INFO] [stderr] warning: fields `since`, `time_zone`, and `tenant_id` are never read
[INFO] [stderr]    --> src/config.rs:108:9
[INFO] [stderr]     |
[INFO] [stderr] 101 | pub struct LokiConfig {
[INFO] [stderr]     |            ---------- fields in this struct
[INFO] [stderr] ...
[INFO] [stderr] 108 |     pub since: String,
[INFO] [stderr]     |         ^^^^^
[INFO] [stderr] 109 |     pub time_zone: String,
[INFO] [stderr]     |         ^^^^^^^^^
[INFO] [stderr] 110 |     pub tenant_id: String,
[INFO] [stderr]     |         ^^^^^^^^^
[INFO] [stderr]     |
[INFO] [stderr]     = note: `LokiConfig` has derived impls for the traits `Debug` and `Clone`, but these are intentionally ignored during dead code analysis
[INFO] [stderr] 
[INFO] [stderr] warning: `harvester` (bin "harvester" test) generated 30 warnings (run `cargo fix --bin "harvester" --tests` to apply 13 suggestions)
[INFO] [stderr]     Finished `test` profile [unoptimized + debuginfo] target(s) in 0.09s
[INFO] [stderr]      Running unittests src/main.rs (/opt/rustwide/target/debug/deps/harvester-406a22d78767929d)
[INFO] [stdout] 
[INFO] [stdout] running 8 tests
[INFO] [stdout] test k8s_manager::tests::test_pod_list ... ok
[INFO] [stdout] test config::tests::test_config_from_file ... ok
[INFO] [stdout] test loki_worker::tests::test_query_builder ... ok
[INFO] [stdout] test k8s_manager::tests::test_kubeconfig ... ok
[INFO] [stdout] test session_manager::tests::test_is_valid ... FAILED
[INFO] [stdout] test session_manager::tests::test_connect ... FAILED
[INFO] [stdout] test ssh_utils::tests::test_execute ... FAILED
[INFO] [stdout] test ptaf_node::tests::test_get_ssh_conn ... FAILED
[INFO] [stdout] 
[INFO] [stdout] failures:
[INFO] [stdout] 
[INFO] [stdout] ---- session_manager::tests::test_is_valid stdout ----
[INFO] [stdout] thread 'session_manager::tests::test_is_valid' panicked at src/session_manager.rs:104:56:
[INFO] [stdout] called `Result::unwrap()` on an `Err` value: TcpError(Os { code: 99, kind: AddrNotAvailable, message: "Cannot assign requested address" })
[INFO] [stdout] stack backtrace:
[INFO] [stdout]    0:     0x564f33ab110a - std::backtrace_rs::backtrace::libunwind::trace::h207520d6e9873551
[INFO] [stdout]                                at /rustc/df4ca44d3fbc9301ee17f30f4d474e6ae4b05252/library/std/src/../../backtrace/src/backtrace/libunwind.rs:116:5
[INFO] [stdout]    1:     0x564f33ab110a - std::backtrace_rs::backtrace::trace_unsynchronized::h2ed7433f370e3eca
[INFO] [stdout]                                at /rustc/df4ca44d3fbc9301ee17f30f4d474e6ae4b05252/library/std/src/../../backtrace/src/backtrace/mod.rs:66:5
[INFO] [stdout]    2:     0x564f33ab110a - std::sys::backtrace::_print_fmt::h916fac51166b18d7
[INFO] [stdout]                                at /rustc/df4ca44d3fbc9301ee17f30f4d474e6ae4b05252/library/std/src/sys/backtrace.rs:66:9
[INFO] [stdout]    3:     0x564f33ab110a - <std::sys::backtrace::BacktraceLock::print::DisplayBacktrace as core::fmt::Display>::fmt::ha0a4c9b8ce3802e6
[INFO] [stdout]                                at /rustc/df4ca44d3fbc9301ee17f30f4d474e6ae4b05252/library/std/src/sys/backtrace.rs:39:26
[INFO] [stdout]    4:     0x564f33ada053 - core::fmt::rt::Argument::fmt::h4cfc8587d52b3eb5
[INFO] [stdout]                                at /rustc/df4ca44d3fbc9301ee17f30f4d474e6ae4b05252/library/core/src/fmt/rt.rs:177:76
[INFO] [stdout]    5:     0x564f33ada053 - core::fmt::write::h522cc39e5b36ae9f
[INFO] [stdout]                                at /rustc/df4ca44d3fbc9301ee17f30f4d474e6ae4b05252/library/core/src/fmt/mod.rs:1190:21
[INFO] [stdout]    6:     0x564f33aad823 - std::io::Write::write_fmt::h7d3c26752da97734
[INFO] [stdout]                                at /rustc/df4ca44d3fbc9301ee17f30f4d474e6ae4b05252/library/std/src/io/mod.rs:1839:15
[INFO] [stdout]    7:     0x564f33ab0f52 - std::sys::backtrace::BacktraceLock::print::h4b9e00b29e9c0942
[INFO] [stdout]                                at /rustc/df4ca44d3fbc9301ee17f30f4d474e6ae4b05252/library/std/src/sys/backtrace.rs:42:9
[INFO] [stdout]    8:     0x564f33ab259a - std::panicking::default_hook::{{closure}}::hb59b88280d0324d9
[INFO] [stdout]                                at /rustc/df4ca44d3fbc9301ee17f30f4d474e6ae4b05252/library/std/src/panicking.rs:268:22
[INFO] [stdout]    9:     0x564f33ab23a4 - std::panicking::default_hook::he1dd496665be4a29
[INFO] [stdout]                                at /rustc/df4ca44d3fbc9301ee17f30f4d474e6ae4b05252/library/std/src/panicking.rs:292:9
[INFO] [stdout]   10:     0x564f339b3c49 - <alloc::boxed::Box<F,A> as core::ops::function::Fn<Args>>::call::h4ff71de18744e1dc
[INFO] [stdout]                                at /rustc/df4ca44d3fbc9301ee17f30f4d474e6ae4b05252/library/alloc/src/boxed.rs:2468:9
[INFO] [stdout]   11:     0x564f339b3c49 - test::test_main::{{closure}}::hcf7c055ce117aa81
[INFO] [stdout]                                at /rustc/df4ca44d3fbc9301ee17f30f4d474e6ae4b05252/library/test/src/lib.rs:133:21
[INFO] [stdout]   12:     0x564f33ab2c98 - <alloc::boxed::Box<F,A> as core::ops::function::Fn<Args>>::call::h1d66c6bbd60c9692
[INFO] [stdout]                                at /rustc/df4ca44d3fbc9301ee17f30f4d474e6ae4b05252/library/alloc/src/boxed.rs:2468:9
[INFO] [stdout]   13:     0x564f33ab2c98 - std::panicking::rust_panic_with_hook::h2ff17fe8f26dfcf8
[INFO] [stdout]                                at /rustc/df4ca44d3fbc9301ee17f30f4d474e6ae4b05252/library/std/src/panicking.rs:809:13
[INFO] [stdout]   14:     0x564f33ab2a5a - std::panicking::begin_panic_handler::{{closure}}::h4fad77951c07e101
[INFO] [stdout]                                at /rustc/df4ca44d3fbc9301ee17f30f4d474e6ae4b05252/library/std/src/panicking.rs:674:13
[INFO] [stdout]   15:     0x564f33ab15e9 - std::sys::backtrace::__rust_end_short_backtrace::hb1a25b3da5d0ea08
[INFO] [stdout]                                at /rustc/df4ca44d3fbc9301ee17f30f4d474e6ae4b05252/library/std/src/sys/backtrace.rs:170:18
[INFO] [stdout]   16:     0x564f33ab26ec - rust_begin_unwind
[INFO] [stdout]                                at /rustc/df4ca44d3fbc9301ee17f30f4d474e6ae4b05252/library/std/src/panicking.rs:665:5
[INFO] [stdout]   17:     0x564f33ad8460 - core::panicking::panic_fmt::ha9db07b529f9b256
[INFO] [stdout]                                at /rustc/df4ca44d3fbc9301ee17f30f4d474e6ae4b05252/library/core/src/panicking.rs:75:14
[INFO] [stdout]   18:     0x564f33ad8906 - core::result::unwrap_failed::h5e8218e4d4338b8a
[INFO] [stdout]                                at /rustc/df4ca44d3fbc9301ee17f30f4d474e6ae4b05252/library/core/src/result.rs:1698:5
[INFO] [stdout]   19:     0x564f3392fb6e - core::result::Result<T,E>::unwrap::h46169410088c472c
[INFO] [stdout]                                at /rustc/df4ca44d3fbc9301ee17f30f4d474e6ae4b05252/library/core/src/result.rs:1103:23
[INFO] [stdout]   20:     0x564f3392fb6e - harvester::session_manager::tests::test_is_valid::h5bd689663adb7cc3
[INFO] [stdout]                                at /opt/rustwide/workdir/src/session_manager.rs:104:30
[INFO] [stdout]   21:     0x564f3392f8f7 - harvester::session_manager::tests::test_is_valid::{{closure}}::h26d49569b00c2627
[INFO] [stdout]                                at /opt/rustwide/workdir/src/session_manager.rs:96:23
[INFO] [stdout]   22:     0x564f33928046 - core::ops::function::FnOnce::call_once::h1b61b95b193ffe33
[INFO] [stdout]                                at /rustc/df4ca44d3fbc9301ee17f30f4d474e6ae4b05252/library/core/src/ops/function.rs:250:5
[INFO] [stdout]   23:     0x564f339b851b - core::ops::function::FnOnce::call_once::h22c3ba5715e93f05
[INFO] [stdout]                                at /rustc/df4ca44d3fbc9301ee17f30f4d474e6ae4b05252/library/core/src/ops/function.rs:250:5
[INFO] [stdout]   24:     0x564f339b851b - test::__rust_begin_short_backtrace::h8e82d8113d0da17f
[INFO] [stdout]                                at /rustc/df4ca44d3fbc9301ee17f30f4d474e6ae4b05252/library/test/src/lib.rs:621:18
[INFO] [stdout]   25:     0x564f339b7e97 - test::run_test_in_process::{{closure}}::h33235f4f20b7b7c7
[INFO] [stdout]                                at /rustc/df4ca44d3fbc9301ee17f30f4d474e6ae4b05252/library/test/src/lib.rs:644:60
[INFO] [stdout]   26:     0x564f339b7e97 - <core::panic::unwind_safe::AssertUnwindSafe<F> as core::ops::function::FnOnce<()>>::call_once::hb5043206310c586f
[INFO] [stdout]                                at /rustc/df4ca44d3fbc9301ee17f30f4d474e6ae4b05252/library/core/src/panic/unwind_safe.rs:272:9
[INFO] [stdout]   27:     0x564f339b7e97 - std::panicking::try::do_call::h9ad4731a60ab23e2
[INFO] [stdout]                                at /rustc/df4ca44d3fbc9301ee17f30f4d474e6ae4b05252/library/std/src/panicking.rs:557:40
[INFO] [stdout]   28:     0x564f339b7e97 - std::panicking::try::h3824d23db772a716
[INFO] [stdout]                                at /rustc/df4ca44d3fbc9301ee17f30f4d474e6ae4b05252/library/std/src/panicking.rs:520:19
[INFO] [stdout]   29:     0x564f339b7e97 - std::panic::catch_unwind::h5afd514605fde46b
[INFO] [stdout]                                at /rustc/df4ca44d3fbc9301ee17f30f4d474e6ae4b05252/library/std/src/panic.rs:358:14
[INFO] [stdout]   30:     0x564f339b7e97 - test::run_test_in_process::h0d5cbfa7067d1720
[INFO] [stdout]                                at /rustc/df4ca44d3fbc9301ee17f30f4d474e6ae4b05252/library/test/src/lib.rs:644:27
[INFO] [stdout]   31:     0x564f339b7e97 - test::run_test::{{closure}}::h708eb8872708115d
[INFO] [stdout]                                at /rustc/df4ca44d3fbc9301ee17f30f4d474e6ae4b05252/library/test/src/lib.rs:565:43
[INFO] [stdout]   32:     0x564f3397b5b4 - test::run_test::{{closure}}::h392c51cee94713ab
[INFO] [stdout]                                at /rustc/df4ca44d3fbc9301ee17f30f4d474e6ae4b05252/library/test/src/lib.rs:595:41
[INFO] [stdout]   33:     0x564f3397b5b4 - std::sys::backtrace::__rust_begin_short_backtrace::h2f40290710935a8b
[INFO] [stdout]                                at /rustc/df4ca44d3fbc9301ee17f30f4d474e6ae4b05252/library/std/src/sys/backtrace.rs:154:18
[INFO] [stdout]   34:     0x564f3397ed5e - std::thread::Builder::spawn_unchecked_::{{closure}}::{{closure}}::h3fd968d89053a903
[INFO] [stdout]                                at /rustc/df4ca44d3fbc9301ee17f30f4d474e6ae4b05252/library/std/src/thread/mod.rs:541:17
[INFO] [stdout]   35:     0x564f3397ed5e - <core::panic::unwind_safe::AssertUnwindSafe<F> as core::ops::function::FnOnce<()>>::call_once::h743f637ba4229880
[INFO] [stdout]                                at /rustc/df4ca44d3fbc9301ee17f30f4d474e6ae4b05252/library/core/src/panic/unwind_safe.rs:272:9
[INFO] [stdout]   36:     0x564f3397ed5e - std::panicking::try::do_call::h07440897322525a6
[INFO] [stdout]                                at /rustc/df4ca44d3fbc9301ee17f30f4d474e6ae4b05252/library/std/src/panicking.rs:557:40
[INFO] [stdout]   37:     0x564f3397ed5e - std::panicking::try::he5a2e00188156637
[INFO] [stdout]                                at /rustc/df4ca44d3fbc9301ee17f30f4d474e6ae4b05252/library/std/src/panicking.rs:520:19
[INFO] [stdout]   38:     0x564f3397ed5e - std::panic::catch_unwind::hbaf3cae49b3c6433
[INFO] [stdout]                                at /rustc/df4ca44d3fbc9301ee17f30f4d474e6ae4b05252/library/std/src/panic.rs:358:14
[INFO] [stdout]   39:     0x564f3397ed5e - std::thread::Builder::spawn_unchecked_::{{closure}}::h8e141ea224820bce
[INFO] [stdout]                                at /rustc/df4ca44d3fbc9301ee17f30f4d474e6ae4b05252/library/std/src/thread/mod.rs:540:30
[INFO] [stdout]   40:     0x564f3397ed5e - core::ops::function::FnOnce::call_once{{vtable.shim}}::h90d312fedd7b8ea8
[INFO] [stdout]                                at /rustc/df4ca44d3fbc9301ee17f30f4d474e6ae4b05252/library/core/src/ops/function.rs:250:5
[INFO] [stdout]   41:     0x564f33ab6a9b - <alloc::boxed::Box<F,A> as core::ops::function::FnOnce<Args>>::call_once::h69aa08ddb6adb8b6
[INFO] [stdout]                                at /rustc/df4ca44d3fbc9301ee17f30f4d474e6ae4b05252/library/alloc/src/boxed.rs:2454:9
[INFO] [stdout]   42:     0x564f33ab6a9b - <alloc::boxed::Box<F,A> as core::ops::function::FnOnce<Args>>::call_once::h5aa36efdb79c806f
[INFO] [stdout]                                at /rustc/df4ca44d3fbc9301ee17f30f4d474e6ae4b05252/library/alloc/src/boxed.rs:2454:9
[INFO] [stdout]   43:     0x564f33ab6a9b - std::sys::pal::unix::thread::Thread::new::thread_start::h6cd80a1b4be5158d
[INFO] [stdout]                                at /rustc/df4ca44d3fbc9301ee17f30f4d474e6ae4b05252/library/std/src/sys/pal/unix/thread.rs:105:17
[INFO] [stdout]   44:     0x7fc1eb68aac3 - <unknown>
[INFO] [stdout]   45:     0x7fc1eb71ba04 - clone
[INFO] [stdout]   46:                0x0 - <unknown>
[INFO] [stdout] 
[INFO] [stdout] ---- session_manager::tests::test_connect stdout ----
[INFO] [stdout] thread 'session_manager::tests::test_connect' panicked at src/session_manager.rs:92:9:
[INFO] [stdout] assertion failed: result.is_ok()
[INFO] [stdout] stack backtrace:
[INFO] [stdout]    0:     0x564f33ab110a - std::backtrace_rs::backtrace::libunwind::trace::h207520d6e9873551
[INFO] [stdout]                                at /rustc/df4ca44d3fbc9301ee17f30f4d474e6ae4b05252/library/std/src/../../backtrace/src/backtrace/libunwind.rs:116:5
[INFO] [stdout]    1:     0x564f33ab110a - std::backtrace_rs::backtrace::trace_unsynchronized::h2ed7433f370e3eca
[INFO] [stdout]                                at /rustc/df4ca44d3fbc9301ee17f30f4d474e6ae4b05252/library/std/src/../../backtrace/src/backtrace/mod.rs:66:5
[INFO] [stdout]    2:     0x564f33ab110a - std::sys::backtrace::_print_fmt::h916fac51166b18d7
[INFO] [stdout]                                at /rustc/df4ca44d3fbc9301ee17f30f4d474e6ae4b05252/library/std/src/sys/backtrace.rs:66:9
[INFO] [stdout]    3:     0x564f33ab110a - <std::sys::backtrace::BacktraceLock::print::DisplayBacktrace as core::fmt::Display>::fmt::ha0a4c9b8ce3802e6
[INFO] [stdout]                                at /rustc/df4ca44d3fbc9301ee17f30f4d474e6ae4b05252/library/std/src/sys/backtrace.rs:39:26
[INFO] [stdout]    4:     0x564f33ada053 - core::fmt::rt::Argument::fmt::h4cfc8587d52b3eb5
[INFO] [stdout]                                at /rustc/df4ca44d3fbc9301ee17f30f4d474e6ae4b05252/library/core/src/fmt/rt.rs:177:76
[INFO] [stdout]    5:     0x564f33ada053 - core::fmt::write::h522cc39e5b36ae9f
[INFO] [stdout]                                at /rustc/df4ca44d3fbc9301ee17f30f4d474e6ae4b05252/library/core/src/fmt/mod.rs:1190:21
[INFO] [stdout]    6:     0x564f33aad823 - std::io::Write::write_fmt::h7d3c26752da97734
[INFO] [stdout]                                at /rustc/df4ca44d3fbc9301ee17f30f4d474e6ae4b05252/library/std/src/io/mod.rs:1839:15
[INFO] [stdout]    7:     0x564f33ab0f52 - std::sys::backtrace::BacktraceLock::print::h4b9e00b29e9c0942
[INFO] [stdout]                                at /rustc/df4ca44d3fbc9301ee17f30f4d474e6ae4b05252/library/std/src/sys/backtrace.rs:42:9
[INFO] [stdout]    8:     0x564f33ab259a - std::panicking::default_hook::{{closure}}::hb59b88280d0324d9
[INFO] [stdout]                                at /rustc/df4ca44d3fbc9301ee17f30f4d474e6ae4b05252/library/std/src/panicking.rs:268:22
[INFO] [stdout]    9:     0x564f33ab23a4 - std::panicking::default_hook::he1dd496665be4a29
[INFO] [stdout]                                at /rustc/df4ca44d3fbc9301ee17f30f4d474e6ae4b05252/library/std/src/panicking.rs:292:9
[INFO] [stdout]   10:     0x564f339b3c49 - <alloc::boxed::Box<F,A> as core::ops::function::Fn<Args>>::call::h4ff71de18744e1dc
[INFO] [stdout]                                at /rustc/df4ca44d3fbc9301ee17f30f4d474e6ae4b05252/library/alloc/src/boxed.rs:2468:9
[INFO] [stdout]   11:     0x564f339b3c49 - test::test_main::{{closure}}::hcf7c055ce117aa81
[INFO] [stdout]                                at /rustc/df4ca44d3fbc9301ee17f30f4d474e6ae4b05252/library/test/src/lib.rs:133:21
[INFO] [stdout]   12:     0x564f33ab2c98 - <alloc::boxed::Box<F,A> as core::ops::function::Fn<Args>>::call::h1d66c6bbd60c9692
[INFO] [stdout]                                at /rustc/df4ca44d3fbc9301ee17f30f4d474e6ae4b05252/library/alloc/src/boxed.rs:2468:9
[INFO] [stdout]   13:     0x564f33ab2c98 - std::panicking::rust_panic_with_hook::h2ff17fe8f26dfcf8
[INFO] [stdout]                                at /rustc/df4ca44d3fbc9301ee17f30f4d474e6ae4b05252/library/std/src/panicking.rs:809:13
[INFO] [stdout]   14:     0x564f33ab2a26 - std::panicking::begin_panic_handler::{{closure}}::h4fad77951c07e101
[INFO] [stdout]                                at /rustc/df4ca44d3fbc9301ee17f30f4d474e6ae4b05252/library/std/src/panicking.rs:667:13
[INFO] [stdout]   15:     0x564f33ab15e9 - std::sys::backtrace::__rust_end_short_backtrace::hb1a25b3da5d0ea08
[INFO] [stdout]                                at /rustc/df4ca44d3fbc9301ee17f30f4d474e6ae4b05252/library/std/src/sys/backtrace.rs:170:18
[INFO] [stdout]   16:     0x564f33ab26ec - rust_begin_unwind
[INFO] [stdout]                                at /rustc/df4ca44d3fbc9301ee17f30f4d474e6ae4b05252/library/std/src/panicking.rs:665:5
[INFO] [stdout]   17:     0x564f33ad8460 - core::panicking::panic_fmt::ha9db07b529f9b256
[INFO] [stdout]                                at /rustc/df4ca44d3fbc9301ee17f30f4d474e6ae4b05252/library/core/src/panicking.rs:75:14
[INFO] [stdout]   18:     0x564f33ad84ec - core::panicking::panic::h993086813d94accc
[INFO] [stdout]                                at /rustc/df4ca44d3fbc9301ee17f30f4d474e6ae4b05252/library/core/src/panicking.rs:152:5
[INFO] [stdout]   19:     0x564f3392f89d - harvester::session_manager::tests::test_connect::h59ef7bc719c88e47
[INFO] [stdout]                                at /opt/rustwide/workdir/src/session_manager.rs:92:9
[INFO] [stdout]   20:     0x564f3392f647 - harvester::session_manager::tests::test_connect::{{closure}}::h03a2fa2546f1a6a2
[INFO] [stdout]                                at /opt/rustwide/workdir/src/session_manager.rs:83:22
[INFO] [stdout]   21:     0x564f339283e6 - core::ops::function::FnOnce::call_once::h8039813018e48587
[INFO] [stdout]                                at /rustc/df4ca44d3fbc9301ee17f30f4d474e6ae4b05252/library/core/src/ops/function.rs:250:5
[INFO] [stdout]   22:     0x564f339b851b - core::ops::function::FnOnce::call_once::h22c3ba5715e93f05
[INFO] [stdout]                                at /rustc/df4ca44d3fbc9301ee17f30f4d474e6ae4b05252/library/core/src/ops/function.rs:250:5
[INFO] [stdout]   23:     0x564f339b851b - test::__rust_begin_short_backtrace::h8e82d8113d0da17f
[INFO] [stdout]                                at /rustc/df4ca44d3fbc9301ee17f30f4d474e6ae4b05252/library/test/src/lib.rs:621:18
[INFO] [stdout]   24:     0x564f339b7e97 - test::run_test_in_process::{{closure}}::h33235f4f20b7b7c7
[INFO] [stdout]                                at /rustc/df4ca44d3fbc9301ee17f30f4d474e6ae4b05252/library/test/src/lib.rs:644:60
[INFO] [stdout]   25:     0x564f339b7e97 - <core::panic::unwind_safe::AssertUnwindSafe<F> as core::ops::function::FnOnce<()>>::call_once::hb5043206310c586f
[INFO] [stdout]                                at /rustc/df4ca44d3fbc9301ee17f30f4d474e6ae4b05252/library/core/src/panic/unwind_safe.rs:272:9
[INFO] [stdout]   26:     0x564f339b7e97 - std::panicking::try::do_call::h9ad4731a60ab23e2
[INFO] [stdout]                                at /rustc/df4ca44d3fbc9301ee17f30f4d474e6ae4b05252/library/std/src/panicking.rs:557:40
[INFO] [stdout]   27:     0x564f339b7e97 - std::panicking::try::h3824d23db772a716
[INFO] [stdout]                                at /rustc/df4ca44d3fbc9301ee17f30f4d474e6ae4b05252/library/std/src/panicking.rs:520:19
[INFO] [stdout]   28:     0x564f339b7e97 - std::panic::catch_unwind::h5afd514605fde46b
[INFO] [stdout]                                at /rustc/df4ca44d3fbc9301ee17f30f4d474e6ae4b05252/library/std/src/panic.rs:358:14
[INFO] [stdout]   29:     0x564f339b7e97 - test::run_test_in_process::h0d5cbfa7067d1720
[INFO] [stdout]                                at /rustc/df4ca44d3fbc9301ee17f30f4d474e6ae4b05252/library/test/src/lib.rs:644:27
[INFO] [stdout]   30:     0x564f339b7e97 - test::run_test::{{closure}}::h708eb8872708115d
[INFO] [stdout]                                at /rustc/df4ca44d3fbc9301ee17f30f4d474e6ae4b05252/library/test/src/lib.rs:565:43
[INFO] [stdout]   31:     0x564f3397b5b4 - test::run_test::{{closure}}::h392c51cee94713ab
[INFO] [stdout]                                at /rustc/df4ca44d3fbc9301ee17f30f4d474e6ae4b05252/library/test/src/lib.rs:595:41
[INFO] [stdout]   32:     0x564f3397b5b4 - std::sys::backtrace::__rust_begin_short_backtrace::h2f40290710935a8b
[INFO] [stdout]                                at /rustc/df4ca44d3fbc9301ee17f30f4d474e6ae4b05252/library/std/src/sys/backtrace.rs:154:18
[INFO] [stdout]   33:     0x564f3397ed5e - std::thread::Builder::spawn_unchecked_::{{closure}}::{{closure}}::h3fd968d89053a903
[INFO] [stdout]                                at /rustc/df4ca44d3fbc9301ee17f30f4d474e6ae4b05252/library/std/src/thread/mod.rs:541:17
[INFO] [stdout]   34:     0x564f3397ed5e - <core::panic::unwind_safe::AssertUnwindSafe<F> as core::ops::function::FnOnce<()>>::call_once::h743f637ba4229880
[INFO] [stdout]                                at /rustc/df4ca44d3fbc9301ee17f30f4d474e6ae4b05252/library/core/src/panic/unwind_safe.rs:272:9
[INFO] [stdout]   35:     0x564f3397ed5e - std::panicking::try::do_call::h07440897322525a6
[INFO] [stdout]                                at /rustc/df4ca44d3fbc9301ee17f30f4d474e6ae4b05252/library/std/src/panicking.rs:557:40
[INFO] [stdout]   36:     0x564f3397ed5e - std::panicking::try::he5a2e00188156637
[INFO] [stdout]                                at /rustc/df4ca44d3fbc9301ee17f30f4d474e6ae4b05252/library/std/src/panicking.rs:520:19
[INFO] [stdout]   37:     0x564f3397ed5e - std::panic::catch_unwind::hbaf3cae49b3c6433
[INFO] [stdout]                                at /rustc/df4ca44d3fbc9301ee17f30f4d474e6ae4b05252/library/std/src/panic.rs:358:14
[INFO] [stdout]   38:     0x564f3397ed5e - std::thread::Builder::spawn_unchecked_::{{closure}}::h8e141ea224820bce
[INFO] [stdout]                                at /rustc/df4ca44d3fbc9301ee17f30f4d474e6ae4b05252/library/std/src/thread/mod.rs:540:30
[INFO] [stdout]   39:     0x564f3397ed5e - core::ops::function::FnOnce::call_once{{vtable.shim}}::h90d312fedd7b8ea8
[INFO] [stdout]                                at /rustc/df4ca44d3fbc9301ee17f30f4d474e6ae4b05252/library/core/src/ops/function.rs:250:5
[INFO] [stdout]   40:     0x564f33ab6a9b - <alloc::boxed::Box<F,A> as core::ops::function::FnOnce<Args>>::call_once::h69aa08ddb6adb8b6
[INFO] [stdout]                                at /rustc/df4ca44d3fbc9301ee17f30f4d474e6ae4b05252/library/alloc/src/boxed.rs:2454:9
[INFO] [stdout]   41:     0x564f33ab6a9b - <alloc::boxed::Box<F,A> as core::ops::function::FnOnce<Args>>::call_once::h5aa36efdb79c806f
[INFO] [stdout]                                at /rustc/df4ca44d3fbc9301ee17f30f4d474e6ae4b05252/library/alloc/src/boxed.rs:2454:9
[INFO] [stdout]   42:     0x564f33ab6a9b - std::sys::pal::unix::thread::Thread::new::thread_start::h6cd80a1b4be5158d
[INFO] [stdout]                                at /rustc/df4ca44d3fbc9301ee17f30f4d474e6ae4b05252/library/std/src/sys/pal/unix/thread.rs:105:17
[INFO] [stdout]   43:     0x7fc1eb68aac3 - <unknown>
[INFO] [stdout]   44:     0x7fc1eb71ba04 - clone
[INFO] [stdout]   45:                0x0 - <unknown>
[INFO] [stdout] 
[INFO] [stdout] ---- ssh_utils::tests::test_execute stdout ----
[INFO] [stdout] thread 'ssh_utils::tests::test_execute' panicked at src/ssh_utils.rs:133:14:
[INFO] [stdout] called `Result::unwrap()` on an `Err` value: Error(Some("TCP connection error: Cannot assign requested address (os error 99)"))
[INFO] [stdout] stack backtrace:
[INFO] [stdout]    0:     0x564f33ab110a - std::backtrace_rs::backtrace::libunwind::trace::h207520d6e9873551
[INFO] [stdout]                                at /rustc/df4ca44d3fbc9301ee17f30f4d474e6ae4b05252/library/std/src/../../backtrace/src/backtrace/libunwind.rs:116:5
[INFO] [stdout]    1:     0x564f33ab110a - std::backtrace_rs::backtrace::trace_unsynchronized::h2ed7433f370e3eca
[INFO] [stdout]                                at /rustc/df4ca44d3fbc9301ee17f30f4d474e6ae4b05252/library/std/src/../../backtrace/src/backtrace/mod.rs:66:5
[INFO] [stdout]    2:     0x564f33ab110a - std::sys::backtrace::_print_fmt::h916fac51166b18d7
[INFO] [stdout]                                at /rustc/df4ca44d3fbc9301ee17f30f4d474e6ae4b05252/library/std/src/sys/backtrace.rs:66:9
[INFO] [stdout]    3:     0x564f33ab110a - <std::sys::backtrace::BacktraceLock::print::DisplayBacktrace as core::fmt::Display>::fmt::ha0a4c9b8ce3802e6
[INFO] [stdout]                                at /rustc/df4ca44d3fbc9301ee17f30f4d474e6ae4b05252/library/std/src/sys/backtrace.rs:39:26
[INFO] [stdout]    4:     0x564f33ada053 - core::fmt::rt::Argument::fmt::h4cfc8587d52b3eb5
[INFO] [stdout]                                at /rustc/df4ca44d3fbc9301ee17f30f4d474e6ae4b05252/library/core/src/fmt/rt.rs:177:76
[INFO] [stdout]    5:     0x564f33ada053 - core::fmt::write::h522cc39e5b36ae9f
[INFO] [stdout]                                at /rustc/df4ca44d3fbc9301ee17f30f4d474e6ae4b05252/library/core/src/fmt/mod.rs:1190:21
[INFO] [stdout]    6:     0x564f33aad823 - std::io::Write::write_fmt::h7d3c26752da97734
[INFO] [stdout]                                at /rustc/df4ca44d3fbc9301ee17f30f4d474e6ae4b05252/library/std/src/io/mod.rs:1839:15
[INFO] [stdout]    7:     0x564f33ab0f52 - std::sys::backtrace::BacktraceLock::print::h4b9e00b29e9c0942
[INFO] [stdout]                                at /rustc/df4ca44d3fbc9301ee17f30f4d474e6ae4b05252/library/std/src/sys/backtrace.rs:42:9
[INFO] [stdout]    8:     0x564f33ab259a - std::panicking::default_hook::{{closure}}::hb59b88280d0324d9
[INFO] [stdout]                                at /rustc/df4ca44d3fbc9301ee17f30f4d474e6ae4b05252/library/std/src/panicking.rs:268:22
[INFO] [stdout]    9:     0x564f33ab23a4 - std::panicking::default_hook::he1dd496665be4a29
[INFO] [stdout]                                at /rustc/df4ca44d3fbc9301ee17f30f4d474e6ae4b05252/library/std/src/panicking.rs:292:9
[INFO] [stdout]   10:     0x564f339b3c49 - <alloc::boxed::Box<F,A> as core::ops::function::Fn<Args>>::call::h4ff71de18744e1dc
[INFO] [stdout]                                at /rustc/df4ca44d3fbc9301ee17f30f4d474e6ae4b05252/library/alloc/src/boxed.rs:2468:9
[INFO] [stdout]   11:     0x564f339b3c49 - test::test_main::{{closure}}::hcf7c055ce117aa81
[INFO] [stdout]                                at /rustc/df4ca44d3fbc9301ee17f30f4d474e6ae4b05252/library/test/src/lib.rs:133:21
[INFO] [stdout]   12:     0x564f33ab2c98 - <alloc::boxed::Box<F,A> as core::ops::function::Fn<Args>>::call::h1d66c6bbd60c9692
[INFO] [stdout]                                at /rustc/df4ca44d3fbc9301ee17f30f4d474e6ae4b05252/library/alloc/src/boxed.rs:2468:9
[INFO] [stdout]   13:     0x564f33ab2c98 - std::panicking::rust_panic_with_hook::h2ff17fe8f26dfcf8
[INFO] [stdout]                                at /rustc/df4ca44d3fbc9301ee17f30f4d474e6ae4b05252/library/std/src/panicking.rs:809:13
[INFO] [stdout]   14:     0x564f33ab2a5a - std::panicking::begin_panic_handler::{{closure}}::h4fad77951c07e101
[INFO] [stdout]                                at /rustc/df4ca44d3fbc9301ee17f30f4d474e6ae4b05252/library/std/src/panicking.rs:674:13
[INFO] [stdout]   15:     0x564f33ab15e9 - std::sys::backtrace::__rust_end_short_backtrace::hb1a25b3da5d0ea08
[INFO] [stdout]                                at /rustc/df4ca44d3fbc9301ee17f30f4d474e6ae4b05252/library/std/src/sys/backtrace.rs:170:18
[INFO] [stdout]   16:     0x564f33ab26ec - rust_begin_unwind
[INFO] [stdout]                                at /rustc/df4ca44d3fbc9301ee17f30f4d474e6ae4b05252/library/std/src/panicking.rs:665:5
[INFO] [stdout]   17:     0x564f33ad8460 - core::panicking::panic_fmt::ha9db07b529f9b256
[INFO] [stdout]                                at /rustc/df4ca44d3fbc9301ee17f30f4d474e6ae4b05252/library/core/src/panicking.rs:75:14
[INFO] [stdout]   18:     0x564f33ad8906 - core::result::unwrap_failed::h5e8218e4d4338b8a
[INFO] [stdout]                                at /rustc/df4ca44d3fbc9301ee17f30f4d474e6ae4b05252/library/core/src/result.rs:1698:5
[INFO] [stdout]   19:     0x564f3393fefe - core::result::Result<T,E>::unwrap::h9350e1c079f36e04
[INFO] [stdout]                                at /rustc/df4ca44d3fbc9301ee17f30f4d474e6ae4b05252/library/core/src/result.rs:1103:23
[INFO] [stdout]   20:     0x564f3393fefe - harvester::ssh_utils::tests::test_execute::h5d25fd069c8aa69f
[INFO] [stdout]                                at /opt/rustwide/workdir/src/ssh_utils.rs:130:20
[INFO] [stdout]   21:     0x564f3393fb47 - harvester::ssh_utils::tests::test_execute::{{closure}}::h794d7f753759dc0a
[INFO] [stdout]                                at /opt/rustwide/workdir/src/ssh_utils.rs:120:22
[INFO] [stdout]   22:     0x564f33928366 - core::ops::function::FnOnce::call_once::h74f9bfa12ced0a32
[INFO] [stdout]                                at /rustc/df4ca44d3fbc9301ee17f30f4d474e6ae4b05252/library/core/src/ops/function.rs:250:5
[INFO] [stdout]   23:     0x564f339b851b - core::ops::function::FnOnce::call_once::h22c3ba5715e93f05
[INFO] [stdout]                                at /rustc/df4ca44d3fbc9301ee17f30f4d474e6ae4b05252/library/core/src/ops/function.rs:250:5
[INFO] [stdout]   24:     0x564f339b851b - test::__rust_begin_short_backtrace::h8e82d8113d0da17f
[INFO] [stdout]                                at /rustc/df4ca44d3fbc9301ee17f30f4d474e6ae4b05252/library/test/src/lib.rs:621:18
[INFO] [stdout]   25:     0x564f339b7e97 - test::run_test_in_process::{{closure}}::h33235f4f20b7b7c7
[INFO] [stdout]                                at /rustc/df4ca44d3fbc9301ee17f30f4d474e6ae4b05252/library/test/src/lib.rs:644:60
[INFO] [stdout]   26:     0x564f339b7e97 - <core::panic::unwind_safe::AssertUnwindSafe<F> as core::ops::function::FnOnce<()>>::call_once::hb5043206310c586f
[INFO] [stdout]                                at /rustc/df4ca44d3fbc9301ee17f30f4d474e6ae4b05252/library/core/src/panic/unwind_safe.rs:272:9
[INFO] [stdout]   27:     0x564f339b7e97 - std::panicking::try::do_call::h9ad4731a60ab23e2
[INFO] [stdout]                                at /rustc/df4ca44d3fbc9301ee17f30f4d474e6ae4b05252/library/std/src/panicking.rs:557:40
[INFO] [stdout]   28:     0x564f339b7e97 - std::panicking::try::h3824d23db772a716
[INFO] [stdout]                                at /rustc/df4ca44d3fbc9301ee17f30f4d474e6ae4b05252/library/std/src/panicking.rs:520:19
[INFO] [stdout]   29:     0x564f339b7e97 - std::panic::catch_unwind::h5afd514605fde46b
[INFO] [stdout]                                at /rustc/df4ca44d3fbc9301ee17f30f4d474e6ae4b05252/library/std/src/panic.rs:358:14
[INFO] [stdout]   30:     0x564f339b7e97 - test::run_test_in_process::h0d5cbfa7067d1720
[INFO] [stdout]                                at /rustc/df4ca44d3fbc9301ee17f30f4d474e6ae4b05252/library/test/src/lib.rs:644:27
[INFO] [stdout]   31:     0x564f339b7e97 - test::run_test::{{closure}}::h708eb8872708115d
[INFO] [stdout]                                at /rustc/df4ca44d3fbc9301ee17f30f4d474e6ae4b05252/library/test/src/lib.rs:565:43
[INFO] [stdout]   32:     0x564f3397b5b4 - test::run_test::{{closure}}::h392c51cee94713ab
[INFO] [stdout]                                at /rustc/df4ca44d3fbc9301ee17f30f4d474e6ae4b05252/library/test/src/lib.rs:595:41
[INFO] [stdout]   33:     0x564f3397b5b4 - std::sys::backtrace::__rust_begin_short_backtrace::h2f40290710935a8b
[INFO] [stdout]                                at /rustc/df4ca44d3fbc9301ee17f30f4d474e6ae4b05252/library/std/src/sys/backtrace.rs:154:18
[INFO] [stdout]   34:     0x564f3397ed5e - std::thread::Builder::spawn_unchecked_::{{closure}}::{{closure}}::h3fd968d89053a903
[INFO] [stdout]                                at /rustc/df4ca44d3fbc9301ee17f30f4d474e6ae4b05252/library/std/src/thread/mod.rs:541:17
[INFO] [stdout]   35:     0x564f3397ed5e - <core::panic::unwind_safe::AssertUnwindSafe<F> as core::ops::function::FnOnce<()>>::call_once::h743f637ba4229880
[INFO] [stdout]                                at /rustc/df4ca44d3fbc9301ee17f30f4d474e6ae4b05252/library/core/src/panic/unwind_safe.rs:272:9
[INFO] [stdout]   36:     0x564f3397ed5e - std::panicking::try::do_call::h07440897322525a6
[INFO] [stdout]                                at /rustc/df4ca44d3fbc9301ee17f30f4d474e6ae4b05252/library/std/src/panicking.rs:557:40
[INFO] [stdout]   37:     0x564f3397ed5e - std::panicking::try::he5a2e00188156637
[INFO] [stdout]                                at /rustc/df4ca44d3fbc9301ee17f30f4d474e6ae4b05252/library/std/src/panicking.rs:520:19
[INFO] [stdout]   38:     0x564f3397ed5e - std::panic::catch_unwind::hbaf3cae49b3c6433
[INFO] [stdout]                                at /rustc/df4ca44d3fbc9301ee17f30f4d474e6ae4b05252/library/std/src/panic.rs:358:14
[INFO] [stdout]   39:     0x564f3397ed5e - std::thread::Builder::spawn_unchecked_::{{closure}}::h8e141ea224820bce
[INFO] [stdout]                                at /rustc/df4ca44d3fbc9301ee17f30f4d474e6ae4b05252/library/std/src/thread/mod.rs:540:30
[INFO] [stdout]   40:     0x564f3397ed5e - core::ops::function::FnOnce::call_once{{vtable.shim}}::h90d312fedd7b8ea8
[INFO] [stdout]                                at /rustc/df4ca44d3fbc9301ee17f30f4d474e6ae4b05252/library/core/src/ops/function.rs:250:5
[INFO] [stdout]   41:     0x564f33ab6a9b - <alloc::boxed::Box<F,A> as core::ops::function::FnOnce<Args>>::call_once::h69aa08ddb6adb8b6
[INFO] [stdout]                                at /rustc/df4ca44d3fbc9301ee17f30f4d474e6ae4b05252/library/alloc/src/boxed.rs:2454:9
[INFO] [stdout]   42:     0x564f33ab6a9b - <alloc::boxed::Box<F,A> as core::ops::function::FnOnce<Args>>::call_once::h5aa36efdb79c806f
[INFO] [stdout]                                at /rustc/df4ca44d3fbc9301ee17f30f4d474e6ae4b05252/library/alloc/src/boxed.rs:2454:9
[INFO] [stdout]   43:     0x564f33ab6a9b - std::sys::pal::unix::thread::Thread::new::thread_start::h6cd80a1b4be5158d
[INFO] [stdout]                                at /rustc/df4ca44d3fbc9301ee17f30f4d474e6ae4b05252/library/std/src/sys/pal/unix/thread.rs:105:17
[INFO] [stdout]   44:     0x7fc1eb68aac3 - <unknown>
[INFO] [stdout]   45:     0x7fc1eb71ba04 - clone
[INFO] [stdout]   46:                0x0 - <unknown>
[INFO] [stdout] 
[INFO] [stdout] ---- ptaf_node::tests::test_get_ssh_conn stdout ----
[INFO] [stdout] init ssh manager
[INFO] [stdout] thread 'ptaf_node::tests::test_get_ssh_conn' panicked at src/ptaf_node.rs:23:117:
[INFO] [stdout] called `Result::unwrap()` on an `Err` value: timed out waiting for connection: TCP connection error: Cannot assign requested address (os error 99)
[INFO] [stdout] stack backtrace:
[INFO] [stdout]    0:     0x564f33ab110a - std::backtrace_rs::backtrace::libunwind::trace::h207520d6e9873551
[INFO] [stdout]                                at /rustc/df4ca44d3fbc9301ee17f30f4d474e6ae4b05252/library/std/src/../../backtrace/src/backtrace/libunwind.rs:116:5
[INFO] [stdout]    1:     0x564f33ab110a - std::backtrace_rs::backtrace::trace_unsynchronized::h2ed7433f370e3eca
[INFO] [stdout]                                at /rustc/df4ca44d3fbc9301ee17f30f4d474e6ae4b05252/library/std/src/../../backtrace/src/backtrace/mod.rs:66:5
[INFO] [stdout]    2:     0x564f33ab110a - std::sys::backtrace::_print_fmt::h916fac51166b18d7
[INFO] [stdout]                                at /rustc/df4ca44d3fbc9301ee17f30f4d474e6ae4b05252/library/std/src/sys/backtrace.rs:66:9
[INFO] [stdout]    3:     0x564f33ab110a - <std::sys::backtrace::BacktraceLock::print::DisplayBacktrace as core::fmt::Display>::fmt::ha0a4c9b8ce3802e6
[INFO] [stdout]                                at /rustc/df4ca44d3fbc9301ee17f30f4d474e6ae4b05252/library/std/src/sys/backtrace.rs:39:26
[INFO] [stdout]    4:     0x564f33ada053 - core::fmt::rt::Argument::fmt::h4cfc8587d52b3eb5
[INFO] [stdout]                                at /rustc/df4ca44d3fbc9301ee17f30f4d474e6ae4b05252/library/core/src/fmt/rt.rs:177:76
[INFO] [stdout]    5:     0x564f33ada053 - core::fmt::write::h522cc39e5b36ae9f
[INFO] [stdout]                                at /rustc/df4ca44d3fbc9301ee17f30f4d474e6ae4b05252/library/core/src/fmt/mod.rs:1190:21
[INFO] [stdout]    6:     0x564f33aad823 - std::io::Write::write_fmt::h7d3c26752da97734
[INFO] [stdout]                                at /rustc/df4ca44d3fbc9301ee17f30f4d474e6ae4b05252/library/std/src/io/mod.rs:1839:15
[INFO] [stdout]    7:     0x564f33ab0f52 - std::sys::backtrace::BacktraceLock::print::h4b9e00b29e9c0942
[INFO] [stdout]                                at /rustc/df4ca44d3fbc9301ee17f30f4d474e6ae4b05252/library/std/src/sys/backtrace.rs:42:9
[INFO] [stdout]    8:     0x564f33ab259a - std::panicking::default_hook::{{closure}}::hb59b88280d0324d9
[INFO] [stdout]                                at /rustc/df4ca44d3fbc9301ee17f30f4d474e6ae4b05252/library/std/src/panicking.rs:268:22
[INFO] [stdout]    9:     0x564f33ab23a4 - std::panicking::default_hook::he1dd496665be4a29
[INFO] [stdout]                                at /rustc/df4ca44d3fbc9301ee17f30f4d474e6ae4b05252/library/std/src/panicking.rs:292:9
[INFO] [stdout]   10:     0x564f339b3c49 - <alloc::boxed::Box<F,A> as core::ops::function::Fn<Args>>::call::h4ff71de18744e1dc
[INFO] [stdout]                                at /rustc/df4ca44d3fbc9301ee17f30f4d474e6ae4b05252/library/alloc/src/boxed.rs:2468:9
[INFO] [stdout]   11:     0x564f339b3c49 - test::test_main::{{closure}}::hcf7c055ce117aa81
[INFO] [stdout]                                at /rustc/df4ca44d3fbc9301ee17f30f4d474e6ae4b05252/library/test/src/lib.rs:133:21
[INFO] [stdout]   12:     0x564f33ab2c98 - <alloc::boxed::Box<F,A> as core::ops::function::Fn<Args>>::call::h1d66c6bbd60c9692
[INFO] [stdout]                                at /rustc/df4ca44d3fbc9301ee17f30f4d474e6ae4b05252/library/alloc/src/boxed.rs:2468:9
[INFO] [stdout]   13:     0x564f33ab2c98 - std::panicking::rust_panic_with_hook::h2ff17fe8f26dfcf8
[INFO] [stdout]                                at /rustc/df4ca44d3fbc9301ee17f30f4d474e6ae4b05252/library/std/src/panicking.rs:809:13
[INFO] [stdout]   14:     0x564f33ab2a5a - std::panicking::begin_panic_handler::{{closure}}::h4fad77951c07e101
[INFO] [stdout]                                at /rustc/df4ca44d3fbc9301ee17f30f4d474e6ae4b05252/library/std/src/panicking.rs:674:13
[INFO] [stdout]   15:     0x564f33ab15e9 - std::sys::backtrace::__rust_end_short_backtrace::hb1a25b3da5d0ea08
[INFO] [stdout]                                at /rustc/df4ca44d3fbc9301ee17f30f4d474e6ae4b05252/library/std/src/sys/backtrace.rs:170:18
[INFO] [stdout]   16:     0x564f33ab26ec - rust_begin_unwind
[INFO] [stdout]                                at /rustc/df4ca44d3fbc9301ee17f30f4d474e6ae4b05252/library/std/src/panicking.rs:665:5
[INFO] [stdout]   17:     0x564f33ad8460 - core::panicking::panic_fmt::ha9db07b529f9b256
[INFO] [stdout]                                at /rustc/df4ca44d3fbc9301ee17f30f4d474e6ae4b05252/library/core/src/panicking.rs:75:14
[INFO] [stdout]   18:     0x564f33ad8906 - core::result::unwrap_failed::h5e8218e4d4338b8a
[INFO] [stdout]                                at /rustc/df4ca44d3fbc9301ee17f30f4d474e6ae4b05252/library/core/src/result.rs:1698:5
[INFO] [stdout]   19:     0x564f3393f04e - core::result::Result<T,E>::unwrap::ha55d69f757ff2a3c
[INFO] [stdout]                                at /rustc/df4ca44d3fbc9301ee17f30f4d474e6ae4b05252/library/core/src/result.rs:1103:23
[INFO] [stdout]   20:     0x564f3393f04e - harvester::ptaf_node::PTAFNode::new::h7ffac2eb7290560c
[INFO] [stdout]                                at /opt/rustwide/workdir/src/ptaf_node.rs:23:50
[INFO] [stdout]   21:     0x564f3393010b - harvester::ptaf_node::tests::test_get_ssh_conn::hd71b74fc465284d4
[INFO] [stdout]                                at /opt/rustwide/workdir/src/ptaf_node.rs:62:13
[INFO] [stdout]   22:     0x564f3392fce7 - harvester::ptaf_node::tests::test_get_ssh_conn::{{closure}}::hb8e8baf4d701e51f
[INFO] [stdout]                                at /opt/rustwide/workdir/src/ptaf_node.rs:54:27
[INFO] [stdout]   23:     0x564f33928466 - core::ops::function::FnOnce::call_once::h9bad3e7a279804ac
[INFO] [stdout]                                at /rustc/df4ca44d3fbc9301ee17f30f4d474e6ae4b05252/library/core/src/ops/function.rs:250:5
[INFO] [stdout]   24:     0x564f339b851b - core::ops::function::FnOnce::call_once::h22c3ba5715e93f05
[INFO] [stdout]                                at /rustc/df4ca44d3fbc9301ee17f30f4d474e6ae4b05252/library/core/src/ops/function.rs:250:5
[INFO] [stdout]   25:     0x564f339b851b - test::__rust_begin_short_backtrace::h8e82d8113d0da17f
[INFO] [stdout]                                at /rustc/df4ca44d3fbc9301ee17f30f4d474e6ae4b05252/library/test/src/lib.rs:621:18
[INFO] [stdout]   26:     0x564f339b7e97 - test::run_test_in_process::{{closure}}::h33235f4f20b7b7c7
[INFO] [stdout]                                at /rustc/df4ca44d3fbc9301ee17f30f4d474e6ae4b05252/library/test/src/lib.rs:644:60
[INFO] [stdout]   27:     0x564f339b7e97 - <core::panic::unwind_safe::AssertUnwindSafe<F> as core::ops::function::FnOnce<()>>::call_once::hb5043206310c586f
[INFO] [stdout]                                at /rustc/df4ca44d3fbc9301ee17f30f4d474e6ae4b05252/library/core/src/panic/unwind_safe.rs:272:9
[INFO] [stdout]   28:     0x564f339b7e97 - std::panicking::try::do_call::h9ad4731a60ab23e2
[INFO] [stdout]                                at /rustc/df4ca44d3fbc9301ee17f30f4d474e6ae4b05252/library/std/src/panicking.rs:557:40
[INFO] [stdout]   29:     0x564f339b7e97 - std::panicking::try::h3824d23db772a716
[INFO] [stdout]                                at /rustc/df4ca44d3fbc9301ee17f30f4d474e6ae4b05252/library/std/src/panicking.rs:520:19
[INFO] [stdout]   30:     0x564f339b7e97 - std::panic::catch_unwind::h5afd514605fde46b
[INFO] [stdout]                                at /rustc/df4ca44d3fbc9301ee17f30f4d474e6ae4b05252/library/std/src/panic.rs:358:14
[INFO] [stdout]   31:     0x564f339b7e97 - test::run_test_in_process::h0d5cbfa7067d1720
[INFO] [stdout]                                at /rustc/df4ca44d3fbc9301ee17f30f4d474e6ae4b05252/library/test/src/lib.rs:644:27
[INFO] [stdout]   32:     0x564f339b7e97 - test::run_test::{{closure}}::h708eb8872708115d
[INFO] [stdout]                                at /rustc/df4ca44d3fbc9301ee17f30f4d474e6ae4b05252/library/test/src/lib.rs:565:43
[INFO] [stdout]   33:     0x564f3397b5b4 - test::run_test::{{closure}}::h392c51cee94713ab
[INFO] [stdout]                                at /rustc/df4ca44d3fbc9301ee17f30f4d474e6ae4b05252/library/test/src/lib.rs:595:41
[INFO] [stdout]   34:     0x564f3397b5b4 - std::sys::backtrace::__rust_begin_short_backtrace::h2f40290710935a8b
[INFO] [stdout]                                at /rustc/df4ca44d3fbc9301ee17f30f4d474e6ae4b05252/library/std/src/sys/backtrace.rs:154:18
[INFO] [stdout]   35:     0x564f3397ed5e - std::thread::Builder::spawn_unchecked_::{{closure}}::{{closure}}::h3fd968d89053a903
[INFO] [stdout]                                at /rustc/df4ca44d3fbc9301ee17f30f4d474e6ae4b05252/library/std/src/thread/mod.rs:541:17
[INFO] [stdout]   36:     0x564f3397ed5e - <core::panic::unwind_safe::AssertUnwindSafe<F> as core::ops::function::FnOnce<()>>::call_once::h743f637ba4229880
[INFO] [stdout]                                at /rustc/df4ca44d3fbc9301ee17f30f4d474e6ae4b05252/library/core/src/panic/unwind_safe.rs:272:9
[INFO] [stdout]   37:     0x564f3397ed5e - std::panicking::try::do_call::h07440897322525a6
[INFO] [stdout]                                at /rustc/df4ca44d3fbc9301ee17f30f4d474e6ae4b05252/library/std/src/panicking.rs:557:40
[INFO] [stdout]   38:     0x564f3397ed5e - std::panicking::try::he5a2e00188156637
[INFO] [stdout]                                at /rustc/df4ca44d3fbc9301ee17f30f4d474e6ae4b05252/library/std/src/panicking.rs:520:19
[INFO] [stdout]   39:     0x564f3397ed5e - std::panic::catch_unwind::hbaf3cae49b3c6433
[INFO] [stdout]                                at /rustc/df4ca44d3fbc9301ee17f30f4d474e6ae4b05252/library/std/src/panic.rs:358:14
[INFO] [stdout]   40:     0x564f3397ed5e - std::thread::Builder::spawn_unchecked_::{{closure}}::h8e141ea224820bce
[INFO] [stdout]                                at /rustc/df4ca44d3fbc9301ee17f30f4d474e6ae4b05252/library/std/src/thread/mod.rs:540:30
[INFO] [stdout]   41:     0x564f3397ed5e - core::ops::function::FnOnce::call_once{{vtable.shim}}::h90d312fedd7b8ea8
[INFO] [stdout]                                at /rustc/df4ca44d3fbc9301ee17f30f4d474e6ae4b05252/library/core/src/ops/function.rs:250:5
[INFO] [stdout]   42:     0x564f33ab6a9b - <alloc::boxed::Box<F,A> as core::ops::function::FnOnce<Args>>::call_once::h69aa08ddb6adb8b6
[INFO] [stdout]                                at /rustc/df4ca44d3fbc9301ee17f30f4d474e6ae4b05252/library/alloc/src/boxed.rs:2454:9
[INFO] [stdout]   43:     0x564f33ab6a9b - <alloc::boxed::Box<F,A> as core::ops::function::FnOnce<Args>>::call_once::h5aa36efdb79c806f
[INFO] [stdout]                                at /rustc/df4ca44d3fbc9301ee17f30f4d474e6ae4b05252/library/alloc/src/boxed.rs:2454:9
[INFO] [stdout]   44:     0x564f33ab6a9b - std::sys::pal::unix::thread::Thread::new::thread_start::h6cd80a1b4be5158d
[INFO] [stdout]                                at /rustc/df4ca44d3fbc9301ee17f30f4d474e6ae4b05252/library/std/src/sys/pal/unix/thread.rs:105:17
[INFO] [stdout]   45:     0x7fc1eb68aac3 - <unknown>
[INFO] [stdout]   46:     0x7fc1eb71ba04 - clone
[INFO] [stdout]   47:                0x0 - <unknown>
[INFO] [stdout] 
[INFO] [stdout] 
[INFO] [stdout] failures:
[INFO] [stdout]     ptaf_node::tests::test_get_ssh_conn
[INFO] [stdout]     session_manager::tests::test_connect
[INFO] [stdout]     session_manager::tests::test_is_valid
[INFO] [stdout]     ssh_utils::tests::test_execute
[INFO] [stdout] 
[INFO] [stdout] test result: FAILED. 4 passed; 4 failed; 0 ignored; 0 measured; 0 filtered out; finished in 30.01s
[INFO] [stdout] 
[INFO] [stderr] error: test failed, to rerun pass `--bin harvester`
[INFO] running `Command { std: "docker" "inspect" "f14fc6f448f65dabfb01484ae6da97f5a4804d9acc5051f4f3bd1000cca183cc", kill_on_drop: false }`
[INFO] running `Command { std: "docker" "rm" "-f" "f14fc6f448f65dabfb01484ae6da97f5a4804d9acc5051f4f3bd1000cca183cc", kill_on_drop: false }`
[INFO] [stdout] f14fc6f448f65dabfb01484ae6da97f5a4804d9acc5051f4f3bd1000cca183cc
