[INFO] cloning repository https://github.com/hashida-fj/nlp100knock
[INFO] running `Command { std: "git" "-c" "credential.helper=" "-c" "credential.helper=/workspace/cargo-home/bin/git-credential-null" "clone" "--bare" "https://github.com/hashida-fj/nlp100knock" "/workspace/cache/git-repos/https%3A%2F%2Fgithub.com%2Fhashida-fj%2Fnlp100knock", kill_on_drop: false }`
[INFO] [stderr] Cloning into bare repository '/workspace/cache/git-repos/https%3A%2F%2Fgithub.com%2Fhashida-fj%2Fnlp100knock'...
[INFO] running `Command { std: "git" "rev-parse" "HEAD", kill_on_drop: false }`
[INFO] [stdout] da8cb690da7460013ccf044366c78fb8469bb023
[INFO] testing hashida-fj/nlp100knock against nightly-2024-10-28 for randomize-layout
[INFO] running `Command { std: "git" "clone" "/workspace/cache/git-repos/https%3A%2F%2Fgithub.com%2Fhashida-fj%2Fnlp100knock" "/workspace/builds/worker-5-tc1/source", kill_on_drop: false }`
[INFO] [stderr] Cloning into '/workspace/builds/worker-5-tc1/source'...
[INFO] [stderr] done.
[INFO] validating manifest of git repo https://github.com/hashida-fj/nlp100knock on toolchain nightly-2024-10-28
[INFO] running `Command { std: CARGO_HOME="/workspace/cargo-home" RUSTUP_HOME="/workspace/rustup-home" "/workspace/cargo-home/bin/cargo" "+nightly-2024-10-28" "metadata" "--manifest-path" "Cargo.toml" "--no-deps", kill_on_drop: false }`
[INFO] started tweaking git repo https://github.com/hashida-fj/nlp100knock
[INFO] finished tweaking git repo https://github.com/hashida-fj/nlp100knock
[INFO] tweaked toml for git repo https://github.com/hashida-fj/nlp100knock written to /workspace/builds/worker-5-tc1/source/Cargo.toml
[INFO] crate git repo https://github.com/hashida-fj/nlp100knock already has a lockfile, it will not be regenerated
[INFO] running `Command { std: CARGO_HOME="/workspace/cargo-home" RUSTUP_HOME="/workspace/rustup-home" "/workspace/cargo-home/bin/cargo" "+nightly-2024-10-28" "fetch" "--manifest-path" "Cargo.toml", kill_on_drop: false }`
[INFO] [stderr]  Downloading crates ...
[INFO] [stderr]   Downloaded serde_derive v1.0.132
[INFO] running `Command { std: "docker" "create" "-v" "/var/lib/crater-agent-workspace/builds/worker-5-tc1/target:/opt/rustwide/target:rw,Z" "-v" "/var/lib/crater-agent-workspace/builds/worker-5-tc1/source:/opt/rustwide/workdir:ro,Z" "-v" "/var/lib/crater-agent-workspace/cargo-home:/opt/rustwide/cargo-home:ro,Z" "-v" "/var/lib/crater-agent-workspace/rustup-home:/opt/rustwide/rustup-home:ro,Z" "-e" "SOURCE_DIR=/opt/rustwide/workdir" "-e" "CARGO_TARGET_DIR=/opt/rustwide/target" "-e" "CARGO_HOME=/opt/rustwide/cargo-home" "-e" "RUSTUP_HOME=/opt/rustwide/rustup-home" "-w" "/opt/rustwide/workdir" "-m" "1610612736" "--user" "0:0" "--network" "none" "ghcr.io/rust-lang/crates-build-env/linux@sha256:4a844ea9eb2546a2d2c7022eacef16ef2e8229c7fbb2c7d4d55a9ceca922f72d" "/opt/rustwide/cargo-home/bin/cargo" "+nightly-2024-10-28" "metadata" "--no-deps" "--format-version=1", kill_on_drop: false }`
[INFO] [stdout] 80bc5f86b0b96ddab6b4add8a6a6d033d0cde48e0cafe07ff5f867f80ec079ae
[INFO] running `Command { std: "docker" "start" "-a" "80bc5f86b0b96ddab6b4add8a6a6d033d0cde48e0cafe07ff5f867f80ec079ae", kill_on_drop: false }`
[INFO] running `Command { std: "docker" "inspect" "80bc5f86b0b96ddab6b4add8a6a6d033d0cde48e0cafe07ff5f867f80ec079ae", kill_on_drop: false }`
[INFO] running `Command { std: "docker" "rm" "-f" "80bc5f86b0b96ddab6b4add8a6a6d033d0cde48e0cafe07ff5f867f80ec079ae", kill_on_drop: false }`
[INFO] [stdout] 80bc5f86b0b96ddab6b4add8a6a6d033d0cde48e0cafe07ff5f867f80ec079ae
[INFO] running `Command { std: "docker" "create" "-v" "/var/lib/crater-agent-workspace/builds/worker-5-tc1/target:/opt/rustwide/target:rw,Z" "-v" "/var/lib/crater-agent-workspace/builds/worker-5-tc1/source:/opt/rustwide/workdir:ro,Z" "-v" "/var/lib/crater-agent-workspace/cargo-home:/opt/rustwide/cargo-home:ro,Z" "-v" "/var/lib/crater-agent-workspace/rustup-home:/opt/rustwide/rustup-home:ro,Z" "-e" "SOURCE_DIR=/opt/rustwide/workdir" "-e" "CARGO_TARGET_DIR=/opt/rustwide/target" "-e" "CARGO_INCREMENTAL=0" "-e" "RUST_BACKTRACE=full" "-e" "RUSTFLAGS=--cap-lints=forbid" "-e" "RUSTDOCFLAGS=--cap-lints=forbid" "-e" "CARGO_HOME=/opt/rustwide/cargo-home" "-e" "RUSTUP_HOME=/opt/rustwide/rustup-home" "-w" "/opt/rustwide/workdir" "-m" "1610612736" "--user" "0:0" "--network" "none" "ghcr.io/rust-lang/crates-build-env/linux@sha256:4a844ea9eb2546a2d2c7022eacef16ef2e8229c7fbb2c7d4d55a9ceca922f72d" "/opt/rustwide/cargo-home/bin/cargo" "+nightly-2024-10-28" "build" "--frozen" "--message-format=json", kill_on_drop: false }`
[INFO] [stdout] 90b96fe13ea6997a573564d192f78d2d3e76ed8692e9626f42179dc7719a9275
[INFO] running `Command { std: "docker" "start" "-a" "90b96fe13ea6997a573564d192f78d2d3e76ed8692e9626f42179dc7719a9275", kill_on_drop: false }`
[INFO] [stderr]    Compiling proc-macro2 v1.0.34
[INFO] [stderr]    Compiling libc v0.2.108
[INFO] [stderr]    Compiling syn v1.0.83
[INFO] [stderr]    Compiling serde_derive v1.0.132
[INFO] [stderr]    Compiling version_check v0.9.3
[INFO] [stderr]    Compiling serde v1.0.132
[INFO] [stderr]    Compiling ppv-lite86 v0.2.15
[INFO] [stderr]    Compiling serde_json v1.0.73
[INFO] [stderr]    Compiling regex v1.5.4
[INFO] [stderr]    Compiling nom v7.1.0
[INFO] [stderr]    Compiling quote v1.0.10
[INFO] [stderr]    Compiling getrandom v0.2.3
[INFO] [stderr]    Compiling rand_core v0.6.3
[INFO] [stderr]    Compiling rand_chacha v0.3.1
[INFO] [stderr]    Compiling rand v0.8.4
[INFO] [stderr]    Compiling nlp100knock v0.1.0 (/opt/rustwide/workdir)
[INFO] [stdout] warning: `#[macro_use]` only has an effect on `extern crate` and modules
[INFO] [stdout]  --> src/section3.rs:1:1
[INFO] [stdout]   |
[INFO] [stdout] 1 | #[macro_use]
[INFO] [stdout]   | ^^^^^^^^^^^^
[INFO] [stdout]   |
[INFO] [stdout]   = note: `#[warn(unused_attributes)]` on by default
[INFO] [stdout] 
[INFO] [stdout] 
[INFO] [stdout] warning: unused variable: `articles`
[INFO] [stdout]    --> src/section3.rs:151:9
[INFO] [stdout]     |
[INFO] [stdout] 151 |     let articles = load_articles(Path::new("./assets/jawiki-country.json")).unwrap();
[INFO] [stdout]     |         ^^^^^^^^ help: if this is intentional, prefix it with an underscore: `_articles`
[INFO] [stdout]     |
[INFO] [stdout]     = note: `#[warn(unused_variables)]` on by default
[INFO] [stdout] 
[INFO] [stdout] 
[INFO] [stdout] warning: function `from_hex` is never used
[INFO] [stdout]   --> src/section3.rs:38:4
[INFO] [stdout]    |
[INFO] [stdout] 38 | fn from_hex(input: &str) -> Result<u8, std::num::ParseIntError> {
[INFO] [stdout]    |    ^^^^^^^^
[INFO] [stdout]    |
[INFO] [stdout]    = note: `#[warn(dead_code)]` on by default
[INFO] [stdout] 
[INFO] [stdout] 
[INFO] [stdout] warning: function `is_hex_digit` is never used
[INFO] [stdout]   --> src/section3.rs:42:4
[INFO] [stdout]    |
[INFO] [stdout] 42 | fn is_hex_digit(c: char) -> bool {
[INFO] [stdout]    |    ^^^^^^^^^^^^
[INFO] [stdout] 
[INFO] [stdout] 
[INFO] [stdout] warning: function `hex_primary` is never used
[INFO] [stdout]   --> src/section3.rs:46:4
[INFO] [stdout]    |
[INFO] [stdout] 46 | fn hex_primary(input: &str) -> IResult<&str, u8> {
[INFO] [stdout]    |    ^^^^^^^^^^^
[INFO] [stdout] 
[INFO] [stdout] 
[INFO] [stdout] warning: function `hex_color` is never used
[INFO] [stdout]   --> src/section3.rs:50:4
[INFO] [stdout]    |
[INFO] [stdout] 50 | fn hex_color(input: &str) -> IResult<&str, Color> {
[INFO] [stdout]    |    ^^^^^^^^^
[INFO] [stdout] 
[INFO] [stdout] 
[INFO] [stdout] warning: function `category` is never used
[INFO] [stdout]   --> src/section3.rs:76:4
[INFO] [stdout]    |
[INFO] [stdout] 76 | fn category(body: &String) {
[INFO] [stdout]    |    ^^^^^^^^
[INFO] [stdout] 
[INFO] [stdout] 
[INFO] [stdout] warning: function `category_name` is never used
[INFO] [stdout]   --> src/section3.rs:83:4
[INFO] [stdout]    |
[INFO] [stdout] 83 | fn category_name(body: &String) {
[INFO] [stdout]    |    ^^^^^^^^^^^^^
[INFO] [stdout] 
[INFO] [stdout] 
[INFO] [stdout] warning: function `section` is never used
[INFO] [stdout]   --> src/section3.rs:90:4
[INFO] [stdout]    |
[INFO] [stdout] 90 | fn section(body: &String) {
[INFO] [stdout]    |    ^^^^^^^
[INFO] [stdout] 
[INFO] [stdout] 
[INFO] [stdout] warning: function `regexp_test` is never used
[INFO] [stdout]    --> src/section3.rs:102:4
[INFO] [stdout]     |
[INFO] [stdout] 102 | fn regexp_test() {
[INFO] [stdout]     |    ^^^^^^^^^^^
[INFO] [stdout] 
[INFO] [stdout] 
[INFO] [stdout] warning: struct `BasicInfomation` is never constructed
[INFO] [stdout]    --> src/section3.rs:111:8
[INFO] [stdout]     |
[INFO] [stdout] 111 | struct BasicInfomation {}
[INFO] [stdout]     |        ^^^^^^^^^^^^^^^
[INFO] [stdout] 
[INFO] [stdout] 
[INFO] [stdout] warning: field `pos1` is never read
[INFO] [stdout]   --> src/section4.rs:10:5
[INFO] [stdout]    |
[INFO] [stdout] 6  | pub struct Token {
[INFO] [stdout]    |            ----- field in this struct
[INFO] [stdout] ...
[INFO] [stdout] 10 |     pos1: String,
[INFO] [stdout]    |     ^^^^
[INFO] [stdout]    |
[INFO] [stdout]    = note: `Token` has a derived impl for the trait `Debug`, but this is intentionally ignored during dead code analysis
[INFO] [stdout] 
[INFO] [stdout] 
[INFO] [stdout] warning: trait `MecabSentence` is never used
[INFO] [stdout]   --> src/section4.rs:16:7
[INFO] [stdout]    |
[INFO] [stdout] 16 | trait MecabSentence {
[INFO] [stdout]    |       ^^^^^^^^^^^^^
[INFO] [stdout] 
[INFO] [stdout] 
[INFO] [stderr]     Finished `dev` profile [unoptimized + debuginfo] target(s) in 6.17s
[INFO] running `Command { std: "docker" "inspect" "90b96fe13ea6997a573564d192f78d2d3e76ed8692e9626f42179dc7719a9275", kill_on_drop: false }`
[INFO] running `Command { std: "docker" "rm" "-f" "90b96fe13ea6997a573564d192f78d2d3e76ed8692e9626f42179dc7719a9275", kill_on_drop: false }`
[INFO] [stdout] 90b96fe13ea6997a573564d192f78d2d3e76ed8692e9626f42179dc7719a9275
[INFO] running `Command { std: "docker" "create" "-v" "/var/lib/crater-agent-workspace/builds/worker-5-tc1/target:/opt/rustwide/target:rw,Z" "-v" "/var/lib/crater-agent-workspace/builds/worker-5-tc1/source:/opt/rustwide/workdir:ro,Z" "-v" "/var/lib/crater-agent-workspace/cargo-home:/opt/rustwide/cargo-home:ro,Z" "-v" "/var/lib/crater-agent-workspace/rustup-home:/opt/rustwide/rustup-home:ro,Z" "-e" "SOURCE_DIR=/opt/rustwide/workdir" "-e" "CARGO_TARGET_DIR=/opt/rustwide/target" "-e" "CARGO_INCREMENTAL=0" "-e" "RUST_BACKTRACE=full" "-e" "RUSTFLAGS=--cap-lints=forbid" "-e" "RUSTDOCFLAGS=--cap-lints=forbid" "-e" "CARGO_HOME=/opt/rustwide/cargo-home" "-e" "RUSTUP_HOME=/opt/rustwide/rustup-home" "-w" "/opt/rustwide/workdir" "-m" "1610612736" "--user" "0:0" "--network" "none" "ghcr.io/rust-lang/crates-build-env/linux@sha256:4a844ea9eb2546a2d2c7022eacef16ef2e8229c7fbb2c7d4d55a9ceca922f72d" "/opt/rustwide/cargo-home/bin/cargo" "+nightly-2024-10-28" "test" "--frozen" "--no-run" "--message-format=json", kill_on_drop: false }`
[INFO] [stdout] 6e1ba41f3416c40a5770fb2dec683f85029e30b6a6bc2abaab92d3963bd7a948
[INFO] running `Command { std: "docker" "start" "-a" "6e1ba41f3416c40a5770fb2dec683f85029e30b6a6bc2abaab92d3963bd7a948", kill_on_drop: false }`
[INFO] [stdout] warning: `#[macro_use]` only has an effect on `extern crate` and modules
[INFO] [stdout]  --> src/section3.rs:1:1
[INFO] [stdout]   |
[INFO] [stdout] 1 | #[macro_use]
[INFO] [stdout]   | ^^^^^^^^^^^^
[INFO] [stdout]   |
[INFO] [stdout]   = note: `#[warn(unused_attributes)]` on by default
[INFO] [stdout] 
[INFO] [stdout] 
[INFO] [stdout] warning: unused variable: `articles`
[INFO] [stdout]    --> src/section3.rs:151:9
[INFO] [stdout]     |
[INFO] [stdout] 151 |     let articles = load_articles(Path::new("./assets/jawiki-country.json")).unwrap();
[INFO] [stdout]     |         ^^^^^^^^ help: if this is intentional, prefix it with an underscore: `_articles`
[INFO] [stdout]     |
[INFO] [stdout]     = note: `#[warn(unused_variables)]` on by default
[INFO] [stdout] 
[INFO] [stdout] 
[INFO] [stdout] warning: function `from_hex` is never used
[INFO] [stdout]   --> src/section3.rs:38:4
[INFO] [stdout]    |
[INFO] [stdout] 38 | fn from_hex(input: &str) -> Result<u8, std::num::ParseIntError> {
[INFO] [stdout]    |    ^^^^^^^^
[INFO] [stdout]    |
[INFO] [stdout]    = note: `#[warn(dead_code)]` on by default
[INFO] [stdout] 
[INFO] [stdout] 
[INFO] [stdout] warning: function `is_hex_digit` is never used
[INFO] [stdout]   --> src/section3.rs:42:4
[INFO] [stdout]    |
[INFO] [stdout] 42 | fn is_hex_digit(c: char) -> bool {
[INFO] [stdout]    |    ^^^^^^^^^^^^
[INFO] [stdout] 
[INFO] [stdout] 
[INFO] [stdout] warning: function `hex_primary` is never used
[INFO] [stdout]   --> src/section3.rs:46:4
[INFO] [stdout]    |
[INFO] [stdout] 46 | fn hex_primary(input: &str) -> IResult<&str, u8> {
[INFO] [stdout]    |    ^^^^^^^^^^^
[INFO] [stdout] 
[INFO] [stdout] 
[INFO] [stdout] warning: function `hex_color` is never used
[INFO] [stdout]   --> src/section3.rs:50:4
[INFO] [stdout]    |
[INFO] [stdout] 50 | fn hex_color(input: &str) -> IResult<&str, Color> {
[INFO] [stdout]    |    ^^^^^^^^^
[INFO] [stdout] 
[INFO] [stdout] 
[INFO] [stdout] warning: function `category` is never used
[INFO] [stdout]   --> src/section3.rs:76:4
[INFO] [stdout]    |
[INFO] [stdout] 76 | fn category(body: &String) {
[INFO] [stdout]    |    ^^^^^^^^
[INFO] [stdout] 
[INFO] [stdout] 
[INFO] [stdout] warning: function `category_name` is never used
[INFO] [stdout]   --> src/section3.rs:83:4
[INFO] [stdout]    |
[INFO] [stdout] 83 | fn category_name(body: &String) {
[INFO] [stdout]    |    ^^^^^^^^^^^^^
[INFO] [stdout] 
[INFO] [stdout] 
[INFO] [stdout] warning: function `section` is never used
[INFO] [stdout]   --> src/section3.rs:90:4
[INFO] [stdout]    |
[INFO] [stdout] 90 | fn section(body: &String) {
[INFO] [stdout]    |    ^^^^^^^
[INFO] [stdout] 
[INFO] [stdout] 
[INFO] [stdout] warning: function `regexp_test` is never used
[INFO] [stdout]    --> src/section3.rs:102:4
[INFO] [stdout]     |
[INFO] [stdout] 102 | fn regexp_test() {
[INFO] [stdout]     |    ^^^^^^^^^^^
[INFO] [stdout] 
[INFO] [stdout] 
[INFO] [stderr]    Compiling nlp100knock v0.1.0 (/opt/rustwide/workdir)
[INFO] [stdout] warning: struct `BasicInfomation` is never constructed
[INFO] [stdout]    --> src/section3.rs:111:8
[INFO] [stdout]     |
[INFO] [stdout] 111 | struct BasicInfomation {}
[INFO] [stdout]     |        ^^^^^^^^^^^^^^^
[INFO] [stdout] 
[INFO] [stdout] 
[INFO] [stdout] warning: field `pos1` is never read
[INFO] [stdout]   --> src/section4.rs:10:5
[INFO] [stdout]    |
[INFO] [stdout] 6  | pub struct Token {
[INFO] [stdout]    |            ----- field in this struct
[INFO] [stdout] ...
[INFO] [stdout] 10 |     pos1: String,
[INFO] [stdout]    |     ^^^^
[INFO] [stdout]    |
[INFO] [stdout]    = note: `Token` has a derived impl for the trait `Debug`, but this is intentionally ignored during dead code analysis
[INFO] [stdout] 
[INFO] [stdout] 
[INFO] [stdout] warning: trait `MecabSentence` is never used
[INFO] [stdout]   --> src/section4.rs:16:7
[INFO] [stdout]    |
[INFO] [stdout] 16 | trait MecabSentence {
[INFO] [stdout]    |       ^^^^^^^^^^^^^
[INFO] [stdout] 
[INFO] [stdout] 
[INFO] [stdout] warning: `#[macro_use]` only has an effect on `extern crate` and modules
[INFO] [stdout]  --> src/section3.rs:1:1
[INFO] [stdout]   |
[INFO] [stdout] 1 | #[macro_use]
[INFO] [stdout]   | ^^^^^^^^^^^^
[INFO] [stdout]   |
[INFO] [stdout]   = note: `#[warn(unused_attributes)]` on by default
[INFO] [stdout] 
[INFO] [stdout] 
[INFO] [stdout] warning: unused variable: `articles`
[INFO] [stdout]    --> src/section3.rs:151:9
[INFO] [stdout]     |
[INFO] [stdout] 151 |     let articles = load_articles(Path::new("./assets/jawiki-country.json")).unwrap();
[INFO] [stdout]     |         ^^^^^^^^ help: if this is intentional, prefix it with an underscore: `_articles`
[INFO] [stdout]     |
[INFO] [stdout]     = note: `#[warn(unused_variables)]` on by default
[INFO] [stdout] 
[INFO] [stdout] 
[INFO] [stdout] warning: function `category` is never used
[INFO] [stdout]   --> src/section3.rs:76:4
[INFO] [stdout]    |
[INFO] [stdout] 76 | fn category(body: &String) {
[INFO] [stdout]    |    ^^^^^^^^
[INFO] [stdout]    |
[INFO] [stdout]    = note: `#[warn(dead_code)]` on by default
[INFO] [stdout] 
[INFO] [stdout] 
[INFO] [stdout] warning: function `category_name` is never used
[INFO] [stdout]   --> src/section3.rs:83:4
[INFO] [stdout]    |
[INFO] [stdout] 83 | fn category_name(body: &String) {
[INFO] [stdout]    |    ^^^^^^^^^^^^^
[INFO] [stdout] 
[INFO] [stdout] 
[INFO] [stdout] warning: function `section` is never used
[INFO] [stdout]   --> src/section3.rs:90:4
[INFO] [stdout]    |
[INFO] [stdout] 90 | fn section(body: &String) {
[INFO] [stdout]    |    ^^^^^^^
[INFO] [stdout] 
[INFO] [stdout] 
[INFO] [stdout] warning: function `regexp_test` is never used
[INFO] [stdout]    --> src/section3.rs:102:4
[INFO] [stdout]     |
[INFO] [stdout] 102 | fn regexp_test() {
[INFO] [stdout]     |    ^^^^^^^^^^^
[INFO] [stdout] 
[INFO] [stdout] 
[INFO] [stdout] warning: struct `BasicInfomation` is never constructed
[INFO] [stdout]    --> src/section3.rs:111:8
[INFO] [stdout]     |
[INFO] [stdout] 111 | struct BasicInfomation {}
[INFO] [stdout]     |        ^^^^^^^^^^^^^^^
[INFO] [stdout] 
[INFO] [stdout] 
[INFO] [stdout] warning: field `pos1` is never read
[INFO] [stdout]   --> src/section4.rs:10:5
[INFO] [stdout]    |
[INFO] [stdout] 6  | pub struct Token {
[INFO] [stdout]    |            ----- field in this struct
[INFO] [stdout] ...
[INFO] [stdout] 10 |     pos1: String,
[INFO] [stdout]    |     ^^^^
[INFO] [stdout]    |
[INFO] [stdout]    = note: `Token` has a derived impl for the trait `Debug`, but this is intentionally ignored during dead code analysis
[INFO] [stdout] 
[INFO] [stdout] 
[INFO] [stdout] warning: trait `MecabSentence` is never used
[INFO] [stdout]   --> src/section4.rs:16:7
[INFO] [stdout]    |
[INFO] [stdout] 16 | trait MecabSentence {
[INFO] [stdout]    |       ^^^^^^^^^^^^^
[INFO] [stdout] 
[INFO] [stdout] 
[INFO] [stderr]     Finished `test` profile [unoptimized + debuginfo] target(s) in 0.32s
[INFO] running `Command { std: "docker" "inspect" "6e1ba41f3416c40a5770fb2dec683f85029e30b6a6bc2abaab92d3963bd7a948", kill_on_drop: false }`
[INFO] running `Command { std: "docker" "rm" "-f" "6e1ba41f3416c40a5770fb2dec683f85029e30b6a6bc2abaab92d3963bd7a948", kill_on_drop: false }`
[INFO] [stdout] 6e1ba41f3416c40a5770fb2dec683f85029e30b6a6bc2abaab92d3963bd7a948
[INFO] running `Command { std: "docker" "create" "-v" "/var/lib/crater-agent-workspace/builds/worker-5-tc1/target:/opt/rustwide/target:rw,Z" "-v" "/var/lib/crater-agent-workspace/builds/worker-5-tc1/source:/opt/rustwide/workdir:ro,Z" "-v" "/var/lib/crater-agent-workspace/cargo-home:/opt/rustwide/cargo-home:ro,Z" "-v" "/var/lib/crater-agent-workspace/rustup-home:/opt/rustwide/rustup-home:ro,Z" "-e" "SOURCE_DIR=/opt/rustwide/workdir" "-e" "CARGO_TARGET_DIR=/opt/rustwide/target" "-e" "CARGO_INCREMENTAL=0" "-e" "RUST_BACKTRACE=full" "-e" "RUSTFLAGS=--cap-lints=forbid" "-e" "RUSTDOCFLAGS=--cap-lints=forbid" "-e" "CARGO_HOME=/opt/rustwide/cargo-home" "-e" "RUSTUP_HOME=/opt/rustwide/rustup-home" "-w" "/opt/rustwide/workdir" "-m" "1610612736" "--user" "0:0" "--network" "none" "ghcr.io/rust-lang/crates-build-env/linux@sha256:4a844ea9eb2546a2d2c7022eacef16ef2e8229c7fbb2c7d4d55a9ceca922f72d" "/opt/rustwide/cargo-home/bin/cargo" "+nightly-2024-10-28" "test" "--frozen", kill_on_drop: false }`
[INFO] [stdout] 1fc1110ecc1dc1b71b17d1cf042370056c22f5e4d4dbdee8aaedcb803d8341ff
[INFO] running `Command { std: "docker" "start" "-a" "1fc1110ecc1dc1b71b17d1cf042370056c22f5e4d4dbdee8aaedcb803d8341ff", kill_on_drop: false }`
[INFO] [stderr] warning: `#[macro_use]` only has an effect on `extern crate` and modules
[INFO] [stderr]  --> src/section3.rs:1:1
[INFO] [stderr]   |
[INFO] [stderr] 1 | #[macro_use]
[INFO] [stderr]   | ^^^^^^^^^^^^
[INFO] [stderr]   |
[INFO] [stderr]   = note: `#[warn(unused_attributes)]` on by default
[INFO] [stderr] 
[INFO] [stderr] warning: unused variable: `articles`
[INFO] [stderr]    --> src/section3.rs:151:9
[INFO] [stderr]     |
[INFO] [stderr] 151 |     let articles = load_articles(Path::new("./assets/jawiki-country.json")).unwrap();
[INFO] [stderr]     |         ^^^^^^^^ help: if this is intentional, prefix it with an underscore: `_articles`
[INFO] [stderr]     |
[INFO] [stderr]     = note: `#[warn(unused_variables)]` on by default
[INFO] [stderr] 
[INFO] [stderr] warning: function `from_hex` is never used
[INFO] [stderr]   --> src/section3.rs:38:4
[INFO] [stderr]    |
[INFO] [stderr] 38 | fn from_hex(input: &str) -> Result<u8, std::num::ParseIntError> {
[INFO] [stderr]    |    ^^^^^^^^
[INFO] [stderr]    |
[INFO] [stderr]    = note: `#[warn(dead_code)]` on by default
[INFO] [stderr] 
[INFO] [stderr] warning: function `is_hex_digit` is never used
[INFO] [stderr]   --> src/section3.rs:42:4
[INFO] [stderr]    |
[INFO] [stderr] 42 | fn is_hex_digit(c: char) -> bool {
[INFO] [stderr]    |    ^^^^^^^^^^^^
[INFO] [stderr] 
[INFO] [stderr] warning: function `hex_primary` is never used
[INFO] [stderr]   --> src/section3.rs:46:4
[INFO] [stderr]    |
[INFO] [stderr] 46 | fn hex_primary(input: &str) -> IResult<&str, u8> {
[INFO] [stderr]    |    ^^^^^^^^^^^
[INFO] [stderr] 
[INFO] [stderr] warning: function `hex_color` is never used
[INFO] [stderr]   --> src/section3.rs:50:4
[INFO] [stderr]    |
[INFO] [stderr] 50 | fn hex_color(input: &str) -> IResult<&str, Color> {
[INFO] [stderr]    |    ^^^^^^^^^
[INFO] [stderr] 
[INFO] [stderr] warning: function `category` is never used
[INFO] [stderr]   --> src/section3.rs:76:4
[INFO] [stderr]    |
[INFO] [stderr] 76 | fn category(body: &String) {
[INFO] [stderr]    |    ^^^^^^^^
[INFO] [stderr] 
[INFO] [stderr] warning: function `category_name` is never used
[INFO] [stderr]   --> src/section3.rs:83:4
[INFO] [stderr]    |
[INFO] [stderr] 83 | fn category_name(body: &String) {
[INFO] [stderr]    |    ^^^^^^^^^^^^^
[INFO] [stderr] 
[INFO] [stderr] warning: function `section` is never used
[INFO] [stderr]   --> src/section3.rs:90:4
[INFO] [stderr]    |
[INFO] [stderr] 90 | fn section(body: &String) {
[INFO] [stderr]    |    ^^^^^^^
[INFO] [stderr] 
[INFO] [stderr] warning: function `regexp_test` is never used
[INFO] [stderr]    --> src/section3.rs:102:4
[INFO] [stderr]     |
[INFO] [stderr] 102 | fn regexp_test() {
[INFO] [stderr]     |    ^^^^^^^^^^^
[INFO] [stderr] 
[INFO] [stderr] warning: struct `BasicInfomation` is never constructed
[INFO] [stderr]    --> src/section3.rs:111:8
[INFO] [stderr]     |
[INFO] [stderr] 111 | struct BasicInfomation {}
[INFO] [stderr]     |        ^^^^^^^^^^^^^^^
[INFO] [stderr] 
[INFO] [stderr] warning: field `pos1` is never read
[INFO] [stderr]   --> src/section4.rs:10:5
[INFO] [stderr]    |
[INFO] [stderr] 6  | pub struct Token {
[INFO] [stderr]    |            ----- field in this struct
[INFO] [stderr] ...
[INFO] [stderr] 10 |     pos1: String,
[INFO] [stderr]    |     ^^^^
[INFO] [stderr]    |
[INFO] [stderr]    = note: `Token` has a derived impl for the trait `Debug`, but this is intentionally ignored during dead code analysis
[INFO] [stderr] 
[INFO] [stderr] warning: trait `MecabSentence` is never used
[INFO] [stderr]   --> src/section4.rs:16:7
[INFO] [stderr]    |
[INFO] [stderr] 16 | trait MecabSentence {
[INFO] [stderr]    |       ^^^^^^^^^^^^^
[INFO] [stderr] 
[INFO] [stderr] warning: function `category` is never used
[INFO] [stderr]   --> src/section3.rs:76:4
[INFO] [stderr]    |
[INFO] [stderr] 76 | fn category(body: &String) {
[INFO] [stderr]    |    ^^^^^^^^
[INFO] [stderr]    |
[INFO] [stderr]    = note: `#[warn(dead_code)]` on by default
[INFO] [stderr] 
[INFO] [stderr] warning: `nlp100knock` (lib) generated 13 warnings
[INFO] [stderr] warning: `nlp100knock` (lib test) generated 9 warnings (8 duplicates)
[INFO] [stderr]     Finished `test` profile [unoptimized + debuginfo] target(s) in 0.02s
[INFO] [stderr]      Running unittests src/lib.rs (/opt/rustwide/target/debug/deps/nlp100knock-2879d6ebc3fe6ce6)
[INFO] [stdout] 
[INFO] [stdout] running 2 tests
[INFO] [stdout] test section3::parse_color ... ok
[INFO] [stdout] test section3::regexp ... FAILED
[INFO] [stdout] 
[INFO] [stdout] failures:
[INFO] [stdout] 
[INFO] [stdout] ---- section3::regexp stdout ----
[INFO] [stdout] thread 'section3::regexp' panicked at src/section3.rs:179:5:
[INFO] [stdout] assertion `left == right` failed
[INFO] [stdout]   left: "|key2=fuga\n"
[INFO] [stdout]  right: "."
[INFO] [stdout] stack backtrace:
[INFO] [stdout]    0:     0x5c21547be5fa - std::backtrace_rs::backtrace::libunwind::trace::h207520d6e9873551
[INFO] [stdout]                                at /rustc/df4ca44d3fbc9301ee17f30f4d474e6ae4b05252/library/std/src/../../backtrace/src/backtrace/libunwind.rs:116:5
[INFO] [stdout]    1:     0x5c21547be5fa - std::backtrace_rs::backtrace::trace_unsynchronized::h2ed7433f370e3eca
[INFO] [stdout]                                at /rustc/df4ca44d3fbc9301ee17f30f4d474e6ae4b05252/library/std/src/../../backtrace/src/backtrace/mod.rs:66:5
[INFO] [stdout]    2:     0x5c21547be5fa - std::sys::backtrace::_print_fmt::h916fac51166b18d7
[INFO] [stdout]                                at /rustc/df4ca44d3fbc9301ee17f30f4d474e6ae4b05252/library/std/src/sys/backtrace.rs:66:9
[INFO] [stdout]    3:     0x5c21547be5fa - <std::sys::backtrace::BacktraceLock::print::DisplayBacktrace as core::fmt::Display>::fmt::ha0a4c9b8ce3802e6
[INFO] [stdout]                                at /rustc/df4ca44d3fbc9301ee17f30f4d474e6ae4b05252/library/std/src/sys/backtrace.rs:39:26
[INFO] [stdout]    4:     0x5c21547e52f3 - core::fmt::rt::Argument::fmt::h4cfc8587d52b3eb5
[INFO] [stdout]                                at /rustc/df4ca44d3fbc9301ee17f30f4d474e6ae4b05252/library/core/src/fmt/rt.rs:177:76
[INFO] [stdout]    5:     0x5c21547e52f3 - core::fmt::write::h522cc39e5b36ae9f
[INFO] [stdout]                                at /rustc/df4ca44d3fbc9301ee17f30f4d474e6ae4b05252/library/core/src/fmt/mod.rs:1190:21
[INFO] [stdout]    6:     0x5c21547bb263 - std::io::Write::write_fmt::h7d3c26752da97734
[INFO] [stdout]                                at /rustc/df4ca44d3fbc9301ee17f30f4d474e6ae4b05252/library/std/src/io/mod.rs:1839:15
[INFO] [stdout]    7:     0x5c21547be442 - std::sys::backtrace::BacktraceLock::print::h4b9e00b29e9c0942
[INFO] [stdout]                                at /rustc/df4ca44d3fbc9301ee17f30f4d474e6ae4b05252/library/std/src/sys/backtrace.rs:42:9
[INFO] [stdout]    8:     0x5c21547bfa8a - std::panicking::default_hook::{{closure}}::hb59b88280d0324d9
[INFO] [stdout]                                at /rustc/df4ca44d3fbc9301ee17f30f4d474e6ae4b05252/library/std/src/panicking.rs:268:22
[INFO] [stdout]    9:     0x5c21547bf894 - std::panicking::default_hook::he1dd496665be4a29
[INFO] [stdout]                                at /rustc/df4ca44d3fbc9301ee17f30f4d474e6ae4b05252/library/std/src/panicking.rs:292:9
[INFO] [stdout]   10:     0x5c2154635649 - <alloc::boxed::Box<F,A> as core::ops::function::Fn<Args>>::call::h4ff71de18744e1dc
[INFO] [stdout]                                at /rustc/df4ca44d3fbc9301ee17f30f4d474e6ae4b05252/library/alloc/src/boxed.rs:2468:9
[INFO] [stdout]   11:     0x5c2154635649 - test::test_main::{{closure}}::hcf7c055ce117aa81
[INFO] [stdout]                                at /rustc/df4ca44d3fbc9301ee17f30f4d474e6ae4b05252/library/test/src/lib.rs:133:21
[INFO] [stdout]   12:     0x5c21547c0188 - <alloc::boxed::Box<F,A> as core::ops::function::Fn<Args>>::call::h1d66c6bbd60c9692
[INFO] [stdout]                                at /rustc/df4ca44d3fbc9301ee17f30f4d474e6ae4b05252/library/alloc/src/boxed.rs:2468:9
[INFO] [stdout]   13:     0x5c21547c0188 - std::panicking::rust_panic_with_hook::h2ff17fe8f26dfcf8
[INFO] [stdout]                                at /rustc/df4ca44d3fbc9301ee17f30f4d474e6ae4b05252/library/std/src/panicking.rs:809:13
[INFO] [stdout]   14:     0x5c21547bff4a - std::panicking::begin_panic_handler::{{closure}}::h4fad77951c07e101
[INFO] [stdout]                                at /rustc/df4ca44d3fbc9301ee17f30f4d474e6ae4b05252/library/std/src/panicking.rs:674:13
[INFO] [stdout]   15:     0x5c21547bead9 - std::sys::backtrace::__rust_end_short_backtrace::hb1a25b3da5d0ea08
[INFO] [stdout]                                at /rustc/df4ca44d3fbc9301ee17f30f4d474e6ae4b05252/library/std/src/sys/backtrace.rs:170:18
[INFO] [stdout]   16:     0x5c21547bfbdc - rust_begin_unwind
[INFO] [stdout]                                at /rustc/df4ca44d3fbc9301ee17f30f4d474e6ae4b05252/library/std/src/panicking.rs:665:5
[INFO] [stdout]   17:     0x5c21547e3cb0 - core::panicking::panic_fmt::ha9db07b529f9b256
[INFO] [stdout]                                at /rustc/df4ca44d3fbc9301ee17f30f4d474e6ae4b05252/library/core/src/panicking.rs:75:14
[INFO] [stdout]   18:     0x5c21547e40b4 - core::panicking::assert_failed_inner::h04f38944d74a80a8
[INFO] [stdout]   19:     0x5c21545f95c3 - core::panicking::assert_failed::hd0195e002679fe16
[INFO] [stdout]                                at /rustc/df4ca44d3fbc9301ee17f30f4d474e6ae4b05252/library/core/src/panicking.rs:377:5
[INFO] [stdout]   20:     0x5c21545fb5e5 - nlp100knock::section3::regexp::h092d233a5032af36
[INFO] [stdout]                                at /opt/rustwide/workdir/src/section3.rs:179:5
[INFO] [stdout]   21:     0x5c21545fb2c7 - nlp100knock::section3::regexp::{{closure}}::h39783ea4cb412930
[INFO] [stdout]                                at /opt/rustwide/workdir/src/section3.rs:170:12
[INFO] [stdout]   22:     0x5c21545f86d6 - core::ops::function::FnOnce::call_once::h252ad9bc2adb72f1
[INFO] [stdout]                                at /rustc/df4ca44d3fbc9301ee17f30f4d474e6ae4b05252/library/core/src/ops/function.rs:250:5
[INFO] [stdout]   23:     0x5c2154639f1b - core::ops::function::FnOnce::call_once::h22c3ba5715e93f05
[INFO] [stdout]                                at /rustc/df4ca44d3fbc9301ee17f30f4d474e6ae4b05252/library/core/src/ops/function.rs:250:5
[INFO] [stdout]   24:     0x5c2154639f1b - test::__rust_begin_short_backtrace::h8e82d8113d0da17f
[INFO] [stdout]                                at /rustc/df4ca44d3fbc9301ee17f30f4d474e6ae4b05252/library/test/src/lib.rs:621:18
[INFO] [stdout]   25:     0x5c2154639897 - test::run_test_in_process::{{closure}}::h33235f4f20b7b7c7
[INFO] [stdout]                                at /rustc/df4ca44d3fbc9301ee17f30f4d474e6ae4b05252/library/test/src/lib.rs:644:60
[INFO] [stdout]   26:     0x5c2154639897 - <core::panic::unwind_safe::AssertUnwindSafe<F> as core::ops::function::FnOnce<()>>::call_once::hb5043206310c586f
[INFO] [stdout]                                at /rustc/df4ca44d3fbc9301ee17f30f4d474e6ae4b05252/library/core/src/panic/unwind_safe.rs:272:9
[INFO] [stdout]   27:     0x5c2154639897 - std::panicking::try::do_call::h9ad4731a60ab23e2
[INFO] [stdout]                                at /rustc/df4ca44d3fbc9301ee17f30f4d474e6ae4b05252/library/std/src/panicking.rs:557:40
[INFO] [stdout]   28:     0x5c2154639897 - std::panicking::try::h3824d23db772a716
[INFO] [stdout]                                at /rustc/df4ca44d3fbc9301ee17f30f4d474e6ae4b05252/library/std/src/panicking.rs:520:19
[INFO] [stdout]   29:     0x5c2154639897 - std::panic::catch_unwind::h5afd514605fde46b
[INFO] [stdout]                                at /rustc/df4ca44d3fbc9301ee17f30f4d474e6ae4b05252/library/std/src/panic.rs:358:14
[INFO] [stdout]   30:     0x5c2154639897 - test::run_test_in_process::h0d5cbfa7067d1720
[INFO] [stdout]                                at /rustc/df4ca44d3fbc9301ee17f30f4d474e6ae4b05252/library/test/src/lib.rs:644:27
[INFO] [stdout]   31:     0x5c2154639897 - test::run_test::{{closure}}::h708eb8872708115d
[INFO] [stdout]                                at /rustc/df4ca44d3fbc9301ee17f30f4d474e6ae4b05252/library/test/src/lib.rs:565:43
[INFO] [stdout]   32:     0x5c21545fcfb4 - test::run_test::{{closure}}::h392c51cee94713ab
[INFO] [stdout]                                at /rustc/df4ca44d3fbc9301ee17f30f4d474e6ae4b05252/library/test/src/lib.rs:595:41
[INFO] [stdout]   33:     0x5c21545fcfb4 - std::sys::backtrace::__rust_begin_short_backtrace::h2f40290710935a8b
[INFO] [stdout]                                at /rustc/df4ca44d3fbc9301ee17f30f4d474e6ae4b05252/library/std/src/sys/backtrace.rs:154:18
[INFO] [stdout]   34:     0x5c215460075e - std::thread::Builder::spawn_unchecked_::{{closure}}::{{closure}}::h3fd968d89053a903
[INFO] [stdout]                                at /rustc/df4ca44d3fbc9301ee17f30f4d474e6ae4b05252/library/std/src/thread/mod.rs:541:17
[INFO] [stdout]   35:     0x5c215460075e - <core::panic::unwind_safe::AssertUnwindSafe<F> as core::ops::function::FnOnce<()>>::call_once::h743f637ba4229880
[INFO] [stdout]                                at /rustc/df4ca44d3fbc9301ee17f30f4d474e6ae4b05252/library/core/src/panic/unwind_safe.rs:272:9
[INFO] [stdout]   36:     0x5c215460075e - std::panicking::try::do_call::h07440897322525a6
[INFO] [stdout]                                at /rustc/df4ca44d3fbc9301ee17f30f4d474e6ae4b05252/library/std/src/panicking.rs:557:40
[INFO] [stdout]   37:     0x5c215460075e - std::panicking::try::he5a2e00188156637
[INFO] [stdout]                                at /rustc/df4ca44d3fbc9301ee17f30f4d474e6ae4b05252/library/std/src/panicking.rs:520:19
[INFO] [stdout]   38:     0x5c215460075e - std::panic::catch_unwind::hbaf3cae49b3c6433
[INFO] [stdout]                                at /rustc/df4ca44d3fbc9301ee17f30f4d474e6ae4b05252/library/std/src/panic.rs:358:14
[INFO] [stdout]   39:     0x5c215460075e - std::thread::Builder::spawn_unchecked_::{{closure}}::h8e141ea224820bce
[INFO] [stdout]                                at /rustc/df4ca44d3fbc9301ee17f30f4d474e6ae4b05252/library/std/src/thread/mod.rs:540:30
[INFO] [stdout]   40:     0x5c215460075e - core::ops::function::FnOnce::call_once{{vtable.shim}}::h90d312fedd7b8ea8
[INFO] [stdout]                                at /rustc/df4ca44d3fbc9301ee17f30f4d474e6ae4b05252/library/core/src/ops/function.rs:250:5
[INFO] [stdout]   41:     0x5c21547c3f7b - <alloc::boxed::Box<F,A> as core::ops::function::FnOnce<Args>>::call_once::h69aa08ddb6adb8b6
[INFO] [stdout]                                at /rustc/df4ca44d3fbc9301ee17f30f4d474e6ae4b05252/library/alloc/src/boxed.rs:2454:9
[INFO] [stdout]   42:     0x5c21547c3f7b - <alloc::boxed::Box<F,A> as core::ops::function::FnOnce<Args>>::call_once::h5aa36efdb79c806f
[INFO] [stdout]                                at /rustc/df4ca44d3fbc9301ee17f30f4d474e6ae4b05252/library/alloc/src/boxed.rs:2454:9
[INFO] [stdout]   43:     0x5c21547c3f7b - std::sys::pal::unix::thread::Thread::new::thread_start::h6cd80a1b4be5158d
[INFO] [stdout]                                at /rustc/df4ca44d3fbc9301ee17f30f4d474e6ae4b05252/library/std/src/sys/pal/unix/thread.rs:105:17
[INFO] [stdout]   44:     0x766e0bc68ac3 - <unknown>
[INFO] [stdout]   45:     0x766e0bcf9a04 - clone
[INFO] [stdout]   46:                0x0 - <unknown>
[INFO] [stdout] 
[INFO] [stdout] 
[INFO] [stdout] failures:
[INFO] [stdout]     section3::regexp
[INFO] [stdout] 
[INFO] [stdout] test result: FAILED. 1 passed; 1 failed; 0 ignored; 0 measured; 0 filtered out; finished in 0.01s
[INFO] [stdout] 
[INFO] [stderr] error: test failed, to rerun pass `--lib`
[INFO] running `Command { std: "docker" "inspect" "1fc1110ecc1dc1b71b17d1cf042370056c22f5e4d4dbdee8aaedcb803d8341ff", kill_on_drop: false }`
[INFO] running `Command { std: "docker" "rm" "-f" "1fc1110ecc1dc1b71b17d1cf042370056c22f5e4d4dbdee8aaedcb803d8341ff", kill_on_drop: false }`
[INFO] [stdout] 1fc1110ecc1dc1b71b17d1cf042370056c22f5e4d4dbdee8aaedcb803d8341ff
