[INFO] cloning repository https://github.com/hasezoey/yt-downloader-rust
[INFO] running `Command { std: "git" "-c" "credential.helper=" "-c" "credential.helper=/workspace/cargo-home/bin/git-credential-null" "clone" "--bare" "https://github.com/hasezoey/yt-downloader-rust" "/workspace/cache/git-repos/https%3A%2F%2Fgithub.com%2Fhasezoey%2Fyt-downloader-rust", kill_on_drop: false }`
[INFO] [stderr] Cloning into bare repository '/workspace/cache/git-repos/https%3A%2F%2Fgithub.com%2Fhasezoey%2Fyt-downloader-rust'...
[INFO] running `Command { std: "git" "rev-parse" "HEAD", kill_on_drop: false }`
[INFO] [stdout] 4424a57478e9ff0096cb92be3c2b61696ee0969f
[INFO] testing hasezoey/yt-downloader-rust against nightly-2024-10-28 for randomize-layout
[INFO] running `Command { std: "git" "clone" "/workspace/cache/git-repos/https%3A%2F%2Fgithub.com%2Fhasezoey%2Fyt-downloader-rust" "/workspace/builds/worker-0-tc1/source", kill_on_drop: false }`
[INFO] [stderr] Cloning into '/workspace/builds/worker-0-tc1/source'...
[INFO] [stderr] done.
[INFO] validating manifest of git repo https://github.com/hasezoey/yt-downloader-rust on toolchain nightly-2024-10-28
[INFO] running `Command { std: CARGO_HOME="/workspace/cargo-home" RUSTUP_HOME="/workspace/rustup-home" "/workspace/cargo-home/bin/cargo" "+nightly-2024-10-28" "metadata" "--manifest-path" "Cargo.toml" "--no-deps", kill_on_drop: false }`
[INFO] started tweaking git repo https://github.com/hasezoey/yt-downloader-rust
[INFO] finished tweaking git repo https://github.com/hasezoey/yt-downloader-rust
[INFO] tweaked toml for git repo https://github.com/hasezoey/yt-downloader-rust written to /workspace/builds/worker-0-tc1/source/Cargo.toml
[INFO] crate git repo https://github.com/hasezoey/yt-downloader-rust already has a lockfile, it will not be regenerated
[INFO] running `Command { std: CARGO_HOME="/workspace/cargo-home" RUSTUP_HOME="/workspace/rustup-home" "/workspace/cargo-home/bin/cargo" "+nightly-2024-10-28" "fetch" "--manifest-path" "Cargo.toml", kill_on_drop: false }`
[INFO] [stderr]  Downloading crates ...
[INFO] [stderr]   Downloaded hermit-abi v0.3.7
[INFO] [stderr]   Downloaded clap_complete v4.4.10
[INFO] [stderr]   Downloaded flexi_logger v0.28.0
[INFO] running `Command { std: "docker" "create" "-v" "/var/lib/crater-agent-workspace/builds/worker-0-tc1/target:/opt/rustwide/target:rw,Z" "-v" "/var/lib/crater-agent-workspace/builds/worker-0-tc1/source:/opt/rustwide/workdir:ro,Z" "-v" "/var/lib/crater-agent-workspace/cargo-home:/opt/rustwide/cargo-home:ro,Z" "-v" "/var/lib/crater-agent-workspace/rustup-home:/opt/rustwide/rustup-home:ro,Z" "-e" "SOURCE_DIR=/opt/rustwide/workdir" "-e" "CARGO_TARGET_DIR=/opt/rustwide/target" "-e" "CARGO_HOME=/opt/rustwide/cargo-home" "-e" "RUSTUP_HOME=/opt/rustwide/rustup-home" "-w" "/opt/rustwide/workdir" "-m" "1610612736" "--user" "0:0" "--network" "none" "ghcr.io/rust-lang/crates-build-env/linux@sha256:4a844ea9eb2546a2d2c7022eacef16ef2e8229c7fbb2c7d4d55a9ceca922f72d" "/opt/rustwide/cargo-home/bin/cargo" "+nightly-2024-10-28" "metadata" "--no-deps" "--format-version=1", kill_on_drop: false }`
[INFO] [stdout] 996f41a0f3e831486753b1d2d80ba9e21ac60a85e6ffd34f3470068efe55982f
[INFO] running `Command { std: "docker" "start" "-a" "996f41a0f3e831486753b1d2d80ba9e21ac60a85e6ffd34f3470068efe55982f", kill_on_drop: false }`
[INFO] running `Command { std: "docker" "inspect" "996f41a0f3e831486753b1d2d80ba9e21ac60a85e6ffd34f3470068efe55982f", kill_on_drop: false }`
[INFO] running `Command { std: "docker" "rm" "-f" "996f41a0f3e831486753b1d2d80ba9e21ac60a85e6ffd34f3470068efe55982f", kill_on_drop: false }`
[INFO] [stdout] 996f41a0f3e831486753b1d2d80ba9e21ac60a85e6ffd34f3470068efe55982f
[INFO] running `Command { std: "docker" "create" "-v" "/var/lib/crater-agent-workspace/builds/worker-0-tc1/target:/opt/rustwide/target:rw,Z" "-v" "/var/lib/crater-agent-workspace/builds/worker-0-tc1/source:/opt/rustwide/workdir:ro,Z" "-v" "/var/lib/crater-agent-workspace/cargo-home:/opt/rustwide/cargo-home:ro,Z" "-v" "/var/lib/crater-agent-workspace/rustup-home:/opt/rustwide/rustup-home:ro,Z" "-e" "SOURCE_DIR=/opt/rustwide/workdir" "-e" "CARGO_TARGET_DIR=/opt/rustwide/target" "-e" "CARGO_INCREMENTAL=0" "-e" "RUST_BACKTRACE=full" "-e" "RUSTFLAGS=--cap-lints=forbid" "-e" "RUSTDOCFLAGS=--cap-lints=forbid" "-e" "CARGO_HOME=/opt/rustwide/cargo-home" "-e" "RUSTUP_HOME=/opt/rustwide/rustup-home" "-w" "/opt/rustwide/workdir" "-m" "1610612736" "--user" "0:0" "--network" "none" "ghcr.io/rust-lang/crates-build-env/linux@sha256:4a844ea9eb2546a2d2c7022eacef16ef2e8229c7fbb2c7d4d55a9ceca922f72d" "/opt/rustwide/cargo-home/bin/cargo" "+nightly-2024-10-28" "build" "--frozen" "--message-format=json", kill_on_drop: false }`
[INFO] [stdout] 0c027ec69a9a35288da000bf2d9a9455ede306bc152eb23212564647f3e71cdd
[INFO] running `Command { std: "docker" "start" "-a" "0c027ec69a9a35288da000bf2d9a9455ede306bc152eb23212564647f3e71cdd", kill_on_drop: false }`
[INFO] [stderr]    Compiling proc-macro2 v1.0.78
[INFO] [stderr]    Compiling unicode-ident v1.0.12
[INFO] [stderr]    Compiling libc v0.2.153
[INFO] [stderr]    Compiling serde v1.0.197
[INFO] [stderr]    Compiling autocfg v1.1.0
[INFO] [stderr]    Compiling equivalent v1.0.1
[INFO] [stderr]    Compiling hashbrown v0.14.3
[INFO] [stderr]    Compiling bitflags v2.4.2
[INFO] [stderr]    Compiling pkg-config v0.3.30
[INFO] [stderr]    Compiling rustix v0.38.31
[INFO] [stderr]    Compiling vcpkg v0.2.15
[INFO] [stderr]    Compiling winnow v0.5.40
[INFO] [stderr]    Compiling num-traits v0.2.18
[INFO] [stderr]    Compiling memchr v2.7.1
[INFO] [stderr]    Compiling indexmap v2.2.3
[INFO] [stderr]    Compiling iana-time-zone v0.1.60
[INFO] [stderr]    Compiling quote v1.0.35
[INFO] [stderr]    Compiling once_cell v1.19.0
[INFO] [stderr]    Compiling syn v2.0.50
[INFO] [stderr]    Compiling libsqlite3-sys v0.27.0
[INFO] [stderr]    Compiling linux-raw-sys v0.4.13
[INFO] [stderr]    Compiling utf8parse v0.2.1
[INFO] [stderr]    Compiling anstyle-parse v0.2.3
[INFO] [stderr]    Compiling aho-corasick v1.1.2
[INFO] [stderr]    Compiling anstyle-query v1.0.2
[INFO] [stderr]    Compiling anstyle v1.0.6
[INFO] [stderr]    Compiling thiserror v1.0.57
[INFO] [stderr]    Compiling chrono v0.4.34
[INFO] [stderr]    Compiling regex-syntax v0.8.2
[INFO] [stderr]    Compiling colorchoice v1.0.0
[INFO] [stderr]    Compiling anstream v0.6.12
[INFO] [stderr]    Compiling lazy_static v1.4.0
[INFO] [stderr]    Compiling portable-atomic v1.6.0
[INFO] [stderr]    Compiling serde_json v1.0.114
[INFO] [stderr]    Compiling cfg-if v1.0.0
[INFO] [stderr]    Compiling heck v0.4.1
[INFO] [stderr]    Compiling terminal_size v0.3.0
[INFO] [stderr]    Compiling option-ext v0.2.0
[INFO] [stderr]    Compiling clap_lex v0.6.0
[INFO] [stderr]    Compiling strsim v0.10.0
[INFO] [stderr]    Compiling dirs-sys v0.4.1
[INFO] [stderr]    Compiling os_pipe v1.1.5
[INFO] [stderr]    Compiling clap_builder v4.4.18
[INFO] [stderr]    Compiling shared_child v1.0.0
[INFO] [stderr]    Compiling path-dedot v3.1.1
[INFO] [stderr]    Compiling ryu v1.0.17
[INFO] [stderr]    Compiling unicode-width v0.1.11
[INFO] [stderr]    Compiling itoa v1.0.10
[INFO] [stderr]    Compiling log v0.4.20
[INFO] [stderr]    Compiling console v0.15.8
[INFO] [stderr]    Compiling path-absolutize v3.1.1
[INFO] [stderr]    Compiling duct v0.13.7
[INFO] [stderr]    Compiling dirs v5.0.1
[INFO] [stderr]    Compiling diesel_table_macro_syntax v0.1.0
[INFO] [stderr]    Compiling regex-automata v0.4.5
[INFO] [stderr]    Compiling nix v0.27.1
[INFO] [stderr]    Compiling is-terminal v0.4.12
[INFO] [stderr]    Compiling glob v0.3.1
[INFO] [stderr]    Compiling number_prefix v0.4.0
[INFO] [stderr]    Compiling ytdlr v0.10.0 (/opt/rustwide/workdir/crates/ytdlr)
[INFO] [stderr]    Compiling nu-ansi-term v0.49.0
[INFO] [stderr]    Compiling indicatif v0.17.8
[INFO] [stderr]    Compiling sysinfo v0.30.5
[INFO] [stderr]    Compiling colored v2.1.0
[INFO] [stderr]    Compiling ctrlc v3.4.2
[INFO] [stderr]    Compiling unicode-segmentation v1.11.0
[INFO] [stderr]    Compiling serde_derive v1.0.197
[INFO] [stderr]    Compiling thiserror-impl v1.0.57
[INFO] [stderr]    Compiling diesel_derives v2.1.2
[INFO] [stderr]    Compiling clap_derive v4.4.7
[INFO] [stderr]    Compiling regex v1.10.3
[INFO] [stderr]    Compiling flexi_logger v0.28.0
[INFO] [stderr]    Compiling clap v4.4.18
[INFO] [stderr]    Compiling clap_complete v4.4.10
[INFO] [stderr]    Compiling diesel v2.1.4
[INFO] [stderr]    Compiling serde_spanned v0.6.5
[INFO] [stderr]    Compiling toml_datetime v0.6.5
[INFO] [stderr]    Compiling toml_edit v0.19.15
[INFO] [stderr]    Compiling toml v0.7.8
[INFO] [stderr]    Compiling migrations_internals v2.1.0
[INFO] [stderr]    Compiling migrations_macros v2.1.0
[INFO] [stderr]    Compiling diesel_migrations v2.1.0
[INFO] [stderr]    Compiling libytdlr v0.10.0 (/opt/rustwide/workdir/crates/libytdlr)
[INFO] [stdout] warning: elided lifetime has a name
[INFO] [stdout]   --> crates/libytdlr/src/traits/download_options.rs:21:47
[INFO] [stdout]    |
[INFO] [stdout] 20 |     fn gen_archive<'a>(&'a self, connection: &'a mut SqliteConnection)
[INFO] [stdout]    |                    -- lifetime `'a` declared here
[INFO] [stdout] 21 |         -> Option<Box<dyn Iterator<Item = String> + '_>>;
[INFO] [stdout]    |                                                     ^^ this elided lifetime gets resolved as `'a`
[INFO] [stdout]    |
[INFO] [stdout]    = note: `#[warn(elided_named_lifetimes)]` on by default
[INFO] [stdout] 
[INFO] [stdout] 
[INFO] [stdout] warning: elided lifetime has a name
[INFO] [stdout]    --> crates/ytdlr/src/state.rs:129:48
[INFO] [stdout]     |
[INFO] [stdout] 126 |     fn gen_archive<'a>(
[INFO] [stdout]     |                    -- lifetime `'a` declared here
[INFO] [stdout] ...
[INFO] [stdout] 129 |     ) -> Option<Box<dyn Iterator<Item = String> + '_>> {
[INFO] [stdout]     |                                                   ^^ this elided lifetime gets resolved as `'a`
[INFO] [stdout]     |
[INFO] [stdout]     = note: `#[warn(elided_named_lifetimes)]` on by default
[INFO] [stdout] 
[INFO] [stdout] 
[INFO] [stderr]     Finished `dev` profile [unoptimized + debuginfo] target(s) in 20.70s
[INFO] running `Command { std: "docker" "inspect" "0c027ec69a9a35288da000bf2d9a9455ede306bc152eb23212564647f3e71cdd", kill_on_drop: false }`
[INFO] running `Command { std: "docker" "rm" "-f" "0c027ec69a9a35288da000bf2d9a9455ede306bc152eb23212564647f3e71cdd", kill_on_drop: false }`
[INFO] [stdout] 0c027ec69a9a35288da000bf2d9a9455ede306bc152eb23212564647f3e71cdd
[INFO] running `Command { std: "docker" "create" "-v" "/var/lib/crater-agent-workspace/builds/worker-0-tc1/target:/opt/rustwide/target:rw,Z" "-v" "/var/lib/crater-agent-workspace/builds/worker-0-tc1/source:/opt/rustwide/workdir:ro,Z" "-v" "/var/lib/crater-agent-workspace/cargo-home:/opt/rustwide/cargo-home:ro,Z" "-v" "/var/lib/crater-agent-workspace/rustup-home:/opt/rustwide/rustup-home:ro,Z" "-e" "SOURCE_DIR=/opt/rustwide/workdir" "-e" "CARGO_TARGET_DIR=/opt/rustwide/target" "-e" "CARGO_INCREMENTAL=0" "-e" "RUST_BACKTRACE=full" "-e" "RUSTFLAGS=--cap-lints=forbid" "-e" "RUSTDOCFLAGS=--cap-lints=forbid" "-e" "CARGO_HOME=/opt/rustwide/cargo-home" "-e" "RUSTUP_HOME=/opt/rustwide/rustup-home" "-w" "/opt/rustwide/workdir" "-m" "1610612736" "--user" "0:0" "--network" "none" "ghcr.io/rust-lang/crates-build-env/linux@sha256:4a844ea9eb2546a2d2c7022eacef16ef2e8229c7fbb2c7d4d55a9ceca922f72d" "/opt/rustwide/cargo-home/bin/cargo" "+nightly-2024-10-28" "test" "--frozen" "--no-run" "--message-format=json", kill_on_drop: false }`
[INFO] [stdout] 8b93d18bc844ba31e30d586c1b919c76e088ae494eaf7e9a34a79631e6151a31
[INFO] running `Command { std: "docker" "start" "-a" "8b93d18bc844ba31e30d586c1b919c76e088ae494eaf7e9a34a79631e6151a31", kill_on_drop: false }`
[INFO] [stderr]    Compiling rustix v0.38.31
[INFO] [stderr]    Compiling fastrand v2.0.1
[INFO] [stderr]    Compiling getrandom v0.2.12
[INFO] [stderr]    Compiling serde_test v1.0.176
[INFO] [stderr]    Compiling ytdlr v0.10.0 (/opt/rustwide/workdir/crates/ytdlr)
[INFO] [stdout] warning: elided lifetime has a name
[INFO] [stdout]   --> crates/libytdlr/src/traits/download_options.rs:21:47
[INFO] [stdout]    |
[INFO] [stdout] 20 |     fn gen_archive<'a>(&'a self, connection: &'a mut SqliteConnection)
[INFO] [stdout]    |                    -- lifetime `'a` declared here
[INFO] [stdout] 21 |         -> Option<Box<dyn Iterator<Item = String> + '_>>;
[INFO] [stdout]    |                                                     ^^ this elided lifetime gets resolved as `'a`
[INFO] [stdout]    |
[INFO] [stdout]    = note: `#[warn(elided_named_lifetimes)]` on by default
[INFO] [stdout] 
[INFO] [stdout] 
[INFO] [stderr]    Compiling uuid v1.8.0
[INFO] [stderr]    Compiling terminal_size v0.3.0
[INFO] [stderr]    Compiling tempfile v3.10.0
[INFO] [stderr]    Compiling clap_builder v4.4.18
[INFO] [stderr]    Compiling libytdlr v0.10.0 (/opt/rustwide/workdir/crates/libytdlr)
[INFO] [stdout] warning: elided lifetime has a name
[INFO] [stdout]   --> crates/libytdlr/src/traits/download_options.rs:21:47
[INFO] [stdout]    |
[INFO] [stdout] 20 |     fn gen_archive<'a>(&'a self, connection: &'a mut SqliteConnection)
[INFO] [stdout]    |                    -- lifetime `'a` declared here
[INFO] [stdout] 21 |         -> Option<Box<dyn Iterator<Item = String> + '_>>;
[INFO] [stdout]    |                                                     ^^ this elided lifetime gets resolved as `'a`
[INFO] [stdout]    |
[INFO] [stdout]    = note: `#[warn(elided_named_lifetimes)]` on by default
[INFO] [stdout] 
[INFO] [stdout] 
[INFO] [stderr]    Compiling clap v4.4.18
[INFO] [stderr]    Compiling clap_complete v4.4.10
[INFO] [stdout] warning: elided lifetime has a name
[INFO] [stdout]    --> crates/ytdlr/src/state.rs:129:48
[INFO] [stdout]     |
[INFO] [stdout] 126 |     fn gen_archive<'a>(
[INFO] [stdout]     |                    -- lifetime `'a` declared here
[INFO] [stdout] ...
[INFO] [stdout] 129 |     ) -> Option<Box<dyn Iterator<Item = String> + '_>> {
[INFO] [stdout]     |                                                   ^^ this elided lifetime gets resolved as `'a`
[INFO] [stdout]     |
[INFO] [stdout]     = note: `#[warn(elided_named_lifetimes)]` on by default
[INFO] [stdout] 
[INFO] [stdout] 
[INFO] [stderr]     Finished `test` profile [unoptimized + debuginfo] target(s) in 7.54s
[INFO] running `Command { std: "docker" "inspect" "8b93d18bc844ba31e30d586c1b919c76e088ae494eaf7e9a34a79631e6151a31", kill_on_drop: false }`
[INFO] running `Command { std: "docker" "rm" "-f" "8b93d18bc844ba31e30d586c1b919c76e088ae494eaf7e9a34a79631e6151a31", kill_on_drop: false }`
[INFO] [stdout] 8b93d18bc844ba31e30d586c1b919c76e088ae494eaf7e9a34a79631e6151a31
[INFO] running `Command { std: "docker" "create" "-v" "/var/lib/crater-agent-workspace/builds/worker-0-tc1/target:/opt/rustwide/target:rw,Z" "-v" "/var/lib/crater-agent-workspace/builds/worker-0-tc1/source:/opt/rustwide/workdir:ro,Z" "-v" "/var/lib/crater-agent-workspace/cargo-home:/opt/rustwide/cargo-home:ro,Z" "-v" "/var/lib/crater-agent-workspace/rustup-home:/opt/rustwide/rustup-home:ro,Z" "-e" "SOURCE_DIR=/opt/rustwide/workdir" "-e" "CARGO_TARGET_DIR=/opt/rustwide/target" "-e" "CARGO_INCREMENTAL=0" "-e" "RUST_BACKTRACE=full" "-e" "RUSTFLAGS=--cap-lints=forbid" "-e" "RUSTDOCFLAGS=--cap-lints=forbid" "-e" "CARGO_HOME=/opt/rustwide/cargo-home" "-e" "RUSTUP_HOME=/opt/rustwide/rustup-home" "-w" "/opt/rustwide/workdir" "-m" "1610612736" "--user" "0:0" "--network" "none" "ghcr.io/rust-lang/crates-build-env/linux@sha256:4a844ea9eb2546a2d2c7022eacef16ef2e8229c7fbb2c7d4d55a9ceca922f72d" "/opt/rustwide/cargo-home/bin/cargo" "+nightly-2024-10-28" "test" "--frozen", kill_on_drop: false }`
[INFO] [stdout] 86358c0736229893e12a7f00ff13e7f940dcb829d6f6c375b66ea2ca2781614e
[INFO] running `Command { std: "docker" "start" "-a" "86358c0736229893e12a7f00ff13e7f940dcb829d6f6c375b66ea2ca2781614e", kill_on_drop: false }`
[INFO] [stderr] warning: elided lifetime has a name
[INFO] [stderr]   --> crates/libytdlr/src/traits/download_options.rs:21:47
[INFO] [stderr]    |
[INFO] [stderr] 20 |     fn gen_archive<'a>(&'a self, connection: &'a mut SqliteConnection)
[INFO] [stderr]    |                    -- lifetime `'a` declared here
[INFO] [stderr] 21 |         -> Option<Box<dyn Iterator<Item = String> + '_>>;
[INFO] [stderr]    |                                                     ^^ this elided lifetime gets resolved as `'a`
[INFO] [stderr]    |
[INFO] [stderr]    = note: `#[warn(elided_named_lifetimes)]` on by default
[INFO] [stderr] 
[INFO] [stderr] warning: `libytdlr` (lib) generated 1 warning
[INFO] [stderr]    Compiling ytdlr v0.10.0 (/opt/rustwide/workdir/crates/ytdlr)
[INFO] [stderr] warning: `libytdlr` (lib test) generated 1 warning (1 duplicate)
[INFO] [stderr] warning: elided lifetime has a name
[INFO] [stderr]    --> crates/ytdlr/src/state.rs:129:48
[INFO] [stderr]     |
[INFO] [stderr] 126 |     fn gen_archive<'a>(
[INFO] [stderr]     |                    -- lifetime `'a` declared here
[INFO] [stderr] ...
[INFO] [stderr] 129 |     ) -> Option<Box<dyn Iterator<Item = String> + '_>> {
[INFO] [stderr]     |                                                   ^^ this elided lifetime gets resolved as `'a`
[INFO] [stderr]     |
[INFO] [stderr]     = note: `#[warn(elided_named_lifetimes)]` on by default
[INFO] [stderr] 
[INFO] [stderr] warning: `ytdlr` (bin "ytdlr" test) generated 1 warning
[INFO] [stderr]     Finished `test` profile [unoptimized + debuginfo] target(s) in 1.94s
[INFO] [stderr]      Running unittests src/lib.rs (/opt/rustwide/target/debug/deps/libytdlr-9479bd00d7564ea8)
[INFO] [stdout] 
[INFO] [stdout] running 82 tests
[INFO] [stdout] test data::cache::media_info::test::test_new ... ok
[INFO] [stdout] test data::cache::media_info::test::test_into_insmedia ... ok
[INFO] [stdout] test data::cache::media_info::test::test_with_filename ... ok
[INFO] [stdout] test data::cache::media_info::test::test_with_provider ... ok
[INFO] [stdout] test data::cache::media_info::test::test_with_title ... ok
[INFO] [stdout] test data::cache::media_provider::test::fn_impls::test_as_str ... ok
[INFO] [stdout] test data::cache::media_provider::test::fn_impls::test_from_str_like ... ok
[INFO] [stdout] test data::cache::media_provider::test::trait_impls::test_as_ref_str ... ok
[INFO] [stdout] test data::cache::media_provider::test::trait_impls::test_as_string ... ok
[INFO] [stdout] test data::cache::media_provider::test::trait_impls::test_from_string ... ok
[INFO] [stdout] test data::cache::media_provider::test::trait_impls::test_fromstr ... ok
[INFO] [stdout] test data::cache::media_provider::test::trait_impls::test_serialize_deserialize ... ok
[INFO] [stdout] test data::old_archive::provider::test::test_from_strings ... ok
[INFO] [stdout] test data::old_archive::provider::test::test_into_string ... ok
[INFO] [stdout] test data::old_archive::provider::test::test_clone ... ok
[INFO] [stdout] test data::old_archive::video::test::test_clone ... ok
[INFO] [stdout] test data::old_archive::video::test::test_get_functions ... ok
[INFO] [stdout] test data::old_archive::video::test::test_new ... ok
[INFO] [stdout] test data::old_archive::video::test::test_set_provider ... ok
[INFO] [stdout] test data::old_archive::video::test::test_from_media ... ok
[INFO] [stdout] test data::old_archive::video::test::test_with_file_name ... ok
[INFO] [stdout] test main::archive::import::test::detect_archive_type::test_detect_json ... ok
[INFO] [stdout] test main::archive::import::test::detect_archive_type::test_detect_ytdl ... ok
[INFO] [stdout] test data::old_archive::video::test::test_set_file_name ... ok
[INFO] [stdout] test main::archive::import::test::detect_archive_type::test_detect_sqlite ... ok
[INFO] [stdout] test data::cache::media_info::test::test_try_from_filename ... ok
[INFO] [stdout] test main::archive::import::test::detect_archive_type::test_eof ... ok
[INFO] [stdout] test main::archive::import::test::import_any_archive::test_unexpected_eof ... ok
[INFO] [stdout] test main::archive::import::test::import_ytdl_archive::test_no_captures_found_err ... ok
[INFO] [stdout] test main::download::test::argshelper::test_basic ... ok
[INFO] [stdout] test main::download::test::argshelper::test_into_vec ... ok
[INFO] [stdout] test main::archive::import::test::import_any_archive::test_any_to_ytdlr ... ok
[INFO] [stdout] test main::archive::import::test::import_ytdlr_json_archive::test_basic_ytdlr_json ... ok
[INFO] [stdout] test main::download::test::assemble_ytdl_command::test_audio_only ... ok
[INFO] [stdout] test main::download::test::assemble_ytdl_command::test_basic_assemble ... ok
[INFO] [stdout] test main::download::test::assemble_ytdl_command::test_extra_arguments ... ok
[INFO] [stdout] test main::archive::import::test::insert_insmedia::test_insert ... ok
[INFO] [stdout] test main::download::test::assemble_ytdl_command::test_quiet_version_gate ... ok
[INFO] [stdout] test main::download::test::assemble_ytdl_command::test_all_options_together ... ok
[INFO] [stdout] test main::download::test::assemble_ytdl_command::test_archive ... ok
[INFO] [stdout] test main::archive::import::test::import_any_archive::test_any_to_ytdl ... ok
[INFO] [stdout] test main::archive::import::test::import_ytdl_archive::test_basic_ytdl ... ok
[INFO] [stdout] test main::download::test::handle_stdout::test_basic_single_usage ... ok
[INFO] [stdout] test main::download::test::handle_stdout::test_basic_multi_usage ... ok
[INFO] [stdout] test main::download::test::linetype_impls::test_try_from_line ... ok
[INFO] [stdout] test main::download::test::handle_stdout::test_skipped ... ok
[INFO] [stdout] test main::download::test::linetype_impls::test_try_get_download_percent ... ok
[INFO] [stdout] test main::archive::import::test::import_ytdlr_sqlite_archive::test_conflict ... ok
[INFO] [stdout] test main::rethumbnail::test::convert_image_to_jpg::test_early_return_jpg ... ok
[INFO] [stdout] test main::archive::import::test::import_ytdlr_sqlite_archive::test_basic_ytdlr_sqlite ... ok
[INFO] [stdout] test main::rethumbnail::test::find_image::test_find_image_jpg ... ok
[INFO] [stdout] test main::rethumbnail::test::convert_image_to_jpg::test_exit_status ... ok
[INFO] [stdout] test main::rethumbnail::test::find_image::test_find_image_png ... ok
[INFO] [stdout] test main::rethumbnail::test::find_image::test_find_image_webp ... ok
[INFO] [stdout] test main::rethumbnail::test::re_thumbnail::test_basic_func_mkv ... ok
[INFO] [stdout] test main::rethumbnail::test::re_thumbnail::test_basic_func_mp4 ... ok
[INFO] [stdout] test main::rethumbnail::test::re_thumbnail::test_exit_status ... ignored, CI Install not present currently
[INFO] [stdout] test main::rethumbnail::test::convert_image_to_jpg::test_basic_func ... ok
[INFO] [stdout] test main::sql_utils::test::connect::test_connect_notutf8 ... ok
[INFO] [stdout] test main::sql_utils::test::connect::test_connect ... ok
[INFO] [stdout] test main::sql_utils::test::apply_sqlite_migrations::test_all_migrations_applied ... ok
[INFO] [stdout] test main::sql_utils::test::migrate_and_connect::test_input_unknown_archive ... ok
[INFO] [stdout] test main::sql_utils::test::migrate_and_connect::test_to_existing_json ... ok
[INFO] [stdout] test main::sql_utils::test::migrate_and_connect::test_input_json_archive ... ok
[INFO] [stdout] test main::sql_utils::test::migrate_and_connect::test_to_existing_unknown ... ok
[INFO] [stdout] test main::sql_utils::test::migrate_and_connect::test_to_existing_sqlite ... ok
[INFO] [stdout] test main::download::test::linetype_impls::test_try_get_parse_helper ... ok
[INFO] [stdout] test spawn::ffmpeg::test::test_ffmpeg_spawn ... ignored, CI Install not present currently
[INFO] [stdout] test spawn::ffmpeg::test::test_ffmpeg_parse_version_invalid_input ... ok
[INFO] [stdout] test spawn::ffmpeg::test::test_ffmpeg_parse_version_valid_static_input ... ok
[INFO] [stdout] test main::sql_utils::test::migrate_and_connect::test_input_sqlite_archive ... ok
[INFO] [stdout] test main::download::test::handle_stdout::test_playlistsize_from_custom_playlist ... ok
[INFO] [stdout] test spawn::ffmpeg::test::test_parse_format_invalid_input ... ok
[INFO] [stdout] test main::download::test::handle_stdout::test_error_while_downloading ... ok
[INFO] [stdout] test main::download::test::handle_stdout::test_playlistsize_from_playlist_downloading_items ... ok
[INFO] [stdout] test main::download::test::handle_stdout::test_skip_error_and_normal ... ok
[INFO] [stdout] test spawn::ytdl::test::test_ytdl_spawn ... ignored, CI Install not present currently
[INFO] [stdout] test utils::test::expand_tidle::basic_func ... ok
[INFO] [stdout] test spawn::ytdl::test::test_ytdl_parse_version_valid_static_input ... ok
[INFO] [stdout] test spawn::ytdl::test::test_ytdl_parse_version_invalid_input ... ok
[INFO] [stdout] test spawn::ffmpeg::test::test_parse_format_valid_static_input ... ok
[INFO] [stdout] test utils::test::to_absolute::basic_func ... FAILED
[INFO] [stdout] 
[INFO] [stdout] failures:
[INFO] [stdout] 
[INFO] [stdout] ---- utils::test::to_absolute::basic_func stdout ----
[INFO] [stdout] thread 'utils::test::to_absolute::basic_func' panicked at crates/libytdlr/src/utils.rs:123:13:
[INFO] [stdout] assertion `left == right` failed
[INFO] [stdout]   left: "/absolute/to/path"
[INFO] [stdout]  right: "/absolute/to/inner/../path"
[INFO] [stdout] stack backtrace:
[INFO] [stdout]    0:     0x5a363d120c9a - std::backtrace_rs::backtrace::libunwind::trace::h207520d6e9873551
[INFO] [stdout]                                at /rustc/df4ca44d3fbc9301ee17f30f4d474e6ae4b05252/library/std/src/../../backtrace/src/backtrace/libunwind.rs:116:5
[INFO] [stdout]    1:     0x5a363d120c9a - std::backtrace_rs::backtrace::trace_unsynchronized::h2ed7433f370e3eca
[INFO] [stdout]                                at /rustc/df4ca44d3fbc9301ee17f30f4d474e6ae4b05252/library/std/src/../../backtrace/src/backtrace/mod.rs:66:5
[INFO] [stdout]    2:     0x5a363d120c9a - std::sys::backtrace::_print_fmt::h916fac51166b18d7
[INFO] [stdout]                                at /rustc/df4ca44d3fbc9301ee17f30f4d474e6ae4b05252/library/std/src/sys/backtrace.rs:66:9
[INFO] [stdout]    3:     0x5a363d120c9a - <std::sys::backtrace::BacktraceLock::print::DisplayBacktrace as core::fmt::Display>::fmt::ha0a4c9b8ce3802e6
[INFO] [stdout]                                at /rustc/df4ca44d3fbc9301ee17f30f4d474e6ae4b05252/library/std/src/sys/backtrace.rs:39:26
[INFO] [stdout]    4:     0x5a363d14b9e3 - core::fmt::rt::Argument::fmt::h4cfc8587d52b3eb5
[INFO] [stdout]                                at /rustc/df4ca44d3fbc9301ee17f30f4d474e6ae4b05252/library/core/src/fmt/rt.rs:177:76
[INFO] [stdout]    5:     0x5a363d14b9e3 - core::fmt::write::h522cc39e5b36ae9f
[INFO] [stdout]                                at /rustc/df4ca44d3fbc9301ee17f30f4d474e6ae4b05252/library/core/src/fmt/mod.rs:1190:21
[INFO] [stdout]    6:     0x5a363d11cd53 - std::io::Write::write_fmt::h7d3c26752da97734
[INFO] [stdout]                                at /rustc/df4ca44d3fbc9301ee17f30f4d474e6ae4b05252/library/std/src/io/mod.rs:1839:15
[INFO] [stdout]    7:     0x5a363d120ae2 - std::sys::backtrace::BacktraceLock::print::h4b9e00b29e9c0942
[INFO] [stdout]                                at /rustc/df4ca44d3fbc9301ee17f30f4d474e6ae4b05252/library/std/src/sys/backtrace.rs:42:9
[INFO] [stdout]    8:     0x5a363d12212a - std::panicking::default_hook::{{closure}}::hb59b88280d0324d9
[INFO] [stdout]                                at /rustc/df4ca44d3fbc9301ee17f30f4d474e6ae4b05252/library/std/src/panicking.rs:268:22
[INFO] [stdout]    9:     0x5a363d121f34 - std::panicking::default_hook::he1dd496665be4a29
[INFO] [stdout]                                at /rustc/df4ca44d3fbc9301ee17f30f4d474e6ae4b05252/library/std/src/panicking.rs:292:9
[INFO] [stdout]   10:     0x5a363cdfd729 - <alloc::boxed::Box<F,A> as core::ops::function::Fn<Args>>::call::h4ff71de18744e1dc
[INFO] [stdout]                                at /rustc/df4ca44d3fbc9301ee17f30f4d474e6ae4b05252/library/alloc/src/boxed.rs:2468:9
[INFO] [stdout]   11:     0x5a363cdfd729 - test::test_main::{{closure}}::hcf7c055ce117aa81
[INFO] [stdout]                                at /rustc/df4ca44d3fbc9301ee17f30f4d474e6ae4b05252/library/test/src/lib.rs:133:21
[INFO] [stdout]   12:     0x5a363d122828 - <alloc::boxed::Box<F,A> as core::ops::function::Fn<Args>>::call::h1d66c6bbd60c9692
[INFO] [stdout]                                at /rustc/df4ca44d3fbc9301ee17f30f4d474e6ae4b05252/library/alloc/src/boxed.rs:2468:9
[INFO] [stdout]   13:     0x5a363d122828 - std::panicking::rust_panic_with_hook::h2ff17fe8f26dfcf8
[INFO] [stdout]                                at /rustc/df4ca44d3fbc9301ee17f30f4d474e6ae4b05252/library/std/src/panicking.rs:809:13
[INFO] [stdout]   14:     0x5a363d1225ea - std::panicking::begin_panic_handler::{{closure}}::h4fad77951c07e101
[INFO] [stdout]                                at /rustc/df4ca44d3fbc9301ee17f30f4d474e6ae4b05252/library/std/src/panicking.rs:674:13
[INFO] [stdout]   15:     0x5a363d121179 - std::sys::backtrace::__rust_end_short_backtrace::hb1a25b3da5d0ea08
[INFO] [stdout]                                at /rustc/df4ca44d3fbc9301ee17f30f4d474e6ae4b05252/library/std/src/sys/backtrace.rs:170:18
[INFO] [stdout]   16:     0x5a363d12227c - rust_begin_unwind
[INFO] [stdout]                                at /rustc/df4ca44d3fbc9301ee17f30f4d474e6ae4b05252/library/std/src/panicking.rs:665:5
[INFO] [stdout]   17:     0x5a363d1493e0 - core::panicking::panic_fmt::ha9db07b529f9b256
[INFO] [stdout]                                at /rustc/df4ca44d3fbc9301ee17f30f4d474e6ae4b05252/library/core/src/panicking.rs:75:14
[INFO] [stdout]   18:     0x5a363d1497e4 - core::panicking::assert_failed_inner::h04f38944d74a80a8
[INFO] [stdout]   19:     0x5a363cd14a49 - core::panicking::assert_failed::h1de4025199c1bea9
[INFO] [stdout]                                at /rustc/df4ca44d3fbc9301ee17f30f4d474e6ae4b05252/library/core/src/panicking.rs:377:5
[INFO] [stdout]   20:     0x5a363cd1aa72 - libytdlr::utils::test::to_absolute::basic_func::h3eb3a9c45df0febb
[INFO] [stdout]                                at /opt/rustwide/workdir/crates/libytdlr/src/utils.rs:123:4
[INFO] [stdout]   21:     0x5a363cd1a807 - libytdlr::utils::test::to_absolute::basic_func::{{closure}}::hc16d4d54c87ba4f1
[INFO] [stdout]                                at /opt/rustwide/workdir/crates/libytdlr/src/utils.rs:110:18
[INFO] [stdout]   22:     0x5a363cd10816 - core::ops::function::FnOnce::call_once::hb1d44b74d7a31748
[INFO] [stdout]                                at /rustc/df4ca44d3fbc9301ee17f30f4d474e6ae4b05252/library/core/src/ops/function.rs:250:5
[INFO] [stdout]   23:     0x5a363ce01ffb - core::ops::function::FnOnce::call_once::h22c3ba5715e93f05
[INFO] [stdout]                                at /rustc/df4ca44d3fbc9301ee17f30f4d474e6ae4b05252/library/core/src/ops/function.rs:250:5
[INFO] [stdout]   24:     0x5a363ce01ffb - test::__rust_begin_short_backtrace::h8e82d8113d0da17f
[INFO] [stdout]                                at /rustc/df4ca44d3fbc9301ee17f30f4d474e6ae4b05252/library/test/src/lib.rs:621:18
[INFO] [stdout]   25:     0x5a363ce01977 - test::run_test_in_process::{{closure}}::h33235f4f20b7b7c7
[INFO] [stdout]                                at /rustc/df4ca44d3fbc9301ee17f30f4d474e6ae4b05252/library/test/src/lib.rs:644:60
[INFO] [stdout]   26:     0x5a363ce01977 - <core::panic::unwind_safe::AssertUnwindSafe<F> as core::ops::function::FnOnce<()>>::call_once::hb5043206310c586f
[INFO] [stdout]                                at /rustc/df4ca44d3fbc9301ee17f30f4d474e6ae4b05252/library/core/src/panic/unwind_safe.rs:272:9
[INFO] [stdout]   27:     0x5a363ce01977 - std::panicking::try::do_call::h9ad4731a60ab23e2
[INFO] [stdout]                                at /rustc/df4ca44d3fbc9301ee17f30f4d474e6ae4b05252/library/std/src/panicking.rs:557:40
[INFO] [stdout]   28:     0x5a363ce01977 - std::panicking::try::h3824d23db772a716
[INFO] [stdout]                                at /rustc/df4ca44d3fbc9301ee17f30f4d474e6ae4b05252/library/std/src/panicking.rs:520:19
[INFO] [stdout]   29:     0x5a363ce01977 - std::panic::catch_unwind::h5afd514605fde46b
[INFO] [stdout]                                at /rustc/df4ca44d3fbc9301ee17f30f4d474e6ae4b05252/library/std/src/panic.rs:358:14
[INFO] [stdout]   30:     0x5a363ce01977 - test::run_test_in_process::h0d5cbfa7067d1720
[INFO] [stdout]                                at /rustc/df4ca44d3fbc9301ee17f30f4d474e6ae4b05252/library/test/src/lib.rs:644:27
[INFO] [stdout]   31:     0x5a363ce01977 - test::run_test::{{closure}}::h708eb8872708115d
[INFO] [stdout]                                at /rustc/df4ca44d3fbc9301ee17f30f4d474e6ae4b05252/library/test/src/lib.rs:565:43
[INFO] [stdout]   32:     0x5a363cdc5094 - test::run_test::{{closure}}::h392c51cee94713ab
[INFO] [stdout]                                at /rustc/df4ca44d3fbc9301ee17f30f4d474e6ae4b05252/library/test/src/lib.rs:595:41
[INFO] [stdout]   33:     0x5a363cdc5094 - std::sys::backtrace::__rust_begin_short_backtrace::h2f40290710935a8b
[INFO] [stdout]                                at /rustc/df4ca44d3fbc9301ee17f30f4d474e6ae4b05252/library/std/src/sys/backtrace.rs:154:18
[INFO] [stdout]   34:     0x5a363cdc883e - std::thread::Builder::spawn_unchecked_::{{closure}}::{{closure}}::h3fd968d89053a903
[INFO] [stdout]                                at /rustc/df4ca44d3fbc9301ee17f30f4d474e6ae4b05252/library/std/src/thread/mod.rs:541:17
[INFO] [stdout]   35:     0x5a363cdc883e - <core::panic::unwind_safe::AssertUnwindSafe<F> as core::ops::function::FnOnce<()>>::call_once::h743f637ba4229880
[INFO] [stdout]                                at /rustc/df4ca44d3fbc9301ee17f30f4d474e6ae4b05252/library/core/src/panic/unwind_safe.rs:272:9
[INFO] [stdout]   36:     0x5a363cdc883e - std::panicking::try::do_call::h07440897322525a6
[INFO] [stdout]                                at /rustc/df4ca44d3fbc9301ee17f30f4d474e6ae4b05252/library/std/src/panicking.rs:557:40
[INFO] [stdout]   37:     0x5a363cdc883e - std::panicking::try::he5a2e00188156637
[INFO] [stdout]                                at /rustc/df4ca44d3fbc9301ee17f30f4d474e6ae4b05252/library/std/src/panicking.rs:520:19
[INFO] [stdout]   38:     0x5a363cdc883e - std::panic::catch_unwind::hbaf3cae49b3c6433
[INFO] [stdout]                                at /rustc/df4ca44d3fbc9301ee17f30f4d474e6ae4b05252/library/std/src/panic.rs:358:14
[INFO] [stdout]   39:     0x5a363cdc883e - std::thread::Builder::spawn_unchecked_::{{closure}}::h8e141ea224820bce
[INFO] [stdout]                                at /rustc/df4ca44d3fbc9301ee17f30f4d474e6ae4b05252/library/std/src/thread/mod.rs:540:30
[INFO] [stdout]   40:     0x5a363cdc883e - core::ops::function::FnOnce::call_once{{vtable.shim}}::h90d312fedd7b8ea8
[INFO] [stdout]                                at /rustc/df4ca44d3fbc9301ee17f30f4d474e6ae4b05252/library/core/src/ops/function.rs:250:5
[INFO] [stdout]   41:     0x5a363d12757b - <alloc::boxed::Box<F,A> as core::ops::function::FnOnce<Args>>::call_once::h69aa08ddb6adb8b6
[INFO] [stdout]                                at /rustc/df4ca44d3fbc9301ee17f30f4d474e6ae4b05252/library/alloc/src/boxed.rs:2454:9
[INFO] [stdout]   42:     0x5a363d12757b - <alloc::boxed::Box<F,A> as core::ops::function::FnOnce<Args>>::call_once::h5aa36efdb79c806f
[INFO] [stdout]                                at /rustc/df4ca44d3fbc9301ee17f30f4d474e6ae4b05252/library/alloc/src/boxed.rs:2454:9
[INFO] [stdout]   43:     0x5a363d12757b - std::sys::pal::unix::thread::Thread::new::thread_start::h6cd80a1b4be5158d
[INFO] [stdout]                                at /rustc/df4ca44d3fbc9301ee17f30f4d474e6ae4b05252/library/std/src/sys/pal/unix/thread.rs:105:17
[INFO] [stdout]   44:     0x7163c9baaac3 - <unknown>
[INFO] [stdout]   45:     0x7163c9c3ba04 - clone
[INFO] [stdout]   46:                0x0 - <unknown>
[INFO] [stdout] 
[INFO] [stdout] 
[INFO] [stdout] failures:
[INFO] [stdout]     utils::test::to_absolute::basic_func
[INFO] [stdout] 
[INFO] [stdout] test result: FAILED. 78 passed; 1 failed; 3 ignored; 0 measured; 0 filtered out; finished in 0.24s
[INFO] [stdout] 
[INFO] [stderr] error: test failed, to rerun pass `-p libytdlr --lib`
[INFO] running `Command { std: "docker" "inspect" "86358c0736229893e12a7f00ff13e7f940dcb829d6f6c375b66ea2ca2781614e", kill_on_drop: false }`
[INFO] running `Command { std: "docker" "rm" "-f" "86358c0736229893e12a7f00ff13e7f940dcb829d6f6c375b66ea2ca2781614e", kill_on_drop: false }`
[INFO] [stdout] 86358c0736229893e12a7f00ff13e7f940dcb829d6f6c375b66ea2ca2781614e
