[INFO] cloning repository https://github.com/harrystb/hb_html
[INFO] running `Command { std: "git" "-c" "credential.helper=" "-c" "credential.helper=/workspace/cargo-home/bin/git-credential-null" "clone" "--bare" "https://github.com/harrystb/hb_html" "/workspace/cache/git-repos/https%3A%2F%2Fgithub.com%2Fharrystb%2Fhb_html", kill_on_drop: false }`
[INFO] [stderr] Cloning into bare repository '/workspace/cache/git-repos/https%3A%2F%2Fgithub.com%2Fharrystb%2Fhb_html'...
[INFO] running `Command { std: "git" "rev-parse" "HEAD", kill_on_drop: false }`
[INFO] [stdout] f674673e0b226a9529a625445cf6f685c85f8def
[INFO] testing harrystb/hb_html against nightly-2024-10-28+rustflags=-Zrandomize-layout for randomize-layout
[INFO] running `Command { std: "git" "clone" "/workspace/cache/git-repos/https%3A%2F%2Fgithub.com%2Fharrystb%2Fhb_html" "/workspace/builds/worker-6-tc2/source", kill_on_drop: false }`
[INFO] [stderr] Cloning into '/workspace/builds/worker-6-tc2/source'...
[INFO] [stderr] done.
[INFO] validating manifest of git repo https://github.com/harrystb/hb_html on toolchain nightly-2024-10-28
[INFO] running `Command { std: CARGO_HOME="/workspace/cargo-home" RUSTUP_HOME="/workspace/rustup-home" "/workspace/cargo-home/bin/cargo" "+nightly-2024-10-28" "metadata" "--manifest-path" "Cargo.toml" "--no-deps", kill_on_drop: false }`
[INFO] started tweaking git repo https://github.com/harrystb/hb_html
[INFO] finished tweaking git repo https://github.com/harrystb/hb_html
[INFO] tweaked toml for git repo https://github.com/harrystb/hb_html written to /workspace/builds/worker-6-tc2/source/Cargo.toml
[INFO] crate git repo https://github.com/harrystb/hb_html already has a lockfile, it will not be regenerated
[INFO] running `Command { std: CARGO_HOME="/workspace/cargo-home" RUSTUP_HOME="/workspace/rustup-home" "/workspace/cargo-home/bin/cargo" "+nightly-2024-10-28" "fetch" "--manifest-path" "Cargo.toml", kill_on_drop: false }`
[INFO] [stderr] warning: virtual workspace defaulting to `resolver = "1"` despite one or more workspace members being on edition 2021 which implies `resolver = "2"`
[INFO] [stderr] note: to keep the current resolver, specify `workspace.resolver = "1"` in the workspace root's manifest
[INFO] [stderr] note: to use the edition 2021 resolver, specify `workspace.resolver = "2"` in the workspace root's manifest
[INFO] [stderr] note: for more details see https://doc.rust-lang.org/cargo/reference/resolver.html#resolver-versions
[INFO] running `Command { std: "docker" "create" "-v" "/var/lib/crater-agent-workspace/builds/worker-6-tc2/target:/opt/rustwide/target:rw,Z" "-v" "/var/lib/crater-agent-workspace/builds/worker-6-tc2/source:/opt/rustwide/workdir:ro,Z" "-v" "/var/lib/crater-agent-workspace/cargo-home:/opt/rustwide/cargo-home:ro,Z" "-v" "/var/lib/crater-agent-workspace/rustup-home:/opt/rustwide/rustup-home:ro,Z" "-e" "SOURCE_DIR=/opt/rustwide/workdir" "-e" "CARGO_TARGET_DIR=/opt/rustwide/target" "-e" "CARGO_HOME=/opt/rustwide/cargo-home" "-e" "RUSTUP_HOME=/opt/rustwide/rustup-home" "-w" "/opt/rustwide/workdir" "-m" "1610612736" "--user" "0:0" "--network" "none" "ghcr.io/rust-lang/crates-build-env/linux@sha256:4a844ea9eb2546a2d2c7022eacef16ef2e8229c7fbb2c7d4d55a9ceca922f72d" "/opt/rustwide/cargo-home/bin/cargo" "+nightly-2024-10-28" "metadata" "--no-deps" "--format-version=1", kill_on_drop: false }`
[INFO] [stdout] f1fec36e5fd9a53ce6791ffe31afd011204ffa9888c6ea40765f89ce21902925
[INFO] running `Command { std: "docker" "start" "-a" "f1fec36e5fd9a53ce6791ffe31afd011204ffa9888c6ea40765f89ce21902925", kill_on_drop: false }`
[INFO] running `Command { std: "docker" "inspect" "f1fec36e5fd9a53ce6791ffe31afd011204ffa9888c6ea40765f89ce21902925", kill_on_drop: false }`
[INFO] running `Command { std: "docker" "rm" "-f" "f1fec36e5fd9a53ce6791ffe31afd011204ffa9888c6ea40765f89ce21902925", kill_on_drop: false }`
[INFO] [stdout] f1fec36e5fd9a53ce6791ffe31afd011204ffa9888c6ea40765f89ce21902925
[INFO] running `Command { std: "docker" "create" "-v" "/var/lib/crater-agent-workspace/builds/worker-6-tc2/target:/opt/rustwide/target:rw,Z" "-v" "/var/lib/crater-agent-workspace/builds/worker-6-tc2/source:/opt/rustwide/workdir:ro,Z" "-v" "/var/lib/crater-agent-workspace/cargo-home:/opt/rustwide/cargo-home:ro,Z" "-v" "/var/lib/crater-agent-workspace/rustup-home:/opt/rustwide/rustup-home:ro,Z" "-e" "SOURCE_DIR=/opt/rustwide/workdir" "-e" "CARGO_TARGET_DIR=/opt/rustwide/target" "-e" "CARGO_INCREMENTAL=0" "-e" "RUST_BACKTRACE=full" "-e" "RUSTFLAGS=--cap-lints=forbid -Zrandomize-layout" "-e" "RUSTDOCFLAGS=--cap-lints=forbid" "-e" "CARGO_HOME=/opt/rustwide/cargo-home" "-e" "RUSTUP_HOME=/opt/rustwide/rustup-home" "-w" "/opt/rustwide/workdir" "-m" "1610612736" "--user" "0:0" "--network" "none" "ghcr.io/rust-lang/crates-build-env/linux@sha256:4a844ea9eb2546a2d2c7022eacef16ef2e8229c7fbb2c7d4d55a9ceca922f72d" "/opt/rustwide/cargo-home/bin/cargo" "+nightly-2024-10-28" "build" "--frozen" "--message-format=json", kill_on_drop: false }`
[INFO] [stdout] eaf3d8890139eb0afd21bb3c87522294303808c17e2c6391d049bce3fe794da6
[INFO] running `Command { std: "docker" "start" "-a" "eaf3d8890139eb0afd21bb3c87522294303808c17e2c6391d049bce3fe794da6", kill_on_drop: false }`
[INFO] [stderr] warning: virtual workspace defaulting to `resolver = "1"` despite one or more workspace members being on edition 2021 which implies `resolver = "2"`
[INFO] [stderr] note: to keep the current resolver, specify `workspace.resolver = "1"` in the workspace root's manifest
[INFO] [stderr] note: to use the edition 2021 resolver, specify `workspace.resolver = "2"` in the workspace root's manifest
[INFO] [stderr] note: for more details see https://doc.rust-lang.org/cargo/reference/resolver.html#resolver-versions
[INFO] [stderr]    Compiling proc-macro2 v1.0.39
[INFO] [stderr]    Compiling syn v1.0.95
[INFO] [stderr]    Compiling hb_webrecipe v0.1.0 (/opt/rustwide/workdir/hb_webrecipe)
[INFO] [stderr]    Compiling quote v1.0.18
[INFO] [stderr]    Compiling hb_macros v0.1.3
[INFO] [stderr]    Compiling hb_macros v0.1.3 (/opt/rustwide/workdir/hb_macros)
[INFO] [stderr]    Compiling hb_error v0.1.2 (/opt/rustwide/workdir/hb_error)
[INFO] [stderr]    Compiling hb_parse v0.1.0 (/opt/rustwide/workdir/hb_parse)
[INFO] [stdout] warning: unused import: `std::any::TypeId`
[INFO] [stdout]  --> hb_parse/src/parser_funcs.rs:5:5
[INFO] [stdout]   |
[INFO] [stdout] 5 | use std::any::TypeId;
[INFO] [stdout]   |     ^^^^^^^^^^^^^^^^
[INFO] [stdout]   |
[INFO] [stdout]   = note: `#[warn(unused_imports)]` on by default
[INFO] [stdout] 
[INFO] [stdout] 
[INFO] [stdout] warning: unused imports: `Add`, `Mul`, `Rem`, and `Sub`
[INFO] [stdout]  --> hb_parse/src/parser_funcs.rs:7:16
[INFO] [stdout]   |
[INFO] [stdout] 7 | use std::ops::{Add, Mul, Rem, Sub};
[INFO] [stdout]   |                ^^^  ^^^  ^^^  ^^^
[INFO] [stdout] 
[INFO] [stdout] 
[INFO] [stdout] warning: unused variable: `i`
[INFO] [stdout]    --> hb_parse/src/parser_funcs.rs:138:26
[INFO] [stdout]     |
[INFO] [stdout] 138 |                 Ok(Some((i, c))) => {
[INFO] [stdout]     |                          ^ help: if this is intentional, prefix it with an underscore: `_i`
[INFO] [stdout]     |
[INFO] [stdout]     = note: `#[warn(unused_variables)]` on by default
[INFO] [stdout] 
[INFO] [stdout] 
[INFO] [stdout] warning: unused variable: `val`
[INFO] [stdout]    --> hb_parse/src/parser_funcs.rs:622:42
[INFO] [stdout]     |
[INFO] [stdout] 622 |     fn match_bracket_contents(&mut self, val: &str) -> ParseResult<bool> {
[INFO] [stdout]     |                                          ^^^ help: if this is intentional, prefix it with an underscore: `_val`
[INFO] [stdout] 
[INFO] [stdout] 
[INFO] [stdout] warning: unused variable: `val`
[INFO] [stdout]    --> hb_parse/src/parser_funcs.rs:626:70
[INFO] [stdout]     |
[INFO] [stdout] 626 |     fn match_float<N: ParsableFloats + Display + FromStr>(&mut self, val: N) -> ParseResult<bool> {
[INFO] [stdout]     |                                                                      ^^^ help: if this is intentional, prefix it with an underscore: `_val`
[INFO] [stdout] 
[INFO] [stdout] 
[INFO] [stdout] warning: unused variable: `val`
[INFO] [stdout]    --> hb_parse/src/parser_funcs.rs:630:32
[INFO] [stdout]     |
[INFO] [stdout] 630 |     fn match_symbol(&mut self, val: char) -> ParseResult<bool> {
[INFO] [stdout]     |                                ^^^ help: if this is intentional, prefix it with an underscore: `_val`
[INFO] [stdout] 
[INFO] [stdout] 
[INFO] [stdout] warning: unused `Result` that must be used
[INFO] [stdout]    --> hb_parse/src/parser_funcs.rs:129:21
[INFO] [stdout]     |
[INFO] [stdout] 129 |                     self.set_pointer_loc(start_i);
[INFO] [stdout]     |                     ^^^^^^^^^^^^^^^^^^^^^^^^^^^^^
[INFO] [stdout]     |
[INFO] [stdout]     = note: this `Result` may be an `Err` variant, which should be handled
[INFO] [stdout]     = note: `#[warn(unused_must_use)]` on by default
[INFO] [stdout] help: use `let _ = ...` to ignore the resulting value
[INFO] [stdout]     |
[INFO] [stdout] 129 |                     let _ = self.set_pointer_loc(start_i);
[INFO] [stdout]     |                     +++++++
[INFO] [stdout] 
[INFO] [stdout] 
[INFO] [stdout] warning: unused `Result` that must be used
[INFO] [stdout]    --> hb_parse/src/parser_funcs.rs:156:17
[INFO] [stdout]     |
[INFO] [stdout] 156 |                 self.set_pointer_loc(start_i);
[INFO] [stdout]     |                 ^^^^^^^^^^^^^^^^^^^^^^^^^^^^^
[INFO] [stdout]     |
[INFO] [stdout]     = note: this `Result` may be an `Err` variant, which should be handled
[INFO] [stdout] help: use `let _ = ...` to ignore the resulting value
[INFO] [stdout]     |
[INFO] [stdout] 156 |                 let _ = self.set_pointer_loc(start_i);
[INFO] [stdout]     |                 +++++++
[INFO] [stdout] 
[INFO] [stdout] 
[INFO] [stdout] warning: bounds on generic parameters in type aliases are not enforced
[INFO] [stdout]    --> hb_parse/src/parser_funcs.rs:306:21
[INFO] [stdout]     |
[INFO] [stdout] 306 |     fn parse_num<N: ParsableNums + ParsableInts + std::str::FromStr>(&mut self) -> ParseResult<N> {
[INFO] [stdout]     |                   --^^^^^^^^^^^^---^^^^^^^^^^^^---^^^^^^^^^^^^^^^^^
[INFO] [stdout]     |                   |                               |
[INFO] [stdout]     |                   |                               will not be checked at usage sites of the type alias
[INFO] [stdout]     |                   help: remove this bound
[INFO] [stdout]     |
[INFO] [stdout]     = note: this is a known limitation of the type checker that may be lifted in a future edition.
[INFO] [stdout]             see issue #112792 <https://github.com/rust-lang/rust/issues/112792> for more information
[INFO] [stdout]     = help: add `#![feature(lazy_type_alias)]` to the crate attributes to enable the desired semantics
[INFO] [stdout]     = note: `#[warn(type_alias_bounds)]` on by default
[INFO] [stdout] 
[INFO] [stdout] 
[INFO] [stdout] warning: bounds on generic parameters in type aliases are not enforced
[INFO] [stdout]    --> hb_parse/src/parser_funcs.rs:345:23
[INFO] [stdout]     |
[INFO] [stdout] 345 |     fn parse_float<N: ParsableNums + ParsableFloats + std::str::FromStr>(
[INFO] [stdout]     |                     --^^^^^^^^^^^^---^^^^^^^^^^^^^^---^^^^^^^^^^^^^^^^^
[INFO] [stdout]     |                     |                                 |
[INFO] [stdout]     |                     |                                 will not be checked at usage sites of the type alias
[INFO] [stdout]     |                     help: remove this bound
[INFO] [stdout]     |
[INFO] [stdout]     = note: this is a known limitation of the type checker that may be lifted in a future edition.
[INFO] [stdout]             see issue #112792 <https://github.com/rust-lang/rust/issues/112792> for more information
[INFO] [stdout]     = help: add `#![feature(lazy_type_alias)]` to the crate attributes to enable the desired semantics
[INFO] [stdout] 
[INFO] [stdout] 
[INFO] [stderr]    Compiling hb_html v0.1.0 (/opt/rustwide/workdir/hb_html)
[INFO] [stdout] warning: unused import: `HtmlMatchError`
[INFO] [stdout]  --> hb_html/src/querying.rs:1:20
[INFO] [stdout]   |
[INFO] [stdout] 1 | use crate::error::{HtmlMatchError, ParseHtmlError};
[INFO] [stdout]   |                    ^^^^^^^^^^^^^^
[INFO] [stdout]   |
[INFO] [stdout]   = note: `#[warn(unused_imports)]` on by default
[INFO] [stdout] 
[INFO] [stdout] 
[INFO] [stdout] warning: unused imports: `HtmlDocument` and `HtmlTag`
[INFO] [stdout]  --> hb_html/src/querying.rs:4:47
[INFO] [stdout]   |
[INFO] [stdout] 4 |     CssSelectorRelationship, CssSelectorRule, HtmlDocument, HtmlNode, HtmlTag,
[INFO] [stdout]   |                                               ^^^^^^^^^^^^            ^^^^^^^
[INFO] [stdout] 
[INFO] [stdout] 
[INFO] [stdout] warning: unused import: `std::collections::HashMap`
[INFO] [stdout]  --> hb_html/src/querying.rs:6:5
[INFO] [stdout]   |
[INFO] [stdout] 6 | use std::collections::HashMap;
[INFO] [stdout]   |     ^^^^^^^^^^^^^^^^^^^^^^^^^
[INFO] [stdout] 
[INFO] [stdout] 
[INFO] [stdout] warning: unused import: `TryInto`
[INFO] [stdout]  --> hb_html/src/querying.rs:7:29
[INFO] [stdout]   |
[INFO] [stdout] 7 | use std::convert::{TryFrom, TryInto};
[INFO] [stdout]   |                             ^^^^^^^
[INFO] [stdout] 
[INFO] [stdout] 
[INFO] [stdout] warning: variable does not need to be mutable
[INFO] [stdout]    --> hb_html/src/objects.rs:146:13
[INFO] [stdout]     |
[INFO] [stdout] 146 |         let mut buffer = String::new();
[INFO] [stdout]     |             ----^^^^^^
[INFO] [stdout]     |             |
[INFO] [stdout]     |             help: remove this `mut`
[INFO] [stdout]     |
[INFO] [stdout]     = note: `#[warn(unused_mut)]` on by default
[INFO] [stdout] 
[INFO] [stdout] 
[INFO] [stdout] warning: unused variable: `current_relationship`
[INFO] [stdout]    --> hb_html/src/parsing.rs:802:13
[INFO] [stdout]     |
[INFO] [stdout] 802 |     let mut current_relationship = CssSelectorRelationshipType::Current;
[INFO] [stdout]     |             ^^^^^^^^^^^^^^^^^^^^ help: if this is intentional, prefix it with an underscore: `_current_relationship`
[INFO] [stdout]     |
[INFO] [stdout]     = note: `#[warn(unused_variables)]` on by default
[INFO] [stdout] 
[INFO] [stdout] 
[INFO] [stdout] warning: unused variable: `item`
[INFO] [stdout]    --> hb_html/src/parsing.rs:817:13
[INFO] [stdout]     |
[INFO] [stdout] 817 |         let item = match parse_css_selector_item(&mut selector_chs)? {
[INFO] [stdout]     |             ^^^^ help: if this is intentional, prefix it with an underscore: `_item`
[INFO] [stdout] 
[INFO] [stdout] 
[INFO] [stdout] warning: variable does not need to be mutable
[INFO] [stdout]    --> hb_html/src/parsing.rs:802:9
[INFO] [stdout]     |
[INFO] [stdout] 802 |     let mut current_relationship = CssSelectorRelationshipType::Current;
[INFO] [stdout]     |         ----^^^^^^^^^^^^^^^^^^^^
[INFO] [stdout]     |         |
[INFO] [stdout]     |         help: remove this `mut`
[INFO] [stdout] 
[INFO] [stdout] 
[INFO] [stdout] warning: unused variable: `i`
[INFO] [stdout]   --> hb_html/src/parsing_new.rs:67:25
[INFO] [stdout]    |
[INFO] [stdout] 67 |         while let Some((i, c)) = self.next()? {
[INFO] [stdout]    |                         ^ help: if this is intentional, prefix it with an underscore: `_i`
[INFO] [stdout] 
[INFO] [stdout] 
[INFO] [stdout] warning: variable does not need to be mutable
[INFO] [stdout]     --> hb_html/src/querying.rs:3142:13
[INFO] [stdout]      |
[INFO] [stdout] 3142 |         let mut results = self.results.clone();
[INFO] [stdout]      |             ----^^^^^^^
[INFO] [stdout]      |             |
[INFO] [stdout]      |             help: remove this `mut`
[INFO] [stdout] 
[INFO] [stdout] 
[INFO] [stdout] warning: method `parse_html` is never used
[INFO] [stdout]  --> hb_html/src/parsing_new.rs:8:8
[INFO] [stdout]   |
[INFO] [stdout] 7 | pub trait HtmlParserFunctions {
[INFO] [stdout]   |           ------------------- method in this trait
[INFO] [stdout] 8 |     fn parse_html(&mut self) -> ParseResult<HtmlDocument>;
[INFO] [stdout]   |        ^^^^^^^^^^
[INFO] [stdout]   |
[INFO] [stdout]   = note: `#[warn(dead_code)]` on by default
[INFO] [stdout] 
[INFO] [stdout] 
[INFO] [stdout] warning: unused `Result` that must be used
[INFO] [stdout]    --> hb_html/src/objects.rs:354:9
[INFO] [stdout]     |
[INFO] [stdout] 354 |         query.find_str(selector);
[INFO] [stdout]     |         ^^^^^^^^^^^^^^^^^^^^^^^^
[INFO] [stdout]     |
[INFO] [stdout]     = note: this `Result` may be an `Err` variant, which should be handled
[INFO] [stdout]     = note: `#[warn(unused_must_use)]` on by default
[INFO] [stdout] help: use `let _ = ...` to ignore the resulting value
[INFO] [stdout]     |
[INFO] [stdout] 354 |         let _ = query.find_str(selector);
[INFO] [stdout]     |         +++++++
[INFO] [stdout] 
[INFO] [stdout] 
[INFO] [stderr]     Finished `dev` profile [unoptimized + debuginfo] target(s) in 4.68s
[INFO] running `Command { std: "docker" "inspect" "eaf3d8890139eb0afd21bb3c87522294303808c17e2c6391d049bce3fe794da6", kill_on_drop: false }`
[INFO] running `Command { std: "docker" "rm" "-f" "eaf3d8890139eb0afd21bb3c87522294303808c17e2c6391d049bce3fe794da6", kill_on_drop: false }`
[INFO] [stdout] eaf3d8890139eb0afd21bb3c87522294303808c17e2c6391d049bce3fe794da6
[INFO] running `Command { std: "docker" "create" "-v" "/var/lib/crater-agent-workspace/builds/worker-6-tc2/target:/opt/rustwide/target:rw,Z" "-v" "/var/lib/crater-agent-workspace/builds/worker-6-tc2/source:/opt/rustwide/workdir:ro,Z" "-v" "/var/lib/crater-agent-workspace/cargo-home:/opt/rustwide/cargo-home:ro,Z" "-v" "/var/lib/crater-agent-workspace/rustup-home:/opt/rustwide/rustup-home:ro,Z" "-e" "SOURCE_DIR=/opt/rustwide/workdir" "-e" "CARGO_TARGET_DIR=/opt/rustwide/target" "-e" "CARGO_INCREMENTAL=0" "-e" "RUST_BACKTRACE=full" "-e" "RUSTFLAGS=--cap-lints=forbid -Zrandomize-layout" "-e" "RUSTDOCFLAGS=--cap-lints=forbid" "-e" "CARGO_HOME=/opt/rustwide/cargo-home" "-e" "RUSTUP_HOME=/opt/rustwide/rustup-home" "-w" "/opt/rustwide/workdir" "-m" "1610612736" "--user" "0:0" "--network" "none" "ghcr.io/rust-lang/crates-build-env/linux@sha256:4a844ea9eb2546a2d2c7022eacef16ef2e8229c7fbb2c7d4d55a9ceca922f72d" "/opt/rustwide/cargo-home/bin/cargo" "+nightly-2024-10-28" "test" "--frozen" "--no-run" "--message-format=json", kill_on_drop: false }`
[INFO] [stdout] 37034ed170cb4ff2b0a2bf6c68afead449d9732f43f750fd540f55cc17d870d7
[INFO] running `Command { std: "docker" "start" "-a" "37034ed170cb4ff2b0a2bf6c68afead449d9732f43f750fd540f55cc17d870d7", kill_on_drop: false }`
[INFO] [stderr] warning: virtual workspace defaulting to `resolver = "1"` despite one or more workspace members being on edition 2021 which implies `resolver = "2"`
[INFO] [stderr] note: to keep the current resolver, specify `workspace.resolver = "1"` in the workspace root's manifest
[INFO] [stderr] note: to use the edition 2021 resolver, specify `workspace.resolver = "2"` in the workspace root's manifest
[INFO] [stderr] note: for more details see https://doc.rust-lang.org/cargo/reference/resolver.html#resolver-versions
[INFO] [stderr]    Compiling pkg-config v0.3.25
[INFO] [stderr]    Compiling once_cell v1.11.0
[INFO] [stderr]    Compiling bytes v1.1.0
[INFO] [stderr]    Compiling futures-core v0.3.21
[INFO] [stderr]    Compiling itoa v1.0.2
[INFO] [stderr]    Compiling socket2 v0.4.4
[INFO] [stderr]    Compiling mio v0.8.3
[INFO] [stderr]    Compiling num_cpus v1.13.1
[INFO] [stderr]    Compiling futures-task v0.3.21
[INFO] [stderr]    Compiling tracing-core v0.1.26
[INFO] [stderr]    Compiling tracing-attributes v0.1.21
[INFO] [stderr]    Compiling indexmap v1.8.1
[INFO] [stderr]    Compiling tokio v1.18.2
[INFO] [stderr]    Compiling futures-util v0.3.21
[INFO] [stderr]    Compiling openssl-sys v0.9.73
[INFO] [stderr]    Compiling openssl v0.10.40
[INFO] [stderr]    Compiling http v0.2.7
[INFO] [stdout] warning: unused import: `std::any::TypeId`
[INFO] [stdout]  --> hb_parse/src/parser_funcs.rs:5:5
[INFO] [stdout]   |
[INFO] [stdout] 5 | use std::any::TypeId;
[INFO] [stdout]   |     ^^^^^^^^^^^^^^^^
[INFO] [stdout]   |
[INFO] [stdout]   = note: `#[warn(unused_imports)]` on by default
[INFO] [stdout] 
[INFO] [stdout] 
[INFO] [stdout] warning: unused imports: `Add`, `Mul`, `Rem`, and `Sub`
[INFO] [stdout]  --> hb_parse/src/parser_funcs.rs:7:16
[INFO] [stdout]   |
[INFO] [stdout] 7 | use std::ops::{Add, Mul, Rem, Sub};
[INFO] [stdout]   |                ^^^  ^^^  ^^^  ^^^
[INFO] [stdout] 
[INFO] [stdout] 
[INFO] [stdout] warning: unused variable: `i`
[INFO] [stdout]    --> hb_parse/src/parser_funcs.rs:138:26
[INFO] [stdout]     |
[INFO] [stdout] 138 |                 Ok(Some((i, c))) => {
[INFO] [stdout]     |                          ^ help: if this is intentional, prefix it with an underscore: `_i`
[INFO] [stdout]     |
[INFO] [stdout]     = note: `#[warn(unused_variables)]` on by default
[INFO] [stdout] 
[INFO] [stdout] 
[INFO] [stdout] warning: unused variable: `val`
[INFO] [stdout]    --> hb_parse/src/parser_funcs.rs:622:42
[INFO] [stdout]     |
[INFO] [stdout] 622 |     fn match_bracket_contents(&mut self, val: &str) -> ParseResult<bool> {
[INFO] [stdout]     |                                          ^^^ help: if this is intentional, prefix it with an underscore: `_val`
[INFO] [stdout] 
[INFO] [stdout] 
[INFO] [stdout] warning: unused variable: `val`
[INFO] [stdout]    --> hb_parse/src/parser_funcs.rs:626:70
[INFO] [stdout]     |
[INFO] [stdout] 626 |     fn match_float<N: ParsableFloats + Display + FromStr>(&mut self, val: N) -> ParseResult<bool> {
[INFO] [stdout]     |                                                                      ^^^ help: if this is intentional, prefix it with an underscore: `_val`
[INFO] [stdout] 
[INFO] [stdout] 
[INFO] [stdout] warning: unused variable: `val`
[INFO] [stdout]    --> hb_parse/src/parser_funcs.rs:630:32
[INFO] [stdout]     |
[INFO] [stdout] 630 |     fn match_symbol(&mut self, val: char) -> ParseResult<bool> {
[INFO] [stdout]     |                                ^^^ help: if this is intentional, prefix it with an underscore: `_val`
[INFO] [stdout] 
[INFO] [stdout] 
[INFO] [stdout] warning: unused `Result` that must be used
[INFO] [stdout]    --> hb_parse/src/parser_funcs.rs:129:21
[INFO] [stdout]     |
[INFO] [stdout] 129 |                     self.set_pointer_loc(start_i);
[INFO] [stdout]     |                     ^^^^^^^^^^^^^^^^^^^^^^^^^^^^^
[INFO] [stdout]     |
[INFO] [stdout]     = note: this `Result` may be an `Err` variant, which should be handled
[INFO] [stdout]     = note: `#[warn(unused_must_use)]` on by default
[INFO] [stdout] help: use `let _ = ...` to ignore the resulting value
[INFO] [stdout]     |
[INFO] [stdout] 129 |                     let _ = self.set_pointer_loc(start_i);
[INFO] [stdout]     |                     +++++++
[INFO] [stdout] 
[INFO] [stdout] 
[INFO] [stdout] warning: unused `Result` that must be used
[INFO] [stdout]    --> hb_parse/src/parser_funcs.rs:156:17
[INFO] [stdout]     |
[INFO] [stdout] 156 |                 self.set_pointer_loc(start_i);
[INFO] [stdout]     |                 ^^^^^^^^^^^^^^^^^^^^^^^^^^^^^
[INFO] [stdout]     |
[INFO] [stdout]     = note: this `Result` may be an `Err` variant, which should be handled
[INFO] [stdout] help: use `let _ = ...` to ignore the resulting value
[INFO] [stdout]     |
[INFO] [stdout] 156 |                 let _ = self.set_pointer_loc(start_i);
[INFO] [stdout]     |                 +++++++
[INFO] [stdout] 
[INFO] [stdout] 
[INFO] [stdout] warning: bounds on generic parameters in type aliases are not enforced
[INFO] [stdout]    --> hb_parse/src/parser_funcs.rs:306:21
[INFO] [stdout]     |
[INFO] [stdout] 306 |     fn parse_num<N: ParsableNums + ParsableInts + std::str::FromStr>(&mut self) -> ParseResult<N> {
[INFO] [stdout]     |                   --^^^^^^^^^^^^---^^^^^^^^^^^^---^^^^^^^^^^^^^^^^^
[INFO] [stdout]     |                   |                               |
[INFO] [stdout]     |                   |                               will not be checked at usage sites of the type alias
[INFO] [stdout]     |                   help: remove this bound
[INFO] [stdout]     |
[INFO] [stdout]     = note: this is a known limitation of the type checker that may be lifted in a future edition.
[INFO] [stdout]             see issue #112792 <https://github.com/rust-lang/rust/issues/112792> for more information
[INFO] [stdout]     = help: add `#![feature(lazy_type_alias)]` to the crate attributes to enable the desired semantics
[INFO] [stdout]     = note: `#[warn(type_alias_bounds)]` on by default
[INFO] [stdout] 
[INFO] [stdout] 
[INFO] [stdout] warning: bounds on generic parameters in type aliases are not enforced
[INFO] [stdout]    --> hb_parse/src/parser_funcs.rs:345:23
[INFO] [stdout]     |
[INFO] [stdout] 345 |     fn parse_float<N: ParsableNums + ParsableFloats + std::str::FromStr>(
[INFO] [stdout]     |                     --^^^^^^^^^^^^---^^^^^^^^^^^^^^---^^^^^^^^^^^^^^^^^
[INFO] [stdout]     |                     |                                 |
[INFO] [stdout]     |                     |                                 will not be checked at usage sites of the type alias
[INFO] [stdout]     |                     help: remove this bound
[INFO] [stdout]     |
[INFO] [stdout]     = note: this is a known limitation of the type checker that may be lifted in a future edition.
[INFO] [stdout]             see issue #112792 <https://github.com/rust-lang/rust/issues/112792> for more information
[INFO] [stdout]     = help: add `#![feature(lazy_type_alias)]` to the crate attributes to enable the desired semantics
[INFO] [stdout] 
[INFO] [stdout] 
[INFO] [stderr]    Compiling openssl-macros v0.1.0
[INFO] [stderr]    Compiling futures-channel v0.3.21
[INFO] [stderr]    Compiling serde v1.0.137
[INFO] [stderr]    Compiling futures-io v0.3.21
[INFO] [stderr]    Compiling slab v0.4.6
[INFO] [stderr]    Compiling native-tls v0.2.10
[INFO] [stderr]    Compiling futures-sink v0.3.21
[INFO] [stderr]    Compiling httparse v1.7.1
[INFO] [stderr]    Compiling tinyvec v1.6.0
[INFO] [stderr]    Compiling try-lock v0.2.3
[INFO] [stderr]    Compiling want v0.3.0
[INFO] [stderr]    Compiling http-body v0.4.5
[INFO] [stderr]    Compiling tracing v0.1.34
[INFO] [stderr]    Compiling unicode-normalization v0.1.19
[INFO] [stderr]    Compiling encoding_rs v0.8.31
[INFO] [stderr]    Compiling httpdate v1.0.2
[INFO] [stderr]    Compiling ryu v1.0.10
[INFO] [stderr]    Compiling tower-service v0.3.1
[INFO] [stderr]    Compiling unicode-bidi v0.3.8
[INFO] [stderr]    Compiling serde_json v1.0.81
[INFO] [stderr]    Compiling ipnet v2.5.0
[INFO] [stderr]    Compiling idna v0.2.3
[INFO] [stderr]    Compiling hb_macros v0.1.3 (/opt/rustwide/workdir/hb_macros)
[INFO] [stdout] warning: unused import: `HtmlMatchError`
[INFO] [stdout]  --> hb_html/src/querying.rs:1:20
[INFO] [stdout]   |
[INFO] [stdout] 1 | use crate::error::{HtmlMatchError, ParseHtmlError};
[INFO] [stdout]   |                    ^^^^^^^^^^^^^^
[INFO] [stdout]   |
[INFO] [stdout]   = note: `#[warn(unused_imports)]` on by default
[INFO] [stdout] 
[INFO] [stdout] 
[INFO] [stdout] warning: unused imports: `HtmlDocument` and `HtmlTag`
[INFO] [stdout]  --> hb_html/src/querying.rs:4:47
[INFO] [stdout]   |
[INFO] [stdout] 4 |     CssSelectorRelationship, CssSelectorRule, HtmlDocument, HtmlNode, HtmlTag,
[INFO] [stdout]   |                                               ^^^^^^^^^^^^            ^^^^^^^
[INFO] [stdout] 
[INFO] [stdout] 
[INFO] [stdout] warning: unused import: `std::collections::HashMap`
[INFO] [stdout]  --> hb_html/src/querying.rs:6:5
[INFO] [stdout]   |
[INFO] [stdout] 6 | use std::collections::HashMap;
[INFO] [stdout]   |     ^^^^^^^^^^^^^^^^^^^^^^^^^
[INFO] [stdout] 
[INFO] [stdout] 
[INFO] [stdout] warning: unused import: `TryInto`
[INFO] [stdout]  --> hb_html/src/querying.rs:7:29
[INFO] [stdout]   |
[INFO] [stdout] 7 | use std::convert::{TryFrom, TryInto};
[INFO] [stdout]   |                             ^^^^^^^
[INFO] [stdout] 
[INFO] [stdout] 
[INFO] [stdout] warning: variable does not need to be mutable
[INFO] [stdout]    --> hb_html/src/objects.rs:146:13
[INFO] [stdout]     |
[INFO] [stdout] 146 |         let mut buffer = String::new();
[INFO] [stdout]     |             ----^^^^^^
[INFO] [stdout]     |             |
[INFO] [stdout]     |             help: remove this `mut`
[INFO] [stdout]     |
[INFO] [stdout]     = note: `#[warn(unused_mut)]` on by default
[INFO] [stdout] 
[INFO] [stdout] 
[INFO] [stdout] warning: unused variable: `current_relationship`
[INFO] [stdout]    --> hb_html/src/parsing.rs:802:13
[INFO] [stdout]     |
[INFO] [stdout] 802 |     let mut current_relationship = CssSelectorRelationshipType::Current;
[INFO] [stdout]     |             ^^^^^^^^^^^^^^^^^^^^ help: if this is intentional, prefix it with an underscore: `_current_relationship`
[INFO] [stdout]     |
[INFO] [stdout]     = note: `#[warn(unused_variables)]` on by default
[INFO] [stdout] 
[INFO] [stdout] 
[INFO] [stdout] warning: unused variable: `item`
[INFO] [stdout]    --> hb_html/src/parsing.rs:817:13
[INFO] [stdout]     |
[INFO] [stdout] 817 |         let item = match parse_css_selector_item(&mut selector_chs)? {
[INFO] [stdout]     |             ^^^^ help: if this is intentional, prefix it with an underscore: `_item`
[INFO] [stdout] 
[INFO] [stdout] 
[INFO] [stdout] warning: variable does not need to be mutable
[INFO] [stdout]    --> hb_html/src/parsing.rs:802:9
[INFO] [stdout]     |
[INFO] [stdout] 802 |     let mut current_relationship = CssSelectorRelationshipType::Current;
[INFO] [stdout]     |         ----^^^^^^^^^^^^^^^^^^^^
[INFO] [stdout]     |         |
[INFO] [stdout]     |         help: remove this `mut`
[INFO] [stdout] 
[INFO] [stdout] 
[INFO] [stdout] warning: unused variable: `i`
[INFO] [stdout]   --> hb_html/src/parsing_new.rs:67:25
[INFO] [stdout]    |
[INFO] [stdout] 67 |         while let Some((i, c)) = self.next()? {
[INFO] [stdout]    |                         ^ help: if this is intentional, prefix it with an underscore: `_i`
[INFO] [stdout] 
[INFO] [stdout] 
[INFO] [stdout] warning: variable does not need to be mutable
[INFO] [stdout]     --> hb_html/src/querying.rs:3142:13
[INFO] [stdout]      |
[INFO] [stdout] 3142 |         let mut results = self.results.clone();
[INFO] [stdout]      |             ----^^^^^^^
[INFO] [stdout]      |             |
[INFO] [stdout]      |             help: remove this `mut`
[INFO] [stdout] 
[INFO] [stdout] 
[INFO] [stdout] warning: method `parse_html` is never used
[INFO] [stdout]  --> hb_html/src/parsing_new.rs:8:8
[INFO] [stdout]   |
[INFO] [stdout] 7 | pub trait HtmlParserFunctions {
[INFO] [stdout]   |           ------------------- method in this trait
[INFO] [stdout] 8 |     fn parse_html(&mut self) -> ParseResult<HtmlDocument>;
[INFO] [stdout]   |        ^^^^^^^^^^
[INFO] [stdout]   |
[INFO] [stdout]   = note: `#[warn(dead_code)]` on by default
[INFO] [stdout] 
[INFO] [stdout] 
[INFO] [stdout] warning: unused `Result` that must be used
[INFO] [stdout]    --> hb_html/src/objects.rs:354:9
[INFO] [stdout]     |
[INFO] [stdout] 354 |         query.find_str(selector);
[INFO] [stdout]     |         ^^^^^^^^^^^^^^^^^^^^^^^^
[INFO] [stdout]     |
[INFO] [stdout]     = note: this `Result` may be an `Err` variant, which should be handled
[INFO] [stdout]     = note: `#[warn(unused_must_use)]` on by default
[INFO] [stdout] help: use `let _ = ...` to ignore the resulting value
[INFO] [stdout]     |
[INFO] [stdout] 354 |         let _ = query.find_str(selector);
[INFO] [stdout]     |         +++++++
[INFO] [stdout] 
[INFO] [stdout] 
[INFO] [stderr]    Compiling hb_parse v0.1.0 (/opt/rustwide/workdir/hb_parse)
[INFO] [stdout] warning: unused import: `hb_parse::error::ParseError`
[INFO] [stdout]  --> hb_parse/examples/parsex.rs:1:5
[INFO] [stdout]   |
[INFO] [stdout] 1 | use hb_parse::error::ParseError;
[INFO] [stdout]   |     ^^^^^^^^^^^^^^^^^^^^^^^^^^^
[INFO] [stdout]   |
[INFO] [stdout]   = note: `#[warn(unused_imports)]` on by default
[INFO] [stdout] 
[INFO] [stdout] 
[INFO] [stdout] warning: unused import: `SourceEmpty`
[INFO] [stdout]  --> hb_parse/examples/parsex.rs:2:39
[INFO] [stdout]   |
[INFO] [stdout] 2 | use hb_parse::{CommonParserFunctions, SourceEmpty, StrParser};
[INFO] [stdout]   |                                       ^^^^^^^^^^^
[INFO] [stdout] 
[INFO] [stdout] 
[INFO] [stderr]    Compiling url v2.2.2
[INFO] [stderr]    Compiling hb_error v0.1.2 (/opt/rustwide/workdir/hb_error)
[INFO] [stdout] warning: unused import: `std::any::TypeId`
[INFO] [stdout]  --> hb_parse/src/parser_funcs.rs:5:5
[INFO] [stdout]   |
[INFO] [stdout] 5 | use std::any::TypeId;
[INFO] [stdout]   |     ^^^^^^^^^^^^^^^^
[INFO] [stdout]   |
[INFO] [stdout]   = note: `#[warn(unused_imports)]` on by default
[INFO] [stdout] 
[INFO] [stdout] 
[INFO] [stdout] warning: unused imports: `Add`, `Mul`, `Rem`, and `Sub`
[INFO] [stdout]  --> hb_parse/src/parser_funcs.rs:7:16
[INFO] [stdout]   |
[INFO] [stdout] 7 | use std::ops::{Add, Mul, Rem, Sub};
[INFO] [stdout]   |                ^^^  ^^^  ^^^  ^^^
[INFO] [stdout] 
[INFO] [stdout] 
[INFO] [stderr]    Compiling tokio-util v0.7.2
[INFO] [stdout] warning: unused variable: `i`
[INFO] [stdout]    --> hb_parse/src/parser_funcs.rs:138:26
[INFO] [stdout]     |
[INFO] [stdout] 138 |                 Ok(Some((i, c))) => {
[INFO] [stdout]     |                          ^ help: if this is intentional, prefix it with an underscore: `_i`
[INFO] [stdout]     |
[INFO] [stdout]     = note: `#[warn(unused_variables)]` on by default
[INFO] [stdout] 
[INFO] [stdout] 
[INFO] [stdout] warning: unused variable: `val`
[INFO] [stdout]    --> hb_parse/src/parser_funcs.rs:622:42
[INFO] [stdout]     |
[INFO] [stdout] 622 |     fn match_bracket_contents(&mut self, val: &str) -> ParseResult<bool> {
[INFO] [stdout]     |                                          ^^^ help: if this is intentional, prefix it with an underscore: `_val`
[INFO] [stdout] 
[INFO] [stdout] 
[INFO] [stdout] warning: unused variable: `val`
[INFO] [stdout]    --> hb_parse/src/parser_funcs.rs:626:70
[INFO] [stdout]     |
[INFO] [stdout] 626 |     fn match_float<N: ParsableFloats + Display + FromStr>(&mut self, val: N) -> ParseResult<bool> {
[INFO] [stdout]     |                                                                      ^^^ help: if this is intentional, prefix it with an underscore: `_val`
[INFO] [stdout] 
[INFO] [stdout] 
[INFO] [stdout] warning: unused variable: `val`
[INFO] [stdout]    --> hb_parse/src/parser_funcs.rs:630:32
[INFO] [stdout]     |
[INFO] [stdout] 630 |     fn match_symbol(&mut self, val: char) -> ParseResult<bool> {
[INFO] [stdout]     |                                ^^^ help: if this is intentional, prefix it with an underscore: `_val`
[INFO] [stdout] 
[INFO] [stdout] 
[INFO] [stdout] warning: unused `Result` that must be used
[INFO] [stdout]    --> hb_parse/src/parser_funcs.rs:129:21
[INFO] [stdout]     |
[INFO] [stdout] 129 |                     self.set_pointer_loc(start_i);
[INFO] [stdout]     |                     ^^^^^^^^^^^^^^^^^^^^^^^^^^^^^
[INFO] [stdout]     |
[INFO] [stdout]     = note: this `Result` may be an `Err` variant, which should be handled
[INFO] [stdout]     = note: `#[warn(unused_must_use)]` on by default
[INFO] [stdout] help: use `let _ = ...` to ignore the resulting value
[INFO] [stdout]     |
[INFO] [stdout] 129 |                     let _ = self.set_pointer_loc(start_i);
[INFO] [stdout]     |                     +++++++
[INFO] [stdout] 
[INFO] [stdout] 
[INFO] [stdout] warning: unused `Result` that must be used
[INFO] [stdout]    --> hb_parse/src/parser_funcs.rs:156:17
[INFO] [stdout]     |
[INFO] [stdout] 156 |                 self.set_pointer_loc(start_i);
[INFO] [stdout]     |                 ^^^^^^^^^^^^^^^^^^^^^^^^^^^^^
[INFO] [stdout]     |
[INFO] [stdout]     = note: this `Result` may be an `Err` variant, which should be handled
[INFO] [stdout] help: use `let _ = ...` to ignore the resulting value
[INFO] [stdout]     |
[INFO] [stdout] 156 |                 let _ = self.set_pointer_loc(start_i);
[INFO] [stdout]     |                 +++++++
[INFO] [stdout] 
[INFO] [stdout] 
[INFO] [stdout] warning: bounds on generic parameters in type aliases are not enforced
[INFO] [stdout]    --> hb_parse/src/parser_funcs.rs:306:21
[INFO] [stdout]     |
[INFO] [stdout] 306 |     fn parse_num<N: ParsableNums + ParsableInts + std::str::FromStr>(&mut self) -> ParseResult<N> {
[INFO] [stdout]     |                   --^^^^^^^^^^^^---^^^^^^^^^^^^---^^^^^^^^^^^^^^^^^
[INFO] [stdout]     |                   |                               |
[INFO] [stdout]     |                   |                               will not be checked at usage sites of the type alias
[INFO] [stdout]     |                   help: remove this bound
[INFO] [stdout]     |
[INFO] [stdout]     = note: this is a known limitation of the type checker that may be lifted in a future edition.
[INFO] [stdout]             see issue #112792 <https://github.com/rust-lang/rust/issues/112792> for more information
[INFO] [stdout]     = help: add `#![feature(lazy_type_alias)]` to the crate attributes to enable the desired semantics
[INFO] [stdout]     = note: `#[warn(type_alias_bounds)]` on by default
[INFO] [stdout] 
[INFO] [stdout] 
[INFO] [stdout] warning: bounds on generic parameters in type aliases are not enforced
[INFO] [stdout]    --> hb_parse/src/parser_funcs.rs:345:23
[INFO] [stdout]     |
[INFO] [stdout] 345 |     fn parse_float<N: ParsableNums + ParsableFloats + std::str::FromStr>(
[INFO] [stdout]     |                     --^^^^^^^^^^^^---^^^^^^^^^^^^^^---^^^^^^^^^^^^^^^^^
[INFO] [stdout]     |                     |                                 |
[INFO] [stdout]     |                     |                                 will not be checked at usage sites of the type alias
[INFO] [stdout]     |                     help: remove this bound
[INFO] [stdout]     |
[INFO] [stdout]     = note: this is a known limitation of the type checker that may be lifted in a future edition.
[INFO] [stdout]             see issue #112792 <https://github.com/rust-lang/rust/issues/112792> for more information
[INFO] [stdout]     = help: add `#![feature(lazy_type_alias)]` to the crate attributes to enable the desired semantics
[INFO] [stdout] 
[INFO] [stdout] 
[INFO] [stderr]    Compiling h2 v0.3.13
[INFO] [stderr]    Compiling hb_webrecipe v0.1.0 (/opt/rustwide/workdir/hb_webrecipe)
[INFO] [stderr]    Compiling serde_urlencoded v0.7.1
[INFO] [stderr]    Compiling tokio-native-tls v0.3.0
[INFO] [stderr]    Compiling hyper v0.14.18
[INFO] [stderr]    Compiling hyper-tls v0.5.0
[INFO] [stderr]    Compiling reqwest v0.11.10
[INFO] [stderr]    Compiling hb_html v0.1.0 (/opt/rustwide/workdir/hb_html)
[INFO] [stdout] warning: unused import: `HtmlMatchError`
[INFO] [stdout]  --> hb_html/src/querying.rs:1:20
[INFO] [stdout]   |
[INFO] [stdout] 1 | use crate::error::{HtmlMatchError, ParseHtmlError};
[INFO] [stdout]   |                    ^^^^^^^^^^^^^^
[INFO] [stdout]   |
[INFO] [stdout]   = note: `#[warn(unused_imports)]` on by default
[INFO] [stdout] 
[INFO] [stdout] 
[INFO] [stdout] warning: unused import: `TryInto`
[INFO] [stdout]  --> hb_html/src/querying.rs:7:29
[INFO] [stdout]   |
[INFO] [stdout] 7 | use std::convert::{TryFrom, TryInto};
[INFO] [stdout]   |                             ^^^^^^^
[INFO] [stdout] 
[INFO] [stdout] 
[INFO] [stdout] warning: variable does not need to be mutable
[INFO] [stdout]    --> hb_html/src/objects.rs:146:13
[INFO] [stdout]     |
[INFO] [stdout] 146 |         let mut buffer = String::new();
[INFO] [stdout]     |             ----^^^^^^
[INFO] [stdout]     |             |
[INFO] [stdout]     |             help: remove this `mut`
[INFO] [stdout]     |
[INFO] [stdout]     = note: `#[warn(unused_mut)]` on by default
[INFO] [stdout] 
[INFO] [stdout] 
[INFO] [stdout] warning: unused variable: `current_relationship`
[INFO] [stdout]    --> hb_html/src/parsing.rs:802:13
[INFO] [stdout]     |
[INFO] [stdout] 802 |     let mut current_relationship = CssSelectorRelationshipType::Current;
[INFO] [stdout]     |             ^^^^^^^^^^^^^^^^^^^^ help: if this is intentional, prefix it with an underscore: `_current_relationship`
[INFO] [stdout]     |
[INFO] [stdout]     = note: `#[warn(unused_variables)]` on by default
[INFO] [stdout] 
[INFO] [stdout] 
[INFO] [stdout] warning: unused variable: `item`
[INFO] [stdout]    --> hb_html/src/parsing.rs:817:13
[INFO] [stdout]     |
[INFO] [stdout] 817 |         let item = match parse_css_selector_item(&mut selector_chs)? {
[INFO] [stdout]     |             ^^^^ help: if this is intentional, prefix it with an underscore: `_item`
[INFO] [stdout] 
[INFO] [stdout] 
[INFO] [stdout] warning: variable does not need to be mutable
[INFO] [stdout]    --> hb_html/src/parsing.rs:802:9
[INFO] [stdout]     |
[INFO] [stdout] 802 |     let mut current_relationship = CssSelectorRelationshipType::Current;
[INFO] [stdout]     |         ----^^^^^^^^^^^^^^^^^^^^
[INFO] [stdout]     |         |
[INFO] [stdout]     |         help: remove this `mut`
[INFO] [stdout] 
[INFO] [stdout] 
[INFO] [stdout] warning: unused variable: `i`
[INFO] [stdout]   --> hb_html/src/parsing_new.rs:67:25
[INFO] [stdout]    |
[INFO] [stdout] 67 |         while let Some((i, c)) = self.next()? {
[INFO] [stdout]    |                         ^ help: if this is intentional, prefix it with an underscore: `_i`
[INFO] [stdout] 
[INFO] [stdout] 
[INFO] [stdout] warning: unused variable: `dummy`
[INFO] [stdout]     --> hb_html/src/querying.rs:1596:13
[INFO] [stdout]      |
[INFO] [stdout] 1596 |         let dummy = HtmlNode::Comment(" ".to_owned());
[INFO] [stdout]      |             ^^^^^ help: if this is intentional, prefix it with an underscore: `_dummy`
[INFO] [stdout] 
[INFO] [stdout] 
[INFO] [stdout] warning: variable does not need to be mutable
[INFO] [stdout]     --> hb_html/src/querying.rs:3142:13
[INFO] [stdout]      |
[INFO] [stdout] 3142 |         let mut results = self.results.clone();
[INFO] [stdout]      |             ----^^^^^^^
[INFO] [stdout]      |             |
[INFO] [stdout]      |             help: remove this `mut`
[INFO] [stdout] 
[INFO] [stdout] 
[INFO] [stdout] warning: method `parse_html` is never used
[INFO] [stdout]  --> hb_html/src/parsing_new.rs:8:8
[INFO] [stdout]   |
[INFO] [stdout] 7 | pub trait HtmlParserFunctions {
[INFO] [stdout]   |           ------------------- method in this trait
[INFO] [stdout] 8 |     fn parse_html(&mut self) -> ParseResult<HtmlDocument>;
[INFO] [stdout]   |        ^^^^^^^^^^
[INFO] [stdout]   |
[INFO] [stdout]   = note: `#[warn(dead_code)]` on by default
[INFO] [stdout] 
[INFO] [stdout] 
[INFO] [stdout] warning: unused `Result` that must be used
[INFO] [stdout]    --> hb_html/src/objects.rs:354:9
[INFO] [stdout]     |
[INFO] [stdout] 354 |         query.find_str(selector);
[INFO] [stdout]     |         ^^^^^^^^^^^^^^^^^^^^^^^^
[INFO] [stdout]     |
[INFO] [stdout]     = note: this `Result` may be an `Err` variant, which should be handled
[INFO] [stdout]     = note: `#[warn(unused_must_use)]` on by default
[INFO] [stdout] help: use `let _ = ...` to ignore the resulting value
[INFO] [stdout]     |
[INFO] [stdout] 354 |         let _ = query.find_str(selector);
[INFO] [stdout]     |         +++++++
[INFO] [stdout] 
[INFO] [stdout] 
[INFO] [stdout] warning: unused `Result` that must be used
[INFO] [stdout]     --> hb_html/src/querying.rs:1180:9
[INFO] [stdout]      |
[INFO] [stdout] 1180 |         q.find_str("div");
[INFO] [stdout]      |         ^^^^^^^^^^^^^^^^^
[INFO] [stdout]      |
[INFO] [stdout]      = note: this `Result` may be an `Err` variant, which should be handled
[INFO] [stdout] help: use `let _ = ...` to ignore the resulting value
[INFO] [stdout]      |
[INFO] [stdout] 1180 |         let _ = q.find_str("div");
[INFO] [stdout]      |         +++++++
[INFO] [stdout] 
[INFO] [stdout] 
[INFO] [stderr]     Finished `test` profile [unoptimized + debuginfo] target(s) in 9.55s
[INFO] running `Command { std: "docker" "inspect" "37034ed170cb4ff2b0a2bf6c68afead449d9732f43f750fd540f55cc17d870d7", kill_on_drop: false }`
[INFO] running `Command { std: "docker" "rm" "-f" "37034ed170cb4ff2b0a2bf6c68afead449d9732f43f750fd540f55cc17d870d7", kill_on_drop: false }`
[INFO] [stdout] 37034ed170cb4ff2b0a2bf6c68afead449d9732f43f750fd540f55cc17d870d7
[INFO] running `Command { std: "docker" "create" "-v" "/var/lib/crater-agent-workspace/builds/worker-6-tc2/target:/opt/rustwide/target:rw,Z" "-v" "/var/lib/crater-agent-workspace/builds/worker-6-tc2/source:/opt/rustwide/workdir:ro,Z" "-v" "/var/lib/crater-agent-workspace/cargo-home:/opt/rustwide/cargo-home:ro,Z" "-v" "/var/lib/crater-agent-workspace/rustup-home:/opt/rustwide/rustup-home:ro,Z" "-e" "SOURCE_DIR=/opt/rustwide/workdir" "-e" "CARGO_TARGET_DIR=/opt/rustwide/target" "-e" "CARGO_INCREMENTAL=0" "-e" "RUST_BACKTRACE=full" "-e" "RUSTFLAGS=--cap-lints=forbid -Zrandomize-layout" "-e" "RUSTDOCFLAGS=--cap-lints=forbid" "-e" "CARGO_HOME=/opt/rustwide/cargo-home" "-e" "RUSTUP_HOME=/opt/rustwide/rustup-home" "-w" "/opt/rustwide/workdir" "-m" "1610612736" "--user" "0:0" "--network" "none" "ghcr.io/rust-lang/crates-build-env/linux@sha256:4a844ea9eb2546a2d2c7022eacef16ef2e8229c7fbb2c7d4d55a9ceca922f72d" "/opt/rustwide/cargo-home/bin/cargo" "+nightly-2024-10-28" "test" "--frozen", kill_on_drop: false }`
[INFO] [stdout] 575d875d0a0cf82fe534617345e15211b7afa8704e47af56b51df3812b700dfb
[INFO] running `Command { std: "docker" "start" "-a" "575d875d0a0cf82fe534617345e15211b7afa8704e47af56b51df3812b700dfb", kill_on_drop: false }`
[INFO] [stderr] warning: virtual workspace defaulting to `resolver = "1"` despite one or more workspace members being on edition 2021 which implies `resolver = "2"`
[INFO] [stderr] note: to keep the current resolver, specify `workspace.resolver = "1"` in the workspace root's manifest
[INFO] [stderr] note: to use the edition 2021 resolver, specify `workspace.resolver = "2"` in the workspace root's manifest
[INFO] [stderr] note: for more details see https://doc.rust-lang.org/cargo/reference/resolver.html#resolver-versions
[INFO] [stderr] warning: unused import: `std::any::TypeId`
[INFO] [stderr]  --> hb_parse/src/parser_funcs.rs:5:5
[INFO] [stderr]   |
[INFO] [stderr] 5 | use std::any::TypeId;
[INFO] [stderr]   |     ^^^^^^^^^^^^^^^^
[INFO] [stderr]   |
[INFO] [stderr]   = note: `#[warn(unused_imports)]` on by default
[INFO] [stderr] 
[INFO] [stderr] warning: unused imports: `Add`, `Mul`, `Rem`, and `Sub`
[INFO] [stderr]  --> hb_parse/src/parser_funcs.rs:7:16
[INFO] [stderr]   |
[INFO] [stderr] 7 | use std::ops::{Add, Mul, Rem, Sub};
[INFO] [stderr]   |                ^^^  ^^^  ^^^  ^^^
[INFO] [stderr] 
[INFO] [stderr] warning: unused variable: `i`
[INFO] [stderr]    --> hb_parse/src/parser_funcs.rs:138:26
[INFO] [stderr]     |
[INFO] [stderr] 138 |                 Ok(Some((i, c))) => {
[INFO] [stderr]     |                          ^ help: if this is intentional, prefix it with an underscore: `_i`
[INFO] [stderr]     |
[INFO] [stderr]     = note: `#[warn(unused_variables)]` on by default
[INFO] [stderr] 
[INFO] [stderr] warning: unused variable: `val`
[INFO] [stderr]    --> hb_parse/src/parser_funcs.rs:622:42
[INFO] [stderr]     |
[INFO] [stderr] 622 |     fn match_bracket_contents(&mut self, val: &str) -> ParseResult<bool> {
[INFO] [stderr]     |                                          ^^^ help: if this is intentional, prefix it with an underscore: `_val`
[INFO] [stderr] 
[INFO] [stderr] warning: unused variable: `val`
[INFO] [stderr]    --> hb_parse/src/parser_funcs.rs:626:70
[INFO] [stderr]     |
[INFO] [stderr] 626 |     fn match_float<N: ParsableFloats + Display + FromStr>(&mut self, val: N) -> ParseResult<bool> {
[INFO] [stderr]     |                                                                      ^^^ help: if this is intentional, prefix it with an underscore: `_val`
[INFO] [stderr] 
[INFO] [stderr] warning: unused variable: `val`
[INFO] [stderr]    --> hb_parse/src/parser_funcs.rs:630:32
[INFO] [stderr]     |
[INFO] [stderr] 630 |     fn match_symbol(&mut self, val: char) -> ParseResult<bool> {
[INFO] [stderr]     |                                ^^^ help: if this is intentional, prefix it with an underscore: `_val`
[INFO] [stderr] 
[INFO] [stderr] warning: unused `Result` that must be used
[INFO] [stderr]    --> hb_parse/src/parser_funcs.rs:129:21
[INFO] [stderr]     |
[INFO] [stderr] 129 |                     self.set_pointer_loc(start_i);
[INFO] [stderr]     |                     ^^^^^^^^^^^^^^^^^^^^^^^^^^^^^
[INFO] [stderr]     |
[INFO] [stderr]     = note: this `Result` may be an `Err` variant, which should be handled
[INFO] [stderr]     = note: `#[warn(unused_must_use)]` on by default
[INFO] [stderr] help: use `let _ = ...` to ignore the resulting value
[INFO] [stderr]     |
[INFO] [stderr] 129 |                     let _ = self.set_pointer_loc(start_i);
[INFO] [stderr]     |                     +++++++
[INFO] [stderr] 
[INFO] [stderr] warning: unused `Result` that must be used
[INFO] [stderr]    --> hb_parse/src/parser_funcs.rs:156:17
[INFO] [stderr]     |
[INFO] [stderr] 156 |                 self.set_pointer_loc(start_i);
[INFO] [stderr]     |                 ^^^^^^^^^^^^^^^^^^^^^^^^^^^^^
[INFO] [stderr]     |
[INFO] [stderr]     = note: this `Result` may be an `Err` variant, which should be handled
[INFO] [stderr] help: use `let _ = ...` to ignore the resulting value
[INFO] [stderr]     |
[INFO] [stderr] 156 |                 let _ = self.set_pointer_loc(start_i);
[INFO] [stderr]     |                 +++++++
[INFO] [stderr] 
[INFO] [stderr] warning: bounds on generic parameters in type aliases are not enforced
[INFO] [stderr]    --> hb_parse/src/parser_funcs.rs:306:21
[INFO] [stderr]     |
[INFO] [stderr] 306 |     fn parse_num<N: ParsableNums + ParsableInts + std::str::FromStr>(&mut self) -> ParseResult<N> {
[INFO] [stderr]     |                   --^^^^^^^^^^^^---^^^^^^^^^^^^---^^^^^^^^^^^^^^^^^
[INFO] [stderr]     |                   |                               |
[INFO] [stderr]     |                   |                               will not be checked at usage sites of the type alias
[INFO] [stderr]     |                   help: remove this bound
[INFO] [stderr]     |
[INFO] [stderr]     = note: this is a known limitation of the type checker that may be lifted in a future edition.
[INFO] [stderr]             see issue #112792 <https://github.com/rust-lang/rust/issues/112792> for more information
[INFO] [stderr]     = help: add `#![feature(lazy_type_alias)]` to the crate attributes to enable the desired semantics
[INFO] [stderr]     = note: `#[warn(type_alias_bounds)]` on by default
[INFO] [stderr] 
[INFO] [stderr] warning: bounds on generic parameters in type aliases are not enforced
[INFO] [stderr]    --> hb_parse/src/parser_funcs.rs:345:23
[INFO] [stderr]     |
[INFO] [stderr] 345 |     fn parse_float<N: ParsableNums + ParsableFloats + std::str::FromStr>(
[INFO] [stderr]     |                     --^^^^^^^^^^^^---^^^^^^^^^^^^^^---^^^^^^^^^^^^^^^^^
[INFO] [stderr]     |                     |                                 |
[INFO] [stderr]     |                     |                                 will not be checked at usage sites of the type alias
[INFO] [stderr]     |                     help: remove this bound
[INFO] [stderr]     |
[INFO] [stderr]     = note: this is a known limitation of the type checker that may be lifted in a future edition.
[INFO] [stderr]             see issue #112792 <https://github.com/rust-lang/rust/issues/112792> for more information
[INFO] [stderr]     = help: add `#![feature(lazy_type_alias)]` to the crate attributes to enable the desired semantics
[INFO] [stderr] 
[INFO] [stderr] warning: `hb_parse` (lib) generated 10 warnings (run `cargo fix --lib -p hb_parse` to apply 4 suggestions)
[INFO] [stderr] warning: unused import: `HtmlMatchError`
[INFO] [stderr]  --> hb_html/src/querying.rs:1:20
[INFO] [stderr]   |
[INFO] [stderr] 1 | use crate::error::{HtmlMatchError, ParseHtmlError};
[INFO] [stderr]   |                    ^^^^^^^^^^^^^^
[INFO] [stderr]   |
[INFO] [stderr]   = note: `#[warn(unused_imports)]` on by default
[INFO] [stderr] 
[INFO] [stderr] warning: unused imports: `HtmlDocument` and `HtmlTag`
[INFO] [stderr]  --> hb_html/src/querying.rs:4:47
[INFO] [stderr]   |
[INFO] [stderr] 4 |     CssSelectorRelationship, CssSelectorRule, HtmlDocument, HtmlNode, HtmlTag,
[INFO] [stderr]   |                                               ^^^^^^^^^^^^            ^^^^^^^
[INFO] [stderr] 
[INFO] [stderr] warning: unused import: `std::collections::HashMap`
[INFO] [stderr]  --> hb_html/src/querying.rs:6:5
[INFO] [stderr]   |
[INFO] [stderr] 6 | use std::collections::HashMap;
[INFO] [stderr]   |     ^^^^^^^^^^^^^^^^^^^^^^^^^
[INFO] [stderr] 
[INFO] [stderr] warning: unused import: `TryInto`
[INFO] [stderr]  --> hb_html/src/querying.rs:7:29
[INFO] [stderr]   |
[INFO] [stderr] 7 | use std::convert::{TryFrom, TryInto};
[INFO] [stderr]   |                             ^^^^^^^
[INFO] [stderr] 
[INFO] [stderr] warning: variable does not need to be mutable
[INFO] [stderr]    --> hb_html/src/objects.rs:146:13
[INFO] [stderr]     |
[INFO] [stderr] 146 |         let mut buffer = String::new();
[INFO] [stderr]     |             ----^^^^^^
[INFO] [stderr]     |             |
[INFO] [stderr]     |             help: remove this `mut`
[INFO] [stderr]     |
[INFO] [stderr]     = note: `#[warn(unused_mut)]` on by default
[INFO] [stderr] 
[INFO] [stderr] warning: unused variable: `current_relationship`
[INFO] [stderr]    --> hb_html/src/parsing.rs:802:13
[INFO] [stderr]     |
[INFO] [stderr] 802 |     let mut current_relationship = CssSelectorRelationshipType::Current;
[INFO] [stderr]     |             ^^^^^^^^^^^^^^^^^^^^ help: if this is intentional, prefix it with an underscore: `_current_relationship`
[INFO] [stderr]     |
[INFO] [stderr]     = note: `#[warn(unused_variables)]` on by default
[INFO] [stderr] 
[INFO] [stderr] warning: unused variable: `item`
[INFO] [stderr]    --> hb_html/src/parsing.rs:817:13
[INFO] [stderr]     |
[INFO] [stderr] 817 |         let item = match parse_css_selector_item(&mut selector_chs)? {
[INFO] [stderr]     |             ^^^^ help: if this is intentional, prefix it with an underscore: `_item`
[INFO] [stderr] 
[INFO] [stderr] warning: variable does not need to be mutable
[INFO] [stderr]    --> hb_html/src/parsing.rs:802:9
[INFO] [stderr]     |
[INFO] [stderr] 802 |     let mut current_relationship = CssSelectorRelationshipType::Current;
[INFO] [stderr]     |         ----^^^^^^^^^^^^^^^^^^^^
[INFO] [stderr]     |         |
[INFO] [stderr]     |         help: remove this `mut`
[INFO] [stderr] 
[INFO] [stderr] warning: unused variable: `i`
[INFO] [stderr]   --> hb_html/src/parsing_new.rs:67:25
[INFO] [stderr]    |
[INFO] [stderr] 67 |         while let Some((i, c)) = self.next()? {
[INFO] [stderr]    |                         ^ help: if this is intentional, prefix it with an underscore: `_i`
[INFO] [stderr] 
[INFO] [stderr] warning: variable does not need to be mutable
[INFO] [stderr]     --> hb_html/src/querying.rs:3142:13
[INFO] [stderr]      |
[INFO] [stderr] 3142 |         let mut results = self.results.clone();
[INFO] [stderr]      |             ----^^^^^^^
[INFO] [stderr]      |             |
[INFO] [stderr]      |             help: remove this `mut`
[INFO] [stderr] 
[INFO] [stderr] warning: method `parse_html` is never used
[INFO] [stderr]  --> hb_html/src/parsing_new.rs:8:8
[INFO] [stderr]   |
[INFO] [stderr] 7 | pub trait HtmlParserFunctions {
[INFO] [stderr]   |           ------------------- method in this trait
[INFO] [stderr] 8 |     fn parse_html(&mut self) -> ParseResult<HtmlDocument>;
[INFO] [stderr]   |        ^^^^^^^^^^
[INFO] [stderr]   |
[INFO] [stderr]   = note: `#[warn(dead_code)]` on by default
[INFO] [stderr] 
[INFO] [stderr] warning: unused `Result` that must be used
[INFO] [stderr]    --> hb_html/src/objects.rs:354:9
[INFO] [stderr]     |
[INFO] [stderr] 354 |         query.find_str(selector);
[INFO] [stderr]     |         ^^^^^^^^^^^^^^^^^^^^^^^^
[INFO] [stderr]     |
[INFO] [stderr]     = note: this `Result` may be an `Err` variant, which should be handled
[INFO] [stderr]     = note: `#[warn(unused_must_use)]` on by default
[INFO] [stderr] help: use `let _ = ...` to ignore the resulting value
[INFO] [stderr]     |
[INFO] [stderr] 354 |         let _ = query.find_str(selector);
[INFO] [stderr]     |         +++++++
[INFO] [stderr] 
[INFO] [stderr] warning: `hb_html` (lib) generated 12 warnings (run `cargo fix --lib -p hb_html` to apply 7 suggestions)
[INFO] [stderr] warning: unused import: `hb_parse::error::ParseError`
[INFO] [stderr]  --> hb_parse/examples/parsex.rs:1:5
[INFO] [stderr]   |
[INFO] [stderr] 1 | use hb_parse::error::ParseError;
[INFO] [stderr]   |     ^^^^^^^^^^^^^^^^^^^^^^^^^^^
[INFO] [stderr]   |
[INFO] [stderr]   = note: `#[warn(unused_imports)]` on by default
[INFO] [stderr] 
[INFO] [stderr] warning: unused import: `SourceEmpty`
[INFO] [stderr]  --> hb_parse/examples/parsex.rs:2:39
[INFO] [stderr]   |
[INFO] [stderr] 2 | use hb_parse::{CommonParserFunctions, SourceEmpty, StrParser};
[INFO] [stderr]   |                                       ^^^^^^^^^^^
[INFO] [stderr] 
[INFO] [stderr] warning: `hb_parse` (example "parsex" test) generated 2 warnings (run `cargo fix --example "parsex" --tests` to apply 2 suggestions)
[INFO] [stderr] warning: `hb_parse` (lib test) generated 10 warnings (10 duplicates)
[INFO] [stderr] warning: unused variable: `dummy`
[INFO] [stderr]     --> hb_html/src/querying.rs:1596:13
[INFO] [stderr]      |
[INFO] [stderr] 1596 |         let dummy = HtmlNode::Comment(" ".to_owned());
[INFO] [stderr]      |             ^^^^^ help: if this is intentional, prefix it with an underscore: `_dummy`
[INFO] [stderr] 
[INFO] [stderr] warning: unused `Result` that must be used
[INFO] [stderr]     --> hb_html/src/querying.rs:1180:9
[INFO] [stderr]      |
[INFO] [stderr] 1180 |         q.find_str("div");
[INFO] [stderr]      |         ^^^^^^^^^^^^^^^^^
[INFO] [stderr]      |
[INFO] [stderr]      = note: this `Result` may be an `Err` variant, which should be handled
[INFO] [stderr] help: use `let _ = ...` to ignore the resulting value
[INFO] [stderr]      |
[INFO] [stderr] 1180 |         let _ = q.find_str("div");
[INFO] [stderr]      |         +++++++
[INFO] [stderr] 
[INFO] [stderr] warning: `hb_html` (lib test) generated 12 warnings (10 duplicates)
[INFO] [stderr]     Finished `test` profile [unoptimized + debuginfo] target(s) in 0.07s
[INFO] [stderr]      Running unittests src/lib.rs (/opt/rustwide/target/debug/deps/hb_error-329f7307a39a0f37)
[INFO] [stdout] 
[INFO] [stdout] running 0 tests
[INFO] [stdout] 
[INFO] [stdout] test result: ok. 0 passed; 0 failed; 0 ignored; 0 measured; 0 filtered out; finished in 0.00s
[INFO] [stdout] 
[INFO] [stderr]      Running unittests src/lib.rs (/opt/rustwide/target/debug/deps/hb_html-84d2e134b26db422)
[INFO] [stdout] 
[INFO] [stdout] running 15 tests
[INFO] [stdout] test parsing::parse_css_selector_tests::parse_css_refiner_errors_test ... ok
[INFO] [stdout] test parsing::parse_css_selector_tests::parse_css_refiner_test ... ok
[INFO] [stdout] test objects::html_tag_tests::html_tag_to_html_string ... ok
[INFO] [stdout] test parsing::parse_css_selector_tests::parse_css_selector_item_test ... ok
[INFO] [stdout] test parsing::parse_css_selector_tests::parse_css_selector_relationship_test ... ok
[INFO] [stdout] test parsing::parse_css_selector_tests::parse_css_selector_rule_test ... ok
[INFO] [stdout] test parsing::parse_html_tag_tests::parse_html_comment_tag_test ... ok
[INFO] [stdout] test parsing::parse_html_tag_tests::parse_html_end_tag_test ... ok
[INFO] [stdout] test parsing::parse_iter_tests::parse_chars_test ... ok
[INFO] [stdout] test parsing::parse_html_tag_tests::parse_html_tag_errors ... ok
[INFO] [stdout] test parsing::parse_html_tag_tests::parse_html_start_tag_test ... ok
[INFO] [stdout] test parsing::parse_html_document_tests::parse_test_document ... ok
[INFO] [stdout] test querying::html_match_tests::html_matching_basic_test ... ok
[INFO] [stdout] test querying::html_match_tests::html_matching_specific_tests ... ok
[INFO] [stdout] test parsing_new::tests::parse_doctype_test ... FAILED
[INFO] [stdout] 
[INFO] [stdout] failures:
[INFO] [stdout] 
[INFO] [stdout] ---- parsing_new::tests::parse_doctype_test stdout ----
[INFO] [stdout] thread 'parsing_new::tests::parse_doctype_test' panicked at hb_html/src/parsing_new.rs:88:43:
[INFO] [stdout] called `Result::unwrap()` on an `Err` value: could not parse doctype
[INFO] [stdout] ...because...could not read word
[INFO] [stdout] ...source error SourceInvalidState...
[INFO] [stdout] stack backtrace:
[INFO] [stdout]    0:     0x646cfd6a00ca - std::backtrace_rs::backtrace::libunwind::trace::h207520d6e9873551
[INFO] [stdout]                                at /rustc/df4ca44d3fbc9301ee17f30f4d474e6ae4b05252/library/std/src/../../backtrace/src/backtrace/libunwind.rs:116:5
[INFO] [stdout]    1:     0x646cfd6a00ca - std::backtrace_rs::backtrace::trace_unsynchronized::h2ed7433f370e3eca
[INFO] [stdout]                                at /rustc/df4ca44d3fbc9301ee17f30f4d474e6ae4b05252/library/std/src/../../backtrace/src/backtrace/mod.rs:66:5
[INFO] [stdout]    2:     0x646cfd6a00ca - std::sys::backtrace::_print_fmt::h916fac51166b18d7
[INFO] [stdout]                                at /rustc/df4ca44d3fbc9301ee17f30f4d474e6ae4b05252/library/std/src/sys/backtrace.rs:66:9
[INFO] [stdout]    3:     0x646cfd6a00ca - <std::sys::backtrace::BacktraceLock::print::DisplayBacktrace as core::fmt::Display>::fmt::ha0a4c9b8ce3802e6
[INFO] [stdout]                                at /rustc/df4ca44d3fbc9301ee17f30f4d474e6ae4b05252/library/std/src/sys/backtrace.rs:39:26
[INFO] [stdout]    4:     0x646cfd6c72f3 - core::fmt::rt::Argument::fmt::h4cfc8587d52b3eb5
[INFO] [stdout]                                at /rustc/df4ca44d3fbc9301ee17f30f4d474e6ae4b05252/library/core/src/fmt/rt.rs:177:76
[INFO] [stdout]    5:     0x646cfd6c72f3 - core::fmt::write::h522cc39e5b36ae9f
[INFO] [stdout]                                at /rustc/df4ca44d3fbc9301ee17f30f4d474e6ae4b05252/library/core/src/fmt/mod.rs:1190:21
[INFO] [stdout]    6:     0x646cfd69cd33 - std::io::Write::write_fmt::h7d3c26752da97734
[INFO] [stdout]                                at /rustc/df4ca44d3fbc9301ee17f30f4d474e6ae4b05252/library/std/src/io/mod.rs:1839:15
[INFO] [stdout]    7:     0x646cfd69ff12 - std::sys::backtrace::BacktraceLock::print::h4b9e00b29e9c0942
[INFO] [stdout]                                at /rustc/df4ca44d3fbc9301ee17f30f4d474e6ae4b05252/library/std/src/sys/backtrace.rs:42:9
[INFO] [stdout]    8:     0x646cfd6a155a - std::panicking::default_hook::{{closure}}::hb59b88280d0324d9
[INFO] [stdout]                                at /rustc/df4ca44d3fbc9301ee17f30f4d474e6ae4b05252/library/std/src/panicking.rs:268:22
[INFO] [stdout]    9:     0x646cfd6a1364 - std::panicking::default_hook::he1dd496665be4a29
[INFO] [stdout]                                at /rustc/df4ca44d3fbc9301ee17f30f4d474e6ae4b05252/library/std/src/panicking.rs:292:9
[INFO] [stdout]   10:     0x646cfd661009 - <alloc::boxed::Box<F,A> as core::ops::function::Fn<Args>>::call::h4ff71de18744e1dc
[INFO] [stdout]                                at /rustc/df4ca44d3fbc9301ee17f30f4d474e6ae4b05252/library/alloc/src/boxed.rs:2468:9
[INFO] [stdout]   11:     0x646cfd661009 - test::test_main::{{closure}}::hcf7c055ce117aa81
[INFO] [stdout]                                at /rustc/df4ca44d3fbc9301ee17f30f4d474e6ae4b05252/library/test/src/lib.rs:133:21
[INFO] [stdout]   12:     0x646cfd6a1c58 - <alloc::boxed::Box<F,A> as core::ops::function::Fn<Args>>::call::h1d66c6bbd60c9692
[INFO] [stdout]                                at /rustc/df4ca44d3fbc9301ee17f30f4d474e6ae4b05252/library/alloc/src/boxed.rs:2468:9
[INFO] [stdout]   13:     0x646cfd6a1c58 - std::panicking::rust_panic_with_hook::h2ff17fe8f26dfcf8
[INFO] [stdout]                                at /rustc/df4ca44d3fbc9301ee17f30f4d474e6ae4b05252/library/std/src/panicking.rs:809:13
[INFO] [stdout]   14:     0x646cfd6a1a1a - std::panicking::begin_panic_handler::{{closure}}::h4fad77951c07e101
[INFO] [stdout]                                at /rustc/df4ca44d3fbc9301ee17f30f4d474e6ae4b05252/library/std/src/panicking.rs:674:13
[INFO] [stdout]   15:     0x646cfd6a05a9 - std::sys::backtrace::__rust_end_short_backtrace::hb1a25b3da5d0ea08
[INFO] [stdout]                                at /rustc/df4ca44d3fbc9301ee17f30f4d474e6ae4b05252/library/std/src/sys/backtrace.rs:170:18
[INFO] [stdout]   16:     0x646cfd6a16ac - rust_begin_unwind
[INFO] [stdout]                                at /rustc/df4ca44d3fbc9301ee17f30f4d474e6ae4b05252/library/std/src/panicking.rs:665:5
[INFO] [stdout]   17:     0x646cfd6c59a0 - core::panicking::panic_fmt::ha9db07b529f9b256
[INFO] [stdout]                                at /rustc/df4ca44d3fbc9301ee17f30f4d474e6ae4b05252/library/core/src/panicking.rs:75:14
[INFO] [stdout]   18:     0x646cfd6c5de6 - core::result::unwrap_failed::h5e8218e4d4338b8a
[INFO] [stdout]                                at /rustc/df4ca44d3fbc9301ee17f30f4d474e6ae4b05252/library/core/src/result.rs:1698:5
[INFO] [stdout]   19:     0x646cfd626768 - core::result::Result<T,E>::unwrap::h800e22592cc4427b
[INFO] [stdout]                                at /rustc/df4ca44d3fbc9301ee17f30f4d474e6ae4b05252/library/core/src/result.rs:1103:23
[INFO] [stdout]   20:     0x646cfd626768 - hb_html::parsing_new::tests::parse_doctype_test::he5b39533859de2bb
[INFO] [stdout]                                at /opt/rustwide/workdir/hb_html/src/parsing_new.rs:88:20
[INFO] [stdout]   21:     0x646cfd626667 - hb_html::parsing_new::tests::parse_doctype_test::{{closure}}::h089133670bf6b140
[INFO] [stdout]                                at /opt/rustwide/workdir/hb_html/src/parsing_new.rs:86:28
[INFO] [stdout]   22:     0x646cfd5fef26 - core::ops::function::FnOnce::call_once::h9432aa5c85694ace
[INFO] [stdout]                                at /rustc/df4ca44d3fbc9301ee17f30f4d474e6ae4b05252/library/core/src/ops/function.rs:250:5
[INFO] [stdout]   23:     0x646cfd6658db - core::ops::function::FnOnce::call_once::h22c3ba5715e93f05
[INFO] [stdout]                                at /rustc/df4ca44d3fbc9301ee17f30f4d474e6ae4b05252/library/core/src/ops/function.rs:250:5
[INFO] [stdout]   24:     0x646cfd6658db - test::__rust_begin_short_backtrace::h8e82d8113d0da17f
[INFO] [stdout]                                at /rustc/df4ca44d3fbc9301ee17f30f4d474e6ae4b05252/library/test/src/lib.rs:621:18
[INFO] [stdout]   25:     0x646cfd665257 - test::run_test_in_process::{{closure}}::h33235f4f20b7b7c7
[INFO] [stdout]                                at /rustc/df4ca44d3fbc9301ee17f30f4d474e6ae4b05252/library/test/src/lib.rs:644:60
[INFO] [stdout]   26:     0x646cfd665257 - <core::panic::unwind_safe::AssertUnwindSafe<F> as core::ops::function::FnOnce<()>>::call_once::hb5043206310c586f
[INFO] [stdout]                                at /rustc/df4ca44d3fbc9301ee17f30f4d474e6ae4b05252/library/core/src/panic/unwind_safe.rs:272:9
[INFO] [stdout]   27:     0x646cfd665257 - std::panicking::try::do_call::h9ad4731a60ab23e2
[INFO] [stdout]                                at /rustc/df4ca44d3fbc9301ee17f30f4d474e6ae4b05252/library/std/src/panicking.rs:557:40
[INFO] [stdout]   28:     0x646cfd665257 - std::panicking::try::h3824d23db772a716
[INFO] [stdout]                                at /rustc/df4ca44d3fbc9301ee17f30f4d474e6ae4b05252/library/std/src/panicking.rs:520:19
[INFO] [stdout]   29:     0x646cfd665257 - std::panic::catch_unwind::h5afd514605fde46b
[INFO] [stdout]                                at /rustc/df4ca44d3fbc9301ee17f30f4d474e6ae4b05252/library/std/src/panic.rs:358:14
[INFO] [stdout]   30:     0x646cfd665257 - test::run_test_in_process::h0d5cbfa7067d1720
[INFO] [stdout]                                at /rustc/df4ca44d3fbc9301ee17f30f4d474e6ae4b05252/library/test/src/lib.rs:644:27
[INFO] [stdout]   31:     0x646cfd665257 - test::run_test::{{closure}}::h708eb8872708115d
[INFO] [stdout]                                at /rustc/df4ca44d3fbc9301ee17f30f4d474e6ae4b05252/library/test/src/lib.rs:565:43
[INFO] [stdout]   32:     0x646cfd628974 - test::run_test::{{closure}}::h392c51cee94713ab
[INFO] [stdout]                                at /rustc/df4ca44d3fbc9301ee17f30f4d474e6ae4b05252/library/test/src/lib.rs:595:41
[INFO] [stdout]   33:     0x646cfd628974 - std::sys::backtrace::__rust_begin_short_backtrace::h2f40290710935a8b
[INFO] [stdout]                                at /rustc/df4ca44d3fbc9301ee17f30f4d474e6ae4b05252/library/std/src/sys/backtrace.rs:154:18
[INFO] [stdout]   34:     0x646cfd62c11e - std::thread::Builder::spawn_unchecked_::{{closure}}::{{closure}}::h3fd968d89053a903
[INFO] [stdout]                                at /rustc/df4ca44d3fbc9301ee17f30f4d474e6ae4b05252/library/std/src/thread/mod.rs:541:17
[INFO] [stdout]   35:     0x646cfd62c11e - <core::panic::unwind_safe::AssertUnwindSafe<F> as core::ops::function::FnOnce<()>>::call_once::h743f637ba4229880
[INFO] [stdout]                                at /rustc/df4ca44d3fbc9301ee17f30f4d474e6ae4b05252/library/core/src/panic/unwind_safe.rs:272:9
[INFO] [stdout]   36:     0x646cfd62c11e - std::panicking::try::do_call::h07440897322525a6
[INFO] [stdout]                                at /rustc/df4ca44d3fbc9301ee17f30f4d474e6ae4b05252/library/std/src/panicking.rs:557:40
[INFO] [stdout]   37:     0x646cfd62c11e - std::panicking::try::he5a2e00188156637
[INFO] [stdout]                                at /rustc/df4ca44d3fbc9301ee17f30f4d474e6ae4b05252/library/std/src/panicking.rs:520:19
[INFO] [stdout]   38:     0x646cfd62c11e - std::panic::catch_unwind::hbaf3cae49b3c6433
[INFO] [stdout]                                at /rustc/df4ca44d3fbc9301ee17f30f4d474e6ae4b05252/library/std/src/panic.rs:358:14
[INFO] [stdout]   39:     0x646cfd62c11e - std::thread::Builder::spawn_unchecked_::{{closure}}::h8e141ea224820bce
[INFO] [stdout]                                at /rustc/df4ca44d3fbc9301ee17f30f4d474e6ae4b05252/library/std/src/thread/mod.rs:540:30
[INFO] [stdout]   40:     0x646cfd62c11e - core::ops::function::FnOnce::call_once{{vtable.shim}}::h90d312fedd7b8ea8
[INFO] [stdout]                                at /rustc/df4ca44d3fbc9301ee17f30f4d474e6ae4b05252/library/core/src/ops/function.rs:250:5
[INFO] [stdout]   41:     0x646cfd6a5a4b - <alloc::boxed::Box<F,A> as core::ops::function::FnOnce<Args>>::call_once::h69aa08ddb6adb8b6
[INFO] [stdout]                                at /rustc/df4ca44d3fbc9301ee17f30f4d474e6ae4b05252/library/alloc/src/boxed.rs:2454:9
[INFO] [stdout]   42:     0x646cfd6a5a4b - <alloc::boxed::Box<F,A> as core::ops::function::FnOnce<Args>>::call_once::h5aa36efdb79c806f
[INFO] [stdout]                                at /rustc/df4ca44d3fbc9301ee17f30f4d474e6ae4b05252/library/alloc/src/boxed.rs:2454:9
[INFO] [stdout]   43:     0x646cfd6a5a4b - std::sys::pal::unix::thread::Thread::new::thread_start::h6cd80a1b4be5158d
[INFO] [stdout]                                at /rustc/df4ca44d3fbc9301ee17f30f4d474e6ae4b05252/library/std/src/sys/pal/unix/thread.rs:105:17
[INFO] [stdout]   44:     0x7e1e13b08ac3 - <unknown>
[INFO] [stdout]   45:     0x7e1e13b99a04 - clone
[INFO] [stdout]   46:                0x0 - <unknown>
[INFO] [stdout] 
[INFO] [stdout] 
[INFO] [stdout] failures:
[INFO] [stdout]     parsing_new::tests::parse_doctype_test
[INFO] [stdout] 
[INFO] [stdout] test result: FAILED. 14 passed; 1 failed; 0 ignored; 0 measured; 0 filtered out; finished in 0.01s
[INFO] [stdout] 
[INFO] [stderr] error: test failed, to rerun pass `-p hb_html --lib`
[INFO] running `Command { std: "docker" "inspect" "575d875d0a0cf82fe534617345e15211b7afa8704e47af56b51df3812b700dfb", kill_on_drop: false }`
[INFO] running `Command { std: "docker" "rm" "-f" "575d875d0a0cf82fe534617345e15211b7afa8704e47af56b51df3812b700dfb", kill_on_drop: false }`
[INFO] [stdout] 575d875d0a0cf82fe534617345e15211b7afa8704e47af56b51df3812b700dfb
