[INFO] cloning repository https://github.com/hansihe/rust_iterative_json_parser
[INFO] running `Command { std: "git" "-c" "credential.helper=" "-c" "credential.helper=/workspace/cargo-home/bin/git-credential-null" "clone" "--bare" "https://github.com/hansihe/rust_iterative_json_parser" "/workspace/cache/git-repos/https%3A%2F%2Fgithub.com%2Fhansihe%2Frust_iterative_json_parser", kill_on_drop: false }`
[INFO] [stderr] Cloning into bare repository '/workspace/cache/git-repos/https%3A%2F%2Fgithub.com%2Fhansihe%2Frust_iterative_json_parser'...
[INFO] running `Command { std: "git" "rev-parse" "HEAD", kill_on_drop: false }`
[INFO] [stdout] 3f0ffa48024c44cdc26d65118cdc1114ca8900bd
[INFO] testing hansihe/rust_iterative_json_parser against nightly-2024-10-28 for randomize-layout
[INFO] running `Command { std: "git" "clone" "/workspace/cache/git-repos/https%3A%2F%2Fgithub.com%2Fhansihe%2Frust_iterative_json_parser" "/workspace/builds/worker-3-tc1/source", kill_on_drop: false }`
[INFO] [stderr] Cloning into '/workspace/builds/worker-3-tc1/source'...
[INFO] [stderr] done.
[INFO] validating manifest of git repo https://github.com/hansihe/rust_iterative_json_parser on toolchain nightly-2024-10-28
[INFO] running `Command { std: CARGO_HOME="/workspace/cargo-home" RUSTUP_HOME="/workspace/rustup-home" "/workspace/cargo-home/bin/cargo" "+nightly-2024-10-28" "metadata" "--manifest-path" "Cargo.toml" "--no-deps", kill_on_drop: false }`
[INFO] started tweaking git repo https://github.com/hansihe/rust_iterative_json_parser
[INFO] finished tweaking git repo https://github.com/hansihe/rust_iterative_json_parser
[INFO] tweaked toml for git repo https://github.com/hansihe/rust_iterative_json_parser written to /workspace/builds/worker-3-tc1/source/Cargo.toml
[INFO] crate git repo https://github.com/hansihe/rust_iterative_json_parser already has a lockfile, it will not be regenerated
[INFO] running `Command { std: CARGO_HOME="/workspace/cargo-home" RUSTUP_HOME="/workspace/rustup-home" "/workspace/cargo-home/bin/cargo" "+nightly-2024-10-28" "fetch" "--manifest-path" "Cargo.toml", kill_on_drop: false }`
[INFO] [stderr] warning: no edition set: defaulting to the 2015 edition while the latest is 2021
[INFO] [stderr] warning: unused manifest key: lib.src
[INFO] [stderr]     Updating crates.io index
[INFO] [stderr]  Downloading crates ...
[INFO] [stderr]   Downloaded simd v0.2.0
[INFO] running `Command { std: "docker" "create" "-v" "/var/lib/crater-agent-workspace/builds/worker-3-tc1/target:/opt/rustwide/target:rw,Z" "-v" "/var/lib/crater-agent-workspace/builds/worker-3-tc1/source:/opt/rustwide/workdir:ro,Z" "-v" "/var/lib/crater-agent-workspace/cargo-home:/opt/rustwide/cargo-home:ro,Z" "-v" "/var/lib/crater-agent-workspace/rustup-home:/opt/rustwide/rustup-home:ro,Z" "-e" "SOURCE_DIR=/opt/rustwide/workdir" "-e" "CARGO_TARGET_DIR=/opt/rustwide/target" "-e" "CARGO_HOME=/opt/rustwide/cargo-home" "-e" "RUSTUP_HOME=/opt/rustwide/rustup-home" "-w" "/opt/rustwide/workdir" "-m" "1610612736" "--user" "0:0" "--network" "none" "ghcr.io/rust-lang/crates-build-env/linux@sha256:4a844ea9eb2546a2d2c7022eacef16ef2e8229c7fbb2c7d4d55a9ceca922f72d" "/opt/rustwide/cargo-home/bin/cargo" "+nightly-2024-10-28" "metadata" "--no-deps" "--format-version=1", kill_on_drop: false }`
[INFO] [stdout] 7dd99f687df2342155eda267e558111c5c9fba0144faf650792378016d0f7f78
[INFO] running `Command { std: "docker" "start" "-a" "7dd99f687df2342155eda267e558111c5c9fba0144faf650792378016d0f7f78", kill_on_drop: false }`
[INFO] running `Command { std: "docker" "inspect" "7dd99f687df2342155eda267e558111c5c9fba0144faf650792378016d0f7f78", kill_on_drop: false }`
[INFO] running `Command { std: "docker" "rm" "-f" "7dd99f687df2342155eda267e558111c5c9fba0144faf650792378016d0f7f78", kill_on_drop: false }`
[INFO] [stdout] 7dd99f687df2342155eda267e558111c5c9fba0144faf650792378016d0f7f78
[INFO] running `Command { std: "docker" "create" "-v" "/var/lib/crater-agent-workspace/builds/worker-3-tc1/target:/opt/rustwide/target:rw,Z" "-v" "/var/lib/crater-agent-workspace/builds/worker-3-tc1/source:/opt/rustwide/workdir:ro,Z" "-v" "/var/lib/crater-agent-workspace/cargo-home:/opt/rustwide/cargo-home:ro,Z" "-v" "/var/lib/crater-agent-workspace/rustup-home:/opt/rustwide/rustup-home:ro,Z" "-e" "SOURCE_DIR=/opt/rustwide/workdir" "-e" "CARGO_TARGET_DIR=/opt/rustwide/target" "-e" "CARGO_INCREMENTAL=0" "-e" "RUST_BACKTRACE=full" "-e" "RUSTFLAGS=--cap-lints=forbid" "-e" "RUSTDOCFLAGS=--cap-lints=forbid" "-e" "CARGO_HOME=/opt/rustwide/cargo-home" "-e" "RUSTUP_HOME=/opt/rustwide/rustup-home" "-w" "/opt/rustwide/workdir" "-m" "1610612736" "--user" "0:0" "--network" "none" "ghcr.io/rust-lang/crates-build-env/linux@sha256:4a844ea9eb2546a2d2c7022eacef16ef2e8229c7fbb2c7d4d55a9ceca922f72d" "/opt/rustwide/cargo-home/bin/cargo" "+nightly-2024-10-28" "build" "--frozen" "--message-format=json", kill_on_drop: false }`
[INFO] [stdout] 1fd5d95097d582a756c688a5832404bf90a5770d49d99d8170a936d82bf774c0
[INFO] running `Command { std: "docker" "start" "-a" "1fd5d95097d582a756c688a5832404bf90a5770d49d99d8170a936d82bf774c0", kill_on_drop: false }`
[INFO] [stderr] warning: no edition set: defaulting to the 2015 edition while the latest is 2021
[INFO] [stderr] warning: unused manifest key: lib.src
[INFO] [stderr]    Compiling iterative_json_parser v0.1.0 (/opt/rustwide/workdir)
[INFO] [stdout] warning: unused macro definition: `lift_bail`
[INFO] [stdout]    --> src/parser.rs:110:14
[INFO] [stdout]     |
[INFO] [stdout] 110 | macro_rules! lift_bail {
[INFO] [stdout]     |              ^^^^^^^^^
[INFO] [stdout]     |
[INFO] [stdout]     = note: `#[warn(unused_macros)]` on by default
[INFO] [stdout] 
[INFO] [stdout] 
[INFO] [stdout] warning: `...` range patterns are deprecated
[INFO] [stdout]    --> src/tokenizer.rs:272:29
[INFO] [stdout]     |
[INFO] [stdout] 272 |                         b'A'...b'F' => *codepoint |= (byte - b'A' + 10) as u32,
[INFO] [stdout]     |                             ^^^ help: use `..=` for an inclusive range
[INFO] [stdout]     |
[INFO] [stdout]     = warning: this is accepted in the current edition (Rust 2015) but is a hard error in Rust 2021!
[INFO] [stdout]     = note: for more information, see <https://doc.rust-lang.org/nightly/edition-guide/rust-2021/warnings-promoted-to-error.html>
[INFO] [stdout]     = note: `#[warn(ellipsis_inclusive_range_patterns)]` on by default
[INFO] [stdout] 
[INFO] [stdout] 
[INFO] [stdout] warning: `...` range patterns are deprecated
[INFO] [stdout]    --> src/tokenizer.rs:273:29
[INFO] [stdout]     |
[INFO] [stdout] 273 |                         b'a'...b'f' => *codepoint |= (byte - b'a' + 10) as u32,
[INFO] [stdout]     |                             ^^^ help: use `..=` for an inclusive range
[INFO] [stdout]     |
[INFO] [stdout]     = warning: this is accepted in the current edition (Rust 2015) but is a hard error in Rust 2021!
[INFO] [stdout]     = note: for more information, see <https://doc.rust-lang.org/nightly/edition-guide/rust-2021/warnings-promoted-to-error.html>
[INFO] [stdout] 
[INFO] [stdout] 
[INFO] [stdout] warning: `...` range patterns are deprecated
[INFO] [stdout]    --> src/tokenizer.rs:274:29
[INFO] [stdout]     |
[INFO] [stdout] 274 |                         b'0'...b'9' => *codepoint |= (byte - b'0') as u32,
[INFO] [stdout]     |                             ^^^ help: use `..=` for an inclusive range
[INFO] [stdout]     |
[INFO] [stdout]     = warning: this is accepted in the current edition (Rust 2015) but is a hard error in Rust 2021!
[INFO] [stdout]     = note: for more information, see <https://doc.rust-lang.org/nightly/edition-guide/rust-2021/warnings-promoted-to-error.html>
[INFO] [stdout] 
[INFO] [stdout] 
[INFO] [stdout] warning: `...` range patterns are deprecated
[INFO] [stdout]    --> src/tokenizer.rs:319:36
[INFO] [stdout]     |
[INFO] [stdout] 319 |                 PeekResult::Ok(b'0'...b'9') => ss.skip(1),
[INFO] [stdout]     |                                    ^^^ help: use `..=` for an inclusive range
[INFO] [stdout]     |
[INFO] [stdout]     = warning: this is accepted in the current edition (Rust 2015) but is a hard error in Rust 2021!
[INFO] [stdout]     = note: for more information, see <https://doc.rust-lang.org/nightly/edition-guide/rust-2021/warnings-promoted-to-error.html>
[INFO] [stdout] 
[INFO] [stdout] 
[INFO] [stdout] warning: `...` range patterns are deprecated
[INFO] [stdout]    --> src/tokenizer.rs:368:29
[INFO] [stdout]     |
[INFO] [stdout] 368 |                         b'0'...b'9' => {
[INFO] [stdout]     |                             ^^^ help: use `..=` for an inclusive range
[INFO] [stdout]     |
[INFO] [stdout]     = warning: this is accepted in the current edition (Rust 2015) but is a hard error in Rust 2021!
[INFO] [stdout]     = note: for more information, see <https://doc.rust-lang.org/nightly/edition-guide/rust-2021/warnings-promoted-to-error.html>
[INFO] [stdout] 
[INFO] [stdout] 
[INFO] [stdout] warning: elided lifetime has a name
[INFO] [stdout]   --> src/sink/into_enum.rs:30:37
[INFO] [stdout]    |
[INFO] [stdout] 29 | impl<'a> EnumSink<'a> {
[INFO] [stdout]    |      -- lifetime `'a` declared here
[INFO] [stdout] 30 |     pub fn new(source: &'a [u8]) -> EnumSink {
[INFO] [stdout]    |                                     ^^^^^^^^ this elided lifetime gets resolved as `'a`
[INFO] [stdout]    |
[INFO] [stdout]    = note: `#[warn(elided_named_lifetimes)]` on by default
[INFO] [stdout] 
[INFO] [stdout] 
[INFO] [stdout] warning: elided lifetime has a name
[INFO] [stdout]   --> src/sink/into_enum.rs:38:45
[INFO] [stdout]    |
[INFO] [stdout] 29 | impl<'a> EnumSink<'a> {
[INFO] [stdout]    |      -- lifetime `'a` declared here
[INFO] [stdout] ...
[INFO] [stdout] 38 |     pub fn new_bailing(source: &'a [u8]) -> EnumSink {
[INFO] [stdout]    |                                             ^^^^^^^^ this elided lifetime gets resolved as `'a`
[INFO] [stdout] 
[INFO] [stdout] 
[INFO] [stdout] warning: unused import: `::PResult`
[INFO] [stdout]  --> src/source/mod.rs:1:5
[INFO] [stdout]   |
[INFO] [stdout] 1 | use ::PResult;
[INFO] [stdout]   |     ^^^^^^^^^
[INFO] [stdout]   |
[INFO] [stdout]   = note: `#[warn(unused_imports)]` on by default
[INFO] [stdout] 
[INFO] [stdout] 
[INFO] [stdout] warning: unused variable: `token`
[INFO] [stdout]    --> src/parser.rs:136:14
[INFO] [stdout]     |
[INFO] [stdout] 136 | fn log_token(token: &str) {
[INFO] [stdout]     |              ^^^^^ help: if this is intentional, prefix it with an underscore: `_token`
[INFO] [stdout]     |
[INFO] [stdout]     = note: `#[warn(unused_variables)]` on by default
[INFO] [stdout] 
[INFO] [stdout] 
[INFO] [stdout] warning: struct `Decoder` is never constructed
[INFO] [stdout]  --> src/decoder.rs:4:8
[INFO] [stdout]   |
[INFO] [stdout] 4 | struct Decoder {
[INFO] [stdout]   |        ^^^^^^^
[INFO] [stdout]   |
[INFO] [stdout]   = note: `#[warn(dead_code)]` on by default
[INFO] [stdout] 
[INFO] [stdout] 
[INFO] [stdout] warning: associated function `new` is never used
[INFO] [stdout]   --> src/decoder.rs:10:8
[INFO] [stdout]    |
[INFO] [stdout] 9  | impl Decoder {
[INFO] [stdout]    | ------------ associated function in this implementation
[INFO] [stdout] 10 |     fn new() -> Self {
[INFO] [stdout]    |        ^^^
[INFO] [stdout] 
[INFO] [stdout] 
[INFO] [stderr]     Finished `dev` profile [unoptimized + debuginfo] target(s) in 0.67s
[INFO] running `Command { std: "docker" "inspect" "1fd5d95097d582a756c688a5832404bf90a5770d49d99d8170a936d82bf774c0", kill_on_drop: false }`
[INFO] running `Command { std: "docker" "rm" "-f" "1fd5d95097d582a756c688a5832404bf90a5770d49d99d8170a936d82bf774c0", kill_on_drop: false }`
[INFO] [stdout] 1fd5d95097d582a756c688a5832404bf90a5770d49d99d8170a936d82bf774c0
[INFO] running `Command { std: "docker" "create" "-v" "/var/lib/crater-agent-workspace/builds/worker-3-tc1/target:/opt/rustwide/target:rw,Z" "-v" "/var/lib/crater-agent-workspace/builds/worker-3-tc1/source:/opt/rustwide/workdir:ro,Z" "-v" "/var/lib/crater-agent-workspace/cargo-home:/opt/rustwide/cargo-home:ro,Z" "-v" "/var/lib/crater-agent-workspace/rustup-home:/opt/rustwide/rustup-home:ro,Z" "-e" "SOURCE_DIR=/opt/rustwide/workdir" "-e" "CARGO_TARGET_DIR=/opt/rustwide/target" "-e" "CARGO_INCREMENTAL=0" "-e" "RUST_BACKTRACE=full" "-e" "RUSTFLAGS=--cap-lints=forbid" "-e" "RUSTDOCFLAGS=--cap-lints=forbid" "-e" "CARGO_HOME=/opt/rustwide/cargo-home" "-e" "RUSTUP_HOME=/opt/rustwide/rustup-home" "-w" "/opt/rustwide/workdir" "-m" "1610612736" "--user" "0:0" "--network" "none" "ghcr.io/rust-lang/crates-build-env/linux@sha256:4a844ea9eb2546a2d2c7022eacef16ef2e8229c7fbb2c7d4d55a9ceca922f72d" "/opt/rustwide/cargo-home/bin/cargo" "+nightly-2024-10-28" "test" "--frozen" "--no-run" "--message-format=json", kill_on_drop: false }`
[INFO] [stdout] c10b17ca2856c4365e74d3645d9e0dead0edf9f78c52b91eebfb8b99d7213a07
[INFO] running `Command { std: "docker" "start" "-a" "c10b17ca2856c4365e74d3645d9e0dead0edf9f78c52b91eebfb8b99d7213a07", kill_on_drop: false }`
[INFO] [stderr] warning: no edition set: defaulting to the 2015 edition while the latest is 2021
[INFO] [stderr] warning: unused manifest key: lib.src
[INFO] [stdout] warning: unused macro definition: `lift_bail`
[INFO] [stdout]    --> src/parser.rs:110:14
[INFO] [stdout]     |
[INFO] [stdout] 110 | macro_rules! lift_bail {
[INFO] [stdout]     |              ^^^^^^^^^
[INFO] [stdout]     |
[INFO] [stdout]     = note: `#[warn(unused_macros)]` on by default
[INFO] [stdout] 
[INFO] [stdout] 
[INFO] [stdout] warning: `...` range patterns are deprecated
[INFO] [stdout]    --> src/tokenizer.rs:272:29
[INFO] [stdout]     |
[INFO] [stdout] 272 |                         b'A'...b'F' => *codepoint |= (byte - b'A' + 10) as u32,
[INFO] [stdout]     |                             ^^^ help: use `..=` for an inclusive range
[INFO] [stdout]     |
[INFO] [stdout]     = warning: this is accepted in the current edition (Rust 2015) but is a hard error in Rust 2021!
[INFO] [stdout]     = note: for more information, see <https://doc.rust-lang.org/nightly/edition-guide/rust-2021/warnings-promoted-to-error.html>
[INFO] [stdout]     = note: `#[warn(ellipsis_inclusive_range_patterns)]` on by default
[INFO] [stdout] 
[INFO] [stdout] 
[INFO] [stdout] warning: `...` range patterns are deprecated
[INFO] [stdout]    --> src/tokenizer.rs:273:29
[INFO] [stdout]     |
[INFO] [stdout] 273 |                         b'a'...b'f' => *codepoint |= (byte - b'a' + 10) as u32,
[INFO] [stdout]     |                             ^^^ help: use `..=` for an inclusive range
[INFO] [stdout]     |
[INFO] [stdout]     = warning: this is accepted in the current edition (Rust 2015) but is a hard error in Rust 2021!
[INFO] [stdout]     = note: for more information, see <https://doc.rust-lang.org/nightly/edition-guide/rust-2021/warnings-promoted-to-error.html>
[INFO] [stdout] 
[INFO] [stdout] 
[INFO] [stdout] warning: `...` range patterns are deprecated
[INFO] [stdout]    --> src/tokenizer.rs:274:29
[INFO] [stdout]     |
[INFO] [stdout] 274 |                         b'0'...b'9' => *codepoint |= (byte - b'0') as u32,
[INFO] [stdout]     |                             ^^^ help: use `..=` for an inclusive range
[INFO] [stdout]     |
[INFO] [stdout]     = warning: this is accepted in the current edition (Rust 2015) but is a hard error in Rust 2021!
[INFO] [stdout]     = note: for more information, see <https://doc.rust-lang.org/nightly/edition-guide/rust-2021/warnings-promoted-to-error.html>
[INFO] [stdout] 
[INFO] [stdout] 
[INFO] [stdout] warning: `...` range patterns are deprecated
[INFO] [stdout]    --> src/tokenizer.rs:319:36
[INFO] [stdout]     |
[INFO] [stdout] 319 |                 PeekResult::Ok(b'0'...b'9') => ss.skip(1),
[INFO] [stdout]     |                                    ^^^ help: use `..=` for an inclusive range
[INFO] [stdout]     |
[INFO] [stdout]     = warning: this is accepted in the current edition (Rust 2015) but is a hard error in Rust 2021!
[INFO] [stdout]     = note: for more information, see <https://doc.rust-lang.org/nightly/edition-guide/rust-2021/warnings-promoted-to-error.html>
[INFO] [stdout] 
[INFO] [stdout] 
[INFO] [stdout] warning: `...` range patterns are deprecated
[INFO] [stdout]    --> src/tokenizer.rs:368:29
[INFO] [stdout]     |
[INFO] [stdout] 368 |                         b'0'...b'9' => {
[INFO] [stdout]     |                             ^^^ help: use `..=` for an inclusive range
[INFO] [stdout]     |
[INFO] [stdout]     = warning: this is accepted in the current edition (Rust 2015) but is a hard error in Rust 2021!
[INFO] [stdout]     = note: for more information, see <https://doc.rust-lang.org/nightly/edition-guide/rust-2021/warnings-promoted-to-error.html>
[INFO] [stdout] 
[INFO] [stdout] 
[INFO] [stdout] warning: elided lifetime has a name
[INFO] [stdout]   --> src/sink/into_enum.rs:30:37
[INFO] [stdout]    |
[INFO] [stdout] 29 | impl<'a> EnumSink<'a> {
[INFO] [stdout]    |      -- lifetime `'a` declared here
[INFO] [stdout] 30 |     pub fn new(source: &'a [u8]) -> EnumSink {
[INFO] [stdout]    |                                     ^^^^^^^^ this elided lifetime gets resolved as `'a`
[INFO] [stdout]    |
[INFO] [stdout]    = note: `#[warn(elided_named_lifetimes)]` on by default
[INFO] [stdout] 
[INFO] [stdout] 
[INFO] [stdout] warning: elided lifetime has a name
[INFO] [stdout]   --> src/sink/into_enum.rs:38:45
[INFO] [stdout]    |
[INFO] [stdout] 29 | impl<'a> EnumSink<'a> {
[INFO] [stdout]    |      -- lifetime `'a` declared here
[INFO] [stdout] ...
[INFO] [stdout] 38 |     pub fn new_bailing(source: &'a [u8]) -> EnumSink {
[INFO] [stdout]    |                                             ^^^^^^^^ this elided lifetime gets resolved as `'a`
[INFO] [stdout] 
[INFO] [stdout] 
[INFO] [stderr]    Compiling iterative_json_parser v0.1.0 (/opt/rustwide/workdir)
[INFO] [stdout] warning: unused import: `::PResult`
[INFO] [stdout]  --> src/source/mod.rs:1:5
[INFO] [stdout]   |
[INFO] [stdout] 1 | use ::PResult;
[INFO] [stdout]   |     ^^^^^^^^^
[INFO] [stdout]   |
[INFO] [stdout]   = note: `#[warn(unused_imports)]` on by default
[INFO] [stdout] 
[INFO] [stdout] 
[INFO] [stdout] warning: unused variable: `token`
[INFO] [stdout]    --> src/parser.rs:136:14
[INFO] [stdout]     |
[INFO] [stdout] 136 | fn log_token(token: &str) {
[INFO] [stdout]     |              ^^^^^ help: if this is intentional, prefix it with an underscore: `_token`
[INFO] [stdout]     |
[INFO] [stdout]     = note: `#[warn(unused_variables)]` on by default
[INFO] [stdout] 
[INFO] [stdout] 
[INFO] [stdout] warning: struct `Decoder` is never constructed
[INFO] [stdout]  --> src/decoder.rs:4:8
[INFO] [stdout]   |
[INFO] [stdout] 4 | struct Decoder {
[INFO] [stdout]   |        ^^^^^^^
[INFO] [stdout]   |
[INFO] [stdout]   = note: `#[warn(dead_code)]` on by default
[INFO] [stdout] 
[INFO] [stdout] 
[INFO] [stdout] warning: associated function `new` is never used
[INFO] [stdout]   --> src/decoder.rs:10:8
[INFO] [stdout]    |
[INFO] [stdout] 9  | impl Decoder {
[INFO] [stdout]    | ------------ associated function in this implementation
[INFO] [stdout] 10 |     fn new() -> Self {
[INFO] [stdout]    |        ^^^
[INFO] [stdout] 
[INFO] [stdout] 
[INFO] [stdout] warning: unused import: `Sink`
[INFO] [stdout]  --> tests/lib.rs:6:37
[INFO] [stdout]   |
[INFO] [stdout] 6 | use iterative_json_parser::{Source, Sink};
[INFO] [stdout]   |                                     ^^^^
[INFO] [stdout]   |
[INFO] [stdout]   = note: `#[warn(unused_imports)]` on by default
[INFO] [stdout] 
[INFO] [stdout] 
[INFO] [stdout] warning: unused macro definition: `lift_bail`
[INFO] [stdout]    --> src/parser.rs:110:14
[INFO] [stdout]     |
[INFO] [stdout] 110 | macro_rules! lift_bail {
[INFO] [stdout]     |              ^^^^^^^^^
[INFO] [stdout]     |
[INFO] [stdout]     = note: `#[warn(unused_macros)]` on by default
[INFO] [stdout] 
[INFO] [stdout] 
[INFO] [stdout] warning: `...` range patterns are deprecated
[INFO] [stdout]    --> src/tokenizer.rs:272:29
[INFO] [stdout]     |
[INFO] [stdout] 272 |                         b'A'...b'F' => *codepoint |= (byte - b'A' + 10) as u32,
[INFO] [stdout]     |                             ^^^ help: use `..=` for an inclusive range
[INFO] [stdout]     |
[INFO] [stdout]     = warning: this is accepted in the current edition (Rust 2015) but is a hard error in Rust 2021!
[INFO] [stdout]     = note: for more information, see <https://doc.rust-lang.org/nightly/edition-guide/rust-2021/warnings-promoted-to-error.html>
[INFO] [stdout]     = note: `#[warn(ellipsis_inclusive_range_patterns)]` on by default
[INFO] [stdout] 
[INFO] [stdout] 
[INFO] [stdout] warning: `...` range patterns are deprecated
[INFO] [stdout]    --> src/tokenizer.rs:273:29
[INFO] [stdout]     |
[INFO] [stdout] 273 |                         b'a'...b'f' => *codepoint |= (byte - b'a' + 10) as u32,
[INFO] [stdout]     |                             ^^^ help: use `..=` for an inclusive range
[INFO] [stdout]     |
[INFO] [stdout]     = warning: this is accepted in the current edition (Rust 2015) but is a hard error in Rust 2021!
[INFO] [stdout]     = note: for more information, see <https://doc.rust-lang.org/nightly/edition-guide/rust-2021/warnings-promoted-to-error.html>
[INFO] [stdout] 
[INFO] [stdout] 
[INFO] [stdout] warning: `...` range patterns are deprecated
[INFO] [stdout]    --> src/tokenizer.rs:274:29
[INFO] [stdout]     |
[INFO] [stdout] 274 |                         b'0'...b'9' => *codepoint |= (byte - b'0') as u32,
[INFO] [stdout]     |                             ^^^ help: use `..=` for an inclusive range
[INFO] [stdout]     |
[INFO] [stdout]     = warning: this is accepted in the current edition (Rust 2015) but is a hard error in Rust 2021!
[INFO] [stdout]     = note: for more information, see <https://doc.rust-lang.org/nightly/edition-guide/rust-2021/warnings-promoted-to-error.html>
[INFO] [stdout] 
[INFO] [stdout] 
[INFO] [stdout] warning: `...` range patterns are deprecated
[INFO] [stdout]    --> src/tokenizer.rs:319:36
[INFO] [stdout]     |
[INFO] [stdout] 319 |                 PeekResult::Ok(b'0'...b'9') => ss.skip(1),
[INFO] [stdout]     |                                    ^^^ help: use `..=` for an inclusive range
[INFO] [stdout]     |
[INFO] [stdout]     = warning: this is accepted in the current edition (Rust 2015) but is a hard error in Rust 2021!
[INFO] [stdout]     = note: for more information, see <https://doc.rust-lang.org/nightly/edition-guide/rust-2021/warnings-promoted-to-error.html>
[INFO] [stdout] 
[INFO] [stdout] 
[INFO] [stdout] warning: `...` range patterns are deprecated
[INFO] [stdout]    --> src/tokenizer.rs:368:29
[INFO] [stdout]     |
[INFO] [stdout] 368 |                         b'0'...b'9' => {
[INFO] [stdout]     |                             ^^^ help: use `..=` for an inclusive range
[INFO] [stdout]     |
[INFO] [stdout]     = warning: this is accepted in the current edition (Rust 2015) but is a hard error in Rust 2021!
[INFO] [stdout]     = note: for more information, see <https://doc.rust-lang.org/nightly/edition-guide/rust-2021/warnings-promoted-to-error.html>
[INFO] [stdout] 
[INFO] [stdout] 
[INFO] [stdout] warning: elided lifetime has a name
[INFO] [stdout]   --> src/sink/into_enum.rs:30:37
[INFO] [stdout]    |
[INFO] [stdout] 29 | impl<'a> EnumSink<'a> {
[INFO] [stdout]    |      -- lifetime `'a` declared here
[INFO] [stdout] 30 |     pub fn new(source: &'a [u8]) -> EnumSink {
[INFO] [stdout]    |                                     ^^^^^^^^ this elided lifetime gets resolved as `'a`
[INFO] [stdout]    |
[INFO] [stdout]    = note: `#[warn(elided_named_lifetimes)]` on by default
[INFO] [stdout] 
[INFO] [stdout] 
[INFO] [stdout] warning: elided lifetime has a name
[INFO] [stdout]   --> src/sink/into_enum.rs:38:45
[INFO] [stdout]    |
[INFO] [stdout] 29 | impl<'a> EnumSink<'a> {
[INFO] [stdout]    |      -- lifetime `'a` declared here
[INFO] [stdout] ...
[INFO] [stdout] 38 |     pub fn new_bailing(source: &'a [u8]) -> EnumSink {
[INFO] [stdout]    |                                             ^^^^^^^^ this elided lifetime gets resolved as `'a`
[INFO] [stdout] 
[INFO] [stdout] 
[INFO] [stdout] warning: unused import: `::PResult`
[INFO] [stdout]  --> src/source/mod.rs:1:5
[INFO] [stdout]   |
[INFO] [stdout] 1 | use ::PResult;
[INFO] [stdout]   |     ^^^^^^^^^
[INFO] [stdout]   |
[INFO] [stdout]   = note: `#[warn(unused_imports)]` on by default
[INFO] [stdout] 
[INFO] [stdout] 
[INFO] [stdout] warning: variable does not need to be mutable
[INFO] [stdout]   --> tests/lib.rs:37:9
[INFO] [stdout]    |
[INFO] [stdout] 37 |     let mut ss = SourceSink {
[INFO] [stdout]    |         ----^^
[INFO] [stdout]    |         |
[INFO] [stdout]    |         help: remove this `mut`
[INFO] [stdout]    |
[INFO] [stdout]    = note: `#[warn(unused_mut)]` on by default
[INFO] [stdout] 
[INFO] [stdout] 
[INFO] [stdout] warning: variable does not need to be mutable
[INFO] [stdout]   --> tests/lib.rs:46:9
[INFO] [stdout]    |
[INFO] [stdout] 46 |     let mut bailing_ss = SourceSink {
[INFO] [stdout]    |         ----^^^^^^^^^^
[INFO] [stdout]    |         |
[INFO] [stdout]    |         help: remove this `mut`
[INFO] [stdout] 
[INFO] [stdout] 
[INFO] [stdout] warning: unused variable: `result`
[INFO] [stdout]    --> tests/lib.rs:410:25
[INFO] [stdout]     |
[INFO] [stdout] 410 |                     let result = parse_to_enum(&mut buf);
[INFO] [stdout]     |                         ^^^^^^ help: if this is intentional, prefix it with an underscore: `_result`
[INFO] [stdout]     |
[INFO] [stdout]     = note: `#[warn(unused_variables)]` on by default
[INFO] [stdout] 
[INFO] [stdout] 
[INFO] [stdout] warning: unused variable: `token`
[INFO] [stdout]    --> src/parser.rs:136:14
[INFO] [stdout]     |
[INFO] [stdout] 136 | fn log_token(token: &str) {
[INFO] [stdout]     |              ^^^^^ help: if this is intentional, prefix it with an underscore: `_token`
[INFO] [stdout]     |
[INFO] [stdout]     = note: `#[warn(unused_variables)]` on by default
[INFO] [stdout] 
[INFO] [stdout] 
[INFO] [stdout] warning: struct `Decoder` is never constructed
[INFO] [stdout]  --> src/decoder.rs:4:8
[INFO] [stdout]   |
[INFO] [stdout] 4 | struct Decoder {
[INFO] [stdout]   |        ^^^^^^^
[INFO] [stdout]   |
[INFO] [stdout]   = note: `#[warn(dead_code)]` on by default
[INFO] [stdout] 
[INFO] [stdout] 
[INFO] [stdout] warning: associated function `new` is never used
[INFO] [stdout]   --> src/decoder.rs:10:8
[INFO] [stdout]    |
[INFO] [stdout] 9  | impl Decoder {
[INFO] [stdout]    | ------------ associated function in this implementation
[INFO] [stdout] 10 |     fn new() -> Self {
[INFO] [stdout]    |        ^^^
[INFO] [stdout] 
[INFO] [stdout] 
[INFO] [stderr]     Finished `test` profile [unoptimized + debuginfo] target(s) in 0.53s
[INFO] running `Command { std: "docker" "inspect" "c10b17ca2856c4365e74d3645d9e0dead0edf9f78c52b91eebfb8b99d7213a07", kill_on_drop: false }`
[INFO] running `Command { std: "docker" "rm" "-f" "c10b17ca2856c4365e74d3645d9e0dead0edf9f78c52b91eebfb8b99d7213a07", kill_on_drop: false }`
[INFO] [stdout] c10b17ca2856c4365e74d3645d9e0dead0edf9f78c52b91eebfb8b99d7213a07
[INFO] running `Command { std: "docker" "create" "-v" "/var/lib/crater-agent-workspace/builds/worker-3-tc1/target:/opt/rustwide/target:rw,Z" "-v" "/var/lib/crater-agent-workspace/builds/worker-3-tc1/source:/opt/rustwide/workdir:ro,Z" "-v" "/var/lib/crater-agent-workspace/cargo-home:/opt/rustwide/cargo-home:ro,Z" "-v" "/var/lib/crater-agent-workspace/rustup-home:/opt/rustwide/rustup-home:ro,Z" "-e" "SOURCE_DIR=/opt/rustwide/workdir" "-e" "CARGO_TARGET_DIR=/opt/rustwide/target" "-e" "CARGO_INCREMENTAL=0" "-e" "RUST_BACKTRACE=full" "-e" "RUSTFLAGS=--cap-lints=forbid" "-e" "RUSTDOCFLAGS=--cap-lints=forbid" "-e" "CARGO_HOME=/opt/rustwide/cargo-home" "-e" "RUSTUP_HOME=/opt/rustwide/rustup-home" "-w" "/opt/rustwide/workdir" "-m" "1610612736" "--user" "0:0" "--network" "none" "ghcr.io/rust-lang/crates-build-env/linux@sha256:4a844ea9eb2546a2d2c7022eacef16ef2e8229c7fbb2c7d4d55a9ceca922f72d" "/opt/rustwide/cargo-home/bin/cargo" "+nightly-2024-10-28" "test" "--frozen", kill_on_drop: false }`
[INFO] [stdout] 9fad406d41a7fe6fdd5d0eccc00d9e84fd531165ccd853effd7840c62b1349fc
[INFO] running `Command { std: "docker" "start" "-a" "9fad406d41a7fe6fdd5d0eccc00d9e84fd531165ccd853effd7840c62b1349fc", kill_on_drop: false }`
[INFO] [stderr] warning: no edition set: defaulting to the 2015 edition while the latest is 2021
[INFO] [stderr] warning: unused manifest key: lib.src
[INFO] [stderr] warning: unused macro definition: `lift_bail`
[INFO] [stderr]    --> src/parser.rs:110:14
[INFO] [stderr]     |
[INFO] [stderr] 110 | macro_rules! lift_bail {
[INFO] [stderr]     |              ^^^^^^^^^
[INFO] [stderr]     |
[INFO] [stderr]     = note: `#[warn(unused_macros)]` on by default
[INFO] [stderr] 
[INFO] [stderr] warning: `...` range patterns are deprecated
[INFO] [stderr]    --> src/tokenizer.rs:272:29
[INFO] [stderr]     |
[INFO] [stderr] 272 |                         b'A'...b'F' => *codepoint |= (byte - b'A' + 10) as u32,
[INFO] [stderr]     |                             ^^^ help: use `..=` for an inclusive range
[INFO] [stderr]     |
[INFO] [stderr]     = warning: this is accepted in the current edition (Rust 2015) but is a hard error in Rust 2021!
[INFO] [stderr]     = note: for more information, see <https://doc.rust-lang.org/nightly/edition-guide/rust-2021/warnings-promoted-to-error.html>
[INFO] [stderr]     = note: `#[warn(ellipsis_inclusive_range_patterns)]` on by default
[INFO] [stderr] 
[INFO] [stderr] warning: `...` range patterns are deprecated
[INFO] [stderr]    --> src/tokenizer.rs:273:29
[INFO] [stderr]     |
[INFO] [stderr] 273 |                         b'a'...b'f' => *codepoint |= (byte - b'a' + 10) as u32,
[INFO] [stderr]     |                             ^^^ help: use `..=` for an inclusive range
[INFO] [stderr]     |
[INFO] [stderr]     = warning: this is accepted in the current edition (Rust 2015) but is a hard error in Rust 2021!
[INFO] [stderr]     = note: for more information, see <https://doc.rust-lang.org/nightly/edition-guide/rust-2021/warnings-promoted-to-error.html>
[INFO] [stderr] 
[INFO] [stderr] warning: `...` range patterns are deprecated
[INFO] [stderr]    --> src/tokenizer.rs:274:29
[INFO] [stderr]     |
[INFO] [stderr] 274 |                         b'0'...b'9' => *codepoint |= (byte - b'0') as u32,
[INFO] [stderr]     |                             ^^^ help: use `..=` for an inclusive range
[INFO] [stderr]     |
[INFO] [stderr]     = warning: this is accepted in the current edition (Rust 2015) but is a hard error in Rust 2021!
[INFO] [stderr]     = note: for more information, see <https://doc.rust-lang.org/nightly/edition-guide/rust-2021/warnings-promoted-to-error.html>
[INFO] [stderr] 
[INFO] [stderr] warning: `...` range patterns are deprecated
[INFO] [stderr]    --> src/tokenizer.rs:319:36
[INFO] [stderr]     |
[INFO] [stderr] 319 |                 PeekResult::Ok(b'0'...b'9') => ss.skip(1),
[INFO] [stderr]     |                                    ^^^ help: use `..=` for an inclusive range
[INFO] [stderr]     |
[INFO] [stderr]     = warning: this is accepted in the current edition (Rust 2015) but is a hard error in Rust 2021!
[INFO] [stderr]     = note: for more information, see <https://doc.rust-lang.org/nightly/edition-guide/rust-2021/warnings-promoted-to-error.html>
[INFO] [stderr] 
[INFO] [stderr] warning: `...` range patterns are deprecated
[INFO] [stderr]    --> src/tokenizer.rs:368:29
[INFO] [stderr]     |
[INFO] [stderr] 368 |                         b'0'...b'9' => {
[INFO] [stderr]     |                             ^^^ help: use `..=` for an inclusive range
[INFO] [stderr]     |
[INFO] [stderr]     = warning: this is accepted in the current edition (Rust 2015) but is a hard error in Rust 2021!
[INFO] [stderr]     = note: for more information, see <https://doc.rust-lang.org/nightly/edition-guide/rust-2021/warnings-promoted-to-error.html>
[INFO] [stderr] 
[INFO] [stderr] warning: elided lifetime has a name
[INFO] [stderr]   --> src/sink/into_enum.rs:30:37
[INFO] [stderr]    |
[INFO] [stderr] 29 | impl<'a> EnumSink<'a> {
[INFO] [stderr]    |      -- lifetime `'a` declared here
[INFO] [stderr] 30 |     pub fn new(source: &'a [u8]) -> EnumSink {
[INFO] [stderr]    |                                     ^^^^^^^^ this elided lifetime gets resolved as `'a`
[INFO] [stderr]    |
[INFO] [stderr]    = note: `#[warn(elided_named_lifetimes)]` on by default
[INFO] [stderr] 
[INFO] [stderr] warning: elided lifetime has a name
[INFO] [stderr]   --> src/sink/into_enum.rs:38:45
[INFO] [stderr]    |
[INFO] [stderr] 29 | impl<'a> EnumSink<'a> {
[INFO] [stderr]    |      -- lifetime `'a` declared here
[INFO] [stderr] ...
[INFO] [stderr] 38 |     pub fn new_bailing(source: &'a [u8]) -> EnumSink {
[INFO] [stderr]    |                                             ^^^^^^^^ this elided lifetime gets resolved as `'a`
[INFO] [stderr] 
[INFO] [stderr] warning: unused import: `::PResult`
[INFO] [stderr]  --> src/source/mod.rs:1:5
[INFO] [stderr]   |
[INFO] [stderr] 1 | use ::PResult;
[INFO] [stderr]   |     ^^^^^^^^^
[INFO] [stderr]   |
[INFO] [stderr]   = note: `#[warn(unused_imports)]` on by default
[INFO] [stderr] 
[INFO] [stderr] warning: unused variable: `token`
[INFO] [stderr]    --> src/parser.rs:136:14
[INFO] [stderr]     |
[INFO] [stderr] 136 | fn log_token(token: &str) {
[INFO] [stderr]     |              ^^^^^ help: if this is intentional, prefix it with an underscore: `_token`
[INFO] [stderr]     |
[INFO] [stderr]     = note: `#[warn(unused_variables)]` on by default
[INFO] [stderr] 
[INFO] [stderr] warning: struct `Decoder` is never constructed
[INFO] [stderr]  --> src/decoder.rs:4:8
[INFO] [stderr]   |
[INFO] [stderr] 4 | struct Decoder {
[INFO] [stderr]   |        ^^^^^^^
[INFO] [stderr]   |
[INFO] [stderr]   = note: `#[warn(dead_code)]` on by default
[INFO] [stderr] 
[INFO] [stderr] warning: associated function `new` is never used
[INFO] [stderr]   --> src/decoder.rs:10:8
[INFO] [stderr]    |
[INFO] [stderr] 9  | impl Decoder {
[INFO] [stderr]    | ------------ associated function in this implementation
[INFO] [stderr] 10 |     fn new() -> Self {
[INFO] [stderr]    |        ^^^
[INFO] [stderr] 
[INFO] [stderr] warning: `iterative_json_parser` (lib) generated 12 warnings (run `cargo fix --lib -p iterative_json_parser` to apply 6 suggestions)
[INFO] [stderr] warning: unused import: `Sink`
[INFO] [stderr]  --> tests/lib.rs:6:37
[INFO] [stderr]   |
[INFO] [stderr] 6 | use iterative_json_parser::{Source, Sink};
[INFO] [stderr]   |                                     ^^^^
[INFO] [stderr]   |
[INFO] [stderr]   = note: `#[warn(unused_imports)]` on by default
[INFO] [stderr] 
[INFO] [stderr] warning: variable does not need to be mutable
[INFO] [stderr]   --> tests/lib.rs:37:9
[INFO] [stderr]    |
[INFO] [stderr] 37 |     let mut ss = SourceSink {
[INFO] [stderr]    |         ----^^
[INFO] [stderr]    |         |
[INFO] [stderr]    |         help: remove this `mut`
[INFO] [stderr]    |
[INFO] [stderr]    = note: `#[warn(unused_mut)]` on by default
[INFO] [stderr] 
[INFO] [stderr] warning: variable does not need to be mutable
[INFO] [stderr]   --> tests/lib.rs:46:9
[INFO] [stderr]    |
[INFO] [stderr] 46 |     let mut bailing_ss = SourceSink {
[INFO] [stderr]    |         ----^^^^^^^^^^
[INFO] [stderr]    |         |
[INFO] [stderr]    |         help: remove this `mut`
[INFO] [stderr] 
[INFO] [stderr] warning: unused variable: `result`
[INFO] [stderr]    --> tests/lib.rs:410:25
[INFO] [stderr]     |
[INFO] [stderr] 410 |                     let result = parse_to_enum(&mut buf);
[INFO] [stderr]     |                         ^^^^^^ help: if this is intentional, prefix it with an underscore: `_result`
[INFO] [stderr]     |
[INFO] [stderr]     = note: `#[warn(unused_variables)]` on by default
[INFO] [stderr] 
[INFO] [stderr] warning: `iterative_json_parser` (test "lib") generated 4 warnings (run `cargo fix --test "lib"` to apply 3 suggestions)
[INFO] [stderr] warning: `iterative_json_parser` (lib test) generated 12 warnings (12 duplicates)
[INFO] [stderr]     Finished `test` profile [unoptimized + debuginfo] target(s) in 0.01s
[INFO] [stderr]      Running unittests src/lib.rs (/opt/rustwide/target/debug/deps/iterative_json_parser-51a14a4ee6fa87d2)
[INFO] [stdout] 
[INFO] [stdout] running 2 tests
[INFO] [stdout] test utf8::tests::fuzz_panic_1 ... ok
[INFO] [stdout] test utf8::tests::valid_ascii ... ok
[INFO] [stdout] 
[INFO] [stdout] test result: ok. 2 passed; 0 failed; 0 ignored; 0 measured; 0 filtered out; finished in 0.00s
[INFO] [stdout] 
[INFO] [stderr]      Running unittests src/bin/main.rs (/opt/rustwide/target/debug/deps/main-a88dabb87ae608ea)
[INFO] [stdout] 
[INFO] [stdout] running 0 tests
[INFO] [stdout] 
[INFO] [stdout] test result: ok. 0 passed; 0 failed; 0 ignored; 0 measured; 0 filtered out; finished in 0.00s
[INFO] [stdout] 
[INFO] [stderr]      Running tests/lib.rs (/opt/rustwide/target/debug/deps/lib-df0f898b591229dc)
[INFO] [stdout] 
[INFO] [stdout] running 11 tests
[INFO] [stdout] test empty_object ... ok
[INFO] [stdout] test fuzz_panic_1 ... ok
[INFO] [stdout] test full_parse ... ok
[INFO] [stdout] test fuzz_panic_2 ... ok
[INFO] [stdout] test fuzz_panic_3 ... ok
[INFO] [stdout] test fuzz_panic_4 ... ok
[INFO] [stdout] test short_encodings_utf8 ... ok
[INFO] [stdout] test numbers ... ok
[INFO] [stdout] test simple_object ... ok
[INFO] [stdout] test json_checker_test_suite ... ok
[INFO] [stdout] test json_test_suite ... FAILED
[INFO] [stdout] 
[INFO] [stdout] failures:
[INFO] [stdout] 
[INFO] [stdout] ---- json_test_suite stdout ----
[INFO] [stdout] 
[INFO] [stdout] ==== n_number_neg_int_starting_with_zero.json ====
[INFO] [stdout] Unexpected ok: Array([Number("-012.0e+1")]) (false)
[INFO] [stdout] 
[INFO] [stdout] ==== n_number_-01.json ====
[INFO] [stdout] Unexpected ok: Array([Number("-01.0e+1")]) (false)
[INFO] [stdout] 
[INFO] [stdout] ==== n_number_minus_space_1.json ====
[INFO] [stdout] Unexpected ok: Array([Number("-1.0e+1")]) (false)
[INFO] [stdout] 
[INFO] [stdout] ==== n_number_with_leading_zero.json ====
[INFO] [stdout] Unexpected ok: Array([Number("+012.0e+1")]) (false)
[INFO] [stdout] thread 'json_test_suite' panicked at tests/lib.rs:417:5:
[INFO] [stdout] assertion failed: success
[INFO] [stdout] stack backtrace:
[INFO] [stdout]    0:     0x564f500c4dba - std::backtrace_rs::backtrace::libunwind::trace::h207520d6e9873551
[INFO] [stdout]                                at /rustc/df4ca44d3fbc9301ee17f30f4d474e6ae4b05252/library/std/src/../../backtrace/src/backtrace/libunwind.rs:116:5
[INFO] [stdout]    1:     0x564f500c4dba - std::backtrace_rs::backtrace::trace_unsynchronized::h2ed7433f370e3eca
[INFO] [stdout]                                at /rustc/df4ca44d3fbc9301ee17f30f4d474e6ae4b05252/library/std/src/../../backtrace/src/backtrace/mod.rs:66:5
[INFO] [stdout]    2:     0x564f500c4dba - std::sys::backtrace::_print_fmt::h916fac51166b18d7
[INFO] [stdout]                                at /rustc/df4ca44d3fbc9301ee17f30f4d474e6ae4b05252/library/std/src/sys/backtrace.rs:66:9
[INFO] [stdout]    3:     0x564f500c4dba - <std::sys::backtrace::BacktraceLock::print::DisplayBacktrace as core::fmt::Display>::fmt::ha0a4c9b8ce3802e6
[INFO] [stdout]                                at /rustc/df4ca44d3fbc9301ee17f30f4d474e6ae4b05252/library/std/src/sys/backtrace.rs:39:26
[INFO] [stdout]    4:     0x564f500eb883 - core::fmt::rt::Argument::fmt::h4cfc8587d52b3eb5
[INFO] [stdout]                                at /rustc/df4ca44d3fbc9301ee17f30f4d474e6ae4b05252/library/core/src/fmt/rt.rs:177:76
[INFO] [stdout]    5:     0x564f500eb883 - core::fmt::write::h522cc39e5b36ae9f
[INFO] [stdout]                                at /rustc/df4ca44d3fbc9301ee17f30f4d474e6ae4b05252/library/core/src/fmt/mod.rs:1190:21
[INFO] [stdout]    6:     0x564f500c17f3 - std::io::Write::write_fmt::h7d3c26752da97734
[INFO] [stdout]                                at /rustc/df4ca44d3fbc9301ee17f30f4d474e6ae4b05252/library/std/src/io/mod.rs:1839:15
[INFO] [stdout]    7:     0x564f500c4c02 - std::sys::backtrace::BacktraceLock::print::h4b9e00b29e9c0942
[INFO] [stdout]                                at /rustc/df4ca44d3fbc9301ee17f30f4d474e6ae4b05252/library/std/src/sys/backtrace.rs:42:9
[INFO] [stdout]    8:     0x564f500c624a - std::panicking::default_hook::{{closure}}::hb59b88280d0324d9
[INFO] [stdout]                                at /rustc/df4ca44d3fbc9301ee17f30f4d474e6ae4b05252/library/std/src/panicking.rs:268:22
[INFO] [stdout]    9:     0x564f500c6054 - std::panicking::default_hook::he1dd496665be4a29
[INFO] [stdout]                                at /rustc/df4ca44d3fbc9301ee17f30f4d474e6ae4b05252/library/std/src/panicking.rs:292:9
[INFO] [stdout]   10:     0x564f5008a1c9 - <alloc::boxed::Box<F,A> as core::ops::function::Fn<Args>>::call::h4ff71de18744e1dc
[INFO] [stdout]                                at /rustc/df4ca44d3fbc9301ee17f30f4d474e6ae4b05252/library/alloc/src/boxed.rs:2468:9
[INFO] [stdout]   11:     0x564f5008a1c9 - test::test_main::{{closure}}::hcf7c055ce117aa81
[INFO] [stdout]                                at /rustc/df4ca44d3fbc9301ee17f30f4d474e6ae4b05252/library/test/src/lib.rs:133:21
[INFO] [stdout]   12:     0x564f500c6948 - <alloc::boxed::Box<F,A> as core::ops::function::Fn<Args>>::call::h1d66c6bbd60c9692
[INFO] [stdout]                                at /rustc/df4ca44d3fbc9301ee17f30f4d474e6ae4b05252/library/alloc/src/boxed.rs:2468:9
[INFO] [stdout]   13:     0x564f500c6948 - std::panicking::rust_panic_with_hook::h2ff17fe8f26dfcf8
[INFO] [stdout]                                at /rustc/df4ca44d3fbc9301ee17f30f4d474e6ae4b05252/library/std/src/panicking.rs:809:13
[INFO] [stdout]   14:     0x564f500c66d6 - std::panicking::begin_panic_handler::{{closure}}::h4fad77951c07e101
[INFO] [stdout]                                at /rustc/df4ca44d3fbc9301ee17f30f4d474e6ae4b05252/library/std/src/panicking.rs:667:13
[INFO] [stdout]   15:     0x564f500c5299 - std::sys::backtrace::__rust_end_short_backtrace::hb1a25b3da5d0ea08
[INFO] [stdout]                                at /rustc/df4ca44d3fbc9301ee17f30f4d474e6ae4b05252/library/std/src/sys/backtrace.rs:170:18
[INFO] [stdout]   16:     0x564f500c639c - rust_begin_unwind
[INFO] [stdout]                                at /rustc/df4ca44d3fbc9301ee17f30f4d474e6ae4b05252/library/std/src/panicking.rs:665:5
[INFO] [stdout]   17:     0x564f500ea240 - core::panicking::panic_fmt::ha9db07b529f9b256
[INFO] [stdout]                                at /rustc/df4ca44d3fbc9301ee17f30f4d474e6ae4b05252/library/core/src/panicking.rs:75:14
[INFO] [stdout]   18:     0x564f500ea2cc - core::panicking::panic::h993086813d94accc
[INFO] [stdout]                                at /rustc/df4ca44d3fbc9301ee17f30f4d474e6ae4b05252/library/core/src/panicking.rs:152:5
[INFO] [stdout]   19:     0x564f5004970c - lib::json_test_suite::h1b5756b46660d275
[INFO] [stdout]                                at /opt/rustwide/workdir/tests/lib.rs:417:5
[INFO] [stdout]   20:     0x564f50049447 - lib::json_test_suite::{{closure}}::h686ced63bf8d0d52
[INFO] [stdout]                                at /opt/rustwide/workdir/tests/lib.rs:359:21
[INFO] [stdout]   21:     0x564f500434c6 - core::ops::function::FnOnce::call_once::hff796c8039b6004e
[INFO] [stdout]                                at /rustc/df4ca44d3fbc9301ee17f30f4d474e6ae4b05252/library/core/src/ops/function.rs:250:5
[INFO] [stdout]   22:     0x564f5008ea9b - core::ops::function::FnOnce::call_once::h22c3ba5715e93f05
[INFO] [stdout]                                at /rustc/df4ca44d3fbc9301ee17f30f4d474e6ae4b05252/library/core/src/ops/function.rs:250:5
[INFO] [stdout]   23:     0x564f5008ea9b - test::__rust_begin_short_backtrace::h8e82d8113d0da17f
[INFO] [stdout]                                at /rustc/df4ca44d3fbc9301ee17f30f4d474e6ae4b05252/library/test/src/lib.rs:621:18
[INFO] [stdout]   24:     0x564f5008e417 - test::run_test_in_process::{{closure}}::h33235f4f20b7b7c7
[INFO] [stdout]                                at /rustc/df4ca44d3fbc9301ee17f30f4d474e6ae4b05252/library/test/src/lib.rs:644:60
[INFO] [stdout]   25:     0x564f5008e417 - <core::panic::unwind_safe::AssertUnwindSafe<F> as core::ops::function::FnOnce<()>>::call_once::hb5043206310c586f
[INFO] [stdout]                                at /rustc/df4ca44d3fbc9301ee17f30f4d474e6ae4b05252/library/core/src/panic/unwind_safe.rs:272:9
[INFO] [stdout]   26:     0x564f5008e417 - std::panicking::try::do_call::h9ad4731a60ab23e2
[INFO] [stdout]                                at /rustc/df4ca44d3fbc9301ee17f30f4d474e6ae4b05252/library/std/src/panicking.rs:557:40
[INFO] [stdout]   27:     0x564f5008e417 - std::panicking::try::h3824d23db772a716
[INFO] [stdout]                                at /rustc/df4ca44d3fbc9301ee17f30f4d474e6ae4b05252/library/std/src/panicking.rs:520:19
[INFO] [stdout]   28:     0x564f5008e417 - std::panic::catch_unwind::h5afd514605fde46b
[INFO] [stdout]                                at /rustc/df4ca44d3fbc9301ee17f30f4d474e6ae4b05252/library/std/src/panic.rs:358:14
[INFO] [stdout]   29:     0x564f5008e417 - test::run_test_in_process::h0d5cbfa7067d1720
[INFO] [stdout]                                at /rustc/df4ca44d3fbc9301ee17f30f4d474e6ae4b05252/library/test/src/lib.rs:644:27
[INFO] [stdout]   30:     0x564f5008e417 - test::run_test::{{closure}}::h708eb8872708115d
[INFO] [stdout]                                at /rustc/df4ca44d3fbc9301ee17f30f4d474e6ae4b05252/library/test/src/lib.rs:565:43
[INFO] [stdout]   31:     0x564f50051b34 - test::run_test::{{closure}}::h392c51cee94713ab
[INFO] [stdout]                                at /rustc/df4ca44d3fbc9301ee17f30f4d474e6ae4b05252/library/test/src/lib.rs:595:41
[INFO] [stdout]   32:     0x564f50051b34 - std::sys::backtrace::__rust_begin_short_backtrace::h2f40290710935a8b
[INFO] [stdout]                                at /rustc/df4ca44d3fbc9301ee17f30f4d474e6ae4b05252/library/std/src/sys/backtrace.rs:154:18
[INFO] [stdout]   33:     0x564f500552de - std::thread::Builder::spawn_unchecked_::{{closure}}::{{closure}}::h3fd968d89053a903
[INFO] [stdout]                                at /rustc/df4ca44d3fbc9301ee17f30f4d474e6ae4b05252/library/std/src/thread/mod.rs:541:17
[INFO] [stdout]   34:     0x564f500552de - <core::panic::unwind_safe::AssertUnwindSafe<F> as core::ops::function::FnOnce<()>>::call_once::h743f637ba4229880
[INFO] [stdout]                                at /rustc/df4ca44d3fbc9301ee17f30f4d474e6ae4b05252/library/core/src/panic/unwind_safe.rs:272:9
[INFO] [stdout]   35:     0x564f500552de - std::panicking::try::do_call::h07440897322525a6
[INFO] [stdout]                                at /rustc/df4ca44d3fbc9301ee17f30f4d474e6ae4b05252/library/std/src/panicking.rs:557:40
[INFO] [stdout]   36:     0x564f500552de - std::panicking::try::he5a2e00188156637
[INFO] [stdout]                                at /rustc/df4ca44d3fbc9301ee17f30f4d474e6ae4b05252/library/std/src/panicking.rs:520:19
[INFO] [stdout]   37:     0x564f500552de - std::panic::catch_unwind::hbaf3cae49b3c6433
[INFO] [stdout]                                at /rustc/df4ca44d3fbc9301ee17f30f4d474e6ae4b05252/library/std/src/panic.rs:358:14
[INFO] [stdout]   38:     0x564f500552de - std::thread::Builder::spawn_unchecked_::{{closure}}::h8e141ea224820bce
[INFO] [stdout]                                at /rustc/df4ca44d3fbc9301ee17f30f4d474e6ae4b05252/library/std/src/thread/mod.rs:540:30
[INFO] [stdout]   39:     0x564f500552de - core::ops::function::FnOnce::call_once{{vtable.shim}}::h90d312fedd7b8ea8
[INFO] [stdout]                                at /rustc/df4ca44d3fbc9301ee17f30f4d474e6ae4b05252/library/core/src/ops/function.rs:250:5
[INFO] [stdout]   40:     0x564f500cab9b - <alloc::boxed::Box<F,A> as core::ops::function::FnOnce<Args>>::call_once::h69aa08ddb6adb8b6
[INFO] [stdout]                                at /rustc/df4ca44d3fbc9301ee17f30f4d474e6ae4b05252/library/alloc/src/boxed.rs:2454:9
[INFO] [stdout]   41:     0x564f500cab9b - <alloc::boxed::Box<F,A> as core::ops::function::FnOnce<Args>>::call_once::h5aa36efdb79c806f
[INFO] [stdout]                                at /rustc/df4ca44d3fbc9301ee17f30f4d474e6ae4b05252/library/alloc/src/boxed.rs:2454:9
[INFO] [stdout]   42:     0x564f500cab9b - std::sys::pal::unix::thread::Thread::new::thread_start::h6cd80a1b4be5158d
[INFO] [stdout]                                at /rustc/df4ca44d3fbc9301ee17f30f4d474e6ae4b05252/library/std/src/sys/pal/unix/thread.rs:105:17
[INFO] [stdout]   43:     0x7831ae9aaac3 - <unknown>
[INFO] [stdout]   44:     0x7831aea3ba04 - clone
[INFO] [stdout]   45:                0x0 - <unknown>
[INFO] [stdout] 
[INFO] [stdout] 
[INFO] [stdout] failures:
[INFO] [stdout]     json_test_suite
[INFO] [stdout] 
[INFO] [stdout] test result: FAILED. 10 passed; 1 failed; 0 ignored; 0 measured; 0 filtered out; finished in 0.17s
[INFO] [stdout] 
[INFO] [stderr] error: test failed, to rerun pass `--test lib`
[INFO] running `Command { std: "docker" "inspect" "9fad406d41a7fe6fdd5d0eccc00d9e84fd531165ccd853effd7840c62b1349fc", kill_on_drop: false }`
[INFO] running `Command { std: "docker" "rm" "-f" "9fad406d41a7fe6fdd5d0eccc00d9e84fd531165ccd853effd7840c62b1349fc", kill_on_drop: false }`
[INFO] [stdout] 9fad406d41a7fe6fdd5d0eccc00d9e84fd531165ccd853effd7840c62b1349fc
