[INFO] cloning repository https://github.com/hans-strudle/termilock
[INFO] running `Command { std: "git" "-c" "credential.helper=" "-c" "credential.helper=/workspace/cargo-home/bin/git-credential-null" "clone" "--bare" "https://github.com/hans-strudle/termilock" "/workspace/cache/git-repos/https%3A%2F%2Fgithub.com%2Fhans-strudle%2Ftermilock", kill_on_drop: false }`
[INFO] [stderr] Cloning into bare repository '/workspace/cache/git-repos/https%3A%2F%2Fgithub.com%2Fhans-strudle%2Ftermilock'...
[INFO] running `Command { std: "git" "rev-parse" "HEAD", kill_on_drop: false }`
[INFO] [stdout] 880edc600e3d6d4435b65cfd91821f0c3b9105c0
[INFO] testing hans-strudle/termilock against nightly-2024-10-28 for randomize-layout
[INFO] running `Command { std: "git" "clone" "/workspace/cache/git-repos/https%3A%2F%2Fgithub.com%2Fhans-strudle%2Ftermilock" "/workspace/builds/worker-7-tc1/source", kill_on_drop: false }`
[INFO] [stderr] Cloning into '/workspace/builds/worker-7-tc1/source'...
[INFO] [stderr] done.
[INFO] validating manifest of git repo https://github.com/hans-strudle/termilock on toolchain nightly-2024-10-28
[INFO] running `Command { std: CARGO_HOME="/workspace/cargo-home" RUSTUP_HOME="/workspace/rustup-home" "/workspace/cargo-home/bin/cargo" "+nightly-2024-10-28" "metadata" "--manifest-path" "Cargo.toml" "--no-deps", kill_on_drop: false }`
[INFO] started tweaking git repo https://github.com/hans-strudle/termilock
[INFO] finished tweaking git repo https://github.com/hans-strudle/termilock
[INFO] tweaked toml for git repo https://github.com/hans-strudle/termilock written to /workspace/builds/worker-7-tc1/source/Cargo.toml
[INFO] crate git repo https://github.com/hans-strudle/termilock already has a lockfile, it will not be regenerated
[INFO] running `Command { std: CARGO_HOME="/workspace/cargo-home" RUSTUP_HOME="/workspace/rustup-home" "/workspace/cargo-home/bin/cargo" "+nightly-2024-10-28" "fetch" "--manifest-path" "Cargo.toml", kill_on_drop: false }`
[INFO] running `Command { std: "docker" "create" "-v" "/var/lib/crater-agent-workspace/builds/worker-7-tc1/target:/opt/rustwide/target:rw,Z" "-v" "/var/lib/crater-agent-workspace/builds/worker-7-tc1/source:/opt/rustwide/workdir:ro,Z" "-v" "/var/lib/crater-agent-workspace/cargo-home:/opt/rustwide/cargo-home:ro,Z" "-v" "/var/lib/crater-agent-workspace/rustup-home:/opt/rustwide/rustup-home:ro,Z" "-e" "SOURCE_DIR=/opt/rustwide/workdir" "-e" "CARGO_TARGET_DIR=/opt/rustwide/target" "-e" "CARGO_HOME=/opt/rustwide/cargo-home" "-e" "RUSTUP_HOME=/opt/rustwide/rustup-home" "-w" "/opt/rustwide/workdir" "-m" "1610612736" "--user" "0:0" "--network" "none" "ghcr.io/rust-lang/crates-build-env/linux@sha256:4a844ea9eb2546a2d2c7022eacef16ef2e8229c7fbb2c7d4d55a9ceca922f72d" "/opt/rustwide/cargo-home/bin/cargo" "+nightly-2024-10-28" "metadata" "--no-deps" "--format-version=1", kill_on_drop: false }`
[INFO] [stdout] 55dbfd974c453b1cad21ebb36a230a529cb9c5531f0707069e30cb7194cb6e2d
[INFO] running `Command { std: "docker" "start" "-a" "55dbfd974c453b1cad21ebb36a230a529cb9c5531f0707069e30cb7194cb6e2d", kill_on_drop: false }`
[INFO] running `Command { std: "docker" "inspect" "55dbfd974c453b1cad21ebb36a230a529cb9c5531f0707069e30cb7194cb6e2d", kill_on_drop: false }`
[INFO] running `Command { std: "docker" "rm" "-f" "55dbfd974c453b1cad21ebb36a230a529cb9c5531f0707069e30cb7194cb6e2d", kill_on_drop: false }`
[INFO] [stdout] 55dbfd974c453b1cad21ebb36a230a529cb9c5531f0707069e30cb7194cb6e2d
[INFO] running `Command { std: "docker" "create" "-v" "/var/lib/crater-agent-workspace/builds/worker-7-tc1/target:/opt/rustwide/target:rw,Z" "-v" "/var/lib/crater-agent-workspace/builds/worker-7-tc1/source:/opt/rustwide/workdir:ro,Z" "-v" "/var/lib/crater-agent-workspace/cargo-home:/opt/rustwide/cargo-home:ro,Z" "-v" "/var/lib/crater-agent-workspace/rustup-home:/opt/rustwide/rustup-home:ro,Z" "-e" "SOURCE_DIR=/opt/rustwide/workdir" "-e" "CARGO_TARGET_DIR=/opt/rustwide/target" "-e" "CARGO_INCREMENTAL=0" "-e" "RUST_BACKTRACE=full" "-e" "RUSTFLAGS=--cap-lints=forbid" "-e" "RUSTDOCFLAGS=--cap-lints=forbid" "-e" "CARGO_HOME=/opt/rustwide/cargo-home" "-e" "RUSTUP_HOME=/opt/rustwide/rustup-home" "-w" "/opt/rustwide/workdir" "-m" "1610612736" "--user" "0:0" "--network" "none" "ghcr.io/rust-lang/crates-build-env/linux@sha256:4a844ea9eb2546a2d2c7022eacef16ef2e8229c7fbb2c7d4d55a9ceca922f72d" "/opt/rustwide/cargo-home/bin/cargo" "+nightly-2024-10-28" "build" "--frozen" "--message-format=json", kill_on_drop: false }`
[INFO] [stdout] a8ba55d7a341bb730ac374fe031fa2a637b06ab8f89e243e608b805fd487daa3
[INFO] running `Command { std: "docker" "start" "-a" "a8ba55d7a341bb730ac374fe031fa2a637b06ab8f89e243e608b805fd487daa3", kill_on_drop: false }`
[INFO] [stderr]    Compiling libc v0.2.158
[INFO] [stderr]    Compiling typenum v1.17.0
[INFO] [stderr]    Compiling version_check v0.9.5
[INFO] [stderr]    Compiling proc-macro2 v1.0.86
[INFO] [stderr]    Compiling unicode-ident v1.0.12
[INFO] [stderr]    Compiling autocfg v1.3.0
[INFO] [stderr]    Compiling signal-hook v0.3.17
[INFO] [stderr]    Compiling utf8parse v0.2.2
[INFO] [stderr]    Compiling parking_lot_core v0.9.10
[INFO] [stderr]    Compiling colorchoice v1.0.2
[INFO] [stderr]    Compiling log v0.4.22
[INFO] [stderr]    Compiling serde v1.0.209
[INFO] [stderr]    Compiling smallvec v1.13.2
[INFO] [stderr]    Compiling cfg-if v1.0.0
[INFO] [stderr]    Compiling anstyle-query v1.1.1
[INFO] [stderr]    Compiling is_terminal_polyfill v1.70.1
[INFO] [stderr]    Compiling scopeguard v1.2.0
[INFO] [stderr]    Compiling anstyle-parse v0.2.5
[INFO] [stderr]    Compiling rustix v0.38.35
[INFO] [stderr]    Compiling anstyle v1.0.8
[INFO] [stderr]    Compiling serde_json v1.0.127
[INFO] [stderr]    Compiling linux-raw-sys v0.4.14
[INFO] [stderr]    Compiling bitflags v2.6.0
[INFO] [stderr]    Compiling clap_lex v0.7.2
[INFO] [stderr]    Compiling heck v0.5.0
[INFO] [stderr]    Compiling strsim v0.11.1
[INFO] [stderr]    Compiling keccak v0.1.5
[INFO] [stderr]    Compiling memchr v2.7.4
[INFO] [stderr]    Compiling ryu v1.0.18
[INFO] [stderr]    Compiling anstream v0.6.15
[INFO] [stderr]    Compiling itoa v1.0.11
[INFO] [stderr]    Compiling generic-array v0.14.7
[INFO] [stderr]    Compiling lock_api v0.4.12
[INFO] [stderr]    Compiling clap_builder v4.5.15
[INFO] [stderr]    Compiling quote v1.0.37
[INFO] [stderr]    Compiling signal-hook-registry v1.4.2
[INFO] [stderr]    Compiling mio v1.0.2
[INFO] [stderr]    Compiling syn v2.0.77
[INFO] [stderr]    Compiling parking_lot v0.12.3
[INFO] [stderr]    Compiling signal-hook-mio v0.2.4
[INFO] [stderr]    Compiling crossterm v0.28.1
[INFO] [stderr]    Compiling crypto-common v0.1.6
[INFO] [stderr]    Compiling block-buffer v0.10.4
[INFO] [stderr]    Compiling digest v0.10.7
[INFO] [stderr]    Compiling sha3 v0.10.8
[INFO] [stderr]    Compiling clap_derive v4.5.13
[INFO] [stderr]    Compiling clap v4.5.16
[INFO] [stderr]    Compiling termilock v0.1.0 (/opt/rustwide/workdir)
[INFO] [stdout] warning: unused import: `std::thread`
[INFO] [stdout]   --> src/main.rs:17:5
[INFO] [stdout]    |
[INFO] [stdout] 17 | use std::thread;
[INFO] [stdout]    |     ^^^^^^^^^^^
[INFO] [stdout]    |
[INFO] [stdout]    = note: `#[warn(unused_imports)]` on by default
[INFO] [stdout] 
[INFO] [stdout] 
[INFO] [stdout] warning: unused variable: `cmd`
[INFO] [stdout]   --> src/plugins.rs:14:23
[INFO] [stdout]    |
[INFO] [stdout] 14 | pub fn build_shell_fn(cmd: &str) -> impl Fn(&str) -> String {
[INFO] [stdout]    |                       ^^^ help: if this is intentional, prefix it with an underscore: `_cmd`
[INFO] [stdout]    |
[INFO] [stdout]    = note: `#[warn(unused_variables)]` on by default
[INFO] [stdout] 
[INFO] [stdout] 
[INFO] [stdout] warning: unreachable expression
[INFO] [stdout]   --> src/pass.rs:39:5
[INFO] [stdout]    |
[INFO] [stdout] 30 | /     match get_password_file() {
[INFO] [stdout] 31 | |         Ok(_) => {
[INFO] [stdout] 32 | |             return true
[INFO] [stdout] 33 | |         },
[INFO] [stdout] ...  |
[INFO] [stdout] 37 | |         }
[INFO] [stdout] 38 | |     }
[INFO] [stdout]    | |_____- any code following this `match` expression is unreachable, as all arms diverge
[INFO] [stdout] 39 |       false
[INFO] [stdout]    |       ^^^^^ unreachable expression
[INFO] [stdout]    |
[INFO] [stdout]    = note: `#[warn(unreachable_code)]` on by default
[INFO] [stdout] 
[INFO] [stdout] 
[INFO] [stdout] warning: unused variable: `s`
[INFO] [stdout]   --> src/pass.rs:49:9
[INFO] [stdout]    |
[INFO] [stdout] 49 |     let s = file.read_to_string(&mut content)?;
[INFO] [stdout]    |         ^ help: if this is intentional, prefix it with an underscore: `_s`
[INFO] [stdout] 
[INFO] [stdout] 
[INFO] [stdout] warning: unused variable: `x`
[INFO] [stdout]   --> src/plugins.rs:47:21
[INFO] [stdout]    |
[INFO] [stdout] 47 |                 let x = plugin["x"].as_u64().expect("x from json");
[INFO] [stdout]    |                     ^ help: if this is intentional, prefix it with an underscore: `_x`
[INFO] [stdout] 
[INFO] [stdout] 
[INFO] [stdout] warning: unused variable: `y`
[INFO] [stdout]   --> src/plugins.rs:48:21
[INFO] [stdout]    |
[INFO] [stdout] 48 |                 let y = plugin["y"].as_u64().expect("y from json");
[INFO] [stdout]    |                     ^ help: if this is intentional, prefix it with an underscore: `_y`
[INFO] [stdout] 
[INFO] [stdout] 
[INFO] [stdout] warning: unused variable: `cmd`
[INFO] [stdout]   --> src/plugins.rs:49:21
[INFO] [stdout]    |
[INFO] [stdout] 49 |                 let cmd  = &plugin["command"];
[INFO] [stdout]    |                     ^^^ help: if this is intentional, prefix it with an underscore: `_cmd`
[INFO] [stdout] 
[INFO] [stdout] 
[INFO] [stdout] warning: variable does not need to be mutable
[INFO] [stdout]   --> src/plugins.rs:40:13
[INFO] [stdout]    |
[INFO] [stdout] 40 |         let mut file = fs::File::open(&self.config_file)?;
[INFO] [stdout]    |             ----^^^^
[INFO] [stdout]    |             |
[INFO] [stdout]    |             help: remove this `mut`
[INFO] [stdout]    |
[INFO] [stdout]    = note: `#[warn(unused_mut)]` on by default
[INFO] [stdout] 
[INFO] [stdout] 
[INFO] [stdout] warning: variable does not need to be mutable
[INFO] [stdout]   --> src/plugins.rs:41:13
[INFO] [stdout]    |
[INFO] [stdout] 41 |         let mut config: serde_json::Value = serde_json::from_reader(file)?;
[INFO] [stdout]    |             ----^^^^^^
[INFO] [stdout]    |             |
[INFO] [stdout]    |             help: remove this `mut`
[INFO] [stdout] 
[INFO] [stdout] 
[INFO] [stdout] warning: variable does not need to be mutable
[INFO] [stdout]   --> src/plugins.rs:68:23
[INFO] [stdout]    |
[INFO] [stdout] 68 |    pub fn call(&self, mut stdout: &mut io::Stdout) -> String {
[INFO] [stdout]    |                       ----^^^^^^
[INFO] [stdout]    |                       |
[INFO] [stdout]    |                       help: remove this `mut`
[INFO] [stdout] 
[INFO] [stdout] 
[INFO] [stdout] warning: unused variable: `MIN_PASS_LENGTH`
[INFO] [stdout]   --> src/main.rs:44:9
[INFO] [stdout]    |
[INFO] [stdout] 44 |     let MIN_PASS_LENGTH = 4;
[INFO] [stdout]    |         ^^^^^^^^^^^^^^^ help: if this is intentional, prefix it with an underscore: `_MIN_PASS_LENGTH`
[INFO] [stdout] 
[INFO] [stdout] 
[INFO] [stdout] warning: value assigned to `PASS` is never read
[INFO] [stdout]   --> src/main.rs:47:13
[INFO] [stdout]    |
[INFO] [stdout] 47 |     let mut PASS = String::new();
[INFO] [stdout]    |             ^^^^
[INFO] [stdout]    |
[INFO] [stdout]    = help: maybe it is overwritten before being read?
[INFO] [stdout]    = note: `#[warn(unused_assignments)]` on by default
[INFO] [stdout] 
[INFO] [stdout] 
[INFO] [stdout] warning: variable does not need to be mutable
[INFO] [stdout]    --> src/main.rs:139:9
[INFO] [stdout]     |
[INFO] [stdout] 139 |     let mut lock_content = std::fs::read_to_string("res/lock.txt")?;
[INFO] [stdout]     |         ----^^^^^^^^^^^^
[INFO] [stdout]     |         |
[INFO] [stdout]     |         help: remove this `mut`
[INFO] [stdout] 
[INFO] [stdout] 
[INFO] [stdout] warning: struct `Element` is never constructed
[INFO] [stdout]   --> src/main.rs:19:8
[INFO] [stdout]    |
[INFO] [stdout] 19 | struct Element {
[INFO] [stdout]    |        ^^^^^^^
[INFO] [stdout]    |
[INFO] [stdout]    = note: `#[warn(dead_code)]` on by default
[INFO] [stdout] 
[INFO] [stdout] 
[INFO] [stdout] warning: associated function `new` is never used
[INFO] [stdout]   --> src/main.rs:26:8
[INFO] [stdout]    |
[INFO] [stdout] 25 | impl Element {
[INFO] [stdout]    | ------------ associated function in this implementation
[INFO] [stdout] 26 |     fn new(text: &str, x: u16, y: u16) -> Self {
[INFO] [stdout]    |        ^^^
[INFO] [stdout] 
[INFO] [stdout] 
[INFO] [stdout] warning: struct `Plugins` is never constructed
[INFO] [stdout]  --> src/plugins.rs:8:12
[INFO] [stdout]   |
[INFO] [stdout] 8 | pub struct Plugins {
[INFO] [stdout]   |            ^^^^^^^
[INFO] [stdout] 
[INFO] [stdout] 
[INFO] [stdout] warning: function `build_shell_fn` is never used
[INFO] [stdout]   --> src/plugins.rs:14:8
[INFO] [stdout]    |
[INFO] [stdout] 14 | pub fn build_shell_fn(cmd: &str) -> impl Fn(&str) -> String {
[INFO] [stdout]    |        ^^^^^^^^^^^^^^
[INFO] [stdout] 
[INFO] [stdout] 
[INFO] [stdout] warning: field `delay` is never read
[INFO] [stdout]   --> src/plugins.rs:29:9
[INFO] [stdout]    |
[INFO] [stdout] 25 | pub struct Plugin {
[INFO] [stdout]    |            ------ field in this struct
[INFO] [stdout] ...
[INFO] [stdout] 29 |     pub delay: Option<Duration>,
[INFO] [stdout]    |         ^^^^^
[INFO] [stdout] 
[INFO] [stdout] 
[INFO] [stdout] warning: method `load` is never used
[INFO] [stdout]   --> src/plugins.rs:34:12
[INFO] [stdout]    |
[INFO] [stdout] 33 | impl Plugins {
[INFO] [stdout]    | ------------ method in this implementation
[INFO] [stdout] 34 |     pub fn load(&mut self) -> io::Result<Vec<Plugin>> {
[INFO] [stdout]    |            ^^^^
[INFO] [stdout] 
[INFO] [stdout] 
[INFO] [stdout] warning: unused `Result` that must be used
[INFO] [stdout]   --> src/main.rs:37:9
[INFO] [stdout]    |
[INFO] [stdout] 37 |         write!(f, csi!("{};{}H"), self.x + 1, self.y + 1);
[INFO] [stdout]    |         ^^^^^^^^^^^^^^^^^^^^^^^^^^^^^^^^^^^^^^^^^^^^^^^^^
[INFO] [stdout]    |
[INFO] [stdout]    = note: this `Result` may be an `Err` variant, which should be handled
[INFO] [stdout]    = note: `#[warn(unused_must_use)]` on by default
[INFO] [stdout]    = note: this warning originates in the macro `write` (in Nightly builds, run with -Z macro-backtrace for more info)
[INFO] [stdout] 
[INFO] [stdout] 
[INFO] [stdout] warning: variable `MIN_PASS_LENGTH` should have a snake case name
[INFO] [stdout]   --> src/main.rs:44:9
[INFO] [stdout]    |
[INFO] [stdout] 44 |     let MIN_PASS_LENGTH = 4;
[INFO] [stdout]    |         ^^^^^^^^^^^^^^^ help: convert the identifier to snake case: `min_pass_length`
[INFO] [stdout]    |
[INFO] [stdout]    = note: `#[warn(non_snake_case)]` on by default
[INFO] [stdout] 
[INFO] [stdout] 
[INFO] [stdout] warning: variable `PASS_LENGTH` should have a snake case name
[INFO] [stdout]   --> src/main.rs:45:9
[INFO] [stdout]    |
[INFO] [stdout] 45 |     let PASS_LENGTH = 6;
[INFO] [stdout]    |         ^^^^^^^^^^^ help: convert the identifier to snake case: `pass_length`
[INFO] [stdout] 
[INFO] [stdout] 
[INFO] [stdout] warning: variable `PASSWORD_CREATED` should have a snake case name
[INFO] [stdout]   --> src/main.rs:46:9
[INFO] [stdout]    |
[INFO] [stdout] 46 |     let PASSWORD_CREATED = pass::is_password_file_present();
[INFO] [stdout]    |         ^^^^^^^^^^^^^^^^ help: convert the identifier to snake case: `password_created`
[INFO] [stdout] 
[INFO] [stdout] 
[INFO] [stdout] warning: variable `PASS` should have a snake case name
[INFO] [stdout]   --> src/main.rs:47:13
[INFO] [stdout]    |
[INFO] [stdout] 47 |     let mut PASS = String::new();
[INFO] [stdout]    |             ^^^^ help: convert the identifier to snake case: `pass`
[INFO] [stdout] 
[INFO] [stdout] 
[INFO] [stdout] warning: variable `SET_PASSWORD` should have a snake case name
[INFO] [stdout]   --> src/main.rs:48:13
[INFO] [stdout]    |
[INFO] [stdout] 48 |     let mut SET_PASSWORD = false;
[INFO] [stdout]    |             ^^^^^^^^^^^^ help: convert the identifier to snake case: `set_password`
[INFO] [stdout] 
[INFO] [stdout] 
[INFO] [stdout] warning: variable `battF` should have a snake case name
[INFO] [stdout]   --> src/main.rs:99:9
[INFO] [stdout]    |
[INFO] [stdout] 99 |     let battF = || -> String {
[INFO] [stdout]    |         ^^^^^ help: convert the identifier to snake case: `batt_f`
[INFO] [stdout] 
[INFO] [stdout] 
[INFO] [stdout] warning: variable `LOCK_STRING` should have a snake case name
[INFO] [stdout]    --> src/main.rs:122:9
[INFO] [stdout]     |
[INFO] [stdout] 122 |     let LOCK_STRING = "_ ".repeat(PASS_LENGTH - 1) + "_";
[INFO] [stdout]     |         ^^^^^^^^^^^ help: convert the identifier to snake case: `lock_string`
[INFO] [stdout] 
[INFO] [stdout] 
[INFO] [stdout] warning: unused `Result` that must be used
[INFO] [stdout]    --> src/main.rs:150:13
[INFO] [stdout]     |
[INFO] [stdout] 150 |             stdout.queue(cursor::MoveTo(width / 2 - 7, height / 2 - 8 + iii));
[INFO] [stdout]     |             ^^^^^^^^^^^^^^^^^^^^^^^^^^^^^^^^^^^^^^^^^^^^^^^^^^^^^^^^^^^^^^^^^
[INFO] [stdout]     |
[INFO] [stdout]     = note: this `Result` may be an `Err` variant, which should be handled
[INFO] [stdout] help: use `let _ = ...` to ignore the resulting value
[INFO] [stdout]     |
[INFO] [stdout] 150 |             let _ = stdout.queue(cursor::MoveTo(width / 2 - 7, height / 2 - 8 + iii));
[INFO] [stdout]     |             +++++++
[INFO] [stdout] 
[INFO] [stdout] 
[INFO] [stdout] warning: unused `Result` that must be used
[INFO] [stdout]    --> src/main.rs:155:13
[INFO] [stdout]     |
[INFO] [stdout] 155 |             stdout.queue(cursor::MoveTo(width / 2 - offset + x, height / 2 + 3));
[INFO] [stdout]     |             ^^^^^^^^^^^^^^^^^^^^^^^^^^^^^^^^^^^^^^^^^^^^^^^^^^^^^^^^^^^^^^^^^^^^
[INFO] [stdout]     |
[INFO] [stdout]     = note: this `Result` may be an `Err` variant, which should be handled
[INFO] [stdout] help: use `let _ = ...` to ignore the resulting value
[INFO] [stdout]     |
[INFO] [stdout] 155 |             let _ = stdout.queue(cursor::MoveTo(width / 2 - offset + x, height / 2 + 3));
[INFO] [stdout]     |             +++++++
[INFO] [stdout] 
[INFO] [stdout] 
[INFO] [stdout] warning: unused `Result` that must be used
[INFO] [stdout]    --> src/main.rs:157:13
[INFO] [stdout]     |
[INFO] [stdout] 157 |             stdout.queue(cursor::MoveTo(width / 2 - offset + x, height / 2 + 3));
[INFO] [stdout]     |             ^^^^^^^^^^^^^^^^^^^^^^^^^^^^^^^^^^^^^^^^^^^^^^^^^^^^^^^^^^^^^^^^^^^^
[INFO] [stdout]     |
[INFO] [stdout]     = note: this `Result` may be an `Err` variant, which should be handled
[INFO] [stdout] help: use `let _ = ...` to ignore the resulting value
[INFO] [stdout]     |
[INFO] [stdout] 157 |             let _ = stdout.queue(cursor::MoveTo(width / 2 - offset + x, height / 2 + 3));
[INFO] [stdout]     |             +++++++
[INFO] [stdout] 
[INFO] [stdout] 
[INFO] [stdout] warning: unused `Result` that must be used
[INFO] [stdout]    --> src/main.rs:190:17
[INFO] [stdout]     |
[INFO] [stdout] 190 |                 stdout.flush();
[INFO] [stdout]     |                 ^^^^^^^^^^^^^^
[INFO] [stdout]     |
[INFO] [stdout]     = note: this `Result` may be an `Err` variant, which should be handled
[INFO] [stdout] help: use `let _ = ...` to ignore the resulting value
[INFO] [stdout]     |
[INFO] [stdout] 190 |                 let _ = stdout.flush();
[INFO] [stdout]     |                 +++++++
[INFO] [stdout] 
[INFO] [stdout] 
[INFO] [stdout] warning: unused `Result` that must be used
[INFO] [stdout]    --> src/main.rs:212:17
[INFO] [stdout]     |
[INFO] [stdout] 212 |                 stdout.flush();
[INFO] [stdout]     |                 ^^^^^^^^^^^^^^
[INFO] [stdout]     |
[INFO] [stdout]     = note: this `Result` may be an `Err` variant, which should be handled
[INFO] [stdout] help: use `let _ = ...` to ignore the resulting value
[INFO] [stdout]     |
[INFO] [stdout] 212 |                 let _ = stdout.flush();
[INFO] [stdout]     |                 +++++++
[INFO] [stdout] 
[INFO] [stdout] 
[INFO] [stdout] warning: unused `Result` that must be used
[INFO] [stdout]    --> src/main.rs:215:21
[INFO] [stdout]     |
[INFO] [stdout] 215 |                     terminal::disable_raw_mode();
[INFO] [stdout]     |                     ^^^^^^^^^^^^^^^^^^^^^^^^^^^^
[INFO] [stdout]     |
[INFO] [stdout]     = note: this `Result` may be an `Err` variant, which should be handled
[INFO] [stdout] help: use `let _ = ...` to ignore the resulting value
[INFO] [stdout]     |
[INFO] [stdout] 215 |                     let _ = terminal::disable_raw_mode();
[INFO] [stdout]     |                     +++++++
[INFO] [stdout] 
[INFO] [stdout] 
[INFO] [stdout] warning: unused `Result` that must be used
[INFO] [stdout]    --> src/main.rs:236:9
[INFO] [stdout]     |
[INFO] [stdout] 236 |         stdout.flush();
[INFO] [stdout]     |         ^^^^^^^^^^^^^^
[INFO] [stdout]     |
[INFO] [stdout]     = note: this `Result` may be an `Err` variant, which should be handled
[INFO] [stdout] help: use `let _ = ...` to ignore the resulting value
[INFO] [stdout]     |
[INFO] [stdout] 236 |         let _ = stdout.flush();
[INFO] [stdout]     |         +++++++
[INFO] [stdout] 
[INFO] [stdout] 
[INFO] [stdout] warning: structure field `findDir` should have a snake case name
[INFO] [stdout]   --> src/plugins.rs:10:9
[INFO] [stdout]    |
[INFO] [stdout] 10 |     pub findDir: String,
[INFO] [stdout]    |         ^^^^^^^ help: convert the identifier to snake case: `find_dir`
[INFO] [stdout] 
[INFO] [stdout] 
[INFO] [stdout] warning: unused `Result` that must be used
[INFO] [stdout]   --> src/plugins.rs:70:8
[INFO] [stdout]    |
[INFO] [stdout] 70 |        stdout.queue(cursor::MoveTo(self.x, self.y));
[INFO] [stdout]    |        ^^^^^^^^^^^^^^^^^^^^^^^^^^^^^^^^^^^^^^^^^^^^
[INFO] [stdout]    |
[INFO] [stdout]    = note: this `Result` may be an `Err` variant, which should be handled
[INFO] [stdout] help: use `let _ = ...` to ignore the resulting value
[INFO] [stdout]    |
[INFO] [stdout] 70 |        let _ = stdout.queue(cursor::MoveTo(self.x, self.y));
[INFO] [stdout]    |        +++++++
[INFO] [stdout] 
[INFO] [stdout] 
[INFO] [stdout] warning: unused `Result` that must be used
[INFO] [stdout]   --> src/plugins.rs:71:8
[INFO] [stdout]    |
[INFO] [stdout] 71 |        stdout.write(ret.as_bytes());
[INFO] [stdout]    |        ^^^^^^^^^^^^^^^^^^^^^^^^^^^^
[INFO] [stdout]    |
[INFO] [stdout]    = note: this `Result` may be an `Err` variant, which should be handled
[INFO] [stdout] help: use `let _ = ...` to ignore the resulting value
[INFO] [stdout]    |
[INFO] [stdout] 71 |        let _ = stdout.write(ret.as_bytes());
[INFO] [stdout]    |        +++++++
[INFO] [stdout] 
[INFO] [stdout] 
[INFO] [stderr]     Finished `dev` profile [unoptimized + debuginfo] target(s) in 4.47s
[INFO] running `Command { std: "docker" "inspect" "a8ba55d7a341bb730ac374fe031fa2a637b06ab8f89e243e608b805fd487daa3", kill_on_drop: false }`
[INFO] running `Command { std: "docker" "rm" "-f" "a8ba55d7a341bb730ac374fe031fa2a637b06ab8f89e243e608b805fd487daa3", kill_on_drop: false }`
[INFO] [stdout] a8ba55d7a341bb730ac374fe031fa2a637b06ab8f89e243e608b805fd487daa3
[INFO] running `Command { std: "docker" "create" "-v" "/var/lib/crater-agent-workspace/builds/worker-7-tc1/target:/opt/rustwide/target:rw,Z" "-v" "/var/lib/crater-agent-workspace/builds/worker-7-tc1/source:/opt/rustwide/workdir:ro,Z" "-v" "/var/lib/crater-agent-workspace/cargo-home:/opt/rustwide/cargo-home:ro,Z" "-v" "/var/lib/crater-agent-workspace/rustup-home:/opt/rustwide/rustup-home:ro,Z" "-e" "SOURCE_DIR=/opt/rustwide/workdir" "-e" "CARGO_TARGET_DIR=/opt/rustwide/target" "-e" "CARGO_INCREMENTAL=0" "-e" "RUST_BACKTRACE=full" "-e" "RUSTFLAGS=--cap-lints=forbid" "-e" "RUSTDOCFLAGS=--cap-lints=forbid" "-e" "CARGO_HOME=/opt/rustwide/cargo-home" "-e" "RUSTUP_HOME=/opt/rustwide/rustup-home" "-w" "/opt/rustwide/workdir" "-m" "1610612736" "--user" "0:0" "--network" "none" "ghcr.io/rust-lang/crates-build-env/linux@sha256:4a844ea9eb2546a2d2c7022eacef16ef2e8229c7fbb2c7d4d55a9ceca922f72d" "/opt/rustwide/cargo-home/bin/cargo" "+nightly-2024-10-28" "test" "--frozen" "--no-run" "--message-format=json", kill_on_drop: false }`
[INFO] [stdout] ec9399c603497f18f8d069ec09eee184718518ac3ecdae2f096f198374dd8d8c
[INFO] running `Command { std: "docker" "start" "-a" "ec9399c603497f18f8d069ec09eee184718518ac3ecdae2f096f198374dd8d8c", kill_on_drop: false }`
[INFO] [stderr]    Compiling termilock v0.1.0 (/opt/rustwide/workdir)
[INFO] [stdout] warning: unused import: `std::thread`
[INFO] [stdout]   --> src/main.rs:17:5
[INFO] [stdout]    |
[INFO] [stdout] 17 | use std::thread;
[INFO] [stdout]    |     ^^^^^^^^^^^
[INFO] [stdout]    |
[INFO] [stdout]    = note: `#[warn(unused_imports)]` on by default
[INFO] [stdout] 
[INFO] [stdout] 
[INFO] [stdout] warning: unused variable: `cmd`
[INFO] [stdout]   --> src/plugins.rs:14:23
[INFO] [stdout]    |
[INFO] [stdout] 14 | pub fn build_shell_fn(cmd: &str) -> impl Fn(&str) -> String {
[INFO] [stdout]    |                       ^^^ help: if this is intentional, prefix it with an underscore: `_cmd`
[INFO] [stdout]    |
[INFO] [stdout]    = note: `#[warn(unused_variables)]` on by default
[INFO] [stdout] 
[INFO] [stdout] 
[INFO] [stdout] warning: unreachable expression
[INFO] [stdout]   --> src/pass.rs:39:5
[INFO] [stdout]    |
[INFO] [stdout] 30 | /     match get_password_file() {
[INFO] [stdout] 31 | |         Ok(_) => {
[INFO] [stdout] 32 | |             return true
[INFO] [stdout] 33 | |         },
[INFO] [stdout] ...  |
[INFO] [stdout] 37 | |         }
[INFO] [stdout] 38 | |     }
[INFO] [stdout]    | |_____- any code following this `match` expression is unreachable, as all arms diverge
[INFO] [stdout] 39 |       false
[INFO] [stdout]    |       ^^^^^ unreachable expression
[INFO] [stdout]    |
[INFO] [stdout]    = note: `#[warn(unreachable_code)]` on by default
[INFO] [stdout] 
[INFO] [stdout] 
[INFO] [stdout] warning: unused variable: `s`
[INFO] [stdout]   --> src/pass.rs:49:9
[INFO] [stdout]    |
[INFO] [stdout] 49 |     let s = file.read_to_string(&mut content)?;
[INFO] [stdout]    |         ^ help: if this is intentional, prefix it with an underscore: `_s`
[INFO] [stdout] 
[INFO] [stdout] 
[INFO] [stdout] warning: unused variable: `x`
[INFO] [stdout]   --> src/plugins.rs:47:21
[INFO] [stdout]    |
[INFO] [stdout] 47 |                 let x = plugin["x"].as_u64().expect("x from json");
[INFO] [stdout]    |                     ^ help: if this is intentional, prefix it with an underscore: `_x`
[INFO] [stdout] 
[INFO] [stdout] 
[INFO] [stdout] warning: unused variable: `y`
[INFO] [stdout]   --> src/plugins.rs:48:21
[INFO] [stdout]    |
[INFO] [stdout] 48 |                 let y = plugin["y"].as_u64().expect("y from json");
[INFO] [stdout]    |                     ^ help: if this is intentional, prefix it with an underscore: `_y`
[INFO] [stdout] 
[INFO] [stdout] 
[INFO] [stdout] warning: unused variable: `cmd`
[INFO] [stdout]   --> src/plugins.rs:49:21
[INFO] [stdout]    |
[INFO] [stdout] 49 |                 let cmd  = &plugin["command"];
[INFO] [stdout]    |                     ^^^ help: if this is intentional, prefix it with an underscore: `_cmd`
[INFO] [stdout] 
[INFO] [stdout] 
[INFO] [stdout] warning: variable does not need to be mutable
[INFO] [stdout]   --> src/plugins.rs:40:13
[INFO] [stdout]    |
[INFO] [stdout] 40 |         let mut file = fs::File::open(&self.config_file)?;
[INFO] [stdout]    |             ----^^^^
[INFO] [stdout]    |             |
[INFO] [stdout]    |             help: remove this `mut`
[INFO] [stdout]    |
[INFO] [stdout]    = note: `#[warn(unused_mut)]` on by default
[INFO] [stdout] 
[INFO] [stdout] 
[INFO] [stdout] warning: variable does not need to be mutable
[INFO] [stdout]   --> src/plugins.rs:41:13
[INFO] [stdout]    |
[INFO] [stdout] 41 |         let mut config: serde_json::Value = serde_json::from_reader(file)?;
[INFO] [stdout]    |             ----^^^^^^
[INFO] [stdout]    |             |
[INFO] [stdout]    |             help: remove this `mut`
[INFO] [stdout] 
[INFO] [stdout] 
[INFO] [stdout] warning: variable does not need to be mutable
[INFO] [stdout]   --> src/plugins.rs:68:23
[INFO] [stdout]    |
[INFO] [stdout] 68 |    pub fn call(&self, mut stdout: &mut io::Stdout) -> String {
[INFO] [stdout]    |                       ----^^^^^^
[INFO] [stdout]    |                       |
[INFO] [stdout]    |                       help: remove this `mut`
[INFO] [stdout] 
[INFO] [stdout] 
[INFO] [stdout] warning: unused variable: `MIN_PASS_LENGTH`
[INFO] [stdout]   --> src/main.rs:44:9
[INFO] [stdout]    |
[INFO] [stdout] 44 |     let MIN_PASS_LENGTH = 4;
[INFO] [stdout]    |         ^^^^^^^^^^^^^^^ help: if this is intentional, prefix it with an underscore: `_MIN_PASS_LENGTH`
[INFO] [stdout] 
[INFO] [stdout] 
[INFO] [stdout] warning: value assigned to `PASS` is never read
[INFO] [stdout]   --> src/main.rs:47:13
[INFO] [stdout]    |
[INFO] [stdout] 47 |     let mut PASS = String::new();
[INFO] [stdout]    |             ^^^^
[INFO] [stdout]    |
[INFO] [stdout]    = help: maybe it is overwritten before being read?
[INFO] [stdout]    = note: `#[warn(unused_assignments)]` on by default
[INFO] [stdout] 
[INFO] [stdout] 
[INFO] [stdout] warning: variable does not need to be mutable
[INFO] [stdout]    --> src/main.rs:139:9
[INFO] [stdout]     |
[INFO] [stdout] 139 |     let mut lock_content = std::fs::read_to_string("res/lock.txt")?;
[INFO] [stdout]     |         ----^^^^^^^^^^^^
[INFO] [stdout]     |         |
[INFO] [stdout]     |         help: remove this `mut`
[INFO] [stdout] 
[INFO] [stdout] 
[INFO] [stdout] warning: struct `Element` is never constructed
[INFO] [stdout]   --> src/main.rs:19:8
[INFO] [stdout]    |
[INFO] [stdout] 19 | struct Element {
[INFO] [stdout]    |        ^^^^^^^
[INFO] [stdout]    |
[INFO] [stdout]    = note: `#[warn(dead_code)]` on by default
[INFO] [stdout] 
[INFO] [stdout] 
[INFO] [stdout] warning: associated function `new` is never used
[INFO] [stdout]   --> src/main.rs:26:8
[INFO] [stdout]    |
[INFO] [stdout] 25 | impl Element {
[INFO] [stdout]    | ------------ associated function in this implementation
[INFO] [stdout] 26 |     fn new(text: &str, x: u16, y: u16) -> Self {
[INFO] [stdout]    |        ^^^
[INFO] [stdout] 
[INFO] [stdout] 
[INFO] [stdout] warning: field `findDir` is never read
[INFO] [stdout]   --> src/plugins.rs:10:9
[INFO] [stdout]    |
[INFO] [stdout] 8  | pub struct Plugins {
[INFO] [stdout]    |            ------- field in this struct
[INFO] [stdout] 9  |     pub list: Vec<Plugin>,
[INFO] [stdout] 10 |     pub findDir: String,
[INFO] [stdout]    |         ^^^^^^^
[INFO] [stdout] 
[INFO] [stdout] 
[INFO] [stdout] warning: function `build_shell_fn` is never used
[INFO] [stdout]   --> src/plugins.rs:14:8
[INFO] [stdout]    |
[INFO] [stdout] 14 | pub fn build_shell_fn(cmd: &str) -> impl Fn(&str) -> String {
[INFO] [stdout]    |        ^^^^^^^^^^^^^^
[INFO] [stdout] 
[INFO] [stdout] 
[INFO] [stdout] warning: field `delay` is never read
[INFO] [stdout]   --> src/plugins.rs:29:9
[INFO] [stdout]    |
[INFO] [stdout] 25 | pub struct Plugin {
[INFO] [stdout]    |            ------ field in this struct
[INFO] [stdout] ...
[INFO] [stdout] 29 |     pub delay: Option<Duration>,
[INFO] [stdout]    |         ^^^^^
[INFO] [stdout] 
[INFO] [stdout] 
[INFO] [stdout] warning: unused `Result` that must be used
[INFO] [stdout]   --> src/main.rs:37:9
[INFO] [stdout]    |
[INFO] [stdout] 37 |         write!(f, csi!("{};{}H"), self.x + 1, self.y + 1);
[INFO] [stdout]    |         ^^^^^^^^^^^^^^^^^^^^^^^^^^^^^^^^^^^^^^^^^^^^^^^^^
[INFO] [stdout]    |
[INFO] [stdout]    = note: this `Result` may be an `Err` variant, which should be handled
[INFO] [stdout]    = note: `#[warn(unused_must_use)]` on by default
[INFO] [stdout]    = note: this warning originates in the macro `write` (in Nightly builds, run with -Z macro-backtrace for more info)
[INFO] [stdout] 
[INFO] [stdout] 
[INFO] [stdout] warning: variable `MIN_PASS_LENGTH` should have a snake case name
[INFO] [stdout]   --> src/main.rs:44:9
[INFO] [stdout]    |
[INFO] [stdout] 44 |     let MIN_PASS_LENGTH = 4;
[INFO] [stdout]    |         ^^^^^^^^^^^^^^^ help: convert the identifier to snake case: `min_pass_length`
[INFO] [stdout]    |
[INFO] [stdout]    = note: `#[warn(non_snake_case)]` on by default
[INFO] [stdout] 
[INFO] [stdout] 
[INFO] [stdout] warning: variable `PASS_LENGTH` should have a snake case name
[INFO] [stdout]   --> src/main.rs:45:9
[INFO] [stdout]    |
[INFO] [stdout] 45 |     let PASS_LENGTH = 6;
[INFO] [stdout]    |         ^^^^^^^^^^^ help: convert the identifier to snake case: `pass_length`
[INFO] [stdout] 
[INFO] [stdout] 
[INFO] [stdout] warning: variable `PASSWORD_CREATED` should have a snake case name
[INFO] [stdout]   --> src/main.rs:46:9
[INFO] [stdout]    |
[INFO] [stdout] 46 |     let PASSWORD_CREATED = pass::is_password_file_present();
[INFO] [stdout]    |         ^^^^^^^^^^^^^^^^ help: convert the identifier to snake case: `password_created`
[INFO] [stdout] 
[INFO] [stdout] 
[INFO] [stdout] warning: variable `PASS` should have a snake case name
[INFO] [stdout]   --> src/main.rs:47:13
[INFO] [stdout]    |
[INFO] [stdout] 47 |     let mut PASS = String::new();
[INFO] [stdout]    |             ^^^^ help: convert the identifier to snake case: `pass`
[INFO] [stdout] 
[INFO] [stdout] 
[INFO] [stdout] warning: variable `SET_PASSWORD` should have a snake case name
[INFO] [stdout]   --> src/main.rs:48:13
[INFO] [stdout]    |
[INFO] [stdout] 48 |     let mut SET_PASSWORD = false;
[INFO] [stdout]    |             ^^^^^^^^^^^^ help: convert the identifier to snake case: `set_password`
[INFO] [stdout] 
[INFO] [stdout] 
[INFO] [stdout] warning: variable `battF` should have a snake case name
[INFO] [stdout]   --> src/main.rs:99:9
[INFO] [stdout]    |
[INFO] [stdout] 99 |     let battF = || -> String {
[INFO] [stdout]    |         ^^^^^ help: convert the identifier to snake case: `batt_f`
[INFO] [stdout] 
[INFO] [stdout] 
[INFO] [stdout] warning: variable `LOCK_STRING` should have a snake case name
[INFO] [stdout]    --> src/main.rs:122:9
[INFO] [stdout]     |
[INFO] [stdout] 122 |     let LOCK_STRING = "_ ".repeat(PASS_LENGTH - 1) + "_";
[INFO] [stdout]     |         ^^^^^^^^^^^ help: convert the identifier to snake case: `lock_string`
[INFO] [stdout] 
[INFO] [stdout] 
[INFO] [stdout] warning: unused `Result` that must be used
[INFO] [stdout]    --> src/main.rs:150:13
[INFO] [stdout]     |
[INFO] [stdout] 150 |             stdout.queue(cursor::MoveTo(width / 2 - 7, height / 2 - 8 + iii));
[INFO] [stdout]     |             ^^^^^^^^^^^^^^^^^^^^^^^^^^^^^^^^^^^^^^^^^^^^^^^^^^^^^^^^^^^^^^^^^
[INFO] [stdout]     |
[INFO] [stdout]     = note: this `Result` may be an `Err` variant, which should be handled
[INFO] [stdout] help: use `let _ = ...` to ignore the resulting value
[INFO] [stdout]     |
[INFO] [stdout] 150 |             let _ = stdout.queue(cursor::MoveTo(width / 2 - 7, height / 2 - 8 + iii));
[INFO] [stdout]     |             +++++++
[INFO] [stdout] 
[INFO] [stdout] 
[INFO] [stdout] warning: unused `Result` that must be used
[INFO] [stdout]    --> src/main.rs:155:13
[INFO] [stdout]     |
[INFO] [stdout] 155 |             stdout.queue(cursor::MoveTo(width / 2 - offset + x, height / 2 + 3));
[INFO] [stdout]     |             ^^^^^^^^^^^^^^^^^^^^^^^^^^^^^^^^^^^^^^^^^^^^^^^^^^^^^^^^^^^^^^^^^^^^
[INFO] [stdout]     |
[INFO] [stdout]     = note: this `Result` may be an `Err` variant, which should be handled
[INFO] [stdout] help: use `let _ = ...` to ignore the resulting value
[INFO] [stdout]     |
[INFO] [stdout] 155 |             let _ = stdout.queue(cursor::MoveTo(width / 2 - offset + x, height / 2 + 3));
[INFO] [stdout]     |             +++++++
[INFO] [stdout] 
[INFO] [stdout] 
[INFO] [stdout] warning: unused `Result` that must be used
[INFO] [stdout]    --> src/main.rs:157:13
[INFO] [stdout]     |
[INFO] [stdout] 157 |             stdout.queue(cursor::MoveTo(width / 2 - offset + x, height / 2 + 3));
[INFO] [stdout]     |             ^^^^^^^^^^^^^^^^^^^^^^^^^^^^^^^^^^^^^^^^^^^^^^^^^^^^^^^^^^^^^^^^^^^^
[INFO] [stdout]     |
[INFO] [stdout]     = note: this `Result` may be an `Err` variant, which should be handled
[INFO] [stdout] help: use `let _ = ...` to ignore the resulting value
[INFO] [stdout]     |
[INFO] [stdout] 157 |             let _ = stdout.queue(cursor::MoveTo(width / 2 - offset + x, height / 2 + 3));
[INFO] [stdout]     |             +++++++
[INFO] [stdout] 
[INFO] [stdout] 
[INFO] [stdout] warning: unused `Result` that must be used
[INFO] [stdout]    --> src/main.rs:190:17
[INFO] [stdout]     |
[INFO] [stdout] 190 |                 stdout.flush();
[INFO] [stdout]     |                 ^^^^^^^^^^^^^^
[INFO] [stdout]     |
[INFO] [stdout]     = note: this `Result` may be an `Err` variant, which should be handled
[INFO] [stdout] help: use `let _ = ...` to ignore the resulting value
[INFO] [stdout]     |
[INFO] [stdout] 190 |                 let _ = stdout.flush();
[INFO] [stdout]     |                 +++++++
[INFO] [stdout] 
[INFO] [stdout] 
[INFO] [stdout] warning: unused `Result` that must be used
[INFO] [stdout]    --> src/main.rs:212:17
[INFO] [stdout]     |
[INFO] [stdout] 212 |                 stdout.flush();
[INFO] [stdout]     |                 ^^^^^^^^^^^^^^
[INFO] [stdout]     |
[INFO] [stdout]     = note: this `Result` may be an `Err` variant, which should be handled
[INFO] [stdout] help: use `let _ = ...` to ignore the resulting value
[INFO] [stdout]     |
[INFO] [stdout] 212 |                 let _ = stdout.flush();
[INFO] [stdout]     |                 +++++++
[INFO] [stdout] 
[INFO] [stdout] 
[INFO] [stdout] warning: unused `Result` that must be used
[INFO] [stdout]    --> src/main.rs:215:21
[INFO] [stdout]     |
[INFO] [stdout] 215 |                     terminal::disable_raw_mode();
[INFO] [stdout]     |                     ^^^^^^^^^^^^^^^^^^^^^^^^^^^^
[INFO] [stdout]     |
[INFO] [stdout]     = note: this `Result` may be an `Err` variant, which should be handled
[INFO] [stdout] help: use `let _ = ...` to ignore the resulting value
[INFO] [stdout]     |
[INFO] [stdout] 215 |                     let _ = terminal::disable_raw_mode();
[INFO] [stdout]     |                     +++++++
[INFO] [stdout] 
[INFO] [stdout] 
[INFO] [stdout] warning: unused `Result` that must be used
[INFO] [stdout]    --> src/main.rs:236:9
[INFO] [stdout]     |
[INFO] [stdout] 236 |         stdout.flush();
[INFO] [stdout]     |         ^^^^^^^^^^^^^^
[INFO] [stdout]     |
[INFO] [stdout]     = note: this `Result` may be an `Err` variant, which should be handled
[INFO] [stdout] help: use `let _ = ...` to ignore the resulting value
[INFO] [stdout]     |
[INFO] [stdout] 236 |         let _ = stdout.flush();
[INFO] [stdout]     |         +++++++
[INFO] [stdout] 
[INFO] [stdout] 
[INFO] [stdout] warning: structure field `findDir` should have a snake case name
[INFO] [stdout]   --> src/plugins.rs:10:9
[INFO] [stdout]    |
[INFO] [stdout] 10 |     pub findDir: String,
[INFO] [stdout]    |         ^^^^^^^ help: convert the identifier to snake case: `find_dir`
[INFO] [stdout] 
[INFO] [stdout] 
[INFO] [stdout] warning: unused `Result` that must be used
[INFO] [stdout]   --> src/plugins.rs:70:8
[INFO] [stdout]    |
[INFO] [stdout] 70 |        stdout.queue(cursor::MoveTo(self.x, self.y));
[INFO] [stdout]    |        ^^^^^^^^^^^^^^^^^^^^^^^^^^^^^^^^^^^^^^^^^^^^
[INFO] [stdout]    |
[INFO] [stdout]    = note: this `Result` may be an `Err` variant, which should be handled
[INFO] [stdout] help: use `let _ = ...` to ignore the resulting value
[INFO] [stdout]    |
[INFO] [stdout] 70 |        let _ = stdout.queue(cursor::MoveTo(self.x, self.y));
[INFO] [stdout]    |        +++++++
[INFO] [stdout] 
[INFO] [stdout] 
[INFO] [stdout] warning: unused `Result` that must be used
[INFO] [stdout]   --> src/plugins.rs:71:8
[INFO] [stdout]    |
[INFO] [stdout] 71 |        stdout.write(ret.as_bytes());
[INFO] [stdout]    |        ^^^^^^^^^^^^^^^^^^^^^^^^^^^^
[INFO] [stdout]    |
[INFO] [stdout]    = note: this `Result` may be an `Err` variant, which should be handled
[INFO] [stdout] help: use `let _ = ...` to ignore the resulting value
[INFO] [stdout]    |
[INFO] [stdout] 71 |        let _ = stdout.write(ret.as_bytes());
[INFO] [stdout]    |        +++++++
[INFO] [stdout] 
[INFO] [stdout] 
[INFO] [stdout] warning: variable `TestPlugins` should have a snake case name
[INFO] [stdout]   --> src/plugins.rs:83:17
[INFO] [stdout]    |
[INFO] [stdout] 83 |         let mut TestPlugins: Plugins = Plugins {
[INFO] [stdout]    |                 ^^^^^^^^^^^ help: convert the identifier to snake case: `test_plugins`
[INFO] [stdout] 
[INFO] [stdout] 
[INFO] [stdout] warning: unused `Result` that must be used
[INFO] [stdout]   --> src/plugins.rs:89:9
[INFO] [stdout]    |
[INFO] [stdout] 89 |         TestPlugins.load();
[INFO] [stdout]    |         ^^^^^^^^^^^^^^^^^^
[INFO] [stdout]    |
[INFO] [stdout]    = note: this `Result` may be an `Err` variant, which should be handled
[INFO] [stdout] help: use `let _ = ...` to ignore the resulting value
[INFO] [stdout]    |
[INFO] [stdout] 89 |         let _ = TestPlugins.load();
[INFO] [stdout]    |         +++++++
[INFO] [stdout] 
[INFO] [stdout] 
[INFO] [stderr]     Finished `test` profile [unoptimized + debuginfo] target(s) in 0.31s
[INFO] running `Command { std: "docker" "inspect" "ec9399c603497f18f8d069ec09eee184718518ac3ecdae2f096f198374dd8d8c", kill_on_drop: false }`
[INFO] running `Command { std: "docker" "rm" "-f" "ec9399c603497f18f8d069ec09eee184718518ac3ecdae2f096f198374dd8d8c", kill_on_drop: false }`
[INFO] [stdout] ec9399c603497f18f8d069ec09eee184718518ac3ecdae2f096f198374dd8d8c
[INFO] running `Command { std: "docker" "create" "-v" "/var/lib/crater-agent-workspace/builds/worker-7-tc1/target:/opt/rustwide/target:rw,Z" "-v" "/var/lib/crater-agent-workspace/builds/worker-7-tc1/source:/opt/rustwide/workdir:ro,Z" "-v" "/var/lib/crater-agent-workspace/cargo-home:/opt/rustwide/cargo-home:ro,Z" "-v" "/var/lib/crater-agent-workspace/rustup-home:/opt/rustwide/rustup-home:ro,Z" "-e" "SOURCE_DIR=/opt/rustwide/workdir" "-e" "CARGO_TARGET_DIR=/opt/rustwide/target" "-e" "CARGO_INCREMENTAL=0" "-e" "RUST_BACKTRACE=full" "-e" "RUSTFLAGS=--cap-lints=forbid" "-e" "RUSTDOCFLAGS=--cap-lints=forbid" "-e" "CARGO_HOME=/opt/rustwide/cargo-home" "-e" "RUSTUP_HOME=/opt/rustwide/rustup-home" "-w" "/opt/rustwide/workdir" "-m" "1610612736" "--user" "0:0" "--network" "none" "ghcr.io/rust-lang/crates-build-env/linux@sha256:4a844ea9eb2546a2d2c7022eacef16ef2e8229c7fbb2c7d4d55a9ceca922f72d" "/opt/rustwide/cargo-home/bin/cargo" "+nightly-2024-10-28" "test" "--frozen", kill_on_drop: false }`
[INFO] [stdout] ce372cbcf20fe722a78bea8265d5a843018cf3db04c23864ca225ff8c0181af6
[INFO] running `Command { std: "docker" "start" "-a" "ce372cbcf20fe722a78bea8265d5a843018cf3db04c23864ca225ff8c0181af6", kill_on_drop: false }`
[INFO] [stderr] warning: unused import: `std::thread`
[INFO] [stderr]   --> src/main.rs:17:5
[INFO] [stderr]    |
[INFO] [stderr] 17 | use std::thread;
[INFO] [stderr]    |     ^^^^^^^^^^^
[INFO] [stderr]    |
[INFO] [stderr]    = note: `#[warn(unused_imports)]` on by default
[INFO] [stderr] 
[INFO] [stderr] warning: unused variable: `cmd`
[INFO] [stderr]   --> src/plugins.rs:14:23
[INFO] [stderr]    |
[INFO] [stderr] 14 | pub fn build_shell_fn(cmd: &str) -> impl Fn(&str) -> String {
[INFO] [stderr]    |                       ^^^ help: if this is intentional, prefix it with an underscore: `_cmd`
[INFO] [stderr]    |
[INFO] [stderr]    = note: `#[warn(unused_variables)]` on by default
[INFO] [stderr] 
[INFO] [stderr] warning: unreachable expression
[INFO] [stderr]   --> src/pass.rs:39:5
[INFO] [stderr]    |
[INFO] [stderr] 30 | /     match get_password_file() {
[INFO] [stderr] 31 | |         Ok(_) => {
[INFO] [stderr] 32 | |             return true
[INFO] [stderr] 33 | |         },
[INFO] [stderr] ...  |
[INFO] [stderr] 37 | |         }
[INFO] [stderr] 38 | |     }
[INFO] [stderr]    | |_____- any code following this `match` expression is unreachable, as all arms diverge
[INFO] [stderr] 39 |       false
[INFO] [stderr]    |       ^^^^^ unreachable expression
[INFO] [stderr]    |
[INFO] [stderr]    = note: `#[warn(unreachable_code)]` on by default
[INFO] [stderr] 
[INFO] [stderr] warning: unused variable: `s`
[INFO] [stderr]   --> src/pass.rs:49:9
[INFO] [stderr]    |
[INFO] [stderr] 49 |     let s = file.read_to_string(&mut content)?;
[INFO] [stderr]    |         ^ help: if this is intentional, prefix it with an underscore: `_s`
[INFO] [stderr] 
[INFO] [stderr] warning: unused variable: `x`
[INFO] [stderr]   --> src/plugins.rs:47:21
[INFO] [stderr]    |
[INFO] [stderr] 47 |                 let x = plugin["x"].as_u64().expect("x from json");
[INFO] [stderr]    |                     ^ help: if this is intentional, prefix it with an underscore: `_x`
[INFO] [stderr] 
[INFO] [stderr] warning: unused variable: `y`
[INFO] [stderr]   --> src/plugins.rs:48:21
[INFO] [stderr]    |
[INFO] [stderr] 48 |                 let y = plugin["y"].as_u64().expect("y from json");
[INFO] [stderr]    |                     ^ help: if this is intentional, prefix it with an underscore: `_y`
[INFO] [stderr] 
[INFO] [stderr] warning: unused variable: `cmd`
[INFO] [stderr]   --> src/plugins.rs:49:21
[INFO] [stderr]    |
[INFO] [stderr] 49 |                 let cmd  = &plugin["command"];
[INFO] [stderr]    |                     ^^^ help: if this is intentional, prefix it with an underscore: `_cmd`
[INFO] [stderr] 
[INFO] [stderr] warning: variable does not need to be mutable
[INFO] [stderr]   --> src/plugins.rs:40:13
[INFO] [stderr]    |
[INFO] [stderr] 40 |         let mut file = fs::File::open(&self.config_file)?;
[INFO] [stderr]    |             ----^^^^
[INFO] [stderr]    |             |
[INFO] [stderr]    |             help: remove this `mut`
[INFO] [stderr]    |
[INFO] [stderr]    = note: `#[warn(unused_mut)]` on by default
[INFO] [stderr] 
[INFO] [stderr] warning: variable does not need to be mutable
[INFO] [stderr]   --> src/plugins.rs:41:13
[INFO] [stderr]    |
[INFO] [stderr] 41 |         let mut config: serde_json::Value = serde_json::from_reader(file)?;
[INFO] [stderr]    |             ----^^^^^^
[INFO] [stderr]    |             |
[INFO] [stderr]    |             help: remove this `mut`
[INFO] [stderr] 
[INFO] [stderr] warning: variable does not need to be mutable
[INFO] [stderr]   --> src/plugins.rs:68:23
[INFO] [stderr]    |
[INFO] [stderr] 68 |    pub fn call(&self, mut stdout: &mut io::Stdout) -> String {
[INFO] [stderr]    |                       ----^^^^^^
[INFO] [stderr]    |                       |
[INFO] [stderr]    |                       help: remove this `mut`
[INFO] [stderr] 
[INFO] [stderr] warning: unused variable: `MIN_PASS_LENGTH`
[INFO] [stderr]   --> src/main.rs:44:9
[INFO] [stderr]    |
[INFO] [stderr] 44 |     let MIN_PASS_LENGTH = 4;
[INFO] [stderr]    |         ^^^^^^^^^^^^^^^ help: if this is intentional, prefix it with an underscore: `_MIN_PASS_LENGTH`
[INFO] [stderr] 
[INFO] [stderr] warning: value assigned to `PASS` is never read
[INFO] [stderr]   --> src/main.rs:47:13
[INFO] [stderr]    |
[INFO] [stderr] 47 |     let mut PASS = String::new();
[INFO] [stderr]    |             ^^^^
[INFO] [stderr]    |
[INFO] [stderr]    = help: maybe it is overwritten before being read?
[INFO] [stderr]    = note: `#[warn(unused_assignments)]` on by default
[INFO] [stderr] 
[INFO] [stderr] warning: variable does not need to be mutable
[INFO] [stderr]    --> src/main.rs:139:9
[INFO] [stderr]     |
[INFO] [stderr] 139 |     let mut lock_content = std::fs::read_to_string("res/lock.txt")?;
[INFO] [stderr]     |         ----^^^^^^^^^^^^
[INFO] [stderr]     |         |
[INFO] [stderr]     |         help: remove this `mut`
[INFO] [stderr] 
[INFO] [stderr] warning: struct `Element` is never constructed
[INFO] [stderr]   --> src/main.rs:19:8
[INFO] [stderr]    |
[INFO] [stderr] 19 | struct Element {
[INFO] [stderr]    |        ^^^^^^^
[INFO] [stderr]    |
[INFO] [stderr]    = note: `#[warn(dead_code)]` on by default
[INFO] [stderr] 
[INFO] [stderr] warning: associated function `new` is never used
[INFO] [stderr]   --> src/main.rs:26:8
[INFO] [stderr]    |
[INFO] [stderr] 25 | impl Element {
[INFO] [stderr]    | ------------ associated function in this implementation
[INFO] [stderr] 26 |     fn new(text: &str, x: u16, y: u16) -> Self {
[INFO] [stderr]    |        ^^^
[INFO] [stderr] 
[INFO] [stderr] warning: field `findDir` is never read
[INFO] [stderr]   --> src/plugins.rs:10:9
[INFO] [stderr]    |
[INFO] [stderr] 8  | pub struct Plugins {
[INFO] [stderr]    |            ------- field in this struct
[INFO] [stderr] 9  |     pub list: Vec<Plugin>,
[INFO] [stderr] 10 |     pub findDir: String,
[INFO] [stderr]    |         ^^^^^^^
[INFO] [stderr] 
[INFO] [stderr] warning: function `build_shell_fn` is never used
[INFO] [stderr]   --> src/plugins.rs:14:8
[INFO] [stderr]    |
[INFO] [stderr] 14 | pub fn build_shell_fn(cmd: &str) -> impl Fn(&str) -> String {
[INFO] [stderr]    |        ^^^^^^^^^^^^^^
[INFO] [stderr] 
[INFO] [stderr] warning: field `delay` is never read
[INFO] [stderr]   --> src/plugins.rs:29:9
[INFO] [stderr]    |
[INFO] [stderr] 25 | pub struct Plugin {
[INFO] [stderr]    |            ------ field in this struct
[INFO] [stderr] ...
[INFO] [stderr] 29 |     pub delay: Option<Duration>,
[INFO] [stderr]    |         ^^^^^
[INFO] [stderr] 
[INFO] [stderr] warning: unused `Result` that must be used
[INFO] [stderr]   --> src/main.rs:37:9
[INFO] [stderr]    |
[INFO] [stderr] 37 |         write!(f, csi!("{};{}H"), self.x + 1, self.y + 1);
[INFO] [stderr]    |         ^^^^^^^^^^^^^^^^^^^^^^^^^^^^^^^^^^^^^^^^^^^^^^^^^
[INFO] [stderr]    |
[INFO] [stderr]    = note: this `Result` may be an `Err` variant, which should be handled
[INFO] [stderr]    = note: `#[warn(unused_must_use)]` on by default
[INFO] [stderr]    = note: this warning originates in the macro `write` (in Nightly builds, run with -Z macro-backtrace for more info)
[INFO] [stderr] 
[INFO] [stderr] warning: variable `MIN_PASS_LENGTH` should have a snake case name
[INFO] [stderr]   --> src/main.rs:44:9
[INFO] [stderr]    |
[INFO] [stderr] 44 |     let MIN_PASS_LENGTH = 4;
[INFO] [stderr]    |         ^^^^^^^^^^^^^^^ help: convert the identifier to snake case: `min_pass_length`
[INFO] [stderr]    |
[INFO] [stderr]    = note: `#[warn(non_snake_case)]` on by default
[INFO] [stderr] 
[INFO] [stderr] warning: variable `PASS_LENGTH` should have a snake case name
[INFO] [stderr]   --> src/main.rs:45:9
[INFO] [stderr]    |
[INFO] [stderr] 45 |     let PASS_LENGTH = 6;
[INFO] [stderr]    |         ^^^^^^^^^^^ help: convert the identifier to snake case: `pass_length`
[INFO] [stderr] 
[INFO] [stderr] warning: variable `PASSWORD_CREATED` should have a snake case name
[INFO] [stderr]   --> src/main.rs:46:9
[INFO] [stderr]    |
[INFO] [stderr] 46 |     let PASSWORD_CREATED = pass::is_password_file_present();
[INFO] [stderr]    |         ^^^^^^^^^^^^^^^^ help: convert the identifier to snake case: `password_created`
[INFO] [stderr] 
[INFO] [stderr] warning: variable `PASS` should have a snake case name
[INFO] [stderr]   --> src/main.rs:47:13
[INFO] [stderr]    |
[INFO] [stderr] 47 |     let mut PASS = String::new();
[INFO] [stderr]    |             ^^^^ help: convert the identifier to snake case: `pass`
[INFO] [stderr] 
[INFO] [stderr] warning: variable `SET_PASSWORD` should have a snake case name
[INFO] [stderr]   --> src/main.rs:48:13
[INFO] [stderr]    |
[INFO] [stderr] 48 |     let mut SET_PASSWORD = false;
[INFO] [stderr]    |             ^^^^^^^^^^^^ help: convert the identifier to snake case: `set_password`
[INFO] [stderr] 
[INFO] [stderr] warning: variable `battF` should have a snake case name
[INFO] [stderr]   --> src/main.rs:99:9
[INFO] [stderr]    |
[INFO] [stderr] 99 |     let battF = || -> String {
[INFO] [stderr]    |         ^^^^^ help: convert the identifier to snake case: `batt_f`
[INFO] [stderr] 
[INFO] [stderr] warning: variable `LOCK_STRING` should have a snake case name
[INFO] [stderr]    --> src/main.rs:122:9
[INFO] [stderr]     |
[INFO] [stderr] 122 |     let LOCK_STRING = "_ ".repeat(PASS_LENGTH - 1) + "_";
[INFO] [stderr]     |         ^^^^^^^^^^^ help: convert the identifier to snake case: `lock_string`
[INFO] [stderr] 
[INFO] [stderr] warning: unused `Result` that must be used
[INFO] [stderr]    --> src/main.rs:150:13
[INFO] [stderr]     |
[INFO] [stderr] 150 |             stdout.queue(cursor::MoveTo(width / 2 - 7, height / 2 - 8 + iii));
[INFO] [stderr]     |             ^^^^^^^^^^^^^^^^^^^^^^^^^^^^^^^^^^^^^^^^^^^^^^^^^^^^^^^^^^^^^^^^^
[INFO] [stderr]     |
[INFO] [stderr]     = note: this `Result` may be an `Err` variant, which should be handled
[INFO] [stderr] help: use `let _ = ...` to ignore the resulting value
[INFO] [stderr]     |
[INFO] [stderr] 150 |             let _ = stdout.queue(cursor::MoveTo(width / 2 - 7, height / 2 - 8 + iii));
[INFO] [stderr]     |             +++++++
[INFO] [stderr] 
[INFO] [stderr] warning: unused `Result` that must be used
[INFO] [stderr]    --> src/main.rs:155:13
[INFO] [stderr]     |
[INFO] [stderr] 155 |             stdout.queue(cursor::MoveTo(width / 2 - offset + x, height / 2 + 3));
[INFO] [stderr]     |             ^^^^^^^^^^^^^^^^^^^^^^^^^^^^^^^^^^^^^^^^^^^^^^^^^^^^^^^^^^^^^^^^^^^^
[INFO] [stderr]     |
[INFO] [stderr]     = note: this `Result` may be an `Err` variant, which should be handled
[INFO] [stderr] help: use `let _ = ...` to ignore the resulting value
[INFO] [stderr]     |
[INFO] [stderr] 155 |             let _ = stdout.queue(cursor::MoveTo(width / 2 - offset + x, height / 2 + 3));
[INFO] [stderr]     |             +++++++
[INFO] [stderr] 
[INFO] [stderr] warning: unused `Result` that must be used
[INFO] [stderr]    --> src/main.rs:157:13
[INFO] [stderr]     |
[INFO] [stderr] 157 |             stdout.queue(cursor::MoveTo(width / 2 - offset + x, height / 2 + 3));
[INFO] [stderr]     |             ^^^^^^^^^^^^^^^^^^^^^^^^^^^^^^^^^^^^^^^^^^^^^^^^^^^^^^^^^^^^^^^^^^^^
[INFO] [stderr]     |
[INFO] [stderr]     = note: this `Result` may be an `Err` variant, which should be handled
[INFO] [stderr] help: use `let _ = ...` to ignore the resulting value
[INFO] [stderr]     |
[INFO] [stderr] 157 |             let _ = stdout.queue(cursor::MoveTo(width / 2 - offset + x, height / 2 + 3));
[INFO] [stderr]     |             +++++++
[INFO] [stderr] 
[INFO] [stderr] warning: unused `Result` that must be used
[INFO] [stderr]    --> src/main.rs:190:17
[INFO] [stderr]     |
[INFO] [stderr] 190 |                 stdout.flush();
[INFO] [stderr]     |                 ^^^^^^^^^^^^^^
[INFO] [stderr]     |
[INFO] [stderr]     = note: this `Result` may be an `Err` variant, which should be handled
[INFO] [stderr] help: use `let _ = ...` to ignore the resulting value
[INFO] [stderr]     |
[INFO] [stderr] 190 |                 let _ = stdout.flush();
[INFO] [stderr]     |                 +++++++
[INFO] [stderr] 
[INFO] [stderr] warning: unused `Result` that must be used
[INFO] [stderr]    --> src/main.rs:212:17
[INFO] [stderr]     |
[INFO] [stderr] 212 |                 stdout.flush();
[INFO] [stderr]     |                 ^^^^^^^^^^^^^^
[INFO] [stderr]     |
[INFO] [stderr]     = note: this `Result` may be an `Err` variant, which should be handled
[INFO] [stderr] help: use `let _ = ...` to ignore the resulting value
[INFO] [stderr]     |
[INFO] [stderr] 212 |                 let _ = stdout.flush();
[INFO] [stderr]     |                 +++++++
[INFO] [stderr] 
[INFO] [stderr] warning: unused `Result` that must be used
[INFO] [stderr]    --> src/main.rs:215:21
[INFO] [stderr]     |
[INFO] [stderr] 215 |                     terminal::disable_raw_mode();
[INFO] [stderr]     |                     ^^^^^^^^^^^^^^^^^^^^^^^^^^^^
[INFO] [stderr]     |
[INFO] [stderr]     = note: this `Result` may be an `Err` variant, which should be handled
[INFO] [stderr] help: use `let _ = ...` to ignore the resulting value
[INFO] [stderr]     |
[INFO] [stderr] 215 |                     let _ = terminal::disable_raw_mode();
[INFO] [stderr]     |                     +++++++
[INFO] [stderr] 
[INFO] [stderr] warning: unused `Result` that must be used
[INFO] [stderr]    --> src/main.rs:236:9
[INFO] [stderr]     |
[INFO] [stderr] 236 |         stdout.flush();
[INFO] [stderr]     |         ^^^^^^^^^^^^^^
[INFO] [stderr]     |
[INFO] [stderr]     = note: this `Result` may be an `Err` variant, which should be handled
[INFO] [stderr] help: use `let _ = ...` to ignore the resulting value
[INFO] [stderr]     |
[INFO] [stderr] 236 |         let _ = stdout.flush();
[INFO] [stderr]     |         +++++++
[INFO] [stderr] 
[INFO] [stderr] warning: structure field `findDir` should have a snake case name
[INFO] [stderr]   --> src/plugins.rs:10:9
[INFO] [stderr]    |
[INFO] [stderr] 10 |     pub findDir: String,
[INFO] [stderr]    |         ^^^^^^^ help: convert the identifier to snake case: `find_dir`
[INFO] [stderr] 
[INFO] [stderr] warning: unused `Result` that must be used
[INFO] [stderr]   --> src/plugins.rs:70:8
[INFO] [stderr]    |
[INFO] [stderr] 70 |        stdout.queue(cursor::MoveTo(self.x, self.y));
[INFO] [stderr]    |        ^^^^^^^^^^^^^^^^^^^^^^^^^^^^^^^^^^^^^^^^^^^^
[INFO] [stderr]    |
[INFO] [stderr]    = note: this `Result` may be an `Err` variant, which should be handled
[INFO] [stderr] help: use `let _ = ...` to ignore the resulting value
[INFO] [stderr]    |
[INFO] [stderr] 70 |        let _ = stdout.queue(cursor::MoveTo(self.x, self.y));
[INFO] [stderr]    |        +++++++
[INFO] [stderr] 
[INFO] [stderr] warning: unused `Result` that must be used
[INFO] [stderr]   --> src/plugins.rs:71:8
[INFO] [stderr]    |
[INFO] [stderr] 71 |        stdout.write(ret.as_bytes());
[INFO] [stderr]    |        ^^^^^^^^^^^^^^^^^^^^^^^^^^^^
[INFO] [stderr]    |
[INFO] [stderr]    = note: this `Result` may be an `Err` variant, which should be handled
[INFO] [stderr] help: use `let _ = ...` to ignore the resulting value
[INFO] [stderr]    |
[INFO] [stderr] 71 |        let _ = stdout.write(ret.as_bytes());
[INFO] [stderr]    |        +++++++
[INFO] [stderr] 
[INFO] [stderr] warning: variable `TestPlugins` should have a snake case name
[INFO] [stderr]   --> src/plugins.rs:83:17
[INFO] [stderr]    |
[INFO] [stderr] 83 |         let mut TestPlugins: Plugins = Plugins {
[INFO] [stderr]    |                 ^^^^^^^^^^^ help: convert the identifier to snake case: `test_plugins`
[INFO] [stderr] 
[INFO] [stderr] warning: unused `Result` that must be used
[INFO] [stderr]   --> src/plugins.rs:89:9
[INFO] [stderr]    |
[INFO] [stderr] 89 |         TestPlugins.load();
[INFO] [stderr]    |         ^^^^^^^^^^^^^^^^^^
[INFO] [stderr]    |
[INFO] [stderr]    = note: this `Result` may be an `Err` variant, which should be handled
[INFO] [stderr] help: use `let _ = ...` to ignore the resulting value
[INFO] [stderr]    |
[INFO] [stderr] 89 |         let _ = TestPlugins.load();
[INFO] [stderr]    |         +++++++
[INFO] [stderr] 
[INFO] [stderr] warning: `termilock` (bin "termilock" test) generated 38 warnings (run `cargo fix --bin "termilock" --tests` to apply 5 suggestions)
[INFO] [stderr]     Finished `test` profile [unoptimized + debuginfo] target(s) in 0.04s
[INFO] [stderr]      Running unittests src/main.rs (/opt/rustwide/target/debug/deps/termilock-ddaa7d875d9ff9c4)
[INFO] [stdout] 
[INFO] [stdout] running 1 test
[INFO] [stdout] test plugins::tests::test_plugin_load_config ... FAILED
[INFO] [stdout] 
[INFO] [stdout] failures:
[INFO] [stdout] 
[INFO] [stdout] ---- plugins::tests::test_plugin_load_config stdout ----
[INFO] [stdout] Object {"command": String("pmset -g batt"), "name": String("test"), "x": Number(1), "y": Number(1)}
[INFO] [stdout] 1
[INFO] [stdout] thread 'plugins::tests::test_plugin_load_config' panicked at src/plugins.rs:90:9:
[INFO] [stdout] assertion failed: TestPlugins.list.len() > 0
[INFO] [stdout] stack backtrace:
[INFO] [stdout]    0:     0x57d063255f1a - std::backtrace_rs::backtrace::libunwind::trace::h207520d6e9873551
[INFO] [stdout]                                at /rustc/df4ca44d3fbc9301ee17f30f4d474e6ae4b05252/library/std/src/../../backtrace/src/backtrace/libunwind.rs:116:5
[INFO] [stdout]    1:     0x57d063255f1a - std::backtrace_rs::backtrace::trace_unsynchronized::h2ed7433f370e3eca
[INFO] [stdout]                                at /rustc/df4ca44d3fbc9301ee17f30f4d474e6ae4b05252/library/std/src/../../backtrace/src/backtrace/mod.rs:66:5
[INFO] [stdout]    2:     0x57d063255f1a - std::sys::backtrace::_print_fmt::h916fac51166b18d7
[INFO] [stdout]                                at /rustc/df4ca44d3fbc9301ee17f30f4d474e6ae4b05252/library/std/src/sys/backtrace.rs:66:9
[INFO] [stdout]    3:     0x57d063255f1a - <std::sys::backtrace::BacktraceLock::print::DisplayBacktrace as core::fmt::Display>::fmt::ha0a4c9b8ce3802e6
[INFO] [stdout]                                at /rustc/df4ca44d3fbc9301ee17f30f4d474e6ae4b05252/library/std/src/sys/backtrace.rs:39:26
[INFO] [stdout]    4:     0x57d06327c823 - core::fmt::rt::Argument::fmt::h4cfc8587d52b3eb5
[INFO] [stdout]                                at /rustc/df4ca44d3fbc9301ee17f30f4d474e6ae4b05252/library/core/src/fmt/rt.rs:177:76
[INFO] [stdout]    5:     0x57d06327c823 - core::fmt::write::h522cc39e5b36ae9f
[INFO] [stdout]                                at /rustc/df4ca44d3fbc9301ee17f30f4d474e6ae4b05252/library/core/src/fmt/mod.rs:1190:21
[INFO] [stdout]    6:     0x57d063252b83 - std::io::Write::write_fmt::h7d3c26752da97734
[INFO] [stdout]                                at /rustc/df4ca44d3fbc9301ee17f30f4d474e6ae4b05252/library/std/src/io/mod.rs:1839:15
[INFO] [stdout]    7:     0x57d063255d62 - std::sys::backtrace::BacktraceLock::print::h4b9e00b29e9c0942
[INFO] [stdout]                                at /rustc/df4ca44d3fbc9301ee17f30f4d474e6ae4b05252/library/std/src/sys/backtrace.rs:42:9
[INFO] [stdout]    8:     0x57d0632573aa - std::panicking::default_hook::{{closure}}::hb59b88280d0324d9
[INFO] [stdout]                                at /rustc/df4ca44d3fbc9301ee17f30f4d474e6ae4b05252/library/std/src/panicking.rs:268:22
[INFO] [stdout]    9:     0x57d0632571b4 - std::panicking::default_hook::he1dd496665be4a29
[INFO] [stdout]                                at /rustc/df4ca44d3fbc9301ee17f30f4d474e6ae4b05252/library/std/src/panicking.rs:292:9
[INFO] [stdout]   10:     0x57d063201c69 - <alloc::boxed::Box<F,A> as core::ops::function::Fn<Args>>::call::h4ff71de18744e1dc
[INFO] [stdout]                                at /rustc/df4ca44d3fbc9301ee17f30f4d474e6ae4b05252/library/alloc/src/boxed.rs:2468:9
[INFO] [stdout]   11:     0x57d063201c69 - test::test_main::{{closure}}::hcf7c055ce117aa81
[INFO] [stdout]                                at /rustc/df4ca44d3fbc9301ee17f30f4d474e6ae4b05252/library/test/src/lib.rs:133:21
[INFO] [stdout]   12:     0x57d063257aa8 - <alloc::boxed::Box<F,A> as core::ops::function::Fn<Args>>::call::h1d66c6bbd60c9692
[INFO] [stdout]                                at /rustc/df4ca44d3fbc9301ee17f30f4d474e6ae4b05252/library/alloc/src/boxed.rs:2468:9
[INFO] [stdout]   13:     0x57d063257aa8 - std::panicking::rust_panic_with_hook::h2ff17fe8f26dfcf8
[INFO] [stdout]                                at /rustc/df4ca44d3fbc9301ee17f30f4d474e6ae4b05252/library/std/src/panicking.rs:809:13
[INFO] [stdout]   14:     0x57d063257836 - std::panicking::begin_panic_handler::{{closure}}::h4fad77951c07e101
[INFO] [stdout]                                at /rustc/df4ca44d3fbc9301ee17f30f4d474e6ae4b05252/library/std/src/panicking.rs:667:13
[INFO] [stdout]   15:     0x57d0632563f9 - std::sys::backtrace::__rust_end_short_backtrace::hb1a25b3da5d0ea08
[INFO] [stdout]                                at /rustc/df4ca44d3fbc9301ee17f30f4d474e6ae4b05252/library/std/src/sys/backtrace.rs:170:18
[INFO] [stdout]   16:     0x57d0632574fc - rust_begin_unwind
[INFO] [stdout]                                at /rustc/df4ca44d3fbc9301ee17f30f4d474e6ae4b05252/library/std/src/panicking.rs:665:5
[INFO] [stdout]   17:     0x57d06327aed0 - core::panicking::panic_fmt::ha9db07b529f9b256
[INFO] [stdout]                                at /rustc/df4ca44d3fbc9301ee17f30f4d474e6ae4b05252/library/core/src/panicking.rs:75:14
[INFO] [stdout]   18:     0x57d06327af5c - core::panicking::panic::h993086813d94accc
[INFO] [stdout]                                at /rustc/df4ca44d3fbc9301ee17f30f4d474e6ae4b05252/library/core/src/panicking.rs:152:5
[INFO] [stdout]   19:     0x57d0631c7cd5 - termilock::plugins::tests::test_plugin_load_config::h85db92ab0df4b7c9
[INFO] [stdout]                                at /opt/rustwide/workdir/src/plugins.rs:90:9
[INFO] [stdout]   20:     0x57d0631c7b67 - termilock::plugins::tests::test_plugin_load_config::{{closure}}::h7d0dd2e4f0ded784
[INFO] [stdout]                                at /opt/rustwide/workdir/src/plugins.rs:82:33
[INFO] [stdout]   21:     0x57d0631c4296 - core::ops::function::FnOnce::call_once::h473a049fe763d2ea
[INFO] [stdout]                                at /rustc/df4ca44d3fbc9301ee17f30f4d474e6ae4b05252/library/core/src/ops/function.rs:250:5
[INFO] [stdout]   22:     0x57d06320653b - core::ops::function::FnOnce::call_once::h22c3ba5715e93f05
[INFO] [stdout]                                at /rustc/df4ca44d3fbc9301ee17f30f4d474e6ae4b05252/library/core/src/ops/function.rs:250:5
[INFO] [stdout]   23:     0x57d06320653b - test::__rust_begin_short_backtrace::h8e82d8113d0da17f
[INFO] [stdout]                                at /rustc/df4ca44d3fbc9301ee17f30f4d474e6ae4b05252/library/test/src/lib.rs:621:18
[INFO] [stdout]   24:     0x57d063205eb7 - test::run_test_in_process::{{closure}}::h33235f4f20b7b7c7
[INFO] [stdout]                                at /rustc/df4ca44d3fbc9301ee17f30f4d474e6ae4b05252/library/test/src/lib.rs:644:60
[INFO] [stdout]   25:     0x57d063205eb7 - <core::panic::unwind_safe::AssertUnwindSafe<F> as core::ops::function::FnOnce<()>>::call_once::hb5043206310c586f
[INFO] [stdout]                                at /rustc/df4ca44d3fbc9301ee17f30f4d474e6ae4b05252/library/core/src/panic/unwind_safe.rs:272:9
[INFO] [stdout]   26:     0x57d063205eb7 - std::panicking::try::do_call::h9ad4731a60ab23e2
[INFO] [stdout]                                at /rustc/df4ca44d3fbc9301ee17f30f4d474e6ae4b05252/library/std/src/panicking.rs:557:40
[INFO] [stdout]   27:     0x57d063205eb7 - std::panicking::try::h3824d23db772a716
[INFO] [stdout]                                at /rustc/df4ca44d3fbc9301ee17f30f4d474e6ae4b05252/library/std/src/panicking.rs:520:19
[INFO] [stdout]   28:     0x57d063205eb7 - std::panic::catch_unwind::h5afd514605fde46b
[INFO] [stdout]                                at /rustc/df4ca44d3fbc9301ee17f30f4d474e6ae4b05252/library/std/src/panic.rs:358:14
[INFO] [stdout]   29:     0x57d063205eb7 - test::run_test_in_process::h0d5cbfa7067d1720
[INFO] [stdout]                                at /rustc/df4ca44d3fbc9301ee17f30f4d474e6ae4b05252/library/test/src/lib.rs:644:27
[INFO] [stdout]   30:     0x57d063205eb7 - test::run_test::{{closure}}::h708eb8872708115d
[INFO] [stdout]                                at /rustc/df4ca44d3fbc9301ee17f30f4d474e6ae4b05252/library/test/src/lib.rs:565:43
[INFO] [stdout]   31:     0x57d0631c95d4 - test::run_test::{{closure}}::h392c51cee94713ab
[INFO] [stdout]                                at /rustc/df4ca44d3fbc9301ee17f30f4d474e6ae4b05252/library/test/src/lib.rs:595:41
[INFO] [stdout]   32:     0x57d0631c95d4 - std::sys::backtrace::__rust_begin_short_backtrace::h2f40290710935a8b
[INFO] [stdout]                                at /rustc/df4ca44d3fbc9301ee17f30f4d474e6ae4b05252/library/std/src/sys/backtrace.rs:154:18
[INFO] [stdout]   33:     0x57d0631ccd7e - std::thread::Builder::spawn_unchecked_::{{closure}}::{{closure}}::h3fd968d89053a903
[INFO] [stdout]                                at /rustc/df4ca44d3fbc9301ee17f30f4d474e6ae4b05252/library/std/src/thread/mod.rs:541:17
[INFO] [stdout]   34:     0x57d0631ccd7e - <core::panic::unwind_safe::AssertUnwindSafe<F> as core::ops::function::FnOnce<()>>::call_once::h743f637ba4229880
[INFO] [stdout]                                at /rustc/df4ca44d3fbc9301ee17f30f4d474e6ae4b05252/library/core/src/panic/unwind_safe.rs:272:9
[INFO] [stdout]   35:     0x57d0631ccd7e - std::panicking::try::do_call::h07440897322525a6
[INFO] [stdout]                                at /rustc/df4ca44d3fbc9301ee17f30f4d474e6ae4b05252/library/std/src/panicking.rs:557:40
[INFO] [stdout]   36:     0x57d0631ccd7e - std::panicking::try::he5a2e00188156637
[INFO] [stdout]                                at /rustc/df4ca44d3fbc9301ee17f30f4d474e6ae4b05252/library/std/src/panicking.rs:520:19
[INFO] [stdout]   37:     0x57d0631ccd7e - std::panic::catch_unwind::hbaf3cae49b3c6433
[INFO] [stdout]                                at /rustc/df4ca44d3fbc9301ee17f30f4d474e6ae4b05252/library/std/src/panic.rs:358:14
[INFO] [stdout]   38:     0x57d0631ccd7e - std::thread::Builder::spawn_unchecked_::{{closure}}::h8e141ea224820bce
[INFO] [stdout]                                at /rustc/df4ca44d3fbc9301ee17f30f4d474e6ae4b05252/library/std/src/thread/mod.rs:540:30
[INFO] [stdout]   39:     0x57d0631ccd7e - core::ops::function::FnOnce::call_once{{vtable.shim}}::h90d312fedd7b8ea8
[INFO] [stdout]                                at /rustc/df4ca44d3fbc9301ee17f30f4d474e6ae4b05252/library/core/src/ops/function.rs:250:5
[INFO] [stdout]   40:     0x57d06325b8ab - <alloc::boxed::Box<F,A> as core::ops::function::FnOnce<Args>>::call_once::h69aa08ddb6adb8b6
[INFO] [stdout]                                at /rustc/df4ca44d3fbc9301ee17f30f4d474e6ae4b05252/library/alloc/src/boxed.rs:2454:9
[INFO] [stdout]   41:     0x57d06325b8ab - <alloc::boxed::Box<F,A> as core::ops::function::FnOnce<Args>>::call_once::h5aa36efdb79c806f
[INFO] [stdout]                                at /rustc/df4ca44d3fbc9301ee17f30f4d474e6ae4b05252/library/alloc/src/boxed.rs:2454:9
[INFO] [stdout]   42:     0x57d06325b8ab - std::sys::pal::unix::thread::Thread::new::thread_start::h6cd80a1b4be5158d
[INFO] [stdout]                                at /rustc/df4ca44d3fbc9301ee17f30f4d474e6ae4b05252/library/std/src/sys/pal/unix/thread.rs:105:17
[INFO] [stdout]   43:     0x7f3950515ac3 - <unknown>
[INFO] [stdout]   44:     0x7f39505a6a04 - clone
[INFO] [stdout]   45:                0x0 - <unknown>
[INFO] [stdout] 
[INFO] [stdout] 
[INFO] [stdout] failures:
[INFO] [stdout]     plugins::tests::test_plugin_load_config
[INFO] [stdout] 
[INFO] [stdout] test result: FAILED. 0 passed; 1 failed; 0 ignored; 0 measured; 0 filtered out; finished in 0.02s
[INFO] [stdout] 
[INFO] [stderr] error: test failed, to rerun pass `--bin termilock`
[INFO] running `Command { std: "docker" "inspect" "ce372cbcf20fe722a78bea8265d5a843018cf3db04c23864ca225ff8c0181af6", kill_on_drop: false }`
[INFO] running `Command { std: "docker" "rm" "-f" "ce372cbcf20fe722a78bea8265d5a843018cf3db04c23864ca225ff8c0181af6", kill_on_drop: false }`
[INFO] [stdout] ce372cbcf20fe722a78bea8265d5a843018cf3db04c23864ca225ff8c0181af6
