[INFO] cloning repository https://github.com/hangj/inttype-enum
[INFO] running `Command { std: "git" "-c" "credential.helper=" "-c" "credential.helper=/workspace/cargo-home/bin/git-credential-null" "clone" "--bare" "https://github.com/hangj/inttype-enum" "/workspace/cache/git-repos/https%3A%2F%2Fgithub.com%2Fhangj%2Finttype-enum", kill_on_drop: false }`
[INFO] [stderr] Cloning into bare repository '/workspace/cache/git-repos/https%3A%2F%2Fgithub.com%2Fhangj%2Finttype-enum'...
[INFO] running `Command { std: "git" "rev-parse" "HEAD", kill_on_drop: false }`
[INFO] [stdout] 700f2468d47bf9d21b7e1a6cd408e8bebd57475b
[INFO] testing hangj/inttype-enum against nightly-2024-10-28+rustflags=-Zrandomize-layout for randomize-layout
[INFO] running `Command { std: "git" "clone" "/workspace/cache/git-repos/https%3A%2F%2Fgithub.com%2Fhangj%2Finttype-enum" "/workspace/builds/worker-6-tc2/source", kill_on_drop: false }`
[INFO] [stderr] Cloning into '/workspace/builds/worker-6-tc2/source'...
[INFO] [stderr] done.
[INFO] validating manifest of git repo https://github.com/hangj/inttype-enum on toolchain nightly-2024-10-28
[INFO] running `Command { std: CARGO_HOME="/workspace/cargo-home" RUSTUP_HOME="/workspace/rustup-home" "/workspace/cargo-home/bin/cargo" "+nightly-2024-10-28" "metadata" "--manifest-path" "Cargo.toml" "--no-deps", kill_on_drop: false }`
[INFO] started tweaking git repo https://github.com/hangj/inttype-enum
[INFO] finished tweaking git repo https://github.com/hangj/inttype-enum
[INFO] tweaked toml for git repo https://github.com/hangj/inttype-enum written to /workspace/builds/worker-6-tc2/source/Cargo.toml
[INFO] crate git repo https://github.com/hangj/inttype-enum already has a lockfile, it will not be regenerated
[INFO] running `Command { std: CARGO_HOME="/workspace/cargo-home" RUSTUP_HOME="/workspace/rustup-home" "/workspace/cargo-home/bin/cargo" "+nightly-2024-10-28" "fetch" "--manifest-path" "Cargo.toml", kill_on_drop: false }`
[INFO] running `Command { std: "docker" "create" "-v" "/var/lib/crater-agent-workspace/builds/worker-6-tc2/target:/opt/rustwide/target:rw,Z" "-v" "/var/lib/crater-agent-workspace/builds/worker-6-tc2/source:/opt/rustwide/workdir:ro,Z" "-v" "/var/lib/crater-agent-workspace/cargo-home:/opt/rustwide/cargo-home:ro,Z" "-v" "/var/lib/crater-agent-workspace/rustup-home:/opt/rustwide/rustup-home:ro,Z" "-e" "SOURCE_DIR=/opt/rustwide/workdir" "-e" "CARGO_TARGET_DIR=/opt/rustwide/target" "-e" "CARGO_HOME=/opt/rustwide/cargo-home" "-e" "RUSTUP_HOME=/opt/rustwide/rustup-home" "-w" "/opt/rustwide/workdir" "-m" "1610612736" "--user" "0:0" "--network" "none" "ghcr.io/rust-lang/crates-build-env/linux@sha256:4a844ea9eb2546a2d2c7022eacef16ef2e8229c7fbb2c7d4d55a9ceca922f72d" "/opt/rustwide/cargo-home/bin/cargo" "+nightly-2024-10-28" "metadata" "--no-deps" "--format-version=1", kill_on_drop: false }`
[INFO] [stdout] eb5bd5bab6e9cf74b63d1e0d8fd43fe67bfe63906e185123f0563e607f2bc32e
[INFO] running `Command { std: "docker" "start" "-a" "eb5bd5bab6e9cf74b63d1e0d8fd43fe67bfe63906e185123f0563e607f2bc32e", kill_on_drop: false }`
[INFO] running `Command { std: "docker" "inspect" "eb5bd5bab6e9cf74b63d1e0d8fd43fe67bfe63906e185123f0563e607f2bc32e", kill_on_drop: false }`
[INFO] running `Command { std: "docker" "rm" "-f" "eb5bd5bab6e9cf74b63d1e0d8fd43fe67bfe63906e185123f0563e607f2bc32e", kill_on_drop: false }`
[INFO] [stdout] eb5bd5bab6e9cf74b63d1e0d8fd43fe67bfe63906e185123f0563e607f2bc32e
[INFO] running `Command { std: "docker" "create" "-v" "/var/lib/crater-agent-workspace/builds/worker-6-tc2/target:/opt/rustwide/target:rw,Z" "-v" "/var/lib/crater-agent-workspace/builds/worker-6-tc2/source:/opt/rustwide/workdir:ro,Z" "-v" "/var/lib/crater-agent-workspace/cargo-home:/opt/rustwide/cargo-home:ro,Z" "-v" "/var/lib/crater-agent-workspace/rustup-home:/opt/rustwide/rustup-home:ro,Z" "-e" "SOURCE_DIR=/opt/rustwide/workdir" "-e" "CARGO_TARGET_DIR=/opt/rustwide/target" "-e" "CARGO_INCREMENTAL=0" "-e" "RUST_BACKTRACE=full" "-e" "RUSTFLAGS=--cap-lints=forbid -Zrandomize-layout" "-e" "RUSTDOCFLAGS=--cap-lints=forbid" "-e" "CARGO_HOME=/opt/rustwide/cargo-home" "-e" "RUSTUP_HOME=/opt/rustwide/rustup-home" "-w" "/opt/rustwide/workdir" "-m" "1610612736" "--user" "0:0" "--network" "none" "ghcr.io/rust-lang/crates-build-env/linux@sha256:4a844ea9eb2546a2d2c7022eacef16ef2e8229c7fbb2c7d4d55a9ceca922f72d" "/opt/rustwide/cargo-home/bin/cargo" "+nightly-2024-10-28" "build" "--frozen" "--message-format=json", kill_on_drop: false }`
[INFO] [stdout] 4588acd9bbbc172d2323bc6c7eb29beb437972184e1d8efbe206f3bf195a3982
[INFO] running `Command { std: "docker" "start" "-a" "4588acd9bbbc172d2323bc6c7eb29beb437972184e1d8efbe206f3bf195a3982", kill_on_drop: false }`
[INFO] [stderr]    Compiling proc-macro2 v1.0.86
[INFO] [stderr]    Compiling unicode-ident v1.0.9
[INFO] [stderr]    Compiling quote v1.0.37
[INFO] [stderr]    Compiling syn v2.0.76
[INFO] [stderr]    Compiling inttype-enum v0.1.4 (/opt/rustwide/workdir)
[INFO] [stderr]     Finished `dev` profile [unoptimized + debuginfo] target(s) in 2.30s
[INFO] running `Command { std: "docker" "inspect" "4588acd9bbbc172d2323bc6c7eb29beb437972184e1d8efbe206f3bf195a3982", kill_on_drop: false }`
[INFO] running `Command { std: "docker" "rm" "-f" "4588acd9bbbc172d2323bc6c7eb29beb437972184e1d8efbe206f3bf195a3982", kill_on_drop: false }`
[INFO] [stdout] 4588acd9bbbc172d2323bc6c7eb29beb437972184e1d8efbe206f3bf195a3982
[INFO] running `Command { std: "docker" "create" "-v" "/var/lib/crater-agent-workspace/builds/worker-6-tc2/target:/opt/rustwide/target:rw,Z" "-v" "/var/lib/crater-agent-workspace/builds/worker-6-tc2/source:/opt/rustwide/workdir:ro,Z" "-v" "/var/lib/crater-agent-workspace/cargo-home:/opt/rustwide/cargo-home:ro,Z" "-v" "/var/lib/crater-agent-workspace/rustup-home:/opt/rustwide/rustup-home:ro,Z" "-e" "SOURCE_DIR=/opt/rustwide/workdir" "-e" "CARGO_TARGET_DIR=/opt/rustwide/target" "-e" "CARGO_INCREMENTAL=0" "-e" "RUST_BACKTRACE=full" "-e" "RUSTFLAGS=--cap-lints=forbid -Zrandomize-layout" "-e" "RUSTDOCFLAGS=--cap-lints=forbid" "-e" "CARGO_HOME=/opt/rustwide/cargo-home" "-e" "RUSTUP_HOME=/opt/rustwide/rustup-home" "-w" "/opt/rustwide/workdir" "-m" "1610612736" "--user" "0:0" "--network" "none" "ghcr.io/rust-lang/crates-build-env/linux@sha256:4a844ea9eb2546a2d2c7022eacef16ef2e8229c7fbb2c7d4d55a9ceca922f72d" "/opt/rustwide/cargo-home/bin/cargo" "+nightly-2024-10-28" "test" "--frozen" "--no-run" "--message-format=json", kill_on_drop: false }`
[INFO] [stdout] e88d8677d4124d26e006df4ba41af5fab19dd8a9fed8036b651de251f4b9c8bc
[INFO] running `Command { std: "docker" "start" "-a" "e88d8677d4124d26e006df4ba41af5fab19dd8a9fed8036b651de251f4b9c8bc", kill_on_drop: false }`
[INFO] [stderr]    Compiling inttype-enum v0.1.4 (/opt/rustwide/workdir)
[INFO] [stderr]     Finished `test` profile [unoptimized + debuginfo] target(s) in 0.16s
[INFO] running `Command { std: "docker" "inspect" "e88d8677d4124d26e006df4ba41af5fab19dd8a9fed8036b651de251f4b9c8bc", kill_on_drop: false }`
[INFO] running `Command { std: "docker" "rm" "-f" "e88d8677d4124d26e006df4ba41af5fab19dd8a9fed8036b651de251f4b9c8bc", kill_on_drop: false }`
[INFO] [stdout] e88d8677d4124d26e006df4ba41af5fab19dd8a9fed8036b651de251f4b9c8bc
[INFO] running `Command { std: "docker" "create" "-v" "/var/lib/crater-agent-workspace/builds/worker-6-tc2/target:/opt/rustwide/target:rw,Z" "-v" "/var/lib/crater-agent-workspace/builds/worker-6-tc2/source:/opt/rustwide/workdir:ro,Z" "-v" "/var/lib/crater-agent-workspace/cargo-home:/opt/rustwide/cargo-home:ro,Z" "-v" "/var/lib/crater-agent-workspace/rustup-home:/opt/rustwide/rustup-home:ro,Z" "-e" "SOURCE_DIR=/opt/rustwide/workdir" "-e" "CARGO_TARGET_DIR=/opt/rustwide/target" "-e" "CARGO_INCREMENTAL=0" "-e" "RUST_BACKTRACE=full" "-e" "RUSTFLAGS=--cap-lints=forbid -Zrandomize-layout" "-e" "RUSTDOCFLAGS=--cap-lints=forbid" "-e" "CARGO_HOME=/opt/rustwide/cargo-home" "-e" "RUSTUP_HOME=/opt/rustwide/rustup-home" "-w" "/opt/rustwide/workdir" "-m" "1610612736" "--user" "0:0" "--network" "none" "ghcr.io/rust-lang/crates-build-env/linux@sha256:4a844ea9eb2546a2d2c7022eacef16ef2e8229c7fbb2c7d4d55a9ceca922f72d" "/opt/rustwide/cargo-home/bin/cargo" "+nightly-2024-10-28" "test" "--frozen", kill_on_drop: false }`
[INFO] [stdout] b32aa4e1ba62ab015e95af84658fbc4742cdf8b69313ee3bc3d821d0ad15103a
[INFO] running `Command { std: "docker" "start" "-a" "b32aa4e1ba62ab015e95af84658fbc4742cdf8b69313ee3bc3d821d0ad15103a", kill_on_drop: false }`
[INFO] [stderr]     Finished `test` profile [unoptimized + debuginfo] target(s) in 0.01s
[INFO] [stderr]      Running unittests src/lib.rs (/opt/rustwide/target/debug/deps/inttype_enum-828fd6062f81d528)
[INFO] [stdout] 
[INFO] [stdout] running 0 tests
[INFO] [stdout] 
[INFO] [stdout] test result: ok. 0 passed; 0 failed; 0 ignored; 0 measured; 0 filtered out; finished in 0.00s
[INFO] [stdout] 
[INFO] [stderr]    Doc-tests inttype_enum
[INFO] [stdout] 
[INFO] [stdout] running 2 tests
[INFO] [stdout] test src/../README.md - (line 30) ... FAILED
[INFO] [stdout] test src/../README.md - (line 16) ... FAILED
[INFO] [stdout] 
[INFO] [stdout] failures:
[INFO] [stdout] 
[INFO] [stdout] ---- src/../README.md - (line 30) stdout ----
[INFO] [stdout] error: cannot find derive macro `IntType` in this scope
[INFO] [stdout]  --> src/../README.md:31:10
[INFO] [stdout]   |
[INFO] [stdout] 3 | #[derive(IntType)]
[INFO] [stdout]   |          ^^^^^^^
[INFO] [stdout]   |
[INFO] [stdout] help: consider importing this derive macro
[INFO] [stdout]   |
[INFO] [stdout] 2 + use inttype_enum::IntType;
[INFO] [stdout]   |
[INFO] [stdout] 
[INFO] [stdout] error: cannot find attribute `default` in this scope
[INFO] [stdout]  --> src/../README.md:36:7
[INFO] [stdout]   |
[INFO] [stdout] 8 |     #[default]
[INFO] [stdout]   |       ^^^^^^^
[INFO] [stdout]   |
[INFO] [stdout] help: consider adding a derive
[INFO] [stdout]   |
[INFO] [stdout] 5 + #[derive(Default)]
[INFO] [stdout] 6 | enum Method {
[INFO] [stdout]   |
[INFO] [stdout] 
[INFO] [stdout] error[E0277]: the trait bound `Method: From<{integer}>` is not satisfied
[INFO] [stdout]   --> src/../README.md:39:20
[INFO] [stdout]    |
[INFO] [stdout] 11 | assert!(matches!(1.into(), Method::A));
[INFO] [stdout]    |                    ^^^^ the trait `From<{integer}>` is not implemented for `Method`, which is required by `{integer}: Into<_>`
[INFO] [stdout]    |
[INFO] [stdout]    = note: required for `{integer}` to implement `Into<Method>`
[INFO] [stdout] 
[INFO] [stdout] error[E0277]: the trait bound `Method: From<{integer}>` is not satisfied
[INFO] [stdout]   --> src/../README.md:40:20
[INFO] [stdout]    |
[INFO] [stdout] 12 | assert!(matches!(0.into(), Method::C));
[INFO] [stdout]    |                    ^^^^ the trait `From<{integer}>` is not implemented for `Method`, which is required by `{integer}: Into<_>`
[INFO] [stdout]    |
[INFO] [stdout]    = note: required for `{integer}` to implement `Into<Method>`
[INFO] [stdout] 
[INFO] [stdout] error: aborting due to 4 previous errors
[INFO] [stdout] 
[INFO] [stdout] For more information about this error, try `rustc --explain E0277`.
[INFO] [stdout] Couldn't compile the test.
[INFO] [stdout] ---- src/../README.md - (line 16) stdout ----
[INFO] [stdout] error: cannot find derive macro `IntType` in this scope
[INFO] [stdout]  --> src/../README.md:17:10
[INFO] [stdout]   |
[INFO] [stdout] 3 | #[derive(IntType)]
[INFO] [stdout]   |          ^^^^^^^
[INFO] [stdout]   |
[INFO] [stdout] help: consider importing this derive macro
[INFO] [stdout]   |
[INFO] [stdout] 2 + use inttype_enum::IntType;
[INFO] [stdout]   |
[INFO] [stdout] 
[INFO] [stdout] error[E0277]: the trait bound `u8: From<Cmd>` is not satisfied
[INFO] [stdout]   --> src/../README.md:25:29
[INFO] [stdout]    |
[INFO] [stdout] 11 | let conn: u8 = Cmd::Connect.into();
[INFO] [stdout]    |                             ^^^^ the trait `From<Cmd>` is not implemented for `u8`, which is required by `Cmd: Into<_>`
[INFO] [stdout]    |
[INFO] [stdout]    = help: the following other types implement trait `From<T>`:
[INFO] [stdout]              `u8` implements `From<Char>`
[INFO] [stdout]              `u8` implements `From<bool>`
[INFO] [stdout]    = note: required for `Cmd` to implement `Into<u8>`
[INFO] [stdout] 
[INFO] [stdout] error[E0277]: the trait bound `Cmd: TryFrom<u8>` is not satisfied
[INFO] [stdout]   --> src/../README.md:26:18
[INFO] [stdout]    |
[INFO] [stdout] 12 | assert!(matches!(Cmd::try_from(conn), Ok(Cmd::Connect)));
[INFO] [stdout]    |                  ^^^ the trait `From<u8>` is not implemented for `Cmd`, which is required by `Cmd: TryFrom<_>`
[INFO] [stdout]    |
[INFO] [stdout]    = note: required for `u8` to implement `Into<Cmd>`
[INFO] [stdout]    = note: required for `Cmd` to implement `TryFrom<u8>`
[INFO] [stdout] 
[INFO] [stdout] error[E0277]: the trait bound `Cmd: TryFrom<{integer}>` is not satisfied
[INFO] [stdout]   --> src/../README.md:27:18
[INFO] [stdout]    |
[INFO] [stdout] 13 | assert!(matches!(Cmd::try_from(0), Err(_)));
[INFO] [stdout]    |                  ^^^ the trait `From<{integer}>` is not implemented for `Cmd`, which is required by `Cmd: TryFrom<_>`
[INFO] [stdout]    |
[INFO] [stdout]    = note: required for `{integer}` to implement `Into<Cmd>`
[INFO] [stdout]    = note: required for `Cmd` to implement `TryFrom<{integer}>`
[INFO] [stdout] 
[INFO] [stdout] error[E0277]: the trait bound `Cmd: From<u8>` is not satisfied
[INFO] [stdout]   --> src/../README.md:26:18
[INFO] [stdout]    |
[INFO] [stdout] 12 | assert!(matches!(Cmd::try_from(conn), Ok(Cmd::Connect)));
[INFO] [stdout]    |                  ^^^^^^^^^^^^^^^^^^^ the trait `From<u8>` is not implemented for `Cmd`, which is required by `Cmd: TryFrom<u8>`
[INFO] [stdout]    |
[INFO] [stdout]    = note: required for `u8` to implement `Into<Cmd>`
[INFO] [stdout]    = note: required for `Cmd` to implement `TryFrom<u8>`
[INFO] [stdout] 
[INFO] [stdout] error[E0277]: the trait bound `Cmd: From<{integer}>` is not satisfied
[INFO] [stdout]   --> src/../README.md:27:18
[INFO] [stdout]    |
[INFO] [stdout] 13 | assert!(matches!(Cmd::try_from(0), Err(_)));
[INFO] [stdout]    |                  ^^^^^^^^^^^^^^^^ the trait `From<{integer}>` is not implemented for `Cmd`, which is required by `Cmd: TryFrom<{integer}>`
[INFO] [stdout]    |
[INFO] [stdout]    = note: required for `{integer}` to implement `Into<Cmd>`
[INFO] [stdout]    = note: required for `Cmd` to implement `TryFrom<{integer}>`
[INFO] [stdout] 
[INFO] [stdout] error: aborting due to 6 previous errors
[INFO] [stdout] 
[INFO] [stdout] For more information about this error, try `rustc --explain E0277`.
[INFO] [stdout] Couldn't compile the test.
[INFO] [stdout] 
[INFO] [stdout] failures:
[INFO] [stdout]     src/../README.md - (line 16)
[INFO] [stdout]     src/../README.md - (line 30)
[INFO] [stdout] 
[INFO] [stdout] test result: FAILED. 0 passed; 2 failed; 0 ignored; 0 measured; 0 filtered out; finished in 0.04s
[INFO] [stdout] 
[INFO] [stderr] error: doctest failed, to rerun pass `--doc`
[INFO] running `Command { std: "docker" "inspect" "b32aa4e1ba62ab015e95af84658fbc4742cdf8b69313ee3bc3d821d0ad15103a", kill_on_drop: false }`
[INFO] running `Command { std: "docker" "rm" "-f" "b32aa4e1ba62ab015e95af84658fbc4742cdf8b69313ee3bc3d821d0ad15103a", kill_on_drop: false }`
[INFO] [stdout] b32aa4e1ba62ab015e95af84658fbc4742cdf8b69313ee3bc3d821d0ad15103a
