[INFO] cloning repository https://github.com/h4n-ul/FrAD_Rust
[INFO] running `Command { std: "git" "-c" "credential.helper=" "-c" "credential.helper=/workspace/cargo-home/bin/git-credential-null" "clone" "--bare" "https://github.com/h4n-ul/FrAD_Rust" "/workspace/cache/git-repos/https%3A%2F%2Fgithub.com%2Fh4n-ul%2FFrAD_Rust", kill_on_drop: false }`
[INFO] [stderr] Cloning into bare repository '/workspace/cache/git-repos/https%3A%2F%2Fgithub.com%2Fh4n-ul%2FFrAD_Rust'...
[INFO] running `Command { std: "git" "rev-parse" "HEAD", kill_on_drop: false }`
[INFO] [stdout] 8f7386aab8978515abe02fe9eefcc1e6e6ce7738
[INFO] testing h4n-ul/FrAD_Rust against nightly-2024-10-28 for randomize-layout
[INFO] running `Command { std: "git" "clone" "/workspace/cache/git-repos/https%3A%2F%2Fgithub.com%2Fh4n-ul%2FFrAD_Rust" "/workspace/builds/worker-0-tc1/source", kill_on_drop: false }`
[INFO] [stderr] Cloning into '/workspace/builds/worker-0-tc1/source'...
[INFO] [stderr] done.
[INFO] validating manifest of git repo https://github.com/h4n-ul/FrAD_Rust on toolchain nightly-2024-10-28
[INFO] running `Command { std: CARGO_HOME="/workspace/cargo-home" RUSTUP_HOME="/workspace/rustup-home" "/workspace/cargo-home/bin/cargo" "+nightly-2024-10-28" "metadata" "--manifest-path" "Cargo.toml" "--no-deps", kill_on_drop: false }`
[INFO] started tweaking git repo https://github.com/h4n-ul/FrAD_Rust
[INFO] finished tweaking git repo https://github.com/h4n-ul/FrAD_Rust
[INFO] tweaked toml for git repo https://github.com/h4n-ul/FrAD_Rust written to /workspace/builds/worker-0-tc1/source/Cargo.toml
[INFO] running `Command { std: CARGO_HOME="/workspace/cargo-home" RUSTUP_HOME="/workspace/rustup-home" "/workspace/cargo-home/bin/cargo" "+nightly-2024-10-28" "generate-lockfile" "--manifest-path" "Cargo.toml", kill_on_drop: false }`
[INFO] [stderr]     Updating crates.io index
[INFO] [stderr]      Locking 140 packages to latest compatible versions
[INFO] running `Command { std: CARGO_HOME="/workspace/cargo-home" RUSTUP_HOME="/workspace/rustup-home" "/workspace/cargo-home/bin/cargo" "+nightly-2024-10-28" "fetch" "--manifest-path" "Cargo.toml", kill_on_drop: false }`
[INFO] [stderr]  Downloading crates ...
[INFO] [stderr]   Downloaded infer v0.16.0
[INFO] running `Command { std: "docker" "create" "-v" "/var/lib/crater-agent-workspace/builds/worker-0-tc1/target:/opt/rustwide/target:rw,Z" "-v" "/var/lib/crater-agent-workspace/builds/worker-0-tc1/source:/opt/rustwide/workdir:ro,Z" "-v" "/var/lib/crater-agent-workspace/cargo-home:/opt/rustwide/cargo-home:ro,Z" "-v" "/var/lib/crater-agent-workspace/rustup-home:/opt/rustwide/rustup-home:ro,Z" "-e" "SOURCE_DIR=/opt/rustwide/workdir" "-e" "CARGO_TARGET_DIR=/opt/rustwide/target" "-e" "CARGO_HOME=/opt/rustwide/cargo-home" "-e" "RUSTUP_HOME=/opt/rustwide/rustup-home" "-w" "/opt/rustwide/workdir" "-m" "1610612736" "--user" "0:0" "--network" "none" "ghcr.io/rust-lang/crates-build-env/linux@sha256:4a844ea9eb2546a2d2c7022eacef16ef2e8229c7fbb2c7d4d55a9ceca922f72d" "/opt/rustwide/cargo-home/bin/cargo" "+nightly-2024-10-28" "metadata" "--no-deps" "--format-version=1", kill_on_drop: false }`
[INFO] [stdout] f8707e30c8ff91da843602005dd5a35f285d653837e4bb366381532a76149461
[INFO] running `Command { std: "docker" "start" "-a" "f8707e30c8ff91da843602005dd5a35f285d653837e4bb366381532a76149461", kill_on_drop: false }`
[INFO] running `Command { std: "docker" "inspect" "f8707e30c8ff91da843602005dd5a35f285d653837e4bb366381532a76149461", kill_on_drop: false }`
[INFO] running `Command { std: "docker" "rm" "-f" "f8707e30c8ff91da843602005dd5a35f285d653837e4bb366381532a76149461", kill_on_drop: false }`
[INFO] [stdout] f8707e30c8ff91da843602005dd5a35f285d653837e4bb366381532a76149461
[INFO] running `Command { std: "docker" "create" "-v" "/var/lib/crater-agent-workspace/builds/worker-0-tc1/target:/opt/rustwide/target:rw,Z" "-v" "/var/lib/crater-agent-workspace/builds/worker-0-tc1/source:/opt/rustwide/workdir:ro,Z" "-v" "/var/lib/crater-agent-workspace/cargo-home:/opt/rustwide/cargo-home:ro,Z" "-v" "/var/lib/crater-agent-workspace/rustup-home:/opt/rustwide/rustup-home:ro,Z" "-e" "SOURCE_DIR=/opt/rustwide/workdir" "-e" "CARGO_TARGET_DIR=/opt/rustwide/target" "-e" "CARGO_INCREMENTAL=0" "-e" "RUST_BACKTRACE=full" "-e" "RUSTFLAGS=--cap-lints=forbid" "-e" "RUSTDOCFLAGS=--cap-lints=forbid" "-e" "CARGO_HOME=/opt/rustwide/cargo-home" "-e" "RUSTUP_HOME=/opt/rustwide/rustup-home" "-w" "/opt/rustwide/workdir" "-m" "1610612736" "--user" "0:0" "--network" "none" "ghcr.io/rust-lang/crates-build-env/linux@sha256:4a844ea9eb2546a2d2c7022eacef16ef2e8229c7fbb2c7d4d55a9ceca922f72d" "/opt/rustwide/cargo-home/bin/cargo" "+nightly-2024-10-28" "build" "--frozen" "--message-format=json", kill_on_drop: false }`
[INFO] [stdout] 8fc29db3833093dddf3918c00f334829a8ae62e7cd291529856ddddb82459f8d
[INFO] running `Command { std: "docker" "start" "-a" "8fc29db3833093dddf3918c00f334829a8ae62e7cd291529856ddddb82459f8d", kill_on_drop: false }`
[INFO] [stderr]    Compiling cfg-if v1.0.0
[INFO] [stderr]    Compiling autocfg v1.4.0
[INFO] [stderr]    Compiling proc-macro2 v1.0.89
[INFO] [stderr]    Compiling pkg-config v0.3.31
[INFO] [stderr]    Compiling unicode-ident v1.0.13
[INFO] [stderr]    Compiling bitflags v2.6.0
[INFO] [stderr]    Compiling byteorder v1.5.0
[INFO] [stderr]    Compiling log v0.4.22
[INFO] [stderr]    Compiling arrayvec v0.7.6
[INFO] [stderr]    Compiling bytemuck v1.19.0
[INFO] [stderr]    Compiling serde v1.0.214
[INFO] [stderr]    Compiling tinyvec_macros v0.1.1
[INFO] [stderr]    Compiling version_check v0.9.5
[INFO] [stderr]    Compiling thiserror v1.0.67
[INFO] [stderr]    Compiling cpal v0.15.3
[INFO] [stderr]    Compiling rustix v0.38.38
[INFO] [stderr]    Compiling encoding_rs v0.8.35
[INFO] [stderr]    Compiling tinyvec v1.8.0
[INFO] [stderr]    Compiling serde_json v1.0.132
[INFO] [stderr]    Compiling linux-raw-sys v0.4.14
[INFO] [stderr]    Compiling uuid v1.11.0
[INFO] [stderr]    Compiling dasp_sample v0.11.0
[INFO] [stderr]    Compiling adler2 v2.0.0
[INFO] [stderr]    Compiling symphonia-core v0.5.4
[INFO] [stderr]    Compiling ogg v0.8.0
[INFO] [stderr]    Compiling fnv v1.0.7
[INFO] [stderr]    Compiling strength_reduce v0.2.4
[INFO] [stderr]    Compiling miniz_oxide v0.8.0
[INFO] [stderr]    Compiling crc32fast v1.4.2
[INFO] [stderr]    Compiling rustfft v6.2.0
[INFO] [stderr]    Compiling fastrand v2.1.1
[INFO] [stderr]    Compiling num-traits v0.2.19
[INFO] [stderr]    Compiling ryu v1.0.18
[INFO] [stderr]    Compiling cfb v0.7.3
[INFO] [stderr]    Compiling claxon v0.4.3
[INFO] [stderr]    Compiling hound v3.5.1
[INFO] [stderr]    Compiling alsa-sys v0.3.1
[INFO] [stderr]    Compiling once_cell v1.20.2
[INFO] [stderr]    Compiling memchr v2.7.4
[INFO] [stderr]    Compiling itoa v1.0.11
[INFO] [stderr]    Compiling half v2.4.1
[INFO] [stderr]    Compiling base64 v0.22.1
[INFO] [stderr]    Compiling quote v1.0.37
[INFO] [stderr]    Compiling flate2 v1.0.34
[INFO] [stderr]    Compiling same-file v1.0.6
[INFO] [stderr]    Compiling lewton v0.10.2
[INFO] [stderr]    Compiling syn v2.0.87
[INFO] [stderr]    Compiling alsa v0.9.1
[INFO] [stderr]    Compiling infer v0.16.0
[INFO] [stderr]    Compiling symphonia-metadata v0.5.4
[INFO] [stderr]    Compiling num-integer v0.1.46
[INFO] [stderr]    Compiling num-complex v0.4.6
[INFO] [stderr]    Compiling symphonia-bundle-mp3 v0.5.4
[INFO] [stderr]    Compiling primal-check v0.3.4
[INFO] [stderr]    Compiling transpose v0.2.3
[INFO] [stderr]    Compiling symphonia v0.5.4
[INFO] [stderr]    Compiling tempfile v3.13.0
[INFO] [stderr]    Compiling thiserror-impl v1.0.67
[INFO] [stderr]    Compiling rodio v0.19.0
[INFO] [stderr]    Compiling frad v0.0.0 (/opt/rustwide/workdir)
[INFO] [stderr]     Finished `dev` profile [unoptimized + debuginfo] target(s) in 9.29s
[INFO] running `Command { std: "docker" "inspect" "8fc29db3833093dddf3918c00f334829a8ae62e7cd291529856ddddb82459f8d", kill_on_drop: false }`
[INFO] running `Command { std: "docker" "rm" "-f" "8fc29db3833093dddf3918c00f334829a8ae62e7cd291529856ddddb82459f8d", kill_on_drop: false }`
[INFO] [stdout] 8fc29db3833093dddf3918c00f334829a8ae62e7cd291529856ddddb82459f8d
[INFO] running `Command { std: "docker" "create" "-v" "/var/lib/crater-agent-workspace/builds/worker-0-tc1/target:/opt/rustwide/target:rw,Z" "-v" "/var/lib/crater-agent-workspace/builds/worker-0-tc1/source:/opt/rustwide/workdir:ro,Z" "-v" "/var/lib/crater-agent-workspace/cargo-home:/opt/rustwide/cargo-home:ro,Z" "-v" "/var/lib/crater-agent-workspace/rustup-home:/opt/rustwide/rustup-home:ro,Z" "-e" "SOURCE_DIR=/opt/rustwide/workdir" "-e" "CARGO_TARGET_DIR=/opt/rustwide/target" "-e" "CARGO_INCREMENTAL=0" "-e" "RUST_BACKTRACE=full" "-e" "RUSTFLAGS=--cap-lints=forbid" "-e" "RUSTDOCFLAGS=--cap-lints=forbid" "-e" "CARGO_HOME=/opt/rustwide/cargo-home" "-e" "RUSTUP_HOME=/opt/rustwide/rustup-home" "-w" "/opt/rustwide/workdir" "-m" "1610612736" "--user" "0:0" "--network" "none" "ghcr.io/rust-lang/crates-build-env/linux@sha256:4a844ea9eb2546a2d2c7022eacef16ef2e8229c7fbb2c7d4d55a9ceca922f72d" "/opt/rustwide/cargo-home/bin/cargo" "+nightly-2024-10-28" "test" "--frozen" "--no-run" "--message-format=json", kill_on_drop: false }`
[INFO] [stdout] a30da26f4080380669bc5598e54b6f32dd66531fd68e2970e98c472611518224
[INFO] running `Command { std: "docker" "start" "-a" "a30da26f4080380669bc5598e54b6f32dd66531fd68e2970e98c472611518224", kill_on_drop: false }`
[INFO] [stderr]    Compiling frad v0.0.0 (/opt/rustwide/workdir)
[INFO] [stderr]     Finished `test` profile [unoptimized + debuginfo] target(s) in 0.45s
[INFO] running `Command { std: "docker" "inspect" "a30da26f4080380669bc5598e54b6f32dd66531fd68e2970e98c472611518224", kill_on_drop: false }`
[INFO] running `Command { std: "docker" "rm" "-f" "a30da26f4080380669bc5598e54b6f32dd66531fd68e2970e98c472611518224", kill_on_drop: false }`
[INFO] [stdout] a30da26f4080380669bc5598e54b6f32dd66531fd68e2970e98c472611518224
[INFO] running `Command { std: "docker" "create" "-v" "/var/lib/crater-agent-workspace/builds/worker-0-tc1/target:/opt/rustwide/target:rw,Z" "-v" "/var/lib/crater-agent-workspace/builds/worker-0-tc1/source:/opt/rustwide/workdir:ro,Z" "-v" "/var/lib/crater-agent-workspace/cargo-home:/opt/rustwide/cargo-home:ro,Z" "-v" "/var/lib/crater-agent-workspace/rustup-home:/opt/rustwide/rustup-home:ro,Z" "-e" "SOURCE_DIR=/opt/rustwide/workdir" "-e" "CARGO_TARGET_DIR=/opt/rustwide/target" "-e" "CARGO_INCREMENTAL=0" "-e" "RUST_BACKTRACE=full" "-e" "RUSTFLAGS=--cap-lints=forbid" "-e" "RUSTDOCFLAGS=--cap-lints=forbid" "-e" "CARGO_HOME=/opt/rustwide/cargo-home" "-e" "RUSTUP_HOME=/opt/rustwide/rustup-home" "-w" "/opt/rustwide/workdir" "-m" "1610612736" "--user" "0:0" "--network" "none" "ghcr.io/rust-lang/crates-build-env/linux@sha256:4a844ea9eb2546a2d2c7022eacef16ef2e8229c7fbb2c7d4d55a9ceca922f72d" "/opt/rustwide/cargo-home/bin/cargo" "+nightly-2024-10-28" "test" "--frozen", kill_on_drop: false }`
[INFO] [stdout] 955b2c76e1ff1e0f4032dfd8f8bd2ab3d5555b2f2f30ef0d410218a2a5d8a1d1
[INFO] running `Command { std: "docker" "start" "-a" "955b2c76e1ff1e0f4032dfd8f8bd2ab3d5555b2f2f30ef0d410218a2a5d8a1d1", kill_on_drop: false }`
[INFO] [stderr]     Finished `test` profile [unoptimized + debuginfo] target(s) in 0.08s
[INFO] [stderr]      Running unittests src/libfrad/lib.rs (/opt/rustwide/target/debug/deps/frad-c1a9934976250be6)
[INFO] [stdout] 
[INFO] [stdout] running 0 tests
[INFO] [stdout] 
[INFO] [stdout] test result: ok. 0 passed; 0 failed; 0 ignored; 0 measured; 0 filtered out; finished in 0.00s
[INFO] [stdout] 
[INFO] [stderr]      Running unittests src/main.rs (/opt/rustwide/target/debug/deps/frad_rs-7153cfa517d4c323)
[INFO] [stdout] 
[INFO] [stdout] running 0 tests
[INFO] [stdout] 
[INFO] [stdout] test result: ok. 0 passed; 0 failed; 0 ignored; 0 measured; 0 filtered out; finished in 0.00s
[INFO] [stdout] 
[INFO] [stderr]    Doc-tests frad
[INFO] [stdout] 
[INFO] [stdout] running 100 tests
[INFO] [stdout] test src/libfrad/backend/pcmformat.rs - backend::pcmformat::PCMFormat (line 1) ... FAILED
[INFO] [stdout] test src/libfrad/backend/mod.rs - backend::bitcvt (line 1) ... FAILED
[INFO] [stdout] test src/libfrad/backend/f64cvt.rs - backend::f64cvt::PCMFormat (line 1) ... FAILED
[INFO] [stdout] test src/libfrad/backend/f64cvt.rs - backend::f64cvt (line 1) ... FAILED
[INFO] [stdout] test src/libfrad/common.rs - common::SIGNATURE (line 1) ... FAILED
[INFO] [stdout] test src/libfrad/backend/bitcvt.rs - backend::bitcvt::to_bits (line 1) ... FAILED
[INFO] [stdout] test src/libfrad/backend/f64cvt.rs - backend::f64cvt::Endian (line 1) ... FAILED
[INFO] [stdout] test src/libfrad/decoder.rs - decoder::ASFH (line 1) ... FAILED
[INFO] [stdout] test src/libfrad/decoder.rs - decoder (line 1) ... FAILED
[INFO] [stdout] test src/libfrad/decoder.rs - decoder (line 1) ... FAILED
[INFO] [stdout] test src/libfrad/decoder.rs - decoder (line 1) ... FAILED
[INFO] [stdout] test src/libfrad/decoder.rs - decoder (line 1) ... FAILED
[INFO] [stdout] test src/libfrad/decoder.rs - decoder (line 1) ... FAILED
[INFO] [stdout] test src/libfrad/decoder.rs - decoder (line 1) ... FAILED
[INFO] [stdout] test src/libfrad/decoder.rs - decoder (line 1) ... FAILED
[INFO] [stdout] test src/libfrad/decoder.rs - decoder (line 1) ... FAILED
[INFO] [stdout] test src/libfrad/decoder.rs - decoder::FRM_SIGN (line 1) ... FAILED
[INFO] [stdout] test src/libfrad/decoder.rs - decoder::COMPACT (line 1) ... FAILED
[INFO] [stdout] test src/libfrad/decoder.rs - decoder::ForceFlush (line 1) ... FAILED
[INFO] [stdout] test src/libfrad/decoder.rs - decoder::SplitFront (line 1) ... FAILED
[INFO] [stdout] test src/libfrad/decoder.rs - decoder::Incomplete (line 1) ... FAILED
[INFO] [stdout] test src/libfrad/decoder.rs - decoder::Complete (line 1) ... FAILED
[INFO] [stdout] test src/libfrad/decoder.rs - decoder::crc32 (line 1) ... FAILED
[INFO] [stdout] test src/libfrad/decoder.rs - decoder::LOSSLESS (line 1) ... FAILED
[INFO] [stdout] test src/libfrad/decoder.rs - decoder::ecc (line 1) ... FAILED
[INFO] [stdout] test src/libfrad/decoder.rs - decoder::crc16_ansi (line 1) ... FAILED
[INFO] [stdout] test src/libfrad/decoder.rs - decoder::VecPatternFind (line 1) ... FAILED
[INFO] [stdout] test src/libfrad/decoder.rs - decoder::ProcessInfo (line 1) ... FAILED
[INFO] [stdout] test src/libfrad/decoder.rs - decoder::fourier (line 1) ... FAILED
[INFO] [stdout] test src/libfrad/encoder.rs - encoder (line 1) ... FAILED
[INFO] [stdout] test src/libfrad/decoder.rs - decoder::hanning_in_overlap (line 1) ... FAILED
[INFO] [stdout] test src/libfrad/encoder.rs - encoder (line 1) ... FAILED
[INFO] [stdout] test src/libfrad/encoder.rs - encoder (line 1) ... FAILED
[INFO] [stdout] test src/libfrad/encoder.rs - encoder (line 1) ... FAILED
[INFO] [stdout] test src/libfrad/encoder.rs - encoder::COMPACT (line 1) ... FAILED
[INFO] [stdout] test src/libfrad/encoder.rs - encoder::AVAILABLE (line 1) ... FAILED
[INFO] [stdout] test src/libfrad/encoder.rs - encoder::ASFH (line 1) ... FAILED
[INFO] [stdout] test src/libfrad/encoder.rs - encoder (line 1) ... FAILED
[INFO] [stdout] test src/libfrad/encoder.rs - encoder::Prepend (line 1) ... FAILED
[INFO] [stdout] test src/libfrad/encoder.rs - encoder::SplitFront (line 1) ... FAILED
[INFO] [stdout] test src/libfrad/encoder.rs - encoder::PCMFormat (line 1) ... FAILED
[INFO] [stdout] test src/libfrad/encoder.rs - encoder::any_to_f64 (line 1) ... FAILED
[INFO] [stdout] test src/libfrad/encoder.rs - encoder::BIT_DEPTHS (line 1) ... FAILED
[INFO] [stdout] test src/libfrad/encoder.rs - encoder::SEGMAX (line 1) ... FAILED
[INFO] [stdout] test src/libfrad/encoder.rs - encoder::ProcessInfo (line 1) ... FAILED
[INFO] [stdout] test src/libfrad/fourier/backend/core.rs - fourier::backend::core::PI (line 1) ... FAILED
[INFO] [stdout] test src/libfrad/fourier/backend/u8pack.rs - fourier::backend::u8pack::bitcvt (line 1) ... FAILED
[INFO] [stdout] test src/libfrad/fourier/profile1.rs - fourier::profile1 (line 1) ... FAILED
[INFO] [stdout] test src/libfrad/fourier/profile1.rs - fourier::profile1::SplitFront (line 1) ... FAILED
[INFO] [stdout] test src/libfrad/fourier/profile1.rs - fourier::profile1::Transpose (line 1) ... FAILED
[INFO] [stdout] test src/libfrad/fourier/tools/p1tools.rs - fourier::tools::p1tools (line 1) ... FAILED
[INFO] [stdout] test src/libfrad/fourier/profiles.rs - fourier::profiles::LOSSLESS (line 1) ... FAILED
[INFO] [stdout] test src/libfrad/fourier/profile4.rs - fourier::profile4::u8pack (line 1) ... FAILED
[INFO] [stdout] test src/libfrad/encoder.rs - encoder::fourier (line 1) ... FAILED
[INFO] [stdout] test src/libfrad/encoder.rs - encoder::compact (line 1) ... FAILED
[INFO] [stdout] test src/libfrad/fourier/profile0.rs - fourier::profile0::Transpose (line 1) ... FAILED
[INFO] [stdout] test src/libfrad/fourier/tools/p1tools.rs - fourier::tools::p1tools::bitcvt (line 1) ... FAILED
[INFO] [stdout] test src/libfrad/encoder.rs - encoder::ecc (line 1) ... FAILED
[INFO] [stdout] test src/libfrad/fourier/mod.rs - fourier::profile0 (line 1) ... FAILED
[INFO] [stdout] test src/libfrad/fourier/tools/p1tools.rs - fourier::tools::p1tools::linspace (line 1) ... FAILED
[INFO] [stdout] test src/libfrad/lib.rs - backend (line 1) ... FAILED
[INFO] [stdout] test src/libfrad/repairer.rs - repairer::COMPACT (line 1) ... FAILED
[INFO] [stdout] test src/libfrad/repairer.rs - repairer (line 1) ... FAILED
[INFO] [stdout] test src/libfrad/repairer.rs - repairer (line 1) ... FAILED
[INFO] [stdout] test src/libfrad/repairer.rs - repairer (line 1) ... FAILED
[INFO] [stdout] test src/libfrad/repairer.rs - repairer (line 1) ... FAILED
[INFO] [stdout] test src/libfrad/repairer.rs - repairer (line 1) ... FAILED
[INFO] [stdout] test src/libfrad/repairer.rs - repairer::FRM_SIGN (line 1) ... FAILED
[INFO] [stdout] test src/libfrad/repairer.rs - repairer::Complete (line 1) ... FAILED
[INFO] [stdout] test src/libfrad/repairer.rs - repairer::ForceFlush (line 1) ... FAILED
[INFO] [stdout] test src/libfrad/repairer.rs - repairer (line 1) ... FAILED
[INFO] [stdout] test src/libfrad/repairer.rs - repairer::ASFH (line 1) ... FAILED
[INFO] [stdout] test src/libfrad/repairer.rs - repairer::LOSSLESS (line 1) ... FAILED
[INFO] [stdout] test src/libfrad/repairer.rs - repairer (line 1) ... FAILED
[INFO] [stdout] test src/libfrad/repairer.rs - repairer::ProcessInfo (line 1) ... FAILED
[INFO] [stdout] test src/libfrad/repairer.rs - repairer::Incomplete (line 1) ... FAILED
[INFO] [stdout] test src/libfrad/repairer.rs - repairer::SplitFront (line 1) ... FAILED
[INFO] [stdout] test src/libfrad/tools/asfh.rs - tools::asfh (line 1) ... FAILED
[INFO] [stdout] test src/libfrad/tools/asfh.rs - tools::asfh::FRM_SIGN (line 1) ... FAILED
[INFO] [stdout] test src/libfrad/tools/asfh.rs - tools::asfh::compact (line 1) ... FAILED
[INFO] [stdout] test src/libfrad/repairer.rs - repairer::crc32 (line 1) ... FAILED
[INFO] [stdout] test src/libfrad/tools/asfh.rs - tools::asfh::COMPACT (line 1) ... FAILED
[INFO] [stdout] test src/libfrad/repairer.rs - repairer::VecPatternFind (line 1) ... FAILED
[INFO] [stdout] test src/libfrad/tools/asfh.rs - tools::asfh::SplitFront (line 1) ... FAILED
[INFO] [stdout] test src/libfrad/tools/asfh.rs - tools::asfh::crc16_ansi (line 1) ... FAILED
[INFO] [stdout] test src/libfrad/repairer.rs - repairer::ecc (line 1) ... FAILED
[INFO] [stdout] test src/libfrad/tools/asfh.rs - tools::asfh (line 1) ... FAILED
[INFO] [stdout] test src/libfrad/tools/asfh.rs - tools::asfh::crc32 (line 1) ... FAILED
[INFO] [stdout] test src/libfrad/tools/asfh.rs - tools::asfh::get_srate_index (line 1) ... FAILED
[INFO] [stdout] test src/libfrad/repairer.rs - repairer::crc16_ansi (line 1) ... FAILED
[INFO] [stdout] test src/libfrad/tools/asfh.rs - tools::asfh (line 1) ... FAILED
[INFO] [stdout] test src/libfrad/tools/asfh.rs - tools::asfh (line 1) ... FAILED
[INFO] [stdout] test src/libfrad/tools/ecc/mod.rs - tools::ecc::reedsolo (line 1) ... FAILED
[INFO] [stdout] test src/libfrad/tools/ecc/reedsolo.rs - tools::ecc::reedsolo::max (line 1) ... FAILED
[INFO] [stdout] test src/libfrad/tools/head.rs - tools::head::SIGNATURE (line 1) ... FAILED
[INFO] [stdout] test src/libfrad/tools/head.rs - tools::head (line 1) ... FAILED
[INFO] [stdout] test src/libfrad/tools/process.rs - tools::process (line 1) ... FAILED
[INFO] [stdout] test src/libfrad/tools/process.rs - tools::process::HashMap (line 1) ... FAILED
[INFO] [stdout] test src/libfrad/tools/process.rs - tools::process::Instant (line 1) ... FAILED
[INFO] [stdout] test src/libfrad/tools/head.rs - tools::head::SplitFront (line 1) ... FAILED
[INFO] [stdout] 
[INFO] [stdout] failures:
[INFO] [stdout] 
[INFO] [stdout] ---- src/libfrad/backend/pcmformat.rs - backend::pcmformat::PCMFormat (line 1) stdout ----
[INFO] [stdout] error: expected one of `!`, `.`, `::`, `;`, `?`, `{`, `}`, or an operator, found `Format`
[INFO] [stdout]  --> src/libfrad/backend/pcmformat.rs:2:5
[INFO] [stdout]   |
[INFO] [stdout] 3 | PCM Format
[INFO] [stdout]   |     ^^^^^^ expected one of 8 possible tokens
[INFO] [stdout] 
[INFO] [stdout] error: aborting due to 1 previous error
[INFO] [stdout] 
[INFO] [stdout] Couldn't compile the test.
[INFO] [stdout] ---- src/libfrad/backend/mod.rs - backend::bitcvt (line 1) stdout ----
[INFO] [stdout] error: expected one of `!`, `.`, `::`, `;`, `?`, `{`, `}`, or an operator, found `Backend`
[INFO] [stdout]  --> src/libfrad/backend/mod.rs:2:9
[INFO] [stdout]   |
[INFO] [stdout] 3 | Library Backend
[INFO] [stdout]   |         ^^^^^^^ expected one of 8 possible tokens
[INFO] [stdout] 
[INFO] [stdout] error: aborting due to 1 previous error
[INFO] [stdout] 
[INFO] [stdout] Couldn't compile the test.
[INFO] [stdout] ---- src/libfrad/backend/f64cvt.rs - backend::f64cvt::PCMFormat (line 1) stdout ----
[INFO] [stdout] error: expected one of `!`, `.`, `::`, `;`, `?`, `{`, `}`, or an operator, found `Converter`
[INFO] [stdout]  --> src/libfrad/backend/f64cvt.rs:2:9
[INFO] [stdout]   |
[INFO] [stdout] 3 | float64 Converter
[INFO] [stdout]   |         ^^^^^^^^^ expected one of 8 possible tokens
[INFO] [stdout] 
[INFO] [stdout] error: aborting due to 1 previous error
[INFO] [stdout] 
[INFO] [stdout] Couldn't compile the test.
[INFO] [stdout] ---- src/libfrad/backend/f64cvt.rs - backend::f64cvt (line 1) stdout ----
[INFO] [stdout] error: expected one of `!`, `.`, `::`, `;`, `?`, `{`, `}`, or an operator, found `Converter`
[INFO] [stdout]  --> src/libfrad/backend/f64cvt.rs:2:9
[INFO] [stdout]   |
[INFO] [stdout] 3 | float64 Converter
[INFO] [stdout]   |         ^^^^^^^^^ expected one of 8 possible tokens
[INFO] [stdout] 
[INFO] [stdout] error: aborting due to 1 previous error
[INFO] [stdout] 
[INFO] [stdout] Couldn't compile the test.
[INFO] [stdout] ---- src/libfrad/common.rs - common::SIGNATURE (line 1) stdout ----
[INFO] [stdout] error: expected one of `!`, `.`, `::`, `;`, `?`, `{`, `}`, or an operator, found `tools`
[INFO] [stdout]  --> src/libfrad/common.rs:2:8
[INFO] [stdout]   |
[INFO] [stdout] 3 | Common tools
[INFO] [stdout]   |        ^^^^^ expected one of 8 possible tokens
[INFO] [stdout] 
[INFO] [stdout] error: aborting due to 1 previous error
[INFO] [stdout] 
[INFO] [stdout] Couldn't compile the test.
[INFO] [stdout] ---- src/libfrad/backend/bitcvt.rs - backend::bitcvt::to_bits (line 1) stdout ----
[INFO] [stdout] error[E0425]: cannot find value `Bitconvert` in this scope
[INFO] [stdout]  --> src/libfrad/backend/bitcvt.rs:2:1
[INFO] [stdout]   |
[INFO] [stdout] 3 | Bitconvert
[INFO] [stdout]   | ^^^^^^^^^^ not found in this scope
[INFO] [stdout] 
[INFO] [stdout] error: aborting due to 1 previous error
[INFO] [stdout] 
[INFO] [stdout] For more information about this error, try `rustc --explain E0425`.
[INFO] [stdout] Couldn't compile the test.
[INFO] [stdout] ---- src/libfrad/backend/f64cvt.rs - backend::f64cvt::Endian (line 1) stdout ----
[INFO] [stdout] error: expected one of `!`, `.`, `::`, `;`, `?`, `{`, `}`, or an operator, found `Converter`
[INFO] [stdout]  --> src/libfrad/backend/f64cvt.rs:2:9
[INFO] [stdout]   |
[INFO] [stdout] 3 | float64 Converter
[INFO] [stdout]   |         ^^^^^^^^^ expected one of 8 possible tokens
[INFO] [stdout] 
[INFO] [stdout] error: aborting due to 1 previous error
[INFO] [stdout] 
[INFO] [stdout] Couldn't compile the test.
[INFO] [stdout] ---- src/libfrad/decoder.rs - decoder::ASFH (line 1) stdout ----
[INFO] [stdout] error[E0425]: cannot find value `Decoder` in this scope
[INFO] [stdout]  --> src/libfrad/decoder.rs:2:1
[INFO] [stdout]   |
[INFO] [stdout] 3 | Decoder
[INFO] [stdout]   | ^^^^^^^ not found in this scope
[INFO] [stdout] 
[INFO] [stdout] error: aborting due to 1 previous error
[INFO] [stdout] 
[INFO] [stdout] For more information about this error, try `rustc --explain E0425`.
[INFO] [stdout] Couldn't compile the test.
[INFO] [stdout] ---- src/libfrad/decoder.rs - decoder (line 1) stdout ----
[INFO] [stdout] error[E0425]: cannot find value `Decoder` in this scope
[INFO] [stdout]  --> src/libfrad/decoder.rs:2:1
[INFO] [stdout]   |
[INFO] [stdout] 3 | Decoder
[INFO] [stdout]   | ^^^^^^^ not found in this scope
[INFO] [stdout] 
[INFO] [stdout] error: aborting due to 1 previous error
[INFO] [stdout] 
[INFO] [stdout] For more information about this error, try `rustc --explain E0425`.
[INFO] [stdout] Couldn't compile the test.
[INFO] [stdout] ---- src/libfrad/decoder.rs - decoder (line 1) stdout ----
[INFO] [stdout] error[E0425]: cannot find value `Decoder` in this scope
[INFO] [stdout]  --> src/libfrad/decoder.rs:2:1
[INFO] [stdout]   |
[INFO] [stdout] 3 | Decoder
[INFO] [stdout]   | ^^^^^^^ not found in this scope
[INFO] [stdout] 
[INFO] [stdout] error: aborting due to 1 previous error
[INFO] [stdout] 
[INFO] [stdout] For more information about this error, try `rustc --explain E0425`.
[INFO] [stdout] Couldn't compile the test.
[INFO] [stdout] ---- src/libfrad/decoder.rs - decoder (line 1) stdout ----
[INFO] [stdout] error[E0425]: cannot find value `Decoder` in this scope
[INFO] [stdout]  --> src/libfrad/decoder.rs:2:1
[INFO] [stdout]   |
[INFO] [stdout] 3 | Decoder
[INFO] [stdout]   | ^^^^^^^ not found in this scope
[INFO] [stdout] 
[INFO] [stdout] error: aborting due to 1 previous error
[INFO] [stdout] 
[INFO] [stdout] For more information about this error, try `rustc --explain E0425`.
[INFO] [stdout] Couldn't compile the test.
[INFO] [stdout] ---- src/libfrad/decoder.rs - decoder (line 1) stdout ----
[INFO] [stdout] error[E0425]: cannot find value `Decoder` in this scope
[INFO] [stdout]  --> src/libfrad/decoder.rs:2:1
[INFO] [stdout]   |
[INFO] [stdout] 3 | Decoder
[INFO] [stdout]   | ^^^^^^^ not found in this scope
[INFO] [stdout] 
[INFO] [stdout] error: aborting due to 1 previous error
[INFO] [stdout] 
[INFO] [stdout] For more information about this error, try `rustc --explain E0425`.
[INFO] [stdout] Couldn't compile the test.
[INFO] [stdout] ---- src/libfrad/decoder.rs - decoder (line 1) stdout ----
[INFO] [stdout] error[E0425]: cannot find value `Decoder` in this scope
[INFO] [stdout]  --> src/libfrad/decoder.rs:2:1
[INFO] [stdout]   |
[INFO] [stdout] 3 | Decoder
[INFO] [stdout]   | ^^^^^^^ not found in this scope
[INFO] [stdout] 
[INFO] [stdout] error: aborting due to 1 previous error
[INFO] [stdout] 
[INFO] [stdout] For more information about this error, try `rustc --explain E0425`.
[INFO] [stdout] Couldn't compile the test.
[INFO] [stdout] ---- src/libfrad/decoder.rs - decoder (line 1) stdout ----
[INFO] [stdout] error[E0425]: cannot find value `Decoder` in this scope
[INFO] [stdout]  --> src/libfrad/decoder.rs:2:1
[INFO] [stdout]   |
[INFO] [stdout] 3 | Decoder
[INFO] [stdout]   | ^^^^^^^ not found in this scope
[INFO] [stdout] 
[INFO] [stdout] error: aborting due to 1 previous error
[INFO] [stdout] 
[INFO] [stdout] For more information about this error, try `rustc --explain E0425`.
[INFO] [stdout] Couldn't compile the test.
[INFO] [stdout] ---- src/libfrad/decoder.rs - decoder (line 1) stdout ----
[INFO] [stdout] error[E0425]: cannot find value `Decoder` in this scope
[INFO] [stdout]  --> src/libfrad/decoder.rs:2:1
[INFO] [stdout]   |
[INFO] [stdout] 3 | Decoder
[INFO] [stdout]   | ^^^^^^^ not found in this scope
[INFO] [stdout] 
[INFO] [stdout] error: aborting due to 1 previous error
[INFO] [stdout] 
[INFO] [stdout] For more information about this error, try `rustc --explain E0425`.
[INFO] [stdout] Couldn't compile the test.
[INFO] [stdout] ---- src/libfrad/decoder.rs - decoder (line 1) stdout ----
[INFO] [stdout] error[E0425]: cannot find value `Decoder` in this scope
[INFO] [stdout]  --> src/libfrad/decoder.rs:2:1
[INFO] [stdout]   |
[INFO] [stdout] 3 | Decoder
[INFO] [stdout]   | ^^^^^^^ not found in this scope
[INFO] [stdout] 
[INFO] [stdout] error: aborting due to 1 previous error
[INFO] [stdout] 
[INFO] [stdout] For more information about this error, try `rustc --explain E0425`.
[INFO] [stdout] Couldn't compile the test.
[INFO] [stdout] ---- src/libfrad/decoder.rs - decoder::FRM_SIGN (line 1) stdout ----
[INFO] [stdout] error[E0425]: cannot find value `Decoder` in this scope
[INFO] [stdout]  --> src/libfrad/decoder.rs:2:1
[INFO] [stdout]   |
[INFO] [stdout] 3 | Decoder
[INFO] [stdout]   | ^^^^^^^ not found in this scope
[INFO] [stdout] 
[INFO] [stdout] error: aborting due to 1 previous error
[INFO] [stdout] 
[INFO] [stdout] For more information about this error, try `rustc --explain E0425`.
[INFO] [stdout] Couldn't compile the test.
[INFO] [stdout] ---- src/libfrad/decoder.rs - decoder::COMPACT (line 1) stdout ----
[INFO] [stdout] error[E0425]: cannot find value `Decoder` in this scope
[INFO] [stdout]  --> src/libfrad/decoder.rs:2:1
[INFO] [stdout]   |
[INFO] [stdout] 3 | Decoder
[INFO] [stdout]   | ^^^^^^^ not found in this scope
[INFO] [stdout] 
[INFO] [stdout] error: aborting due to 1 previous error
[INFO] [stdout] 
[INFO] [stdout] For more information about this error, try `rustc --explain E0425`.
[INFO] [stdout] Couldn't compile the test.
[INFO] [stdout] ---- src/libfrad/decoder.rs - decoder::ForceFlush (line 1) stdout ----
[INFO] [stdout] error[E0425]: cannot find value `Decoder` in this scope
[INFO] [stdout]  --> src/libfrad/decoder.rs:2:1
[INFO] [stdout]   |
[INFO] [stdout] 3 | Decoder
[INFO] [stdout]   | ^^^^^^^ not found in this scope
[INFO] [stdout] 
[INFO] [stdout] error: aborting due to 1 previous error
[INFO] [stdout] 
[INFO] [stdout] For more information about this error, try `rustc --explain E0425`.
[INFO] [stdout] Couldn't compile the test.
[INFO] [stdout] ---- src/libfrad/decoder.rs - decoder::SplitFront (line 1) stdout ----
[INFO] [stdout] error[E0425]: cannot find value `Decoder` in this scope
[INFO] [stdout]  --> src/libfrad/decoder.rs:2:1
[INFO] [stdout]   |
[INFO] [stdout] 3 | Decoder
[INFO] [stdout]   | ^^^^^^^ not found in this scope
[INFO] [stdout] 
[INFO] [stdout] error: aborting due to 1 previous error
[INFO] [stdout] 
[INFO] [stdout] For more information about this error, try `rustc --explain E0425`.
[INFO] [stdout] Couldn't compile the test.
[INFO] [stdout] ---- src/libfrad/decoder.rs - decoder::Incomplete (line 1) stdout ----
[INFO] [stdout] error[E0425]: cannot find value `Decoder` in this scope
[INFO] [stdout]  --> src/libfrad/decoder.rs:2:1
[INFO] [stdout]   |
[INFO] [stdout] 3 | Decoder
[INFO] [stdout]   | ^^^^^^^ not found in this scope
[INFO] [stdout] 
[INFO] [stdout] error: aborting due to 1 previous error
[INFO] [stdout] 
[INFO] [stdout] For more information about this error, try `rustc --explain E0425`.
[INFO] [stdout] Couldn't compile the test.
[INFO] [stdout] ---- src/libfrad/decoder.rs - decoder::Complete (line 1) stdout ----
[INFO] [stdout] error[E0425]: cannot find value `Decoder` in this scope
[INFO] [stdout]  --> src/libfrad/decoder.rs:2:1
[INFO] [stdout]   |
[INFO] [stdout] 3 | Decoder
[INFO] [stdout]   | ^^^^^^^ not found in this scope
[INFO] [stdout] 
[INFO] [stdout] error: aborting due to 1 previous error
[INFO] [stdout] 
[INFO] [stdout] For more information about this error, try `rustc --explain E0425`.
[INFO] [stdout] Couldn't compile the test.
[INFO] [stdout] ---- src/libfrad/decoder.rs - decoder::crc32 (line 1) stdout ----
[INFO] [stdout] error[E0425]: cannot find value `Decoder` in this scope
[INFO] [stdout]  --> src/libfrad/decoder.rs:2:1
[INFO] [stdout]   |
[INFO] [stdout] 3 | Decoder
[INFO] [stdout]   | ^^^^^^^ not found in this scope
[INFO] [stdout] 
[INFO] [stdout] error: aborting due to 1 previous error
[INFO] [stdout] 
[INFO] [stdout] For more information about this error, try `rustc --explain E0425`.
[INFO] [stdout] Couldn't compile the test.
[INFO] [stdout] ---- src/libfrad/decoder.rs - decoder::LOSSLESS (line 1) stdout ----
[INFO] [stdout] error[E0425]: cannot find value `Decoder` in this scope
[INFO] [stdout]  --> src/libfrad/decoder.rs:2:1
[INFO] [stdout]   |
[INFO] [stdout] 3 | Decoder
[INFO] [stdout]   | ^^^^^^^ not found in this scope
[INFO] [stdout] 
[INFO] [stdout] error: aborting due to 1 previous error
[INFO] [stdout] 
[INFO] [stdout] For more information about this error, try `rustc --explain E0425`.
[INFO] [stdout] Couldn't compile the test.
[INFO] [stdout] ---- src/libfrad/decoder.rs - decoder::ecc (line 1) stdout ----
[INFO] [stdout] error[E0425]: cannot find value `Decoder` in this scope
[INFO] [stdout]  --> src/libfrad/decoder.rs:2:1
[INFO] [stdout]   |
[INFO] [stdout] 3 | Decoder
[INFO] [stdout]   | ^^^^^^^ not found in this scope
[INFO] [stdout] 
[INFO] [stdout] error: aborting due to 1 previous error
[INFO] [stdout] 
[INFO] [stdout] For more information about this error, try `rustc --explain E0425`.
[INFO] [stdout] Couldn't compile the test.
[INFO] [stdout] ---- src/libfrad/decoder.rs - decoder::crc16_ansi (line 1) stdout ----
[INFO] [stdout] error[E0425]: cannot find value `Decoder` in this scope
[INFO] [stdout]  --> src/libfrad/decoder.rs:2:1
[INFO] [stdout]   |
[INFO] [stdout] 3 | Decoder
[INFO] [stdout]   | ^^^^^^^ not found in this scope
[INFO] [stdout] 
[INFO] [stdout] error: aborting due to 1 previous error
[INFO] [stdout] 
[INFO] [stdout] For more information about this error, try `rustc --explain E0425`.
[INFO] [stdout] Couldn't compile the test.
[INFO] [stdout] ---- src/libfrad/decoder.rs - decoder::VecPatternFind (line 1) stdout ----
[INFO] [stdout] error[E0425]: cannot find value `Decoder` in this scope
[INFO] [stdout]  --> src/libfrad/decoder.rs:2:1
[INFO] [stdout]   |
[INFO] [stdout] 3 | Decoder
[INFO] [stdout]   | ^^^^^^^ not found in this scope
[INFO] [stdout] 
[INFO] [stdout] error: aborting due to 1 previous error
[INFO] [stdout] 
[INFO] [stdout] For more information about this error, try `rustc --explain E0425`.
[INFO] [stdout] Couldn't compile the test.
[INFO] [stdout] ---- src/libfrad/decoder.rs - decoder::ProcessInfo (line 1) stdout ----
[INFO] [stdout] error[E0425]: cannot find value `Decoder` in this scope
[INFO] [stdout]  --> src/libfrad/decoder.rs:2:1
[INFO] [stdout]   |
[INFO] [stdout] 3 | Decoder
[INFO] [stdout]   | ^^^^^^^ not found in this scope
[INFO] [stdout] 
[INFO] [stdout] error: aborting due to 1 previous error
[INFO] [stdout] 
[INFO] [stdout] For more information about this error, try `rustc --explain E0425`.
[INFO] [stdout] Couldn't compile the test.
[INFO] [stdout] ---- src/libfrad/decoder.rs - decoder::fourier (line 1) stdout ----
[INFO] [stdout] error[E0425]: cannot find value `Decoder` in this scope
[INFO] [stdout]  --> src/libfrad/decoder.rs:2:1
[INFO] [stdout]   |
[INFO] [stdout] 3 | Decoder
[INFO] [stdout]   | ^^^^^^^ not found in this scope
[INFO] [stdout] 
[INFO] [stdout] error: aborting due to 1 previous error
[INFO] [stdout] 
[INFO] [stdout] For more information about this error, try `rustc --explain E0425`.
[INFO] [stdout] Couldn't compile the test.
[INFO] [stdout] ---- src/libfrad/encoder.rs - encoder (line 1) stdout ----
[INFO] [stdout] error[E0425]: cannot find value `Encoder` in this scope
[INFO] [stdout]  --> src/libfrad/encoder.rs:2:1
[INFO] [stdout]   |
[INFO] [stdout] 3 | Encoder
[INFO] [stdout]   | ^^^^^^^ not found in this scope
[INFO] [stdout] 
[INFO] [stdout] error: aborting due to 1 previous error
[INFO] [stdout] 
[INFO] [stdout] For more information about this error, try `rustc --explain E0425`.
[INFO] [stdout] Couldn't compile the test.
[INFO] [stdout] ---- src/libfrad/decoder.rs - decoder::hanning_in_overlap (line 1) stdout ----
[INFO] [stdout] error[E0425]: cannot find value `Decoder` in this scope
[INFO] [stdout]  --> src/libfrad/decoder.rs:2:1
[INFO] [stdout]   |
[INFO] [stdout] 3 | Decoder
[INFO] [stdout]   | ^^^^^^^ not found in this scope
[INFO] [stdout] 
[INFO] [stdout] error: aborting due to 1 previous error
[INFO] [stdout] 
[INFO] [stdout] For more information about this error, try `rustc --explain E0425`.
[INFO] [stdout] Couldn't compile the test.
[INFO] [stdout] ---- src/libfrad/encoder.rs - encoder (line 1) stdout ----
[INFO] [stdout] error[E0425]: cannot find value `Encoder` in this scope
[INFO] [stdout]  --> src/libfrad/encoder.rs:2:1
[INFO] [stdout]   |
[INFO] [stdout] 3 | Encoder
[INFO] [stdout]   | ^^^^^^^ not found in this scope
[INFO] [stdout] 
[INFO] [stdout] error: aborting due to 1 previous error
[INFO] [stdout] 
[INFO] [stdout] For more information about this error, try `rustc --explain E0425`.
[INFO] [stdout] Couldn't compile the test.
[INFO] [stdout] ---- src/libfrad/encoder.rs - encoder (line 1) stdout ----
[INFO] [stdout] error[E0425]: cannot find value `Encoder` in this scope
[INFO] [stdout]  --> src/libfrad/encoder.rs:2:1
[INFO] [stdout]   |
[INFO] [stdout] 3 | Encoder
[INFO] [stdout]   | ^^^^^^^ not found in this scope
[INFO] [stdout] 
[INFO] [stdout] error: aborting due to 1 previous error
[INFO] [stdout] 
[INFO] [stdout] For more information about this error, try `rustc --explain E0425`.
[INFO] [stdout] Couldn't compile the test.
[INFO] [stdout] ---- src/libfrad/encoder.rs - encoder (line 1) stdout ----
[INFO] [stdout] error[E0425]: cannot find value `Encoder` in this scope
[INFO] [stdout]  --> src/libfrad/encoder.rs:2:1
[INFO] [stdout]   |
[INFO] [stdout] 3 | Encoder
[INFO] [stdout]   | ^^^^^^^ not found in this scope
[INFO] [stdout] 
[INFO] [stdout] error: aborting due to 1 previous error
[INFO] [stdout] 
[INFO] [stdout] For more information about this error, try `rustc --explain E0425`.
[INFO] [stdout] Couldn't compile the test.
[INFO] [stdout] ---- src/libfrad/encoder.rs - encoder::COMPACT (line 1) stdout ----
[INFO] [stdout] error[E0425]: cannot find value `Encoder` in this scope
[INFO] [stdout]  --> src/libfrad/encoder.rs:2:1
[INFO] [stdout]   |
[INFO] [stdout] 3 | Encoder
[INFO] [stdout]   | ^^^^^^^ not found in this scope
[INFO] [stdout] 
[INFO] [stdout] error: aborting due to 1 previous error
[INFO] [stdout] 
[INFO] [stdout] For more information about this error, try `rustc --explain E0425`.
[INFO] [stdout] Couldn't compile the test.
[INFO] [stdout] ---- src/libfrad/encoder.rs - encoder::AVAILABLE (line 1) stdout ----
[INFO] [stdout] error[E0425]: cannot find value `Encoder` in this scope
[INFO] [stdout]  --> src/libfrad/encoder.rs:2:1
[INFO] [stdout]   |
[INFO] [stdout] 3 | Encoder
[INFO] [stdout]   | ^^^^^^^ not found in this scope
[INFO] [stdout] 
[INFO] [stdout] error: aborting due to 1 previous error
[INFO] [stdout] 
[INFO] [stdout] For more information about this error, try `rustc --explain E0425`.
[INFO] [stdout] Couldn't compile the test.
[INFO] [stdout] ---- src/libfrad/encoder.rs - encoder::ASFH (line 1) stdout ----
[INFO] [stdout] error[E0425]: cannot find value `Encoder` in this scope
[INFO] [stdout]  --> src/libfrad/encoder.rs:2:1
[INFO] [stdout]   |
[INFO] [stdout] 3 | Encoder
[INFO] [stdout]   | ^^^^^^^ not found in this scope
[INFO] [stdout] 
[INFO] [stdout] error: aborting due to 1 previous error
[INFO] [stdout] 
[INFO] [stdout] For more information about this error, try `rustc --explain E0425`.
[INFO] [stdout] Couldn't compile the test.
[INFO] [stdout] ---- src/libfrad/encoder.rs - encoder (line 1) stdout ----
[INFO] [stdout] error[E0425]: cannot find value `Encoder` in this scope
[INFO] [stdout]  --> src/libfrad/encoder.rs:2:1
[INFO] [stdout]   |
[INFO] [stdout] 3 | Encoder
[INFO] [stdout]   | ^^^^^^^ not found in this scope
[INFO] [stdout] 
[INFO] [stdout] error: aborting due to 1 previous error
[INFO] [stdout] 
[INFO] [stdout] For more information about this error, try `rustc --explain E0425`.
[INFO] [stdout] Couldn't compile the test.
[INFO] [stdout] ---- src/libfrad/encoder.rs - encoder::Prepend (line 1) stdout ----
[INFO] [stdout] error[E0425]: cannot find value `Encoder` in this scope
[INFO] [stdout]  --> src/libfrad/encoder.rs:2:1
[INFO] [stdout]   |
[INFO] [stdout] 3 | Encoder
[INFO] [stdout]   | ^^^^^^^ not found in this scope
[INFO] [stdout] 
[INFO] [stdout] error: aborting due to 1 previous error
[INFO] [stdout] 
[INFO] [stdout] For more information about this error, try `rustc --explain E0425`.
[INFO] [stdout] Couldn't compile the test.
[INFO] [stdout] ---- src/libfrad/encoder.rs - encoder::SplitFront (line 1) stdout ----
[INFO] [stdout] error[E0425]: cannot find value `Encoder` in this scope
[INFO] [stdout]  --> src/libfrad/encoder.rs:2:1
[INFO] [stdout]   |
[INFO] [stdout] 3 | Encoder
[INFO] [stdout]   | ^^^^^^^ not found in this scope
[INFO] [stdout] 
[INFO] [stdout] error: aborting due to 1 previous error
[INFO] [stdout] 
[INFO] [stdout] For more information about this error, try `rustc --explain E0425`.
[INFO] [stdout] Couldn't compile the test.
[INFO] [stdout] ---- src/libfrad/encoder.rs - encoder::PCMFormat (line 1) stdout ----
[INFO] [stdout] error[E0425]: cannot find value `Encoder` in this scope
[INFO] [stdout]  --> src/libfrad/encoder.rs:2:1
[INFO] [stdout]   |
[INFO] [stdout] 3 | Encoder
[INFO] [stdout]   | ^^^^^^^ not found in this scope
[INFO] [stdout] 
[INFO] [stdout] error: aborting due to 1 previous error
[INFO] [stdout] 
[INFO] [stdout] For more information about this error, try `rustc --explain E0425`.
[INFO] [stdout] Couldn't compile the test.
[INFO] [stdout] ---- src/libfrad/encoder.rs - encoder::any_to_f64 (line 1) stdout ----
[INFO] [stdout] error[E0425]: cannot find value `Encoder` in this scope
[INFO] [stdout]  --> src/libfrad/encoder.rs:2:1
[INFO] [stdout]   |
[INFO] [stdout] 3 | Encoder
[INFO] [stdout]   | ^^^^^^^ not found in this scope
[INFO] [stdout] 
[INFO] [stdout] error: aborting due to 1 previous error
[INFO] [stdout] 
[INFO] [stdout] For more information about this error, try `rustc --explain E0425`.
[INFO] [stdout] Couldn't compile the test.
[INFO] [stdout] ---- src/libfrad/encoder.rs - encoder::BIT_DEPTHS (line 1) stdout ----
[INFO] [stdout] error[E0425]: cannot find value `Encoder` in this scope
[INFO] [stdout]  --> src/libfrad/encoder.rs:2:1
[INFO] [stdout]   |
[INFO] [stdout] 3 | Encoder
[INFO] [stdout]   | ^^^^^^^ not found in this scope
[INFO] [stdout] 
[INFO] [stdout] error: aborting due to 1 previous error
[INFO] [stdout] 
[INFO] [stdout] For more information about this error, try `rustc --explain E0425`.
[INFO] [stdout] Couldn't compile the test.
[INFO] [stdout] ---- src/libfrad/encoder.rs - encoder::SEGMAX (line 1) stdout ----
[INFO] [stdout] error[E0425]: cannot find value `Encoder` in this scope
[INFO] [stdout]  --> src/libfrad/encoder.rs:2:1
[INFO] [stdout]   |
[INFO] [stdout] 3 | Encoder
[INFO] [stdout]   | ^^^^^^^ not found in this scope
[INFO] [stdout] 
[INFO] [stdout] error: aborting due to 1 previous error
[INFO] [stdout] 
[INFO] [stdout] For more information about this error, try `rustc --explain E0425`.
[INFO] [stdout] Couldn't compile the test.
[INFO] [stdout] ---- src/libfrad/encoder.rs - encoder::ProcessInfo (line 1) stdout ----
[INFO] [stdout] error[E0425]: cannot find value `Encoder` in this scope
[INFO] [stdout]  --> src/libfrad/encoder.rs:2:1
[INFO] [stdout]   |
[INFO] [stdout] 3 | Encoder
[INFO] [stdout]   | ^^^^^^^ not found in this scope
[INFO] [stdout] 
[INFO] [stdout] error: aborting due to 1 previous error
[INFO] [stdout] 
[INFO] [stdout] For more information about this error, try `rustc --explain E0425`.
[INFO] [stdout] Couldn't compile the test.
[INFO] [stdout] ---- src/libfrad/fourier/backend/core.rs - fourier::backend::core::PI (line 1) stdout ----
[INFO] [stdout] error: expected one of `!`, `.`, `::`, `;`, `?`, `{`, `}`, or an operator, found `Discrete`
[INFO] [stdout]  --> src/libfrad/fourier/backend/core.rs:2:6
[INFO] [stdout]   |
[INFO] [stdout] 3 | Fast Discrete Cosine Transform - II
[INFO] [stdout]   |      ^^^^^^^^ expected one of 8 possible tokens
[INFO] [stdout] 
[INFO] [stdout] error: aborting due to 1 previous error
[INFO] [stdout] 
[INFO] [stdout] Couldn't compile the test.
[INFO] [stdout] ---- src/libfrad/fourier/backend/u8pack.rs - fourier::backend::u8pack::bitcvt (line 1) stdout ----
[INFO] [stdout] error: expected one of `!`, `.`, `::`, `;`, `?`, `{`, `}`, or an operator, found `packer`
[INFO] [stdout]  --> src/libfrad/fourier/backend/u8pack.rs:2:11
[INFO] [stdout]   |
[INFO] [stdout] 3 | Bytearray packer
[INFO] [stdout]   |           ^^^^^^ expected one of 8 possible tokens
[INFO] [stdout] 
[INFO] [stdout] error: aborting due to 1 previous error
[INFO] [stdout] 
[INFO] [stdout] Couldn't compile the test.
[INFO] [stdout] ---- src/libfrad/fourier/profile1.rs - fourier::profile1 (line 1) stdout ----
[INFO] [stdout] error: expected one of `!`, `.`, `::`, `;`, `?`, `{`, `}`, or an operator, found `Profile`
[INFO] [stdout]  --> src/libfrad/fourier/profile1.rs:2:6
[INFO] [stdout]   |
[INFO] [stdout] 3 | FrAD Profile 1
[INFO] [stdout]   |      ^^^^^^^ expected one of 8 possible tokens
[INFO] [stdout] 
[INFO] [stdout] error: aborting due to 1 previous error
[INFO] [stdout] 
[INFO] [stdout] Couldn't compile the test.
[INFO] [stdout] ---- src/libfrad/fourier/profile1.rs - fourier::profile1::SplitFront (line 1) stdout ----
[INFO] [stdout] error: expected one of `!`, `.`, `::`, `;`, `?`, `{`, `}`, or an operator, found `Profile`
[INFO] [stdout]  --> src/libfrad/fourier/profile1.rs:2:6
[INFO] [stdout]   |
[INFO] [stdout] 3 | FrAD Profile 1
[INFO] [stdout]   |      ^^^^^^^ expected one of 8 possible tokens
[INFO] [stdout] 
[INFO] [stdout] error: aborting due to 1 previous error
[INFO] [stdout] 
[INFO] [stdout] Couldn't compile the test.
[INFO] [stdout] ---- src/libfrad/fourier/profile1.rs - fourier::profile1::Transpose (line 1) stdout ----
[INFO] [stdout] error: expected one of `!`, `.`, `::`, `;`, `?`, `{`, `}`, or an operator, found `Profile`
[INFO] [stdout]  --> src/libfrad/fourier/profile1.rs:2:6
[INFO] [stdout]   |
[INFO] [stdout] 3 | FrAD Profile 1
[INFO] [stdout]   |      ^^^^^^^ expected one of 8 possible tokens
[INFO] [stdout] 
[INFO] [stdout] error: aborting due to 1 previous error
[INFO] [stdout] 
[INFO] [stdout] Couldn't compile the test.
[INFO] [stdout] ---- src/libfrad/fourier/tools/p1tools.rs - fourier::tools::p1tools (line 1) stdout ----
[INFO] [stdout] error: expected one of `!`, `.`, `::`, `;`, `?`, `{`, `}`, or an operator, found `1`
[INFO] [stdout]  --> src/libfrad/fourier/tools/p1tools.rs:2:9
[INFO] [stdout]   |
[INFO] [stdout] 3 | Profile 1 Tools
[INFO] [stdout]   |         ^ expected one of 8 possible tokens
[INFO] [stdout] 
[INFO] [stdout] error: aborting due to 1 previous error
[INFO] [stdout] 
[INFO] [stdout] Couldn't compile the test.
[INFO] [stdout] ---- src/libfrad/fourier/profiles.rs - fourier::profiles::LOSSLESS (line 1) stdout ----
[INFO] [stdout] error: expected one of `!`, `.`, `::`, `;`, `?`, `{`, `}`, or an operator, found `Profiles`
[INFO] [stdout]  --> src/libfrad/fourier/profiles.rs:2:6
[INFO] [stdout]   |
[INFO] [stdout] 3 | FrAD Profiles configuration
[INFO] [stdout]   |      ^^^^^^^^ expected one of 8 possible tokens
[INFO] [stdout] 
[INFO] [stdout] error: aborting due to 1 previous error
[INFO] [stdout] 
[INFO] [stdout] Couldn't compile the test.
[INFO] [stdout] ---- src/libfrad/fourier/profile4.rs - fourier::profile4::u8pack (line 1) stdout ----
[INFO] [stdout] error: expected one of `!`, `.`, `::`, `;`, `?`, `{`, `}`, or an operator, found `Profile`
[INFO] [stdout]  --> src/libfrad/fourier/profile4.rs:2:6
[INFO] [stdout]   |
[INFO] [stdout] 3 | FrAD Profile 4
[INFO] [stdout]   |      ^^^^^^^ expected one of 8 possible tokens
[INFO] [stdout] 
[INFO] [stdout] error: aborting due to 1 previous error
[INFO] [stdout] 
[INFO] [stdout] Couldn't compile the test.
[INFO] [stdout] ---- src/libfrad/encoder.rs - encoder::fourier (line 1) stdout ----
[INFO] [stdout] error[E0425]: cannot find value `Encoder` in this scope
[INFO] [stdout]  --> src/libfrad/encoder.rs:2:1
[INFO] [stdout]   |
[INFO] [stdout] 3 | Encoder
[INFO] [stdout]   | ^^^^^^^ not found in this scope
[INFO] [stdout] 
[INFO] [stdout] error: aborting due to 1 previous error
[INFO] [stdout] 
[INFO] [stdout] For more information about this error, try `rustc --explain E0425`.
[INFO] [stdout] Couldn't compile the test.
[INFO] [stdout] ---- src/libfrad/encoder.rs - encoder::compact (line 1) stdout ----
[INFO] [stdout] error[E0425]: cannot find value `Encoder` in this scope
[INFO] [stdout]  --> src/libfrad/encoder.rs:2:1
[INFO] [stdout]   |
[INFO] [stdout] 3 | Encoder
[INFO] [stdout]   | ^^^^^^^ not found in this scope
[INFO] [stdout] 
[INFO] [stdout] error: aborting due to 1 previous error
[INFO] [stdout] 
[INFO] [stdout] For more information about this error, try `rustc --explain E0425`.
[INFO] [stdout] Couldn't compile the test.
[INFO] [stdout] ---- src/libfrad/fourier/profile0.rs - fourier::profile0::Transpose (line 1) stdout ----
[INFO] [stdout] error: expected one of `!`, `.`, `::`, `;`, `?`, `{`, `}`, or an operator, found `Profile`
[INFO] [stdout]  --> src/libfrad/fourier/profile0.rs:2:6
[INFO] [stdout]   |
[INFO] [stdout] 3 | FrAD Profile 0
[INFO] [stdout]   |      ^^^^^^^ expected one of 8 possible tokens
[INFO] [stdout] 
[INFO] [stdout] error: aborting due to 1 previous error
[INFO] [stdout] 
[INFO] [stdout] Couldn't compile the test.
[INFO] [stdout] ---- src/libfrad/fourier/tools/p1tools.rs - fourier::tools::p1tools::bitcvt (line 1) stdout ----
[INFO] [stdout] error: expected one of `!`, `.`, `::`, `;`, `?`, `{`, `}`, or an operator, found `1`
[INFO] [stdout]  --> src/libfrad/fourier/tools/p1tools.rs:2:9
[INFO] [stdout]   |
[INFO] [stdout] 3 | Profile 1 Tools
[INFO] [stdout]   |         ^ expected one of 8 possible tokens
[INFO] [stdout] 
[INFO] [stdout] error: aborting due to 1 previous error
[INFO] [stdout] 
[INFO] [stdout] Couldn't compile the test.
[INFO] [stdout] ---- src/libfrad/encoder.rs - encoder::ecc (line 1) stdout ----
[INFO] [stdout] error[E0425]: cannot find value `Encoder` in this scope
[INFO] [stdout]  --> src/libfrad/encoder.rs:2:1
[INFO] [stdout]   |
[INFO] [stdout] 3 | Encoder
[INFO] [stdout]   | ^^^^^^^ not found in this scope
[INFO] [stdout] 
[INFO] [stdout] error: aborting due to 1 previous error
[INFO] [stdout] 
[INFO] [stdout] For more information about this error, try `rustc --explain E0425`.
[INFO] [stdout] Couldn't compile the test.
[INFO] [stdout] ---- src/libfrad/fourier/mod.rs - fourier::profile0 (line 1) stdout ----
[INFO] [stdout] error[E0425]: cannot find value `Fourier` in this scope
[INFO] [stdout]  --> src/libfrad/fourier/mod.rs:2:1
[INFO] [stdout]   |
[INFO] [stdout] 3 | Fourier
[INFO] [stdout]   | ^^^^^^^ not found in this scope
[INFO] [stdout] 
[INFO] [stdout] error: aborting due to 1 previous error
[INFO] [stdout] 
[INFO] [stdout] For more information about this error, try `rustc --explain E0425`.
[INFO] [stdout] Couldn't compile the test.
[INFO] [stdout] ---- src/libfrad/fourier/tools/p1tools.rs - fourier::tools::p1tools::linspace (line 1) stdout ----
[INFO] [stdout] error: expected one of `!`, `.`, `::`, `;`, `?`, `{`, `}`, or an operator, found `1`
[INFO] [stdout]  --> src/libfrad/fourier/tools/p1tools.rs:2:9
[INFO] [stdout]   |
[INFO] [stdout] 3 | Profile 1 Tools
[INFO] [stdout]   |         ^ expected one of 8 possible tokens
[INFO] [stdout] 
[INFO] [stdout] error: aborting due to 1 previous error
[INFO] [stdout] 
[INFO] [stdout] Couldn't compile the test.
[INFO] [stdout] ---- src/libfrad/lib.rs - backend (line 1) stdout ----
[INFO] [stdout] error: expected one of `!`, `.`, `::`, `;`, `?`, `{`, `}`, or an operator, found `@`
[INFO] [stdout]  --> src/libfrad/lib.rs:2:5
[INFO] [stdout]   |
[INFO] [stdout] 3 | AAPM@Audio-8151 Library
[INFO] [stdout]   |     ^ expected one of 8 possible tokens
[INFO] [stdout] 
[INFO] [stdout] error: aborting due to 1 previous error
[INFO] [stdout] 
[INFO] [stdout] Couldn't compile the test.
[INFO] [stdout] ---- src/libfrad/repairer.rs - repairer::COMPACT (line 1) stdout ----
[INFO] [stdout] error[E0425]: cannot find value `Repairer` in this scope
[INFO] [stdout]  --> src/libfrad/repairer.rs:2:1
[INFO] [stdout]   |
[INFO] [stdout] 3 | Repairer
[INFO] [stdout]   | ^^^^^^^^ not found in this scope
[INFO] [stdout] 
[INFO] [stdout] error: aborting due to 1 previous error
[INFO] [stdout] 
[INFO] [stdout] For more information about this error, try `rustc --explain E0425`.
[INFO] [stdout] Couldn't compile the test.
[INFO] [stdout] ---- src/libfrad/repairer.rs - repairer (line 1) stdout ----
[INFO] [stdout] error[E0425]: cannot find value `Repairer` in this scope
[INFO] [stdout]  --> src/libfrad/repairer.rs:2:1
[INFO] [stdout]   |
[INFO] [stdout] 3 | Repairer
[INFO] [stdout]   | ^^^^^^^^ not found in this scope
[INFO] [stdout] 
[INFO] [stdout] error: aborting due to 1 previous error
[INFO] [stdout] 
[INFO] [stdout] For more information about this error, try `rustc --explain E0425`.
[INFO] [stdout] Couldn't compile the test.
[INFO] [stdout] ---- src/libfrad/repairer.rs - repairer (line 1) stdout ----
[INFO] [stdout] error[E0425]: cannot find value `Repairer` in this scope
[INFO] [stdout]  --> src/libfrad/repairer.rs:2:1
[INFO] [stdout]   |
[INFO] [stdout] 3 | Repairer
[INFO] [stdout]   | ^^^^^^^^ not found in this scope
[INFO] [stdout] 
[INFO] [stdout] error: aborting due to 1 previous error
[INFO] [stdout] 
[INFO] [stdout] For more information about this error, try `rustc --explain E0425`.
[INFO] [stdout] Couldn't compile the test.
[INFO] [stdout] ---- src/libfrad/repairer.rs - repairer (line 1) stdout ----
[INFO] [stdout] error[E0425]: cannot find value `Repairer` in this scope
[INFO] [stdout]  --> src/libfrad/repairer.rs:2:1
[INFO] [stdout]   |
[INFO] [stdout] 3 | Repairer
[INFO] [stdout]   | ^^^^^^^^ not found in this scope
[INFO] [stdout] 
[INFO] [stdout] error: aborting due to 1 previous error
[INFO] [stdout] 
[INFO] [stdout] For more information about this error, try `rustc --explain E0425`.
[INFO] [stdout] Couldn't compile the test.
[INFO] [stdout] ---- src/libfrad/repairer.rs - repairer (line 1) stdout ----
[INFO] [stdout] error[E0425]: cannot find value `Repairer` in this scope
[INFO] [stdout]  --> src/libfrad/repairer.rs:2:1
[INFO] [stdout]   |
[INFO] [stdout] 3 | Repairer
[INFO] [stdout]   | ^^^^^^^^ not found in this scope
[INFO] [stdout] 
[INFO] [stdout] error: aborting due to 1 previous error
[INFO] [stdout] 
[INFO] [stdout] For more information about this error, try `rustc --explain E0425`.
[INFO] [stdout] Couldn't compile the test.
[INFO] [stdout] ---- src/libfrad/repairer.rs - repairer (line 1) stdout ----
[INFO] [stdout] error[E0425]: cannot find value `Repairer` in this scope
[INFO] [stdout]  --> src/libfrad/repairer.rs:2:1
[INFO] [stdout]   |
[INFO] [stdout] 3 | Repairer
[INFO] [stdout]   | ^^^^^^^^ not found in this scope
[INFO] [stdout] 
[INFO] [stdout] error: aborting due to 1 previous error
[INFO] [stdout] 
[INFO] [stdout] For more information about this error, try `rustc --explain E0425`.
[INFO] [stdout] Couldn't compile the test.
[INFO] [stdout] ---- src/libfrad/repairer.rs - repairer::FRM_SIGN (line 1) stdout ----
[INFO] [stdout] error[E0425]: cannot find value `Repairer` in this scope
[INFO] [stdout]  --> src/libfrad/repairer.rs:2:1
[INFO] [stdout]   |
[INFO] [stdout] 3 | Repairer
[INFO] [stdout]   | ^^^^^^^^ not found in this scope
[INFO] [stdout] 
[INFO] [stdout] error: aborting due to 1 previous error
[INFO] [stdout] 
[INFO] [stdout] For more information about this error, try `rustc --explain E0425`.
[INFO] [stdout] Couldn't compile the test.
[INFO] [stdout] ---- src/libfrad/repairer.rs - repairer::Complete (line 1) stdout ----
[INFO] [stdout] error[E0425]: cannot find value `Repairer` in this scope
[INFO] [stdout]  --> src/libfrad/repairer.rs:2:1
[INFO] [stdout]   |
[INFO] [stdout] 3 | Repairer
[INFO] [stdout]   | ^^^^^^^^ not found in this scope
[INFO] [stdout] 
[INFO] [stdout] error: aborting due to 1 previous error
[INFO] [stdout] 
[INFO] [stdout] For more information about this error, try `rustc --explain E0425`.
[INFO] [stdout] Couldn't compile the test.
[INFO] [stdout] ---- src/libfrad/repairer.rs - repairer::ForceFlush (line 1) stdout ----
[INFO] [stdout] error[E0425]: cannot find value `Repairer` in this scope
[INFO] [stdout]  --> src/libfrad/repairer.rs:2:1
[INFO] [stdout]   |
[INFO] [stdout] 3 | Repairer
[INFO] [stdout]   | ^^^^^^^^ not found in this scope
[INFO] [stdout] 
[INFO] [stdout] error: aborting due to 1 previous error
[INFO] [stdout] 
[INFO] [stdout] For more information about this error, try `rustc --explain E0425`.
[INFO] [stdout] Couldn't compile the test.
[INFO] [stdout] ---- src/libfrad/repairer.rs - repairer (line 1) stdout ----
[INFO] [stdout] error[E0425]: cannot find value `Repairer` in this scope
[INFO] [stdout]  --> src/libfrad/repairer.rs:2:1
[INFO] [stdout]   |
[INFO] [stdout] 3 | Repairer
[INFO] [stdout]   | ^^^^^^^^ not found in this scope
[INFO] [stdout] 
[INFO] [stdout] error: aborting due to 1 previous error
[INFO] [stdout] 
[INFO] [stdout] For more information about this error, try `rustc --explain E0425`.
[INFO] [stdout] Couldn't compile the test.
[INFO] [stdout] ---- src/libfrad/repairer.rs - repairer::ASFH (line 1) stdout ----
[INFO] [stdout] error[E0425]: cannot find value `Repairer` in this scope
[INFO] [stdout]  --> src/libfrad/repairer.rs:2:1
[INFO] [stdout]   |
[INFO] [stdout] 3 | Repairer
[INFO] [stdout]   | ^^^^^^^^ not found in this scope
[INFO] [stdout] 
[INFO] [stdout] error: aborting due to 1 previous error
[INFO] [stdout] 
[INFO] [stdout] For more information about this error, try `rustc --explain E0425`.
[INFO] [stdout] Couldn't compile the test.
[INFO] [stdout] ---- src/libfrad/repairer.rs - repairer::LOSSLESS (line 1) stdout ----
[INFO] [stdout] error[E0425]: cannot find value `Repairer` in this scope
[INFO] [stdout]  --> src/libfrad/repairer.rs:2:1
[INFO] [stdout]   |
[INFO] [stdout] 3 | Repairer
[INFO] [stdout]   | ^^^^^^^^ not found in this scope
[INFO] [stdout] 
[INFO] [stdout] error: aborting due to 1 previous error
[INFO] [stdout] 
[INFO] [stdout] For more information about this error, try `rustc --explain E0425`.
[INFO] [stdout] Couldn't compile the test.
[INFO] [stdout] ---- src/libfrad/repairer.rs - repairer (line 1) stdout ----
[INFO] [stdout] error[E0425]: cannot find value `Repairer` in this scope
[INFO] [stdout]  --> src/libfrad/repairer.rs:2:1
[INFO] [stdout]   |
[INFO] [stdout] 3 | Repairer
[INFO] [stdout]   | ^^^^^^^^ not found in this scope
[INFO] [stdout] 
[INFO] [stdout] error: aborting due to 1 previous error
[INFO] [stdout] 
[INFO] [stdout] For more information about this error, try `rustc --explain E0425`.
[INFO] [stdout] Couldn't compile the test.
[INFO] [stdout] ---- src/libfrad/repairer.rs - repairer::ProcessInfo (line 1) stdout ----
[INFO] [stdout] error[E0425]: cannot find value `Repairer` in this scope
[INFO] [stdout]  --> src/libfrad/repairer.rs:2:1
[INFO] [stdout]   |
[INFO] [stdout] 3 | Repairer
[INFO] [stdout]   | ^^^^^^^^ not found in this scope
[INFO] [stdout] 
[INFO] [stdout] error: aborting due to 1 previous error
[INFO] [stdout] 
[INFO] [stdout] For more information about this error, try `rustc --explain E0425`.
[INFO] [stdout] Couldn't compile the test.
[INFO] [stdout] ---- src/libfrad/repairer.rs - repairer::Incomplete (line 1) stdout ----
[INFO] [stdout] error[E0425]: cannot find value `Repairer` in this scope
[INFO] [stdout]  --> src/libfrad/repairer.rs:2:1
[INFO] [stdout]   |
[INFO] [stdout] 3 | Repairer
[INFO] [stdout]   | ^^^^^^^^ not found in this scope
[INFO] [stdout] 
[INFO] [stdout] error: aborting due to 1 previous error
[INFO] [stdout] 
[INFO] [stdout] For more information about this error, try `rustc --explain E0425`.
[INFO] [stdout] Couldn't compile the test.
[INFO] [stdout] ---- src/libfrad/repairer.rs - repairer::SplitFront (line 1) stdout ----
[INFO] [stdout] error[E0425]: cannot find value `Repairer` in this scope
[INFO] [stdout]  --> src/libfrad/repairer.rs:2:1
[INFO] [stdout]   |
[INFO] [stdout] 3 | Repairer
[INFO] [stdout]   | ^^^^^^^^ not found in this scope
[INFO] [stdout] 
[INFO] [stdout] error: aborting due to 1 previous error
[INFO] [stdout] 
[INFO] [stdout] For more information about this error, try `rustc --explain E0425`.
[INFO] [stdout] Couldn't compile the test.
[INFO] [stdout] ---- src/libfrad/tools/asfh.rs - tools::asfh (line 1) stdout ----
[INFO] [stdout] error: expected one of `!`, `.`, `::`, `;`, `?`, `{`, `}`, or an operator, found `Tools`
[INFO] [stdout]  --> src/libfrad/tools/asfh.rs:2:6
[INFO] [stdout]   |
[INFO] [stdout] 3 | ASFH Tools
[INFO] [stdout]   |      ^^^^^ expected one of 8 possible tokens
[INFO] [stdout] 
[INFO] [stdout] error: aborting due to 1 previous error
[INFO] [stdout] 
[INFO] [stdout] Couldn't compile the test.
[INFO] [stdout] ---- src/libfrad/tools/asfh.rs - tools::asfh::FRM_SIGN (line 1) stdout ----
[INFO] [stdout] error: expected one of `!`, `.`, `::`, `;`, `?`, `{`, `}`, or an operator, found `Tools`
[INFO] [stdout]  --> src/libfrad/tools/asfh.rs:2:6
[INFO] [stdout]   |
[INFO] [stdout] 3 | ASFH Tools
[INFO] [stdout]   |      ^^^^^ expected one of 8 possible tokens
[INFO] [stdout] 
[INFO] [stdout] error: aborting due to 1 previous error
[INFO] [stdout] 
[INFO] [stdout] Couldn't compile the test.
[INFO] [stdout] ---- src/libfrad/tools/asfh.rs - tools::asfh::compact (line 1) stdout ----
[INFO] [stdout] error: expected one of `!`, `.`, `::`, `;`, `?`, `{`, `}`, or an operator, found `Tools`
[INFO] [stdout]  --> src/libfrad/tools/asfh.rs:2:6
[INFO] [stdout]   |
[INFO] [stdout] 3 | ASFH Tools
[INFO] [stdout]   |      ^^^^^ expected one of 8 possible tokens
[INFO] [stdout] 
[INFO] [stdout] error: aborting due to 1 previous error
[INFO] [stdout] 
[INFO] [stdout] Couldn't compile the test.
[INFO] [stdout] ---- src/libfrad/repairer.rs - repairer::crc32 (line 1) stdout ----
[INFO] [stdout] error[E0425]: cannot find value `Repairer` in this scope
[INFO] [stdout]  --> src/libfrad/repairer.rs:2:1
[INFO] [stdout]   |
[INFO] [stdout] 3 | Repairer
[INFO] [stdout]   | ^^^^^^^^ not found in this scope
[INFO] [stdout] 
[INFO] [stdout] error: aborting due to 1 previous error
[INFO] [stdout] 
[INFO] [stdout] For more information about this error, try `rustc --explain E0425`.
[INFO] [stdout] Couldn't compile the test.
[INFO] [stdout] ---- src/libfrad/tools/asfh.rs - tools::asfh::COMPACT (line 1) stdout ----
[INFO] [stdout] error: expected one of `!`, `.`, `::`, `;`, `?`, `{`, `}`, or an operator, found `Tools`
[INFO] [stdout]  --> src/libfrad/tools/asfh.rs:2:6
[INFO] [stdout]   |
[INFO] [stdout] 3 | ASFH Tools
[INFO] [stdout]   |      ^^^^^ expected one of 8 possible tokens
[INFO] [stdout] 
[INFO] [stdout] error: aborting due to 1 previous error
[INFO] [stdout] 
[INFO] [stdout] Couldn't compile the test.
[INFO] [stdout] ---- src/libfrad/repairer.rs - repairer::VecPatternFind (line 1) stdout ----
[INFO] [stdout] error[E0425]: cannot find value `Repairer` in this scope
[INFO] [stdout]  --> src/libfrad/repairer.rs:2:1
[INFO] [stdout]   |
[INFO] [stdout] 3 | Repairer
[INFO] [stdout]   | ^^^^^^^^ not found in this scope
[INFO] [stdout] 
[INFO] [stdout] error: aborting due to 1 previous error
[INFO] [stdout] 
[INFO] [stdout] For more information about this error, try `rustc --explain E0425`.
[INFO] [stdout] Couldn't compile the test.
[INFO] [stdout] ---- src/libfrad/tools/asfh.rs - tools::asfh::SplitFront (line 1) stdout ----
[INFO] [stdout] error: expected one of `!`, `.`, `::`, `;`, `?`, `{`, `}`, or an operator, found `Tools`
[INFO] [stdout]  --> src/libfrad/tools/asfh.rs:2:6
[INFO] [stdout]   |
[INFO] [stdout] 3 | ASFH Tools
[INFO] [stdout]   |      ^^^^^ expected one of 8 possible tokens
[INFO] [stdout] 
[INFO] [stdout] error: aborting due to 1 previous error
[INFO] [stdout] 
[INFO] [stdout] Couldn't compile the test.
[INFO] [stdout] ---- src/libfrad/tools/asfh.rs - tools::asfh::crc16_ansi (line 1) stdout ----
[INFO] [stdout] error: expected one of `!`, `.`, `::`, `;`, `?`, `{`, `}`, or an operator, found `Tools`
[INFO] [stdout]  --> src/libfrad/tools/asfh.rs:2:6
[INFO] [stdout]   |
[INFO] [stdout] 3 | ASFH Tools
[INFO] [stdout]   |      ^^^^^ expected one of 8 possible tokens
[INFO] [stdout] 
[INFO] [stdout] error: aborting due to 1 previous error
[INFO] [stdout] 
[INFO] [stdout] Couldn't compile the test.
[INFO] [stdout] ---- src/libfrad/repairer.rs - repairer::ecc (line 1) stdout ----
[INFO] [stdout] error[E0425]: cannot find value `Repairer` in this scope
[INFO] [stdout]  --> src/libfrad/repairer.rs:2:1
[INFO] [stdout]   |
[INFO] [stdout] 3 | Repairer
[INFO] [stdout]   | ^^^^^^^^ not found in this scope
[INFO] [stdout] 
[INFO] [stdout] error: aborting due to 1 previous error
[INFO] [stdout] 
[INFO] [stdout] For more information about this error, try `rustc --explain E0425`.
[INFO] [stdout] Couldn't compile the test.
[INFO] [stdout] ---- src/libfrad/tools/asfh.rs - tools::asfh (line 1) stdout ----
[INFO] [stdout] error: expected one of `!`, `.`, `::`, `;`, `?`, `{`, `}`, or an operator, found `Tools`
[INFO] [stdout]  --> src/libfrad/tools/asfh.rs:2:6
[INFO] [stdout]   |
[INFO] [stdout] 3 | ASFH Tools
[INFO] [stdout]   |      ^^^^^ expected one of 8 possible tokens
[INFO] [stdout] 
[INFO] [stdout] error: aborting due to 1 previous error
[INFO] [stdout] 
[INFO] [stdout] Couldn't compile the test.
[INFO] [stdout] ---- src/libfrad/tools/asfh.rs - tools::asfh::crc32 (line 1) stdout ----
[INFO] [stdout] error: expected one of `!`, `.`, `::`, `;`, `?`, `{`, `}`, or an operator, found `Tools`
[INFO] [stdout]  --> src/libfrad/tools/asfh.rs:2:6
[INFO] [stdout]   |
[INFO] [stdout] 3 | ASFH Tools
[INFO] [stdout]   |      ^^^^^ expected one of 8 possible tokens
[INFO] [stdout] 
[INFO] [stdout] error: aborting due to 1 previous error
[INFO] [stdout] 
[INFO] [stdout] Couldn't compile the test.
[INFO] [stdout] ---- src/libfrad/tools/asfh.rs - tools::asfh::get_srate_index (line 1) stdout ----
[INFO] [stdout] error: expected one of `!`, `.`, `::`, `;`, `?`, `{`, `}`, or an operator, found `Tools`
[INFO] [stdout]  --> src/libfrad/tools/asfh.rs:2:6
[INFO] [stdout]   |
[INFO] [stdout] 3 | ASFH Tools
[INFO] [stdout]   |      ^^^^^ expected one of 8 possible tokens
[INFO] [stdout] 
[INFO] [stdout] error: aborting due to 1 previous error
[INFO] [stdout] 
[INFO] [stdout] Couldn't compile the test.
[INFO] [stdout] ---- src/libfrad/repairer.rs - repairer::crc16_ansi (line 1) stdout ----
[INFO] [stdout] error[E0425]: cannot find value `Repairer` in this scope
[INFO] [stdout]  --> src/libfrad/repairer.rs:2:1
[INFO] [stdout]   |
[INFO] [stdout] 3 | Repairer
[INFO] [stdout]   | ^^^^^^^^ not found in this scope
[INFO] [stdout] 
[INFO] [stdout] error: aborting due to 1 previous error
[INFO] [stdout] 
[INFO] [stdout] For more information about this error, try `rustc --explain E0425`.
[INFO] [stdout] Couldn't compile the test.
[INFO] [stdout] ---- src/libfrad/tools/asfh.rs - tools::asfh (line 1) stdout ----
[INFO] [stdout] error: expected one of `!`, `.`, `::`, `;`, `?`, `{`, `}`, or an operator, found `Tools`
[INFO] [stdout]  --> src/libfrad/tools/asfh.rs:2:6
[INFO] [stdout]   |
[INFO] [stdout] 3 | ASFH Tools
[INFO] [stdout]   |      ^^^^^ expected one of 8 possible tokens
[INFO] [stdout] 
[INFO] [stdout] error: aborting due to 1 previous error
[INFO] [stdout] 
[INFO] [stdout] Couldn't compile the test.
[INFO] [stdout] ---- src/libfrad/tools/asfh.rs - tools::asfh (line 1) stdout ----
[INFO] [stdout] error: expected one of `!`, `.`, `::`, `;`, `?`, `{`, `}`, or an operator, found `Tools`
[INFO] [stdout]  --> src/libfrad/tools/asfh.rs:2:6
[INFO] [stdout]   |
[INFO] [stdout] 3 | ASFH Tools
[INFO] [stdout]   |      ^^^^^ expected one of 8 possible tokens
[INFO] [stdout] 
[INFO] [stdout] error: aborting due to 1 previous error
[INFO] [stdout] 
[INFO] [stdout] Couldn't compile the test.
[INFO] [stdout] ---- src/libfrad/tools/ecc/mod.rs - tools::ecc::reedsolo (line 1) stdout ----
[INFO] [stdout] error: expected one of `!`, `.`, `::`, `;`, `?`, `{`, `}`, or an operator, found `Correction`
[INFO] [stdout]  --> src/libfrad/tools/ecc/mod.rs:2:7
[INFO] [stdout]   |
[INFO] [stdout] 3 | Error Correction
[INFO] [stdout]   |       ^^^^^^^^^^ expected one of 8 possible tokens
[INFO] [stdout] 
[INFO] [stdout] error: aborting due to 1 previous error
[INFO] [stdout] 
[INFO] [stdout] Couldn't compile the test.
[INFO] [stdout] ---- src/libfrad/tools/ecc/reedsolo.rs - tools::ecc::reedsolo::max (line 1) stdout ----
[INFO] [stdout] error: expected one of `!`, `.`, `::`, `;`, `?`, `{`, `}`, or an operator, found `ECC`
[INFO] [stdout]  --> src/libfrad/tools/ecc/reedsolo.rs:2:14
[INFO] [stdout]   |
[INFO] [stdout] 3 | Reed-Solomon ECC for Rust
[INFO] [stdout]   |              ^^^ expected one of 8 possible tokens
[INFO] [stdout] 
[INFO] [stdout] error: aborting due to 1 previous error
[INFO] [stdout] 
[INFO] [stdout] Couldn't compile the test.
[INFO] [stdout] ---- src/libfrad/tools/head.rs - tools::head::SIGNATURE (line 1) stdout ----
[INFO] [stdout] error: expected one of `!`, `.`, `::`, `;`, `?`, `{`, `}`, or an operator, found `Configurator`
[INFO] [stdout]  --> src/libfrad/tools/head.rs:2:8
[INFO] [stdout]   |
[INFO] [stdout] 3 | Header Configurator
[INFO] [stdout]   |        ^^^^^^^^^^^^ expected one of 8 possible tokens
[INFO] [stdout] 
[INFO] [stdout] error: aborting due to 1 previous error
[INFO] [stdout] 
[INFO] [stdout] Couldn't compile the test.
[INFO] [stdout] ---- src/libfrad/tools/head.rs - tools::head (line 1) stdout ----
[INFO] [stdout] error: expected one of `!`, `.`, `::`, `;`, `?`, `{`, `}`, or an operator, found `Configurator`
[INFO] [stdout]  --> src/libfrad/tools/head.rs:2:8
[INFO] [stdout]   |
[INFO] [stdout] 3 | Header Configurator
[INFO] [stdout]   |        ^^^^^^^^^^^^ expected one of 8 possible tokens
[INFO] [stdout] 
[INFO] [stdout] error: aborting due to 1 previous error
[INFO] [stdout] 
[INFO] [stdout] Couldn't compile the test.
[INFO] [stdout] ---- src/libfrad/tools/process.rs - tools::process (line 1) stdout ----
[INFO] [stdout] error: expected one of `!`, `.`, `::`, `;`, `?`, `{`, `}`, or an operator, found `Info`
[INFO] [stdout]  --> src/libfrad/tools/process.rs:2:9
[INFO] [stdout]   |
[INFO] [stdout] 3 | Process Info
[INFO] [stdout]   |         ^^^^ expected one of 8 possible tokens
[INFO] [stdout] 
[INFO] [stdout] error: aborting due to 1 previous error
[INFO] [stdout] 
[INFO] [stdout] Couldn't compile the test.
[INFO] [stdout] ---- src/libfrad/tools/process.rs - tools::process::HashMap (line 1) stdout ----
[INFO] [stdout] error: expected one of `!`, `.`, `::`, `;`, `?`, `{`, `}`, or an operator, found `Info`
[INFO] [stdout]  --> src/libfrad/tools/process.rs:2:9
[INFO] [stdout]   |
[INFO] [stdout] 3 | Process Info
[INFO] [stdout]   |         ^^^^ expected one of 8 possible tokens
[INFO] [stdout] 
[INFO] [stdout] error: aborting due to 1 previous error
[INFO] [stdout] 
[INFO] [stdout] Couldn't compile the test.
[INFO] [stdout] ---- src/libfrad/tools/process.rs - tools::process::Instant (line 1) stdout ----
[INFO] [stdout] error: expected one of `!`, `.`, `::`, `;`, `?`, `{`, `}`, or an operator, found `Info`
[INFO] [stdout]  --> src/libfrad/tools/process.rs:2:9
[INFO] [stdout]   |
[INFO] [stdout] 3 | Process Info
[INFO] [stdout]   |         ^^^^ expected one of 8 possible tokens
[INFO] [stdout] 
[INFO] [stdout] error: aborting due to 1 previous error
[INFO] [stdout] 
[INFO] [stdout] Couldn't compile the test.
[INFO] [stdout] ---- src/libfrad/tools/head.rs - tools::head::SplitFront (line 1) stdout ----
[INFO] [stdout] error: expected one of `!`, `.`, `::`, `;`, `?`, `{`, `}`, or an operator, found `Configurator`
[INFO] [stdout]  --> src/libfrad/tools/head.rs:2:8
[INFO] [stdout]   |
[INFO] [stdout] 3 | Header Configurator
[INFO] [stdout]   |        ^^^^^^^^^^^^ expected one of 8 possible tokens
[INFO] [stdout] 
[INFO] [stdout] error: aborting due to 1 previous error
[INFO] [stdout] 
[INFO] [stdout] Couldn't compile the test.
[INFO] [stdout] 
[INFO] [stdout] failures:
[INFO] [stdout]     src/libfrad/backend/bitcvt.rs - backend::bitcvt::to_bits (line 1)
[INFO] [stdout]     src/libfrad/backend/f64cvt.rs - backend::f64cvt (line 1)
[INFO] [stdout]     src/libfrad/backend/f64cvt.rs - backend::f64cvt::Endian (line 1)
[INFO] [stdout]     src/libfrad/backend/f64cvt.rs - backend::f64cvt::PCMFormat (line 1)
[INFO] [stdout]     src/libfrad/backend/mod.rs - backend::bitcvt (line 1)
[INFO] [stdout]     src/libfrad/backend/pcmformat.rs - backend::pcmformat::PCMFormat (line 1)
[INFO] [stdout]     src/libfrad/common.rs - common::SIGNATURE (line 1)
[INFO] [stdout]     src/libfrad/decoder.rs - decoder (line 1)
[INFO] [stdout]     src/libfrad/decoder.rs - decoder (line 1)
[INFO] [stdout]     src/libfrad/decoder.rs - decoder (line 1)
[INFO] [stdout]     src/libfrad/decoder.rs - decoder (line 1)
[INFO] [stdout]     src/libfrad/decoder.rs - decoder (line 1)
[INFO] [stdout]     src/libfrad/decoder.rs - decoder (line 1)
[INFO] [stdout]     src/libfrad/decoder.rs - decoder (line 1)
[INFO] [stdout]     src/libfrad/decoder.rs - decoder (line 1)
[INFO] [stdout]     src/libfrad/decoder.rs - decoder::ASFH (line 1)
[INFO] [stdout]     src/libfrad/decoder.rs - decoder::COMPACT (line 1)
[INFO] [stdout]     src/libfrad/decoder.rs - decoder::Complete (line 1)
[INFO] [stdout]     src/libfrad/decoder.rs - decoder::FRM_SIGN (line 1)
[INFO] [stdout]     src/libfrad/decoder.rs - decoder::ForceFlush (line 1)
[INFO] [stdout]     src/libfrad/decoder.rs - decoder::Incomplete (line 1)
[INFO] [stdout]     src/libfrad/decoder.rs - decoder::LOSSLESS (line 1)
[INFO] [stdout]     src/libfrad/decoder.rs - decoder::ProcessInfo (line 1)
[INFO] [stdout]     src/libfrad/decoder.rs - decoder::SplitFront (line 1)
[INFO] [stdout]     src/libfrad/decoder.rs - decoder::VecPatternFind (line 1)
[INFO] [stdout]     src/libfrad/decoder.rs - decoder::crc16_ansi (line 1)
[INFO] [stdout]     src/libfrad/decoder.rs - decoder::crc32 (line 1)
[INFO] [stdout]     src/libfrad/decoder.rs - decoder::ecc (line 1)
[INFO] [stdout]     src/libfrad/decoder.rs - decoder::fourier (line 1)
[INFO] [stdout]     src/libfrad/decoder.rs - decoder::hanning_in_overlap (line 1)
[INFO] [stdout]     src/libfrad/encoder.rs - encoder (line 1)
[INFO] [stdout]     src/libfrad/encoder.rs - encoder (line 1)
[INFO] [stdout]     src/libfrad/encoder.rs - encoder (line 1)
[INFO] [stdout]     src/libfrad/encoder.rs - encoder (line 1)
[INFO] [stdout]     src/libfrad/encoder.rs - encoder (line 1)
[INFO] [stdout]     src/libfrad/encoder.rs - encoder::ASFH (line 1)
[INFO] [stdout]     src/libfrad/encoder.rs - encoder::AVAILABLE (line 1)
[INFO] [stdout]     src/libfrad/encoder.rs - encoder::BIT_DEPTHS (line 1)
[INFO] [stdout]     src/libfrad/encoder.rs - encoder::COMPACT (line 1)
[INFO] [stdout]     src/libfrad/encoder.rs - encoder::PCMFormat (line 1)
[INFO] [stdout]     src/libfrad/encoder.rs - encoder::Prepend (line 1)
[INFO] [stdout]     src/libfrad/encoder.rs - encoder::ProcessInfo (line 1)
[INFO] [stdout]     src/libfrad/encoder.rs - encoder::SEGMAX (line 1)
[INFO] [stdout]     src/libfrad/encoder.rs - encoder::SplitFront (line 1)
[INFO] [stdout]     src/libfrad/encoder.rs - encoder::any_to_f64 (line 1)
[INFO] [stdout]     src/libfrad/encoder.rs - encoder::compact (line 1)
[INFO] [stdout]     src/libfrad/encoder.rs - encoder::ecc (line 1)
[INFO] [stdout]     src/libfrad/encoder.rs - encoder::fourier (line 1)
[INFO] [stdout]     src/libfrad/fourier/backend/core.rs - fourier::backend::core::PI (line 1)
[INFO] [stdout]     src/libfrad/fourier/backend/u8pack.rs - fourier::backend::u8pack::bitcvt (line 1)
[INFO] [stdout]     src/libfrad/fourier/mod.rs - fourier::profile0 (line 1)
[INFO] [stdout]     src/libfrad/fourier/profile0.rs - fourier::profile0::Transpose (line 1)
[INFO] [stdout]     src/libfrad/fourier/profile1.rs - fourier::profile1 (line 1)
[INFO] [stdout]     src/libfrad/fourier/profile1.rs - fourier::profile1::SplitFront (line 1)
[INFO] [stdout]     src/libfrad/fourier/profile1.rs - fourier::profile1::Transpose (line 1)
[INFO] [stdout]     src/libfrad/fourier/profile4.rs - fourier::profile4::u8pack (line 1)
[INFO] [stdout]     src/libfrad/fourier/profiles.rs - fourier::profiles::LOSSLESS (line 1)
[INFO] [stdout]     src/libfrad/fourier/tools/p1tools.rs - fourier::tools::p1tools (line 1)
[INFO] [stdout]     src/libfrad/fourier/tools/p1tools.rs - fourier::tools::p1tools::bitcvt (line 1)
[INFO] [stdout]     src/libfrad/fourier/tools/p1tools.rs - fourier::tools::p1tools::linspace (line 1)
[INFO] [stdout]     src/libfrad/lib.rs - backend (line 1)
[INFO] [stdout]     src/libfrad/repairer.rs - repairer (line 1)
[INFO] [stdout]     src/libfrad/repairer.rs - repairer (line 1)
[INFO] [stdout]     src/libfrad/repairer.rs - repairer (line 1)
[INFO] [stdout]     src/libfrad/repairer.rs - repairer (line 1)
[INFO] [stdout]     src/libfrad/repairer.rs - repairer (line 1)
[INFO] [stdout]     src/libfrad/repairer.rs - repairer (line 1)
[INFO] [stdout]     src/libfrad/repairer.rs - repairer (line 1)
[INFO] [stdout]     src/libfrad/repairer.rs - repairer::ASFH (line 1)
[INFO] [stdout]     src/libfrad/repairer.rs - repairer::COMPACT (line 1)
[INFO] [stdout]     src/libfrad/repairer.rs - repairer::Complete (line 1)
[INFO] [stdout]     src/libfrad/repairer.rs - repairer::FRM_SIGN (line 1)
[INFO] [stdout]     src/libfrad/repairer.rs - repairer::ForceFlush (line 1)
[INFO] [stdout]     src/libfrad/repairer.rs - repairer::Incomplete (line 1)
[INFO] [stdout]     src/libfrad/repairer.rs - repairer::LOSSLESS (line 1)
[INFO] [stdout]     src/libfrad/repairer.rs - repairer::ProcessInfo (line 1)
[INFO] [stdout]     src/libfrad/repairer.rs - repairer::SplitFront (line 1)
[INFO] [stdout]     src/libfrad/repairer.rs - repairer::VecPatternFind (line 1)
[INFO] [stdout]     src/libfrad/repairer.rs - repairer::crc16_ansi (line 1)
[INFO] [stdout]     src/libfrad/repairer.rs - repairer::crc32 (line 1)
[INFO] [stdout]     src/libfrad/repairer.rs - repairer::ecc (line 1)
[INFO] [stdout]     src/libfrad/tools/asfh.rs - tools::asfh (line 1)
[INFO] [stdout]     src/libfrad/tools/asfh.rs - tools::asfh (line 1)
[INFO] [stdout]     src/libfrad/tools/asfh.rs - tools::asfh (line 1)
[INFO] [stdout]     src/libfrad/tools/asfh.rs - tools::asfh (line 1)
[INFO] [stdout]     src/libfrad/tools/asfh.rs - tools::asfh::COMPACT (line 1)
[INFO] [stdout]     src/libfrad/tools/asfh.rs - tools::asfh::FRM_SIGN (line 1)
[INFO] [stdout]     src/libfrad/tools/asfh.rs - tools::asfh::SplitFront (line 1)
[INFO] [stdout]     src/libfrad/tools/asfh.rs - tools::asfh::compact (line 1)
[INFO] [stdout]     src/libfrad/tools/asfh.rs - tools::asfh::crc16_ansi (line 1)
[INFO] [stdout]     src/libfrad/tools/asfh.rs - tools::asfh::crc32 (line 1)
[INFO] [stdout]     src/libfrad/tools/asfh.rs - tools::asfh::get_srate_index (line 1)
[INFO] [stdout]     src/libfrad/tools/ecc/mod.rs - tools::ecc::reedsolo (line 1)
[INFO] [stdout]     src/libfrad/tools/ecc/reedsolo.rs - tools::ecc::reedsolo::max (line 1)
[INFO] [stdout]     src/libfrad/tools/head.rs - tools::head (line 1)
[INFO] [stdout]     src/libfrad/tools/head.rs - tools::head::SIGNATURE (line 1)
[INFO] [stdout]     src/libfrad/tools/head.rs - tools::head::SplitFront (line 1)
[INFO] [stdout]     src/libfrad/tools/process.rs - tools::process (line 1)
[INFO] [stdout]     src/libfrad/tools/process.rs - tools::process::HashMap (line 1)
[INFO] [stdout]     src/libfrad/tools/process.rs - tools::process::Instant (line 1)
[INFO] [stdout] 
[INFO] [stdout] test result: FAILED. 0 passed; 100 failed; 0 ignored; 0 measured; 0 filtered out; finished in 0.51s
[INFO] [stdout] 
[INFO] [stderr] error: doctest failed, to rerun pass `--doc`
[INFO] running `Command { std: "docker" "inspect" "955b2c76e1ff1e0f4032dfd8f8bd2ab3d5555b2f2f30ef0d410218a2a5d8a1d1", kill_on_drop: false }`
[INFO] running `Command { std: "docker" "rm" "-f" "955b2c76e1ff1e0f4032dfd8f8bd2ab3d5555b2f2f30ef0d410218a2a5d8a1d1", kill_on_drop: false }`
[INFO] [stdout] 955b2c76e1ff1e0f4032dfd8f8bd2ab3d5555b2f2f30ef0d410218a2a5d8a1d1
