[INFO] cloning repository https://github.com/golddranks/kadouchi
[INFO] running `Command { std: "git" "-c" "credential.helper=" "-c" "credential.helper=/workspace/cargo-home/bin/git-credential-null" "clone" "--bare" "https://github.com/golddranks/kadouchi" "/workspace/cache/git-repos/https%3A%2F%2Fgithub.com%2Fgolddranks%2Fkadouchi", kill_on_drop: false }`
[INFO] [stderr] Cloning into bare repository '/workspace/cache/git-repos/https%3A%2F%2Fgithub.com%2Fgolddranks%2Fkadouchi'...
[INFO] running `Command { std: "git" "rev-parse" "HEAD", kill_on_drop: false }`
[INFO] [stdout] 3b230bae30f046fc427ef4cac3f919cb7c0bc1a9
[INFO] testing golddranks/kadouchi/3b230bae30f046fc427ef4cac3f919cb7c0bc1a9 against nightly-2024-10-28+rustflags=-Zrandomize-layout for randomize-layout
[INFO] running `Command { std: "git" "clone" "/workspace/cache/git-repos/https%3A%2F%2Fgithub.com%2Fgolddranks%2Fkadouchi" "/workspace/builds/worker-6-tc2/source", kill_on_drop: false }`
[INFO] [stderr] Cloning into '/workspace/builds/worker-6-tc2/source'...
[INFO] [stderr] done.
[INFO] validating manifest of git repo https://github.com/golddranks/kadouchi on toolchain nightly-2024-10-28
[INFO] running `Command { std: CARGO_HOME="/workspace/cargo-home" RUSTUP_HOME="/workspace/rustup-home" "/workspace/cargo-home/bin/cargo" "+nightly-2024-10-28" "metadata" "--manifest-path" "Cargo.toml" "--no-deps", kill_on_drop: false }`
[INFO] started tweaking git repo https://github.com/golddranks/kadouchi
[INFO] finished tweaking git repo https://github.com/golddranks/kadouchi
[INFO] tweaked toml for git repo https://github.com/golddranks/kadouchi written to /workspace/builds/worker-6-tc2/source/Cargo.toml
[INFO] crate git repo https://github.com/golddranks/kadouchi already has a lockfile, it will not be regenerated
[INFO] running `Command { std: CARGO_HOME="/workspace/cargo-home" RUSTUP_HOME="/workspace/rustup-home" "/workspace/cargo-home/bin/cargo" "+nightly-2024-10-28" "fetch" "--manifest-path" "Cargo.toml", kill_on_drop: false }`
[INFO] [stderr] warning: no edition set: defaulting to the 2015 edition while the latest is 2021
[INFO] running `Command { std: "docker" "create" "-v" "/var/lib/crater-agent-workspace/builds/worker-6-tc2/target:/opt/rustwide/target:rw,Z" "-v" "/var/lib/crater-agent-workspace/builds/worker-6-tc2/source:/opt/rustwide/workdir:ro,Z" "-v" "/var/lib/crater-agent-workspace/cargo-home:/opt/rustwide/cargo-home:ro,Z" "-v" "/var/lib/crater-agent-workspace/rustup-home:/opt/rustwide/rustup-home:ro,Z" "-e" "SOURCE_DIR=/opt/rustwide/workdir" "-e" "CARGO_TARGET_DIR=/opt/rustwide/target" "-e" "CARGO_HOME=/opt/rustwide/cargo-home" "-e" "RUSTUP_HOME=/opt/rustwide/rustup-home" "-w" "/opt/rustwide/workdir" "-m" "1610612736" "--user" "0:0" "--network" "none" "ghcr.io/rust-lang/crates-build-env/linux@sha256:4a844ea9eb2546a2d2c7022eacef16ef2e8229c7fbb2c7d4d55a9ceca922f72d" "/opt/rustwide/cargo-home/bin/cargo" "+nightly-2024-10-28" "metadata" "--no-deps" "--format-version=1", kill_on_drop: false }`
[INFO] [stdout] 4585c0cee72ee0119305cf9df4d91071224f4894538515a7705b839625eefdd6
[INFO] running `Command { std: "docker" "start" "-a" "4585c0cee72ee0119305cf9df4d91071224f4894538515a7705b839625eefdd6", kill_on_drop: false }`
[INFO] running `Command { std: "docker" "inspect" "4585c0cee72ee0119305cf9df4d91071224f4894538515a7705b839625eefdd6", kill_on_drop: false }`
[INFO] running `Command { std: "docker" "rm" "-f" "4585c0cee72ee0119305cf9df4d91071224f4894538515a7705b839625eefdd6", kill_on_drop: false }`
[INFO] [stdout] 4585c0cee72ee0119305cf9df4d91071224f4894538515a7705b839625eefdd6
[INFO] running `Command { std: "docker" "create" "-v" "/var/lib/crater-agent-workspace/builds/worker-6-tc2/target:/opt/rustwide/target:rw,Z" "-v" "/var/lib/crater-agent-workspace/builds/worker-6-tc2/source:/opt/rustwide/workdir:ro,Z" "-v" "/var/lib/crater-agent-workspace/cargo-home:/opt/rustwide/cargo-home:ro,Z" "-v" "/var/lib/crater-agent-workspace/rustup-home:/opt/rustwide/rustup-home:ro,Z" "-e" "SOURCE_DIR=/opt/rustwide/workdir" "-e" "CARGO_TARGET_DIR=/opt/rustwide/target" "-e" "CARGO_INCREMENTAL=0" "-e" "RUST_BACKTRACE=full" "-e" "RUSTFLAGS=--cap-lints=forbid -Zrandomize-layout" "-e" "RUSTDOCFLAGS=--cap-lints=forbid" "-e" "CARGO_HOME=/opt/rustwide/cargo-home" "-e" "RUSTUP_HOME=/opt/rustwide/rustup-home" "-w" "/opt/rustwide/workdir" "-m" "1610612736" "--user" "0:0" "--network" "none" "ghcr.io/rust-lang/crates-build-env/linux@sha256:4a844ea9eb2546a2d2c7022eacef16ef2e8229c7fbb2c7d4d55a9ceca922f72d" "/opt/rustwide/cargo-home/bin/cargo" "+nightly-2024-10-28" "build" "--frozen" "--message-format=json", kill_on_drop: false }`
[INFO] [stdout] 2e5d19374ea8f7b9cbda5db5a775606fcda5622d4b781fcea4f0e9a2725483c8
[INFO] running `Command { std: "docker" "start" "-a" "2e5d19374ea8f7b9cbda5db5a775606fcda5622d4b781fcea4f0e9a2725483c8", kill_on_drop: false }`
[INFO] [stderr] warning: no edition set: defaulting to the 2015 edition while the latest is 2021
[INFO] [stderr]    Compiling libc v0.2.42
[INFO] [stderr]    Compiling cc v1.0.17
[INFO] [stderr]    Compiling unicode-xid v0.0.4
[INFO] [stderr]    Compiling void v1.0.2
[INFO] [stderr]    Compiling quote v0.3.15
[INFO] [stderr]    Compiling cfg-if v0.1.3
[INFO] [stderr]    Compiling ucd-util v0.1.1
[INFO] [stderr]    Compiling regex v1.0.0
[INFO] [stderr]    Compiling lazy_static v1.0.1
[INFO] [stderr]    Compiling rustc-demangle v0.1.8
[INFO] [stderr]    Compiling utf8-ranges v1.0.0
[INFO] [stderr]    Compiling quick-error v1.2.2
[INFO] [stderr]    Compiling termcolor v0.3.6
[INFO] [stderr]    Compiling scoped_stack v0.1.0 (https://github.com/golddranks/scoped_stack#0cbf7808)
[INFO] [stderr]    Compiling log v0.4.1
[INFO] [stderr]    Compiling unreachable v1.0.0
[INFO] [stderr]    Compiling synom v0.11.3
[INFO] [stderr]    Compiling humantime v1.1.1
[INFO] [stderr]    Compiling thread_local v0.3.5
[INFO] [stderr]    Compiling regex-syntax v0.6.0
[INFO] [stderr]    Compiling syn v0.11.11
[INFO] [stderr]    Compiling memchr v2.0.1
[INFO] [stderr]    Compiling atty v0.2.10
[INFO] [stderr]    Compiling aho-corasick v0.6.4
[INFO] [stderr]    Compiling nom v4.0.0
[INFO] [stderr]    Compiling backtrace-sys v0.1.23
[INFO] [stderr]    Compiling libloading v0.5.0
[INFO] [stderr]    Compiling synstructure v0.6.1
[INFO] [stderr]    Compiling failure_derive v0.1.1
[INFO] [stderr]    Compiling backtrace v0.3.8
[INFO] [stderr]    Compiling failure v0.1.1
[INFO] [stderr]    Compiling env_logger v0.5.10
[INFO] [stderr]    Compiling kadouchi v0.1.0 (/opt/rustwide/workdir)
[INFO] [stdout] warning: the feature `nll` has been stable since 1.63.0 and no longer requires an attribute to enable
[INFO] [stdout]  --> src/lib.rs:1:12
[INFO] [stdout]   |
[INFO] [stdout] 1 | #![feature(nll)]
[INFO] [stdout]   |            ^^^
[INFO] [stdout]   |
[INFO] [stdout]   = note: `#[warn(stable_features)]` on by default
[INFO] [stdout] 
[INFO] [stdout] 
[INFO] [stdout] warning: unused variable: `natives`
[INFO] [stdout]    --> src/typecheck.rs:106:35
[INFO] [stdout]     |
[INFO] [stdout] 106 |     fn build_extern_caller_object(natives: &'str Library) -> Object<'str> {
[INFO] [stdout]     |                                   ^^^^^^^ help: if this is intentional, prefix it with an underscore: `_natives`
[INFO] [stdout]     |
[INFO] [stdout]     = note: `#[warn(unused_variables)]` on by default
[INFO] [stdout] 
[INFO] [stdout] 
[INFO] [stdout] warning: unused variable: `obj_idx`
[INFO] [stdout]    --> src/typecheck.rs:209:17
[INFO] [stdout]     |
[INFO] [stdout] 209 |             let obj_idx = parent.add_arg(new_obj);
[INFO] [stdout]     |                 ^^^^^^^ help: if this is intentional, prefix it with an underscore: `_obj_idx`
[INFO] [stdout] 
[INFO] [stdout] 
[INFO] [stdout] warning: struct `Dimensions` is never constructed
[INFO] [stdout]   --> src/typecheck.rs:13:12
[INFO] [stdout]    |
[INFO] [stdout] 13 | pub struct Dimensions {
[INFO] [stdout]    |            ^^^^^^^^^^
[INFO] [stdout]    |
[INFO] [stdout]    = note: `Dimensions` has derived impls for the traits `Debug` and `Clone`, but these are intentionally ignored during dead code analysis
[INFO] [stdout]    = note: `#[warn(dead_code)]` on by default
[INFO] [stdout] 
[INFO] [stdout] 
[INFO] [stderr]     Finished `dev` profile [unoptimized + debuginfo] target(s) in 2.55s
[INFO] [stderr] warning: the following packages contain code that will be rejected by a future version of Rust: nom v4.0.0
[INFO] [stderr] note: to see what the problems were, use the option `--future-incompat-report`, or run `cargo report future-incompatibilities --id 1`
[INFO] running `Command { std: "docker" "inspect" "2e5d19374ea8f7b9cbda5db5a775606fcda5622d4b781fcea4f0e9a2725483c8", kill_on_drop: false }`
[INFO] running `Command { std: "docker" "rm" "-f" "2e5d19374ea8f7b9cbda5db5a775606fcda5622d4b781fcea4f0e9a2725483c8", kill_on_drop: false }`
[INFO] [stdout] 2e5d19374ea8f7b9cbda5db5a775606fcda5622d4b781fcea4f0e9a2725483c8
[INFO] running `Command { std: "docker" "create" "-v" "/var/lib/crater-agent-workspace/builds/worker-6-tc2/target:/opt/rustwide/target:rw,Z" "-v" "/var/lib/crater-agent-workspace/builds/worker-6-tc2/source:/opt/rustwide/workdir:ro,Z" "-v" "/var/lib/crater-agent-workspace/cargo-home:/opt/rustwide/cargo-home:ro,Z" "-v" "/var/lib/crater-agent-workspace/rustup-home:/opt/rustwide/rustup-home:ro,Z" "-e" "SOURCE_DIR=/opt/rustwide/workdir" "-e" "CARGO_TARGET_DIR=/opt/rustwide/target" "-e" "CARGO_INCREMENTAL=0" "-e" "RUST_BACKTRACE=full" "-e" "RUSTFLAGS=--cap-lints=forbid -Zrandomize-layout" "-e" "RUSTDOCFLAGS=--cap-lints=forbid" "-e" "CARGO_HOME=/opt/rustwide/cargo-home" "-e" "RUSTUP_HOME=/opt/rustwide/rustup-home" "-w" "/opt/rustwide/workdir" "-m" "1610612736" "--user" "0:0" "--network" "none" "ghcr.io/rust-lang/crates-build-env/linux@sha256:4a844ea9eb2546a2d2c7022eacef16ef2e8229c7fbb2c7d4d55a9ceca922f72d" "/opt/rustwide/cargo-home/bin/cargo" "+nightly-2024-10-28" "test" "--frozen" "--no-run" "--message-format=json", kill_on_drop: false }`
[INFO] [stdout] bc0ad1ca07a4191d71836eba4a65f3c1c0fa391ebc052bf23a4a7cda45c0a810
[INFO] running `Command { std: "docker" "start" "-a" "bc0ad1ca07a4191d71836eba4a65f3c1c0fa391ebc052bf23a4a7cda45c0a810", kill_on_drop: false }`
[INFO] [stderr] warning: no edition set: defaulting to the 2015 edition while the latest is 2021
[INFO] [stdout] warning: the feature `nll` has been stable since 1.63.0 and no longer requires an attribute to enable
[INFO] [stdout]  --> src/lib.rs:1:12
[INFO] [stdout]   |
[INFO] [stdout] 1 | #![feature(nll)]
[INFO] [stdout]   |            ^^^
[INFO] [stdout]   |
[INFO] [stdout]   = note: `#[warn(stable_features)]` on by default
[INFO] [stdout] 
[INFO] [stdout] 
[INFO] [stdout] warning: unused variable: `natives`
[INFO] [stdout]    --> src/typecheck.rs:106:35
[INFO] [stdout]     |
[INFO] [stdout] 106 |     fn build_extern_caller_object(natives: &'str Library) -> Object<'str> {
[INFO] [stdout]     |                                   ^^^^^^^ help: if this is intentional, prefix it with an underscore: `_natives`
[INFO] [stdout]     |
[INFO] [stdout]     = note: `#[warn(unused_variables)]` on by default
[INFO] [stdout] 
[INFO] [stdout] 
[INFO] [stdout] warning: unused variable: `obj_idx`
[INFO] [stdout]    --> src/typecheck.rs:209:17
[INFO] [stdout]     |
[INFO] [stdout] 209 |             let obj_idx = parent.add_arg(new_obj);
[INFO] [stdout]     |                 ^^^^^^^ help: if this is intentional, prefix it with an underscore: `_obj_idx`
[INFO] [stdout] 
[INFO] [stdout] 
[INFO] [stdout] warning: struct `Dimensions` is never constructed
[INFO] [stdout]   --> src/typecheck.rs:13:12
[INFO] [stdout]    |
[INFO] [stdout] 13 | pub struct Dimensions {
[INFO] [stdout]    |            ^^^^^^^^^^
[INFO] [stdout]    |
[INFO] [stdout]    = note: `Dimensions` has derived impls for the traits `Debug` and `Clone`, but these are intentionally ignored during dead code analysis
[INFO] [stdout]    = note: `#[warn(dead_code)]` on by default
[INFO] [stdout] 
[INFO] [stdout] 
[INFO] [stderr]    Compiling kadouchi v0.1.0 (/opt/rustwide/workdir)
[INFO] [stdout] warning: the feature `nll` has been stable since 1.63.0 and no longer requires an attribute to enable
[INFO] [stdout]  --> src/lib.rs:1:12
[INFO] [stdout]   |
[INFO] [stdout] 1 | #![feature(nll)]
[INFO] [stdout]   |            ^^^
[INFO] [stdout]   |
[INFO] [stdout]   = note: `#[warn(stable_features)]` on by default
[INFO] [stdout] 
[INFO] [stdout] 
[INFO] [stdout] warning: unused variable: `natives`
[INFO] [stdout]    --> src/typecheck.rs:106:35
[INFO] [stdout]     |
[INFO] [stdout] 106 |     fn build_extern_caller_object(natives: &'str Library) -> Object<'str> {
[INFO] [stdout]     |                                   ^^^^^^^ help: if this is intentional, prefix it with an underscore: `_natives`
[INFO] [stdout]     |
[INFO] [stdout]     = note: `#[warn(unused_variables)]` on by default
[INFO] [stdout] 
[INFO] [stdout] 
[INFO] [stdout] warning: unused variable: `obj_idx`
[INFO] [stdout]    --> src/typecheck.rs:209:17
[INFO] [stdout]     |
[INFO] [stdout] 209 |             let obj_idx = parent.add_arg(new_obj);
[INFO] [stdout]     |                 ^^^^^^^ help: if this is intentional, prefix it with an underscore: `_obj_idx`
[INFO] [stdout] 
[INFO] [stdout] 
[INFO] [stdout] warning: struct `Dimensions` is never constructed
[INFO] [stdout]   --> src/typecheck.rs:13:12
[INFO] [stdout]    |
[INFO] [stdout] 13 | pub struct Dimensions {
[INFO] [stdout]    |            ^^^^^^^^^^
[INFO] [stdout]    |
[INFO] [stdout]    = note: `Dimensions` has derived impls for the traits `Debug` and `Clone`, but these are intentionally ignored during dead code analysis
[INFO] [stdout]    = note: `#[warn(dead_code)]` on by default
[INFO] [stdout] 
[INFO] [stdout] 
[INFO] [stderr]     Finished `test` profile [unoptimized + debuginfo] target(s) in 0.58s
[INFO] [stderr] warning: the following packages contain code that will be rejected by a future version of Rust: nom v4.0.0
[INFO] [stderr] note: to see what the problems were, use the option `--future-incompat-report`, or run `cargo report future-incompatibilities --id 1`
[INFO] running `Command { std: "docker" "inspect" "bc0ad1ca07a4191d71836eba4a65f3c1c0fa391ebc052bf23a4a7cda45c0a810", kill_on_drop: false }`
[INFO] running `Command { std: "docker" "rm" "-f" "bc0ad1ca07a4191d71836eba4a65f3c1c0fa391ebc052bf23a4a7cda45c0a810", kill_on_drop: false }`
[INFO] [stdout] bc0ad1ca07a4191d71836eba4a65f3c1c0fa391ebc052bf23a4a7cda45c0a810
[INFO] running `Command { std: "docker" "create" "-v" "/var/lib/crater-agent-workspace/builds/worker-6-tc2/target:/opt/rustwide/target:rw,Z" "-v" "/var/lib/crater-agent-workspace/builds/worker-6-tc2/source:/opt/rustwide/workdir:ro,Z" "-v" "/var/lib/crater-agent-workspace/cargo-home:/opt/rustwide/cargo-home:ro,Z" "-v" "/var/lib/crater-agent-workspace/rustup-home:/opt/rustwide/rustup-home:ro,Z" "-e" "SOURCE_DIR=/opt/rustwide/workdir" "-e" "CARGO_TARGET_DIR=/opt/rustwide/target" "-e" "CARGO_INCREMENTAL=0" "-e" "RUST_BACKTRACE=full" "-e" "RUSTFLAGS=--cap-lints=forbid -Zrandomize-layout" "-e" "RUSTDOCFLAGS=--cap-lints=forbid" "-e" "CARGO_HOME=/opt/rustwide/cargo-home" "-e" "RUSTUP_HOME=/opt/rustwide/rustup-home" "-w" "/opt/rustwide/workdir" "-m" "1610612736" "--user" "0:0" "--network" "none" "ghcr.io/rust-lang/crates-build-env/linux@sha256:4a844ea9eb2546a2d2c7022eacef16ef2e8229c7fbb2c7d4d55a9ceca922f72d" "/opt/rustwide/cargo-home/bin/cargo" "+nightly-2024-10-28" "test" "--frozen", kill_on_drop: false }`
[INFO] [stdout] f36fdbd00d56ec7583af826cee44fd8994208a344f4b2424e040b731c9c4b393
[INFO] running `Command { std: "docker" "start" "-a" "f36fdbd00d56ec7583af826cee44fd8994208a344f4b2424e040b731c9c4b393", kill_on_drop: false }`
[INFO] [stderr] warning: no edition set: defaulting to the 2015 edition while the latest is 2021
[INFO] [stderr] warning: the feature `nll` has been stable since 1.63.0 and no longer requires an attribute to enable
[INFO] [stderr]  --> src/lib.rs:1:12
[INFO] [stderr]   |
[INFO] [stderr] 1 | #![feature(nll)]
[INFO] [stderr]   |            ^^^
[INFO] [stderr]   |
[INFO] [stderr]   = note: `#[warn(stable_features)]` on by default
[INFO] [stderr] 
[INFO] [stderr] warning: unused variable: `natives`
[INFO] [stderr]    --> src/typecheck.rs:106:35
[INFO] [stderr]     |
[INFO] [stderr] 106 |     fn build_extern_caller_object(natives: &'str Library) -> Object<'str> {
[INFO] [stderr]     |                                   ^^^^^^^ help: if this is intentional, prefix it with an underscore: `_natives`
[INFO] [stderr]     |
[INFO] [stderr]     = note: `#[warn(unused_variables)]` on by default
[INFO] [stderr] 
[INFO] [stderr] warning: unused variable: `obj_idx`
[INFO] [stderr]    --> src/typecheck.rs:209:17
[INFO] [stderr]     |
[INFO] [stderr] 209 |             let obj_idx = parent.add_arg(new_obj);
[INFO] [stderr]     |                 ^^^^^^^ help: if this is intentional, prefix it with an underscore: `_obj_idx`
[INFO] [stderr] 
[INFO] [stderr] warning: struct `Dimensions` is never constructed
[INFO] [stderr]   --> src/typecheck.rs:13:12
[INFO] [stderr]    |
[INFO] [stderr] 13 | pub struct Dimensions {
[INFO] [stderr]    |            ^^^^^^^^^^
[INFO] [stderr]    |
[INFO] [stderr]    = note: `Dimensions` has derived impls for the traits `Debug` and `Clone`, but these are intentionally ignored during dead code analysis
[INFO] [stderr]    = note: `#[warn(dead_code)]` on by default
[INFO] [stderr] 
[INFO] [stderr] warning: `kadouchi` (lib) generated 4 warnings
[INFO] [stderr] warning: `kadouchi` (lib test) generated 4 warnings (4 duplicates)
[INFO] [stderr]     Finished `test` profile [unoptimized + debuginfo] target(s) in 0.02s
[INFO] [stderr] warning: the following packages contain code that will be rejected by a future version of Rust: nom v4.0.0
[INFO] [stderr] note: to see what the problems were, use the option `--future-incompat-report`, or run `cargo report future-incompatibilities --id 1`
[INFO] [stderr]      Running unittests src/lib.rs (/opt/rustwide/target/debug/deps/kadouchi-1b5dde2e4ae2a1ba)
[INFO] [stdout] 
[INFO] [stdout] running 27 tests
[INFO] [stdout] test nameres::test_find_referent ... ok
[INFO] [stdout] test nameres::test_resolve_recursive_1 ... ok
[INFO] [stdout] test nameres::test_glob_import ... ok
[INFO] [stdout] test nameres::test_resolve_recursive_2 ... ok
[INFO] [stdout] test nameres::test_traverse_path_1 ... ok
[INFO] [stdout] test test_get_libname ... ok
[INFO] [stdout] test tokens::test_parse_exp_1 ... ok
[INFO] [stdout] test tokens::test_parse_exp_2 ... ok
[INFO] [stdout] test tokens::test_parse_exp_3 ... ok
[INFO] [stdout] test tokens::test_parse_exp_4 ... ok
[INFO] [stdout] test tokens::test_parse_exp_5 ... ok
[INFO] [stdout] test tokens::test_parse_float_literal ... ok
[INFO] [stdout] test tokens::test_parse_exp_6 ... ok
[INFO] [stdout] test tokens::test_parse_list ... ok
[INFO] [stdout] test tokens::test_parse_name_binding ... ok
[INFO] [stdout] test tokens::test_parse_par_list_1 ... ok
[INFO] [stdout] test tokens::test_parse_par_list_3 ... ok
[INFO] [stdout] test tokens::test_parse_str_literal ... ok
[INFO] [stdout] test tokens::test_parse_symbol_1 ... ok
[INFO] [stdout] test tokens::test_parse_symbol_2 ... ok
[INFO] [stdout] test tokens::test_parse_int_literal ... ok
[INFO] [stdout] test tokens::test_parse_symbol_3 ... ok
[INFO] [stdout] test tokens::test_parse_symbol_4 ... ok
[INFO] [stdout] test tokens::test_parse_path ... ok
[INFO] [stdout] test tokens::test_parse_par_list_2 ... ok
[INFO] [stdout] test parse_typecheck_name_ref ... FAILED
[INFO] [stdout] test parse_simple_lib_with_std ... FAILED
[INFO] [stdout] 
[INFO] [stdout] failures:
[INFO] [stdout] 
[INFO] [stdout] ---- parse_typecheck_name_ref stdout ----
[INFO] [stdout] thread 'parse_typecheck_name_ref' panicked at src/lib.rs:138:33:
[INFO] [stdout] called `Result::unwrap()` on an `Err` value: Custom { kind: Other, error: "src/stdlib/libstd.dylib: invalid ELF header" }
[INFO] [stdout] 
[INFO] [stdout] stack backtrace:
[INFO] [stdout]    0:     0x5ec9d07f36ad - <no info>
[INFO] [stdout]    1:     0x5ec9d07eef6d - <no info>
[INFO] [stdout]    2:     0x5ec9d07ec3e8 - <no info>
[INFO] [stdout]    3:     0x5ec9d07ec9b6 - <no info>
[INFO] [stdout]    4:     0x5ec9d079a981 - <no info>
[INFO] [stdout]    5:     0x5ec9d07800e7 - <no info>
[INFO] [stdout]    6:     0x5ec9d077eb61 - <no info>
[INFO] [stdout]    7:     0x5ec9d0795334 - <no info>
[INFO] [stdout]    8:     0x5ec9d0794c76 - <no info>
[INFO] [stdout]    9:     0x5ec9d0780f95 - <no info>
[INFO] [stdout]   10:     0x5ec9d07dcb0a - <no info>
[INFO] [stdout]   11:     0x5ec9d07dc486 - <no info>
[INFO] [stdout]   12:     0x5ec9d079fba3 - <no info>
[INFO] [stdout]   13:     0x5ec9d07a334d - <no info>
[INFO] [stdout]   14:     0x5ec9d083976a - <no info>
[INFO] [stdout]   15:     0x7e490062eac2 - <no info>
[INFO] [stdout]   16:     0x7e49006bfa03 - <no info>
[INFO] [stdout]   17:                0x0 - <no info>
[INFO] [stdout] stack backtrace:
[INFO] [stdout]    0:     0x5ec9d0833d5a - std::backtrace_rs::backtrace::libunwind::trace::h207520d6e9873551
[INFO] [stdout]                                at /rustc/df4ca44d3fbc9301ee17f30f4d474e6ae4b05252/library/std/src/../../backtrace/src/backtrace/libunwind.rs:116:5
[INFO] [stdout]    1:     0x5ec9d0833d5a - std::backtrace_rs::backtrace::trace_unsynchronized::h2ed7433f370e3eca
[INFO] [stdout]                                at /rustc/df4ca44d3fbc9301ee17f30f4d474e6ae4b05252/library/std/src/../../backtrace/src/backtrace/mod.rs:66:5
[INFO] [stdout]    2:     0x5ec9d0833d5a - std::sys::backtrace::_print_fmt::h916fac51166b18d7
[INFO] [stdout]                                at /rustc/df4ca44d3fbc9301ee17f30f4d474e6ae4b05252/library/std/src/sys/backtrace.rs:66:9
[INFO] [stdout]    3:     0x5ec9d0833d5a - <std::sys::backtrace::BacktraceLock::print::DisplayBacktrace as core::fmt::Display>::fmt::ha0a4c9b8ce3802e6
[INFO] [stdout]                                at /rustc/df4ca44d3fbc9301ee17f30f4d474e6ae4b05252/library/std/src/sys/backtrace.rs:39:26
[INFO] [stdout]    4:     0x5ec9d085a723 - core::fmt::rt::Argument::fmt::h4cfc8587d52b3eb5
[INFO] [stdout]                                at /rustc/df4ca44d3fbc9301ee17f30f4d474e6ae4b05252/library/core/src/fmt/rt.rs:177:76
[INFO] [stdout]    5:     0x5ec9d085a723 - core::fmt::write::h522cc39e5b36ae9f
[INFO] [stdout]                                at /rustc/df4ca44d3fbc9301ee17f30f4d474e6ae4b05252/library/core/src/fmt/mod.rs:1190:21
[INFO] [stdout]    6:     0x5ec9d0830873 - std::io::Write::write_fmt::h7d3c26752da97734
[INFO] [stdout]                                at /rustc/df4ca44d3fbc9301ee17f30f4d474e6ae4b05252/library/std/src/io/mod.rs:1839:15
[INFO] [stdout]    7:     0x5ec9d0833ba2 - std::sys::backtrace::BacktraceLock::print::h4b9e00b29e9c0942
[INFO] [stdout]                                at /rustc/df4ca44d3fbc9301ee17f30f4d474e6ae4b05252/library/std/src/sys/backtrace.rs:42:9
[INFO] [stdout]    8:     0x5ec9d08351ea - std::panicking::default_hook::{{closure}}::hb59b88280d0324d9
[INFO] [stdout]                                at /rustc/df4ca44d3fbc9301ee17f30f4d474e6ae4b05252/library/std/src/panicking.rs:268:22
[INFO] [stdout]    9:     0x5ec9d0834ff4 - std::panicking::default_hook::he1dd496665be4a29
[INFO] [stdout]                                at /rustc/df4ca44d3fbc9301ee17f30f4d474e6ae4b05252/library/std/src/panicking.rs:292:9
[INFO] [stdout]   10:     0x5ec9d07d8239 - <alloc::boxed::Box<F,A> as core::ops::function::Fn<Args>>::call::h4ff71de18744e1dc
[INFO] [stdout]                                at /rustc/df4ca44d3fbc9301ee17f30f4d474e6ae4b05252/library/alloc/src/boxed.rs:2468:9
[INFO] [stdout]   11:     0x5ec9d07d8239 - test::test_main::{{closure}}::hcf7c055ce117aa81
[INFO] [stdout]                                at /rustc/df4ca44d3fbc9301ee17f30f4d474e6ae4b05252/library/test/src/lib.rs:133:21
[INFO] [stdout]   12:     0x5ec9d08358e8 - <alloc::boxed::Box<F,A> as core::ops::function::Fn<Args>>::call::h1d66c6bbd60c9692
[INFO] [stdout]                                at /rustc/df4ca44d3fbc9301ee17f30f4d474e6ae4b05252/library/alloc/src/boxed.rs:2468:9
[INFO] [stdout]   13:     0x5ec9d08358e8 - std::panicking::rust_panic_with_hook::h2ff17fe8f26dfcf8
[INFO] [stdout]                                at /rustc/df4ca44d3fbc9301ee17f30f4d474e6ae4b05252/library/std/src/panicking.rs:809:13
[INFO] [stdout]   14:     0x5ec9d08356aa - std::panicking::begin_panic_handler::{{closure}}::h4fad77951c07e101
[INFO] [stdout]                                at /rustc/df4ca44d3fbc9301ee17f30f4d474e6ae4b05252/library/std/src/panicking.rs:674:13
[INFO] [stdout]   15:     0x5ec9d0834239 - std::sys::backtrace::__rust_end_short_backtrace::hb1a25b3da5d0ea08
[INFO] [stdout]                                at /rustc/df4ca44d3fbc9301ee17f30f4d474e6ae4b05252/library/std/src/sys/backtrace.rs:170:18
[INFO] [stdout]   16:     0x5ec9d083533c - rust_begin_unwind
[INFO] [stdout]                                at /rustc/df4ca44d3fbc9301ee17f30f4d474e6ae4b05252/library/std/src/panicking.rs:665:5
[INFO] [stdout]   17:     0x5ec9d0858dd0 - core::panicking::panic_fmt::ha9db07b529f9b256
[INFO] [stdout]                                at /rustc/df4ca44d3fbc9301ee17f30f4d474e6ae4b05252/library/core/src/panicking.rs:75:14
[INFO] [stdout]   18:     0x5ec9d0859216 - core::result::unwrap_failed::h5e8218e4d4338b8a
[INFO] [stdout]                                at /rustc/df4ca44d3fbc9301ee17f30f4d474e6ae4b05252/library/core/src/result.rs:1698:5
[INFO] [stdout]   19:     0x5ec9d07953bd - core::result::Result<T,E>::unwrap::h2cf7e478bf97f383
[INFO] [stdout]                                at /rustc/df4ca44d3fbc9301ee17f30f4d474e6ae4b05252/library/core/src/result.rs:1103:23
[INFO] [stdout]   20:     0x5ec9d07953bd - kadouchi::parse_typecheck_name_ref::hb36ccee459eafc62
[INFO] [stdout]                                at /opt/rustwide/workdir/src/lib.rs:138:5
[INFO] [stdout]   21:     0x5ec9d0794c77 - kadouchi::parse_typecheck_name_ref::{{closure}}::h20f05e7ebf8308c0
[INFO] [stdout]                                at /opt/rustwide/workdir/src/lib.rs:124:30
[INFO] [stdout]   22:     0x5ec9d0780f96 - core::ops::function::FnOnce::call_once::hc8e5f382fec21067
[INFO] [stdout]                                at /rustc/df4ca44d3fbc9301ee17f30f4d474e6ae4b05252/library/core/src/ops/function.rs:250:5
[INFO] [stdout]   23:     0x5ec9d07dcb0b - core::ops::function::FnOnce::call_once::h22c3ba5715e93f05
[INFO] [stdout]                                at /rustc/df4ca44d3fbc9301ee17f30f4d474e6ae4b05252/library/core/src/ops/function.rs:250:5
[INFO] [stdout]   24:     0x5ec9d07dcb0b - test::__rust_begin_short_backtrace::h8e82d8113d0da17f
[INFO] [stdout]                                at /rustc/df4ca44d3fbc9301ee17f30f4d474e6ae4b05252/library/test/src/lib.rs:621:18
[INFO] [stdout]   25:     0x5ec9d07dc487 - test::run_test_in_process::{{closure}}::h33235f4f20b7b7c7
[INFO] [stdout]                                at /rustc/df4ca44d3fbc9301ee17f30f4d474e6ae4b05252/library/test/src/lib.rs:644:60
[INFO] [stdout]   26:     0x5ec9d07dc487 - <core::panic::unwind_safe::AssertUnwindSafe<F> as core::ops::function::FnOnce<()>>::call_once::hb5043206310c586f
[INFO] [stdout]                                at /rustc/df4ca44d3fbc9301ee17f30f4d474e6ae4b05252/library/core/src/panic/unwind_safe.rs:272:9
[INFO] [stdout]   27:     0x5ec9d07dc487 - std::panicking::try::do_call::h9ad4731a60ab23e2
[INFO] [stdout]                                at /rustc/df4ca44d3fbc9301ee17f30f4d474e6ae4b05252/library/std/src/panicking.rs:557:40
[INFO] [stdout]   28:     0x5ec9d07dc487 - std::panicking::try::h3824d23db772a716
[INFO] [stdout]                                at /rustc/df4ca44d3fbc9301ee17f30f4d474e6ae4b05252/library/std/src/panicking.rs:520:19
[INFO] [stdout]   29:     0x5ec9d07dc487 - std::panic::catch_unwind::h5afd514605fde46b
[INFO] [stdout]                                at /rustc/df4ca44d3fbc9301ee17f30f4d474e6ae4b05252/library/std/src/panic.rs:358:14
[INFO] [stdout]   30:     0x5ec9d07dc487 - test::run_test_in_process::h0d5cbfa7067d1720
[INFO] [stdout]                                at /rustc/df4ca44d3fbc9301ee17f30f4d474e6ae4b05252/library/test/src/lib.rs:644:27
[INFO] [stdout]   31:     0x5ec9d07dc487 - test::run_test::{{closure}}::h708eb8872708115d
[INFO] [stdout]                                at /rustc/df4ca44d3fbc9301ee17f30f4d474e6ae4b05252/library/test/src/lib.rs:565:43
[INFO] [stdout]   32:     0x5ec9d079fba4 - test::run_test::{{closure}}::h392c51cee94713ab
[INFO] [stdout]                                at /rustc/df4ca44d3fbc9301ee17f30f4d474e6ae4b05252/library/test/src/lib.rs:595:41
[INFO] [stdout]   33:     0x5ec9d079fba4 - std::sys::backtrace::__rust_begin_short_backtrace::h2f40290710935a8b
[INFO] [stdout]                                at /rustc/df4ca44d3fbc9301ee17f30f4d474e6ae4b05252/library/std/src/sys/backtrace.rs:154:18
[INFO] [stdout]   34:     0x5ec9d07a334e - std::thread::Builder::spawn_unchecked_::{{closure}}::{{closure}}::h3fd968d89053a903
[INFO] [stdout]                                at /rustc/df4ca44d3fbc9301ee17f30f4d474e6ae4b05252/library/std/src/thread/mod.rs:541:17
[INFO] [stdout]   35:     0x5ec9d07a334e - <core::panic::unwind_safe::AssertUnwindSafe<F> as core::ops::function::FnOnce<()>>::call_once::h743f637ba4229880
[INFO] [stdout]                                at /rustc/df4ca44d3fbc9301ee17f30f4d474e6ae4b05252/library/core/src/panic/unwind_safe.rs:272:9
[INFO] [stdout]   36:     0x5ec9d07a334e - std::panicking::try::do_call::h07440897322525a6
[INFO] [stdout]                                at /rustc/df4ca44d3fbc9301ee17f30f4d474e6ae4b05252/library/std/src/panicking.rs:557:40
[INFO] [stdout]   37:     0x5ec9d07a334e - std::panicking::try::he5a2e00188156637
[INFO] [stdout]                                at /rustc/df4ca44d3fbc9301ee17f30f4d474e6ae4b05252/library/std/src/panicking.rs:520:19
[INFO] [stdout]   38:     0x5ec9d07a334e - std::panic::catch_unwind::hbaf3cae49b3c6433
[INFO] [stdout]                                at /rustc/df4ca44d3fbc9301ee17f30f4d474e6ae4b05252/library/std/src/panic.rs:358:14
[INFO] [stdout]   39:     0x5ec9d07a334e - std::thread::Builder::spawn_unchecked_::{{closure}}::h8e141ea224820bce
[INFO] [stdout]                                at /rustc/df4ca44d3fbc9301ee17f30f4d474e6ae4b05252/library/std/src/thread/mod.rs:540:30
[INFO] [stdout]   40:     0x5ec9d07a334e - core::ops::function::FnOnce::call_once{{vtable.shim}}::h90d312fedd7b8ea8
[INFO] [stdout]                                at /rustc/df4ca44d3fbc9301ee17f30f4d474e6ae4b05252/library/core/src/ops/function.rs:250:5
[INFO] [stdout]   41:     0x5ec9d083976b - <alloc::boxed::Box<F,A> as core::ops::function::FnOnce<Args>>::call_once::h69aa08ddb6adb8b6
[INFO] [stdout]                                at /rustc/df4ca44d3fbc9301ee17f30f4d474e6ae4b05252/library/alloc/src/boxed.rs:2454:9
[INFO] [stdout]   42:     0x5ec9d083976b - <alloc::boxed::Box<F,A> as core::ops::function::FnOnce<Args>>::call_once::h5aa36efdb79c806f
[INFO] [stdout]                                at /rustc/df4ca44d3fbc9301ee17f30f4d474e6ae4b05252/library/alloc/src/boxed.rs:2454:9
[INFO] [stdout]   43:     0x5ec9d083976b - std::sys::pal::unix::thread::Thread::new::thread_start::h6cd80a1b4be5158d
[INFO] [stdout]                                at /rustc/df4ca44d3fbc9301ee17f30f4d474e6ae4b05252/library/std/src/sys/pal/unix/thread.rs:105:17
[INFO] [stdout]   44:     0x7e490062eac3 - <unknown>
[INFO] [stdout]   45:     0x7e49006bfa04 - clone
[INFO] [stdout]   46:                0x0 - <unknown>
[INFO] [stdout] 
[INFO] [stdout] ---- parse_simple_lib_with_std stdout ----
[INFO] [stdout] thread 'parse_simple_lib_with_std' panicked at src/lib.rs:149:89:
[INFO] [stdout] called `Result::unwrap()` on an `Err` value: Custom { kind: Other, error: "src/stdlib/libstd.dylib: invalid ELF header" }
[INFO] [stdout] 
[INFO] [stdout] stack backtrace:
[INFO] [stdout]    0:     0x5ec9d07f36ad - <no info>
[INFO] [stdout]    1:     0x5ec9d07eef6d - <no info>
[INFO] [stdout]    2:     0x5ec9d07ec3e8 - <no info>
[INFO] [stdout]    3:     0x5ec9d07ec9b6 - <no info>
[INFO] [stdout]    4:     0x5ec9d079a981 - <no info>
[INFO] [stdout]    5:     0x5ec9d07800e7 - <no info>
[INFO] [stdout]    6:     0x5ec9d077eb61 - <no info>
[INFO] [stdout]    7:     0x5ec9d079491a - <no info>
[INFO] [stdout]    8:     0x5ec9d07958b2 - <no info>
[INFO] [stdout]    9:     0x5ec9d0795696 - <no info>
[INFO] [stdout]   10:     0x5ec9d0780bd5 - <no info>
[INFO] [stdout]   11:     0x5ec9d07dcb0a - <no info>
[INFO] [stdout]   12:     0x5ec9d07dc486 - <no info>
[INFO] [stdout]   13:     0x5ec9d079fba3 - <no info>
[INFO] [stdout]   14:     0x5ec9d07a334d - <no info>
[INFO] [stdout]   15:     0x5ec9d083976a - <no info>
[INFO] [stdout]   16:     0x7e490062eac2 - <no info>
[INFO] [stdout]   17:     0x7e49006bfa03 - <no info>
[INFO] [stdout]   18:                0x0 - <no info>
[INFO] [stdout] stack backtrace:
[INFO] [stdout]    0:     0x5ec9d0833d5a - std::backtrace_rs::backtrace::libunwind::trace::h207520d6e9873551
[INFO] [stdout]                                at /rustc/df4ca44d3fbc9301ee17f30f4d474e6ae4b05252/library/std/src/../../backtrace/src/backtrace/libunwind.rs:116:5
[INFO] [stdout]    1:     0x5ec9d0833d5a - std::backtrace_rs::backtrace::trace_unsynchronized::h2ed7433f370e3eca
[INFO] [stdout]                                at /rustc/df4ca44d3fbc9301ee17f30f4d474e6ae4b05252/library/std/src/../../backtrace/src/backtrace/mod.rs:66:5
[INFO] [stdout]    2:     0x5ec9d0833d5a - std::sys::backtrace::_print_fmt::h916fac51166b18d7
[INFO] [stdout]                                at /rustc/df4ca44d3fbc9301ee17f30f4d474e6ae4b05252/library/std/src/sys/backtrace.rs:66:9
[INFO] [stdout]    3:     0x5ec9d0833d5a - <std::sys::backtrace::BacktraceLock::print::DisplayBacktrace as core::fmt::Display>::fmt::ha0a4c9b8ce3802e6
[INFO] [stdout]                                at /rustc/df4ca44d3fbc9301ee17f30f4d474e6ae4b05252/library/std/src/sys/backtrace.rs:39:26
[INFO] [stdout]    4:     0x5ec9d085a723 - core::fmt::rt::Argument::fmt::h4cfc8587d52b3eb5
[INFO] [stdout]                                at /rustc/df4ca44d3fbc9301ee17f30f4d474e6ae4b05252/library/core/src/fmt/rt.rs:177:76
[INFO] [stdout]    5:     0x5ec9d085a723 - core::fmt::write::h522cc39e5b36ae9f
[INFO] [stdout]                                at /rustc/df4ca44d3fbc9301ee17f30f4d474e6ae4b05252/library/core/src/fmt/mod.rs:1190:21
[INFO] [stdout]    6:     0x5ec9d0830873 - std::io::Write::write_fmt::h7d3c26752da97734
[INFO] [stdout]                                at /rustc/df4ca44d3fbc9301ee17f30f4d474e6ae4b05252/library/std/src/io/mod.rs:1839:15
[INFO] [stdout]    7:     0x5ec9d0833ba2 - std::sys::backtrace::BacktraceLock::print::h4b9e00b29e9c0942
[INFO] [stdout]                                at /rustc/df4ca44d3fbc9301ee17f30f4d474e6ae4b05252/library/std/src/sys/backtrace.rs:42:9
[INFO] [stdout]    8:     0x5ec9d08351ea - std::panicking::default_hook::{{closure}}::hb59b88280d0324d9
[INFO] [stdout]                                at /rustc/df4ca44d3fbc9301ee17f30f4d474e6ae4b05252/library/std/src/panicking.rs:268:22
[INFO] [stdout]    9:     0x5ec9d0834ff4 - std::panicking::default_hook::he1dd496665be4a29
[INFO] [stdout]                                at /rustc/df4ca44d3fbc9301ee17f30f4d474e6ae4b05252/library/std/src/panicking.rs:292:9
[INFO] [stdout]   10:     0x5ec9d07d8239 - <alloc::boxed::Box<F,A> as core::ops::function::Fn<Args>>::call::h4ff71de18744e1dc
[INFO] [stdout]                                at /rustc/df4ca44d3fbc9301ee17f30f4d474e6ae4b05252/library/alloc/src/boxed.rs:2468:9
[INFO] [stdout]   11:     0x5ec9d07d8239 - test::test_main::{{closure}}::hcf7c055ce117aa81
[INFO] [stdout]                                at /rustc/df4ca44d3fbc9301ee17f30f4d474e6ae4b05252/library/test/src/lib.rs:133:21
[INFO] [stdout]   12:     0x5ec9d08358e8 - <alloc::boxed::Box<F,A> as core::ops::function::Fn<Args>>::call::h1d66c6bbd60c9692
[INFO] [stdout]                                at /rustc/df4ca44d3fbc9301ee17f30f4d474e6ae4b05252/library/alloc/src/boxed.rs:2468:9
[INFO] [stdout]   13:     0x5ec9d08358e8 - std::panicking::rust_panic_with_hook::h2ff17fe8f26dfcf8
[INFO] [stdout]                                at /rustc/df4ca44d3fbc9301ee17f30f4d474e6ae4b05252/library/std/src/panicking.rs:809:13
[INFO] [stdout]   14:     0x5ec9d08356aa - std::panicking::begin_panic_handler::{{closure}}::h4fad77951c07e101
[INFO] [stdout]                                at /rustc/df4ca44d3fbc9301ee17f30f4d474e6ae4b05252/library/std/src/panicking.rs:674:13
[INFO] [stdout]   15:     0x5ec9d0834239 - std::sys::backtrace::__rust_end_short_backtrace::hb1a25b3da5d0ea08
[INFO] [stdout]                                at /rustc/df4ca44d3fbc9301ee17f30f4d474e6ae4b05252/library/std/src/sys/backtrace.rs:170:18
[INFO] [stdout]   16:     0x5ec9d083533c - rust_begin_unwind
[INFO] [stdout]                                at /rustc/df4ca44d3fbc9301ee17f30f4d474e6ae4b05252/library/std/src/panicking.rs:665:5
[INFO] [stdout]   17:     0x5ec9d0858dd0 - core::panicking::panic_fmt::ha9db07b529f9b256
[INFO] [stdout]                                at /rustc/df4ca44d3fbc9301ee17f30f4d474e6ae4b05252/library/core/src/panicking.rs:75:14
[INFO] [stdout]   18:     0x5ec9d0859216 - core::result::unwrap_failed::h5e8218e4d4338b8a
[INFO] [stdout]                                at /rustc/df4ca44d3fbc9301ee17f30f4d474e6ae4b05252/library/core/src/result.rs:1698:5
[INFO] [stdout]   19:     0x5ec9d079591e - core::result::Result<T,E>::unwrap::h50dd2ea850645757
[INFO] [stdout]                                at /rustc/df4ca44d3fbc9301ee17f30f4d474e6ae4b05252/library/core/src/result.rs:1103:23
[INFO] [stdout]   20:     0x5ec9d079591e - kadouchi::parse_simple_lib_with_std::haee7cc64c7819337
[INFO] [stdout]                                at /opt/rustwide/workdir/src/lib.rs:149:16
[INFO] [stdout]   21:     0x5ec9d0795697 - kadouchi::parse_simple_lib_with_std::{{closure}}::h2a26942131651e25
[INFO] [stdout]                                at /opt/rustwide/workdir/src/lib.rs:144:31
[INFO] [stdout]   22:     0x5ec9d0780bd6 - core::ops::function::FnOnce::call_once::h89c5e82a6bba23b5
[INFO] [stdout]                                at /rustc/df4ca44d3fbc9301ee17f30f4d474e6ae4b05252/library/core/src/ops/function.rs:250:5
[INFO] [stdout]   23:     0x5ec9d07dcb0b - core::ops::function::FnOnce::call_once::h22c3ba5715e93f05
[INFO] [stdout]                                at /rustc/df4ca44d3fbc9301ee17f30f4d474e6ae4b05252/library/core/src/ops/function.rs:250:5
[INFO] [stdout]   24:     0x5ec9d07dcb0b - test::__rust_begin_short_backtrace::h8e82d8113d0da17f
[INFO] [stdout]                                at /rustc/df4ca44d3fbc9301ee17f30f4d474e6ae4b05252/library/test/src/lib.rs:621:18
[INFO] [stdout]   25:     0x5ec9d07dc487 - test::run_test_in_process::{{closure}}::h33235f4f20b7b7c7
[INFO] [stdout]                                at /rustc/df4ca44d3fbc9301ee17f30f4d474e6ae4b05252/library/test/src/lib.rs:644:60
[INFO] [stdout]   26:     0x5ec9d07dc487 - <core::panic::unwind_safe::AssertUnwindSafe<F> as core::ops::function::FnOnce<()>>::call_once::hb5043206310c586f
[INFO] [stdout]                                at /rustc/df4ca44d3fbc9301ee17f30f4d474e6ae4b05252/library/core/src/panic/unwind_safe.rs:272:9
[INFO] [stdout]   27:     0x5ec9d07dc487 - std::panicking::try::do_call::h9ad4731a60ab23e2
[INFO] [stdout]                                at /rustc/df4ca44d3fbc9301ee17f30f4d474e6ae4b05252/library/std/src/panicking.rs:557:40
[INFO] [stdout]   28:     0x5ec9d07dc487 - std::panicking::try::h3824d23db772a716
[INFO] [stdout]                                at /rustc/df4ca44d3fbc9301ee17f30f4d474e6ae4b05252/library/std/src/panicking.rs:520:19
[INFO] [stdout]   29:     0x5ec9d07dc487 - std::panic::catch_unwind::h5afd514605fde46b
[INFO] [stdout]                                at /rustc/df4ca44d3fbc9301ee17f30f4d474e6ae4b05252/library/std/src/panic.rs:358:14
[INFO] [stdout]   30:     0x5ec9d07dc487 - test::run_test_in_process::h0d5cbfa7067d1720
[INFO] [stdout]                                at /rustc/df4ca44d3fbc9301ee17f30f4d474e6ae4b05252/library/test/src/lib.rs:644:27
[INFO] [stdout]   31:     0x5ec9d07dc487 - test::run_test::{{closure}}::h708eb8872708115d
[INFO] [stdout]                                at /rustc/df4ca44d3fbc9301ee17f30f4d474e6ae4b05252/library/test/src/lib.rs:565:43
[INFO] [stdout]   32:     0x5ec9d079fba4 - test::run_test::{{closure}}::h392c51cee94713ab
[INFO] [stdout]                                at /rustc/df4ca44d3fbc9301ee17f30f4d474e6ae4b05252/library/test/src/lib.rs:595:41
[INFO] [stdout]   33:     0x5ec9d079fba4 - std::sys::backtrace::__rust_begin_short_backtrace::h2f40290710935a8b
[INFO] [stdout]                                at /rustc/df4ca44d3fbc9301ee17f30f4d474e6ae4b05252/library/std/src/sys/backtrace.rs:154:18
[INFO] [stdout]   34:     0x5ec9d07a334e - std::thread::Builder::spawn_unchecked_::{{closure}}::{{closure}}::h3fd968d89053a903
[INFO] [stdout]                                at /rustc/df4ca44d3fbc9301ee17f30f4d474e6ae4b05252/library/std/src/thread/mod.rs:541:17
[INFO] [stdout]   35:     0x5ec9d07a334e - <core::panic::unwind_safe::AssertUnwindSafe<F> as core::ops::function::FnOnce<()>>::call_once::h743f637ba4229880
[INFO] [stdout]                                at /rustc/df4ca44d3fbc9301ee17f30f4d474e6ae4b05252/library/core/src/panic/unwind_safe.rs:272:9
[INFO] [stdout]   36:     0x5ec9d07a334e - std::panicking::try::do_call::h07440897322525a6
[INFO] [stdout]                                at /rustc/df4ca44d3fbc9301ee17f30f4d474e6ae4b05252/library/std/src/panicking.rs:557:40
[INFO] [stdout]   37:     0x5ec9d07a334e - std::panicking::try::he5a2e00188156637
[INFO] [stdout]                                at /rustc/df4ca44d3fbc9301ee17f30f4d474e6ae4b05252/library/std/src/panicking.rs:520:19
[INFO] [stdout]   38:     0x5ec9d07a334e - std::panic::catch_unwind::hbaf3cae49b3c6433
[INFO] [stdout]                                at /rustc/df4ca44d3fbc9301ee17f30f4d474e6ae4b05252/library/std/src/panic.rs:358:14
[INFO] [stdout]   39:     0x5ec9d07a334e - std::thread::Builder::spawn_unchecked_::{{closure}}::h8e141ea224820bce
[INFO] [stdout]                                at /rustc/df4ca44d3fbc9301ee17f30f4d474e6ae4b05252/library/std/src/thread/mod.rs:540:30
[INFO] [stdout]   40:     0x5ec9d07a334e - core::ops::function::FnOnce::call_once{{vtable.shim}}::h90d312fedd7b8ea8
[INFO] [stdout]                                at /rustc/df4ca44d3fbc9301ee17f30f4d474e6ae4b05252/library/core/src/ops/function.rs:250:5
[INFO] [stdout]   41:     0x5ec9d083976b - <alloc::boxed::Box<F,A> as core::ops::function::FnOnce<Args>>::call_once::h69aa08ddb6adb8b6
[INFO] [stdout]                                at /rustc/df4ca44d3fbc9301ee17f30f4d474e6ae4b05252/library/alloc/src/boxed.rs:2454:9
[INFO] [stdout]   42:     0x5ec9d083976b - <alloc::boxed::Box<F,A> as core::ops::function::FnOnce<Args>>::call_once::h5aa36efdb79c806f
[INFO] [stdout]                                at /rustc/df4ca44d3fbc9301ee17f30f4d474e6ae4b05252/library/alloc/src/boxed.rs:2454:9
[INFO] [stdout]   43:     0x5ec9d083976b - std::sys::pal::unix::thread::Thread::new::thread_start::h6cd80a1b4be5158d
[INFO] [stdout]                                at /rustc/df4ca44d3fbc9301ee17f30f4d474e6ae4b05252/library/std/src/sys/pal/unix/thread.rs:105:17
[INFO] [stdout]   44:     0x7e490062eac3 - <unknown>
[INFO] [stdout]   45:     0x7e49006bfa04 - clone
[INFO] [stdout]   46:                0x0 - <unknown>
[INFO] [stdout] 
[INFO] [stdout] 
[INFO] [stdout] failures:
[INFO] [stdout]     parse_simple_lib_with_std
[INFO] [stdout]     parse_typecheck_name_ref
[INFO] [stdout] 
[INFO] [stdout] test result: FAILED. 25 passed; 2 failed; 0 ignored; 0 measured; 0 filtered out; finished in 0.03s
[INFO] [stdout] 
[INFO] [stderr] error: test failed, to rerun pass `--lib`
[INFO] running `Command { std: "docker" "inspect" "f36fdbd00d56ec7583af826cee44fd8994208a344f4b2424e040b731c9c4b393", kill_on_drop: false }`
[INFO] running `Command { std: "docker" "rm" "-f" "f36fdbd00d56ec7583af826cee44fd8994208a344f4b2424e040b731c9c4b393", kill_on_drop: false }`
[INFO] [stdout] f36fdbd00d56ec7583af826cee44fd8994208a344f4b2424e040b731c9c4b393
