[INFO] cloning repository https://github.com/gobith/tafl
[INFO] running `Command { std: "git" "-c" "credential.helper=" "-c" "credential.helper=/workspace/cargo-home/bin/git-credential-null" "clone" "--bare" "https://github.com/gobith/tafl" "/workspace/cache/git-repos/https%3A%2F%2Fgithub.com%2Fgobith%2Ftafl", kill_on_drop: false }`
[INFO] [stderr] Cloning into bare repository '/workspace/cache/git-repos/https%3A%2F%2Fgithub.com%2Fgobith%2Ftafl'...
[INFO] running `Command { std: "git" "rev-parse" "HEAD", kill_on_drop: false }`
[INFO] [stdout] 5668342a37d589dc0925dbcdf55cbd50fedddfba
[INFO] testing gobith/tafl/5668342a37d589dc0925dbcdf55cbd50fedddfba against nightly-2024-10-28+rustflags=-Zrandomize-layout for randomize-layout
[INFO] running `Command { std: "git" "clone" "/workspace/cache/git-repos/https%3A%2F%2Fgithub.com%2Fgobith%2Ftafl" "/workspace/builds/worker-7-tc2/source", kill_on_drop: false }`
[INFO] [stderr] Cloning into '/workspace/builds/worker-7-tc2/source'...
[INFO] [stderr] done.
[INFO] validating manifest of git repo https://github.com/gobith/tafl on toolchain nightly-2024-10-28
[INFO] running `Command { std: CARGO_HOME="/workspace/cargo-home" RUSTUP_HOME="/workspace/rustup-home" "/workspace/cargo-home/bin/cargo" "+nightly-2024-10-28" "metadata" "--manifest-path" "Cargo.toml" "--no-deps", kill_on_drop: false }`
[INFO] started tweaking git repo https://github.com/gobith/tafl
[INFO] finished tweaking git repo https://github.com/gobith/tafl
[INFO] tweaked toml for git repo https://github.com/gobith/tafl written to /workspace/builds/worker-7-tc2/source/Cargo.toml
[INFO] crate git repo https://github.com/gobith/tafl already has a lockfile, it will not be regenerated
[INFO] running `Command { std: CARGO_HOME="/workspace/cargo-home" RUSTUP_HOME="/workspace/rustup-home" "/workspace/cargo-home/bin/cargo" "+nightly-2024-10-28" "fetch" "--manifest-path" "Cargo.toml", kill_on_drop: false }`
[INFO] running `Command { std: "docker" "create" "-v" "/var/lib/crater-agent-workspace/builds/worker-7-tc2/target:/opt/rustwide/target:rw,Z" "-v" "/var/lib/crater-agent-workspace/builds/worker-7-tc2/source:/opt/rustwide/workdir:ro,Z" "-v" "/var/lib/crater-agent-workspace/cargo-home:/opt/rustwide/cargo-home:ro,Z" "-v" "/var/lib/crater-agent-workspace/rustup-home:/opt/rustwide/rustup-home:ro,Z" "-e" "SOURCE_DIR=/opt/rustwide/workdir" "-e" "CARGO_TARGET_DIR=/opt/rustwide/target" "-e" "CARGO_HOME=/opt/rustwide/cargo-home" "-e" "RUSTUP_HOME=/opt/rustwide/rustup-home" "-w" "/opt/rustwide/workdir" "-m" "1610612736" "--user" "0:0" "--network" "none" "ghcr.io/rust-lang/crates-build-env/linux@sha256:4a844ea9eb2546a2d2c7022eacef16ef2e8229c7fbb2c7d4d55a9ceca922f72d" "/opt/rustwide/cargo-home/bin/cargo" "+nightly-2024-10-28" "metadata" "--no-deps" "--format-version=1", kill_on_drop: false }`
[INFO] [stdout] 6cde0f0f238235c63fe196f55ffecdf026cfebb64b48574a1e5ebebc176ae936
[INFO] running `Command { std: "docker" "start" "-a" "6cde0f0f238235c63fe196f55ffecdf026cfebb64b48574a1e5ebebc176ae936", kill_on_drop: false }`
[INFO] running `Command { std: "docker" "inspect" "6cde0f0f238235c63fe196f55ffecdf026cfebb64b48574a1e5ebebc176ae936", kill_on_drop: false }`
[INFO] running `Command { std: "docker" "rm" "-f" "6cde0f0f238235c63fe196f55ffecdf026cfebb64b48574a1e5ebebc176ae936", kill_on_drop: false }`
[INFO] [stdout] 6cde0f0f238235c63fe196f55ffecdf026cfebb64b48574a1e5ebebc176ae936
[INFO] running `Command { std: "docker" "create" "-v" "/var/lib/crater-agent-workspace/builds/worker-7-tc2/target:/opt/rustwide/target:rw,Z" "-v" "/var/lib/crater-agent-workspace/builds/worker-7-tc2/source:/opt/rustwide/workdir:ro,Z" "-v" "/var/lib/crater-agent-workspace/cargo-home:/opt/rustwide/cargo-home:ro,Z" "-v" "/var/lib/crater-agent-workspace/rustup-home:/opt/rustwide/rustup-home:ro,Z" "-e" "SOURCE_DIR=/opt/rustwide/workdir" "-e" "CARGO_TARGET_DIR=/opt/rustwide/target" "-e" "CARGO_INCREMENTAL=0" "-e" "RUST_BACKTRACE=full" "-e" "RUSTFLAGS=--cap-lints=forbid -Zrandomize-layout" "-e" "RUSTDOCFLAGS=--cap-lints=forbid" "-e" "CARGO_HOME=/opt/rustwide/cargo-home" "-e" "RUSTUP_HOME=/opt/rustwide/rustup-home" "-w" "/opt/rustwide/workdir" "-m" "1610612736" "--user" "0:0" "--network" "none" "ghcr.io/rust-lang/crates-build-env/linux@sha256:4a844ea9eb2546a2d2c7022eacef16ef2e8229c7fbb2c7d4d55a9ceca922f72d" "/opt/rustwide/cargo-home/bin/cargo" "+nightly-2024-10-28" "build" "--frozen" "--message-format=json", kill_on_drop: false }`
[INFO] [stdout] 0f5dda94efc0e11c3fc678bf1756151f84aa8e9d799f0818d511928736426cb9
[INFO] running `Command { std: "docker" "start" "-a" "0f5dda94efc0e11c3fc678bf1756151f84aa8e9d799f0818d511928736426cb9", kill_on_drop: false }`
[INFO] [stderr]    Compiling tafl v0.1.0 (/opt/rustwide/workdir)
[INFO] [stdout] warning: associated function `from` is never used
[INFO] [stdout]   --> src/position.rs:14:12
[INFO] [stdout]    |
[INFO] [stdout] 9  | impl Position {
[INFO] [stdout]    | ------------- associated function in this implementation
[INFO] [stdout] ...
[INFO] [stdout] 14 |     pub fn from(int: i32) -> Self {
[INFO] [stdout]    |            ^^^^
[INFO] [stdout]    |
[INFO] [stdout]    = note: `#[warn(dead_code)]` on by default
[INFO] [stdout] 
[INFO] [stdout] 
[INFO] [stdout] warning: associated functions `from` and `brandubh` are never used
[INFO] [stdout]   --> src/tafl_old.rs:76:12
[INFO] [stdout]    |
[INFO] [stdout] 42 | impl Tafl {
[INFO] [stdout]    | --------- associated functions in this implementation
[INFO] [stdout] ...
[INFO] [stdout] 76 |     pub fn from(tfl: &str) -> Self {
[INFO] [stdout]    |            ^^^^
[INFO] [stdout] ...
[INFO] [stdout] 98 |     pub fn brandubh() -> Self {
[INFO] [stdout]    |            ^^^^^^^^
[INFO] [stdout] 
[INFO] [stdout] 
[INFO] [stdout] warning: associated function `new` is never used
[INFO] [stdout]   --> src/brandubh.rs:10:12
[INFO] [stdout]    |
[INFO] [stdout] 9  | impl Brandubh {
[INFO] [stdout]    | ------------- associated function in this implementation
[INFO] [stdout] 10 |     pub fn new() -> Self {
[INFO] [stdout]    |            ^^^
[INFO] [stdout] 
[INFO] [stdout] 
[INFO] [stdout] warning: associated function `new` is never used
[INFO] [stdout]   --> src/hnefatafl.rs:10:12
[INFO] [stdout]    |
[INFO] [stdout] 9  | impl Hnefatafl {
[INFO] [stdout]    | -------------- associated function in this implementation
[INFO] [stdout] 10 |     pub fn new() -> Self {
[INFO] [stdout]    |            ^^^
[INFO] [stdout] 
[INFO] [stdout] 
[INFO] [stdout] warning: field `history` is never read
[INFO] [stdout]  --> src/tafl.rs:7:5
[INFO] [stdout]   |
[INFO] [stdout] 5 | pub struct Tafl<const N: usize> {
[INFO] [stdout]   |            ---- field in this struct
[INFO] [stdout] 6 |     row_size: usize,
[INFO] [stdout] 7 |     history: Vec<State<N>>,
[INFO] [stdout]   |     ^^^^^^^
[INFO] [stdout]   |
[INFO] [stdout]   = note: `Tafl` has a derived impl for the trait `Debug`, but this is intentionally ignored during dead code analysis
[INFO] [stdout] 
[INFO] [stdout] 
[INFO] [stdout] warning: field `row_size` is never read
[INFO] [stdout]   --> src/tafl.rs:14:5
[INFO] [stdout]    |
[INFO] [stdout] 12 | struct State<const N: usize> {
[INFO] [stdout]    |        ----- field in this struct
[INFO] [stdout] 13 |     side: Side,
[INFO] [stdout] 14 |     row_size: usize,
[INFO] [stdout]    |     ^^^^^^^^
[INFO] [stdout]    |
[INFO] [stdout]    = note: `State` has derived impls for the traits `Debug` and `Clone`, but these are intentionally ignored during dead code analysis
[INFO] [stdout] 
[INFO] [stdout] 
[INFO] [stdout] warning: function `hnefatafl` is never used
[INFO] [stdout]   --> src/tafl.rs:18:8
[INFO] [stdout]    |
[INFO] [stdout] 18 | pub fn hnefatafl() -> Tafl<121> {
[INFO] [stdout]    |        ^^^^^^^^^
[INFO] [stdout] 
[INFO] [stdout] 
[INFO] [stdout] warning: function `brandubh` is never used
[INFO] [stdout]   --> src/tafl.rs:46:8
[INFO] [stdout]    |
[INFO] [stdout] 46 | pub fn brandubh() -> Tafl<49> {
[INFO] [stdout]    |        ^^^^^^^^
[INFO] [stdout] 
[INFO] [stdout] 
[INFO] [stdout] warning: method `move_piece` is never used
[INFO] [stdout]   --> src/tafl.rs:97:12
[INFO] [stdout]    |
[INFO] [stdout] 96 | impl<const N: usize> Tafl<N> {
[INFO] [stdout]    | ---------------------------- method in this implementation
[INFO] [stdout] 97 |     pub fn move_piece(&mut self, start_idx: usize, end_idx: usize) -> () {
[INFO] [stdout]    |            ^^^^^^^^^^
[INFO] [stdout] 
[INFO] [stdout] 
[INFO] [stdout] warning: methods `switch_side`, `move_piece`, `validate_move`, and `next_state` are never used
[INFO] [stdout]    --> src/tafl.rs:116:8
[INFO] [stdout]     |
[INFO] [stdout] 111 | impl<const N: usize> State<N> {
[INFO] [stdout]     | ----------------------------- methods in this implementation
[INFO] [stdout] ...
[INFO] [stdout] 116 |     fn switch_side(&mut self) -> () {
[INFO] [stdout]     |        ^^^^^^^^^^^
[INFO] [stdout] ...
[INFO] [stdout] 123 |     fn move_piece(&self, start_idx: usize, end_idx: usize) -> Result<State<N>, String> {
[INFO] [stdout]     |        ^^^^^^^^^^
[INFO] [stdout] ...
[INFO] [stdout] 151 |     fn validate_move(&self, start_idx: usize, end_idx: usize) -> Result<(), String> {
[INFO] [stdout]     |        ^^^^^^^^^^^^^
[INFO] [stdout] ...
[INFO] [stdout] 220 |     fn next_state(&self, start_idx: usize, end_idx: usize) -> State<N> {
[INFO] [stdout]     |        ^^^^^^^^^^
[INFO] [stdout] 
[INFO] [stdout] 
[INFO] [stdout] warning: variants `Attacker`, `Defender`, `King`, `Empty`, `Castle`, and `CastleWithKing` are never constructed
[INFO] [stdout]    --> src/tafl.rs:281:5
[INFO] [stdout]     |
[INFO] [stdout] 280 | pub enum Tile {
[INFO] [stdout]     |          ---- variants in this enum
[INFO] [stdout] 281 |     Attacker,
[INFO] [stdout]     |     ^^^^^^^^
[INFO] [stdout] 282 |     Defender,
[INFO] [stdout]     |     ^^^^^^^^
[INFO] [stdout] 283 |     King,
[INFO] [stdout]     |     ^^^^
[INFO] [stdout] 284 |     Empty,
[INFO] [stdout]     |     ^^^^^
[INFO] [stdout] 285 |     Castle,
[INFO] [stdout]     |     ^^^^^^
[INFO] [stdout] 286 |     CastleWithKing,
[INFO] [stdout]     |     ^^^^^^^^^^^^^^
[INFO] [stdout]     |
[INFO] [stdout]     = note: `Tile` has derived impls for the traits `Debug` and `Clone`, but these are intentionally ignored during dead code analysis
[INFO] [stdout] 
[INFO] [stdout] 
[INFO] [stdout] warning: method `is_empty` is never used
[INFO] [stdout]    --> src/tafl.rs:290:12
[INFO] [stdout]     |
[INFO] [stdout] 289 | impl Tile {
[INFO] [stdout]     | --------- method in this implementation
[INFO] [stdout] 290 |     pub fn is_empty(&self) -> bool {
[INFO] [stdout]     |            ^^^^^^^^
[INFO] [stdout] 
[INFO] [stdout] 
[INFO] [stdout] warning: variants `Attacker` and `Defender` are never constructed
[INFO] [stdout]    --> src/tafl.rs:297:5
[INFO] [stdout]     |
[INFO] [stdout] 296 | enum Side {
[INFO] [stdout]     |      ---- variants in this enum
[INFO] [stdout] 297 |     Attacker,
[INFO] [stdout]     |     ^^^^^^^^
[INFO] [stdout] 298 |     Defender,
[INFO] [stdout]     |     ^^^^^^^^
[INFO] [stdout]     |
[INFO] [stdout]     = note: `Side` has derived impls for the traits `Debug` and `Clone`, but these are intentionally ignored during dead code analysis
[INFO] [stdout] 
[INFO] [stdout] 
[INFO] [stdout] warning: methods `tile_is_same_side` and `tile_is_opposite_side` are never used
[INFO] [stdout]    --> src/tafl.rs:302:8
[INFO] [stdout]     |
[INFO] [stdout] 301 | impl Side {
[INFO] [stdout]     | --------- methods in this implementation
[INFO] [stdout] 302 |     fn tile_is_same_side(&self, tile: Tile) -> bool {
[INFO] [stdout]     |        ^^^^^^^^^^^^^^^^^
[INFO] [stdout] ...
[INFO] [stdout] 311 |     fn tile_is_opposite_side(&self, tile: Tile) -> bool {
[INFO] [stdout]     |        ^^^^^^^^^^^^^^^^^^^^^
[INFO] [stdout] 
[INFO] [stdout] 
[INFO] [stderr]     Finished `dev` profile [unoptimized + debuginfo] target(s) in 0.28s
[INFO] running `Command { std: "docker" "inspect" "0f5dda94efc0e11c3fc678bf1756151f84aa8e9d799f0818d511928736426cb9", kill_on_drop: false }`
[INFO] running `Command { std: "docker" "rm" "-f" "0f5dda94efc0e11c3fc678bf1756151f84aa8e9d799f0818d511928736426cb9", kill_on_drop: false }`
[INFO] [stdout] 0f5dda94efc0e11c3fc678bf1756151f84aa8e9d799f0818d511928736426cb9
[INFO] running `Command { std: "docker" "create" "-v" "/var/lib/crater-agent-workspace/builds/worker-7-tc2/target:/opt/rustwide/target:rw,Z" "-v" "/var/lib/crater-agent-workspace/builds/worker-7-tc2/source:/opt/rustwide/workdir:ro,Z" "-v" "/var/lib/crater-agent-workspace/cargo-home:/opt/rustwide/cargo-home:ro,Z" "-v" "/var/lib/crater-agent-workspace/rustup-home:/opt/rustwide/rustup-home:ro,Z" "-e" "SOURCE_DIR=/opt/rustwide/workdir" "-e" "CARGO_TARGET_DIR=/opt/rustwide/target" "-e" "CARGO_INCREMENTAL=0" "-e" "RUST_BACKTRACE=full" "-e" "RUSTFLAGS=--cap-lints=forbid -Zrandomize-layout" "-e" "RUSTDOCFLAGS=--cap-lints=forbid" "-e" "CARGO_HOME=/opt/rustwide/cargo-home" "-e" "RUSTUP_HOME=/opt/rustwide/rustup-home" "-w" "/opt/rustwide/workdir" "-m" "1610612736" "--user" "0:0" "--network" "none" "ghcr.io/rust-lang/crates-build-env/linux@sha256:4a844ea9eb2546a2d2c7022eacef16ef2e8229c7fbb2c7d4d55a9ceca922f72d" "/opt/rustwide/cargo-home/bin/cargo" "+nightly-2024-10-28" "test" "--frozen" "--no-run" "--message-format=json", kill_on_drop: false }`
[INFO] [stdout] b47932eabd9477939b69a162c83436a200348b10ab1152cc8cdeeb761500beb7
[INFO] running `Command { std: "docker" "start" "-a" "b47932eabd9477939b69a162c83436a200348b10ab1152cc8cdeeb761500beb7", kill_on_drop: false }`
[INFO] [stderr]    Compiling tafl v0.1.0 (/opt/rustwide/workdir)
[INFO] [stdout] warning: variant `CastleWithKing` is never constructed
[INFO] [stdout]    --> src/tafl.rs:286:5
[INFO] [stdout]     |
[INFO] [stdout] 280 | pub enum Tile {
[INFO] [stdout]     |          ---- variant in this enum
[INFO] [stdout] ...
[INFO] [stdout] 286 |     CastleWithKing,
[INFO] [stdout]     |     ^^^^^^^^^^^^^^
[INFO] [stdout]     |
[INFO] [stdout]     = note: `Tile` has derived impls for the traits `Debug` and `Clone`, but these are intentionally ignored during dead code analysis
[INFO] [stdout]     = note: `#[warn(dead_code)]` on by default
[INFO] [stdout] 
[INFO] [stdout] 
[INFO] [stderr]     Finished `test` profile [unoptimized + debuginfo] target(s) in 0.29s
[INFO] running `Command { std: "docker" "inspect" "b47932eabd9477939b69a162c83436a200348b10ab1152cc8cdeeb761500beb7", kill_on_drop: false }`
[INFO] running `Command { std: "docker" "rm" "-f" "b47932eabd9477939b69a162c83436a200348b10ab1152cc8cdeeb761500beb7", kill_on_drop: false }`
[INFO] [stdout] b47932eabd9477939b69a162c83436a200348b10ab1152cc8cdeeb761500beb7
[INFO] running `Command { std: "docker" "create" "-v" "/var/lib/crater-agent-workspace/builds/worker-7-tc2/target:/opt/rustwide/target:rw,Z" "-v" "/var/lib/crater-agent-workspace/builds/worker-7-tc2/source:/opt/rustwide/workdir:ro,Z" "-v" "/var/lib/crater-agent-workspace/cargo-home:/opt/rustwide/cargo-home:ro,Z" "-v" "/var/lib/crater-agent-workspace/rustup-home:/opt/rustwide/rustup-home:ro,Z" "-e" "SOURCE_DIR=/opt/rustwide/workdir" "-e" "CARGO_TARGET_DIR=/opt/rustwide/target" "-e" "CARGO_INCREMENTAL=0" "-e" "RUST_BACKTRACE=full" "-e" "RUSTFLAGS=--cap-lints=forbid -Zrandomize-layout" "-e" "RUSTDOCFLAGS=--cap-lints=forbid" "-e" "CARGO_HOME=/opt/rustwide/cargo-home" "-e" "RUSTUP_HOME=/opt/rustwide/rustup-home" "-w" "/opt/rustwide/workdir" "-m" "1610612736" "--user" "0:0" "--network" "none" "ghcr.io/rust-lang/crates-build-env/linux@sha256:4a844ea9eb2546a2d2c7022eacef16ef2e8229c7fbb2c7d4d55a9ceca922f72d" "/opt/rustwide/cargo-home/bin/cargo" "+nightly-2024-10-28" "test" "--frozen", kill_on_drop: false }`
[INFO] [stdout] 638524a4a16d15f947bb24d575749fe0b0b007ad768556eab8b0bbcd73f87aa8
[INFO] running `Command { std: "docker" "start" "-a" "638524a4a16d15f947bb24d575749fe0b0b007ad768556eab8b0bbcd73f87aa8", kill_on_drop: false }`
[INFO] [stderr] warning: variant `CastleWithKing` is never constructed
[INFO] [stderr]    --> src/tafl.rs:286:5
[INFO] [stderr]     |
[INFO] [stderr] 280 | pub enum Tile {
[INFO] [stderr]     |          ---- variant in this enum
[INFO] [stderr] ...
[INFO] [stderr] 286 |     CastleWithKing,
[INFO] [stderr]     |     ^^^^^^^^^^^^^^
[INFO] [stderr]     |
[INFO] [stderr]     = note: `Tile` has derived impls for the traits `Debug` and `Clone`, but these are intentionally ignored during dead code analysis
[INFO] [stderr]     = note: `#[warn(dead_code)]` on by default
[INFO] [stderr] 
[INFO] [stderr] warning: `tafl` (bin "tafl" test) generated 1 warning
[INFO] [stderr]     Finished `test` profile [unoptimized + debuginfo] target(s) in 0.00s
[INFO] [stderr]      Running unittests src/main.rs (/opt/rustwide/target/debug/deps/tafl-7025079881c3ca2b)
[INFO] [stdout] 
[INFO] [stdout] running 22 tests
[INFO] [stdout] test tests::test_move::tfl_test_move_piece_down_error ... ok
[INFO] [stdout] test tests::test_move::tfl_test_move_piece_left_error ... ok
[INFO] [stdout] test tests::test_move::tfl_test_move_piece_right_error ... ok
[INFO] [stdout] test tests::test_move::tfl_test_move_piece_up_error ... ok
[INFO] [stdout] test tests::tests::array_equality ... ok
[INFO] [stdout] test tests::tests::tfl_test ... ok
[INFO] [stdout] test tests::tests::tfl_test_brandubh ... ok
[INFO] [stdout] test tests::tests::tfl_test_brandubh_old ... ok
[INFO] [stdout] test tests::tests::tfl_test_hnefatafl ... ok
[INFO] [stdout] test tests::tests::tfl_test_move_piece_capture_left ... ok
[INFO] [stdout] test tests::tests::tfl_test_move_piece_up ... ok
[INFO] [stdout] test tests::tests::tfl_test_move_wrong_piece ... ok
[INFO] [stdout] test tests::tests::tfl_test_move_piece_capture_down ... ok
[INFO] [stdout] test tests::tests::tfl_test_move_piece_capture_up ... ok
[INFO] [stdout] test tests::tests::tile_is_empty ... ok
[INFO] [stdout] test tests::tests::tfl_test_tafl_brandubh ... ok
[INFO] [stdout] test tests::tests::tfl_test_tafl_hnefatafl ... ok
[INFO] [stdout] test tests::tests::tfl_test_move_piece_capture_right ... ok
[INFO] [stdout] test tests::tests::tfl_test_move_piece ... FAILED
[INFO] [stdout] test tests::tests::tfl_test_brandubh_loop_old ... ok
[INFO] [stdout] test tests::tests::tfl_test_brandubh_loop ... ok
[INFO] [stdout] test tests::tests::tfl_test_hnefatafl_loop ... ok
[INFO] [stdout] 
[INFO] [stdout] failures:
[INFO] [stdout] 
[INFO] [stdout] ---- tests::tests::tfl_test_move_piece stdout ----
[INFO] [stdout] ⬛ 	⬜ 	🔴 	🔴 	🔴 	⬜ 	⬛ 	
[INFO] [stdout]  
[INFO] [stdout]  
[INFO] [stdout] ⬜ 	⬜ 	⬜ 	🔴 	⬜ 	⬜ 	⬜ 	
[INFO] [stdout]  
[INFO] [stdout]  
[INFO] [stdout] 🔴 	⬜ 	⬜ 	⭕ 	⬜ 	⬜ 	🔴 	
[INFO] [stdout]  
[INFO] [stdout]  
[INFO] [stdout] 🔴 	🔴 	⭕ 	⬤ 	⭕ 	🔴 	🔴 	
[INFO] [stdout]  
[INFO] [stdout]  
[INFO] [stdout] 🔴 	⬜ 	⬜ 	⭕ 	⬜ 	⬜ 	🔴 	
[INFO] [stdout]  
[INFO] [stdout]  
[INFO] [stdout] ⬜ 	⬜ 	⬜ 	🔴 	⬜ 	⬜ 	⬜ 	
[INFO] [stdout]  
[INFO] [stdout]  
[INFO] [stdout] ⬛ 	⬜ 	🔴 	🔴 	🔴 	⬜ 	⬛ 	
[INFO] [stdout]  
[INFO] [stdout]  
[INFO] [stdout] Turn: Attacker
[INFO] [stdout] 
[INFO] [stdout] Start_idx 10
[INFO] [stdout] End_idx 7
[INFO] [stdout] Start_row 1
[INFO] [stdout] End_row 1
[INFO] [stdout] Start_column 3
[INFO] [stdout] End_column 0
[INFO] [stdout] Index from End is 8
[INFO] [stdout] Index from End is 9
[INFO] [stdout] thread 'tests::tests::tfl_test_move_piece' panicked at src/tafl.rs:250:21:
[INFO] [stdout] attempt to subtract with overflow
[INFO] [stdout] stack backtrace:
[INFO] [stdout]    0:     0x633a04ee65ea - std::backtrace_rs::backtrace::libunwind::trace::h207520d6e9873551
[INFO] [stdout]                                at /rustc/df4ca44d3fbc9301ee17f30f4d474e6ae4b05252/library/std/src/../../backtrace/src/backtrace/libunwind.rs:116:5
[INFO] [stdout]    1:     0x633a04ee65ea - std::backtrace_rs::backtrace::trace_unsynchronized::h2ed7433f370e3eca
[INFO] [stdout]                                at /rustc/df4ca44d3fbc9301ee17f30f4d474e6ae4b05252/library/std/src/../../backtrace/src/backtrace/mod.rs:66:5
[INFO] [stdout]    2:     0x633a04ee65ea - std::sys::backtrace::_print_fmt::h916fac51166b18d7
[INFO] [stdout]                                at /rustc/df4ca44d3fbc9301ee17f30f4d474e6ae4b05252/library/std/src/sys/backtrace.rs:66:9
[INFO] [stdout]    3:     0x633a04ee65ea - <std::sys::backtrace::BacktraceLock::print::DisplayBacktrace as core::fmt::Display>::fmt::ha0a4c9b8ce3802e6
[INFO] [stdout]                                at /rustc/df4ca44d3fbc9301ee17f30f4d474e6ae4b05252/library/std/src/sys/backtrace.rs:39:26
[INFO] [stdout]    4:     0x633a04f0cbd3 - core::fmt::rt::Argument::fmt::h4cfc8587d52b3eb5
[INFO] [stdout]                                at /rustc/df4ca44d3fbc9301ee17f30f4d474e6ae4b05252/library/core/src/fmt/rt.rs:177:76
[INFO] [stdout]    5:     0x633a04f0cbd3 - core::fmt::write::h522cc39e5b36ae9f
[INFO] [stdout]                                at /rustc/df4ca44d3fbc9301ee17f30f4d474e6ae4b05252/library/core/src/fmt/mod.rs:1190:21
[INFO] [stdout]    6:     0x633a04ee3253 - std::io::Write::write_fmt::h7d3c26752da97734
[INFO] [stdout]                                at /rustc/df4ca44d3fbc9301ee17f30f4d474e6ae4b05252/library/std/src/io/mod.rs:1839:15
[INFO] [stdout]    7:     0x633a04ee6432 - std::sys::backtrace::BacktraceLock::print::h4b9e00b29e9c0942
[INFO] [stdout]                                at /rustc/df4ca44d3fbc9301ee17f30f4d474e6ae4b05252/library/std/src/sys/backtrace.rs:42:9
[INFO] [stdout]    8:     0x633a04ee7a7a - std::panicking::default_hook::{{closure}}::hb59b88280d0324d9
[INFO] [stdout]                                at /rustc/df4ca44d3fbc9301ee17f30f4d474e6ae4b05252/library/std/src/panicking.rs:268:22
[INFO] [stdout]    9:     0x633a04ee7884 - std::panicking::default_hook::he1dd496665be4a29
[INFO] [stdout]                                at /rustc/df4ca44d3fbc9301ee17f30f4d474e6ae4b05252/library/std/src/panicking.rs:292:9
[INFO] [stdout]   10:     0x633a04eb1679 - <alloc::boxed::Box<F,A> as core::ops::function::Fn<Args>>::call::h4ff71de18744e1dc
[INFO] [stdout]                                at /rustc/df4ca44d3fbc9301ee17f30f4d474e6ae4b05252/library/alloc/src/boxed.rs:2468:9
[INFO] [stdout]   11:     0x633a04eb1679 - test::test_main::{{closure}}::hcf7c055ce117aa81
[INFO] [stdout]                                at /rustc/df4ca44d3fbc9301ee17f30f4d474e6ae4b05252/library/test/src/lib.rs:133:21
[INFO] [stdout]   12:     0x633a04ee8178 - <alloc::boxed::Box<F,A> as core::ops::function::Fn<Args>>::call::h1d66c6bbd60c9692
[INFO] [stdout]                                at /rustc/df4ca44d3fbc9301ee17f30f4d474e6ae4b05252/library/alloc/src/boxed.rs:2468:9
[INFO] [stdout]   13:     0x633a04ee8178 - std::panicking::rust_panic_with_hook::h2ff17fe8f26dfcf8
[INFO] [stdout]                                at /rustc/df4ca44d3fbc9301ee17f30f4d474e6ae4b05252/library/std/src/panicking.rs:809:13
[INFO] [stdout]   14:     0x633a04ee7f06 - std::panicking::begin_panic_handler::{{closure}}::h4fad77951c07e101
[INFO] [stdout]                                at /rustc/df4ca44d3fbc9301ee17f30f4d474e6ae4b05252/library/std/src/panicking.rs:667:13
[INFO] [stdout]   15:     0x633a04ee6ac9 - std::sys::backtrace::__rust_end_short_backtrace::hb1a25b3da5d0ea08
[INFO] [stdout]                                at /rustc/df4ca44d3fbc9301ee17f30f4d474e6ae4b05252/library/std/src/sys/backtrace.rs:170:18
[INFO] [stdout]   16:     0x633a04ee7bcc - rust_begin_unwind
[INFO] [stdout]                                at /rustc/df4ca44d3fbc9301ee17f30f4d474e6ae4b05252/library/std/src/panicking.rs:665:5
[INFO] [stdout]   17:     0x633a04f0b590 - core::panicking::panic_fmt::ha9db07b529f9b256
[INFO] [stdout]                                at /rustc/df4ca44d3fbc9301ee17f30f4d474e6ae4b05252/library/core/src/panicking.rs:75:14
[INFO] [stdout]   18:     0x633a04f123a7 - core::panicking::panic_const::panic_const_sub_overflow::hb1cfbf3f4517d8b2
[INFO] [stdout]                                at /rustc/df4ca44d3fbc9301ee17f30f4d474e6ae4b05252/library/core/src/panicking.rs:186:21
[INFO] [stdout]   19:     0x633a04e6a087 - tafl::tafl::State<_>::next_state::hb04312c739efa7e2
[INFO] [stdout]                                at /opt/rustwide/workdir/src/tafl.rs:250:21
[INFO] [stdout]   20:     0x633a04e68998 - tafl::tafl::State<_>::move_piece::h3a3d90cea3b7062f
[INFO] [stdout]                                at /opt/rustwide/workdir/src/tafl.rs:130:33
[INFO] [stdout]   21:     0x633a04e684fa - tafl::tafl::Tafl<_>::move_piece::h4ca64b65c89155e4
[INFO] [stdout]                                at /opt/rustwide/workdir/src/tafl.rs:98:15
[INFO] [stdout]   22:     0x633a04e6b950 - tafl::tests::tests::tfl_test_move_piece::h8c6d1757ab4ad424
[INFO] [stdout]                                at /opt/rustwide/workdir/src/tests.rs:111:9
[INFO] [stdout]   23:     0x633a04e6b857 - tafl::tests::tests::tfl_test_move_piece::{{closure}}::h2357f8fbacaa1137
[INFO] [stdout]                                at /opt/rustwide/workdir/src/tests.rs:108:29
[INFO] [stdout]   24:     0x633a04e6e096 - core::ops::function::FnOnce::call_once::h66b72d6aaea8ba12
[INFO] [stdout]                                at /rustc/df4ca44d3fbc9301ee17f30f4d474e6ae4b05252/library/core/src/ops/function.rs:250:5
[INFO] [stdout]   25:     0x633a04eb5f4b - core::ops::function::FnOnce::call_once::h22c3ba5715e93f05
[INFO] [stdout]                                at /rustc/df4ca44d3fbc9301ee17f30f4d474e6ae4b05252/library/core/src/ops/function.rs:250:5
[INFO] [stdout]   26:     0x633a04eb5f4b - test::__rust_begin_short_backtrace::h8e82d8113d0da17f
[INFO] [stdout]                                at /rustc/df4ca44d3fbc9301ee17f30f4d474e6ae4b05252/library/test/src/lib.rs:621:18
[INFO] [stdout]   27:     0x633a04eb58c7 - test::run_test_in_process::{{closure}}::h33235f4f20b7b7c7
[INFO] [stdout]                                at /rustc/df4ca44d3fbc9301ee17f30f4d474e6ae4b05252/library/test/src/lib.rs:644:60
[INFO] [stdout]   28:     0x633a04eb58c7 - <core::panic::unwind_safe::AssertUnwindSafe<F> as core::ops::function::FnOnce<()>>::call_once::hb5043206310c586f
[INFO] [stdout]                                at /rustc/df4ca44d3fbc9301ee17f30f4d474e6ae4b05252/library/core/src/panic/unwind_safe.rs:272:9
[INFO] [stdout]   29:     0x633a04eb58c7 - std::panicking::try::do_call::h9ad4731a60ab23e2
[INFO] [stdout]                                at /rustc/df4ca44d3fbc9301ee17f30f4d474e6ae4b05252/library/std/src/panicking.rs:557:40
[INFO] [stdout]   30:     0x633a04eb58c7 - std::panicking::try::h3824d23db772a716
[INFO] [stdout]                                at /rustc/df4ca44d3fbc9301ee17f30f4d474e6ae4b05252/library/std/src/panicking.rs:520:19
[INFO] [stdout]   31:     0x633a04eb58c7 - std::panic::catch_unwind::h5afd514605fde46b
[INFO] [stdout]                                at /rustc/df4ca44d3fbc9301ee17f30f4d474e6ae4b05252/library/std/src/panic.rs:358:14
[INFO] [stdout]   32:     0x633a04eb58c7 - test::run_test_in_process::h0d5cbfa7067d1720
[INFO] [stdout]                                at /rustc/df4ca44d3fbc9301ee17f30f4d474e6ae4b05252/library/test/src/lib.rs:644:27
[INFO] [stdout]   33:     0x633a04eb58c7 - test::run_test::{{closure}}::h708eb8872708115d
[INFO] [stdout]                                at /rustc/df4ca44d3fbc9301ee17f30f4d474e6ae4b05252/library/test/src/lib.rs:565:43
[INFO] [stdout]   34:     0x633a04e78fe4 - test::run_test::{{closure}}::h392c51cee94713ab
[INFO] [stdout]                                at /rustc/df4ca44d3fbc9301ee17f30f4d474e6ae4b05252/library/test/src/lib.rs:595:41
[INFO] [stdout]   35:     0x633a04e78fe4 - std::sys::backtrace::__rust_begin_short_backtrace::h2f40290710935a8b
[INFO] [stdout]                                at /rustc/df4ca44d3fbc9301ee17f30f4d474e6ae4b05252/library/std/src/sys/backtrace.rs:154:18
[INFO] [stdout]   36:     0x633a04e7c78e - std::thread::Builder::spawn_unchecked_::{{closure}}::{{closure}}::h3fd968d89053a903
[INFO] [stdout]                                at /rustc/df4ca44d3fbc9301ee17f30f4d474e6ae4b05252/library/std/src/thread/mod.rs:541:17
[INFO] [stdout]   37:     0x633a04e7c78e - <core::panic::unwind_safe::AssertUnwindSafe<F> as core::ops::function::FnOnce<()>>::call_once::h743f637ba4229880
[INFO] [stdout]                                at /rustc/df4ca44d3fbc9301ee17f30f4d474e6ae4b05252/library/core/src/panic/unwind_safe.rs:272:9
[INFO] [stdout]   38:     0x633a04e7c78e - std::panicking::try::do_call::h07440897322525a6
[INFO] [stdout]                                at /rustc/df4ca44d3fbc9301ee17f30f4d474e6ae4b05252/library/std/src/panicking.rs:557:40
[INFO] [stdout]   39:     0x633a04e7c78e - std::panicking::try::he5a2e00188156637
[INFO] [stdout]                                at /rustc/df4ca44d3fbc9301ee17f30f4d474e6ae4b05252/library/std/src/panicking.rs:520:19
[INFO] [stdout]   40:     0x633a04e7c78e - std::panic::catch_unwind::hbaf3cae49b3c6433
[INFO] [stdout]                                at /rustc/df4ca44d3fbc9301ee17f30f4d474e6ae4b05252/library/std/src/panic.rs:358:14
[INFO] [stdout]   41:     0x633a04e7c78e - std::thread::Builder::spawn_unchecked_::{{closure}}::h8e141ea224820bce
[INFO] [stdout]                                at /rustc/df4ca44d3fbc9301ee17f30f4d474e6ae4b05252/library/std/src/thread/mod.rs:540:30
[INFO] [stdout]   42:     0x633a04e7c78e - core::ops::function::FnOnce::call_once{{vtable.shim}}::h90d312fedd7b8ea8
[INFO] [stdout]                                at /rustc/df4ca44d3fbc9301ee17f30f4d474e6ae4b05252/library/core/src/ops/function.rs:250:5
[INFO] [stdout]   43:     0x633a04eebf6b - <alloc::boxed::Box<F,A> as core::ops::function::FnOnce<Args>>::call_once::h69aa08ddb6adb8b6
[INFO] [stdout]                                at /rustc/df4ca44d3fbc9301ee17f30f4d474e6ae4b05252/library/alloc/src/boxed.rs:2454:9
[INFO] [stdout]   44:     0x633a04eebf6b - <alloc::boxed::Box<F,A> as core::ops::function::FnOnce<Args>>::call_once::h5aa36efdb79c806f
[INFO] [stdout]                                at /rustc/df4ca44d3fbc9301ee17f30f4d474e6ae4b05252/library/alloc/src/boxed.rs:2454:9
[INFO] [stdout]   45:     0x633a04eebf6b - std::sys::pal::unix::thread::Thread::new::thread_start::h6cd80a1b4be5158d
[INFO] [stdout]                                at /rustc/df4ca44d3fbc9301ee17f30f4d474e6ae4b05252/library/std/src/sys/pal/unix/thread.rs:105:17
[INFO] [stdout]   46:     0x7ebb033f2ac3 - <unknown>
[INFO] [stdout]   47:     0x7ebb03483a04 - clone
[INFO] [stdout]   48:                0x0 - <unknown>
[INFO] [stdout] 
[INFO] [stdout] 
[INFO] [stdout] failures:
[INFO] [stdout]     tests::tests::tfl_test_move_piece
[INFO] [stdout] 
[INFO] [stdout] test result: FAILED. 21 passed; 1 failed; 0 ignored; 0 measured; 0 filtered out; finished in 37.27s
[INFO] [stdout] 
[INFO] [stderr] error: test failed, to rerun pass `--bin tafl`
[INFO] running `Command { std: "docker" "inspect" "638524a4a16d15f947bb24d575749fe0b0b007ad768556eab8b0bbcd73f87aa8", kill_on_drop: false }`
[INFO] running `Command { std: "docker" "rm" "-f" "638524a4a16d15f947bb24d575749fe0b0b007ad768556eab8b0bbcd73f87aa8", kill_on_drop: false }`
[INFO] [stdout] 638524a4a16d15f947bb24d575749fe0b0b007ad768556eab8b0bbcd73f87aa8
