[INFO] cloning repository https://github.com/gnosek/falco-plugin-rs
[INFO] running `Command { std: "git" "-c" "credential.helper=" "-c" "credential.helper=/workspace/cargo-home/bin/git-credential-null" "clone" "--bare" "https://github.com/gnosek/falco-plugin-rs" "/workspace/cache/git-repos/https%3A%2F%2Fgithub.com%2Fgnosek%2Ffalco-plugin-rs", kill_on_drop: false }`
[INFO] [stderr] Cloning into bare repository '/workspace/cache/git-repos/https%3A%2F%2Fgithub.com%2Fgnosek%2Ffalco-plugin-rs'...
[INFO] running `Command { std: "git" "rev-parse" "HEAD", kill_on_drop: false }`
[INFO] [stdout] 8d0ae79998d44784893fb85e2f8e02440fd60147
[INFO] testing gnosek/falco-plugin-rs/8d0ae79998d44784893fb85e2f8e02440fd60147 against nightly-2024-10-28 for randomize-layout
[INFO] running `Command { std: "git" "clone" "/workspace/cache/git-repos/https%3A%2F%2Fgithub.com%2Fgnosek%2Ffalco-plugin-rs" "/workspace/builds/worker-4-tc1/source", kill_on_drop: false }`
[INFO] [stderr] Cloning into '/workspace/builds/worker-4-tc1/source'...
[INFO] [stderr] done.
[INFO] validating manifest of git repo https://github.com/gnosek/falco-plugin-rs on toolchain nightly-2024-10-28
[INFO] running `Command { std: CARGO_HOME="/workspace/cargo-home" RUSTUP_HOME="/workspace/rustup-home" "/workspace/cargo-home/bin/cargo" "+nightly-2024-10-28" "metadata" "--manifest-path" "Cargo.toml" "--no-deps", kill_on_drop: false }`
[INFO] started tweaking git repo https://github.com/gnosek/falco-plugin-rs
[INFO] finished tweaking git repo https://github.com/gnosek/falco-plugin-rs
[INFO] tweaked toml for git repo https://github.com/gnosek/falco-plugin-rs written to /workspace/builds/worker-4-tc1/source/Cargo.toml
[INFO] crate git repo https://github.com/gnosek/falco-plugin-rs already has a lockfile, it will not be regenerated
[INFO] running `Command { std: CARGO_HOME="/workspace/cargo-home" RUSTUP_HOME="/workspace/rustup-home" "/workspace/cargo-home/bin/cargo" "+nightly-2024-10-28" "fetch" "--manifest-path" "Cargo.toml", kill_on_drop: false }`
[INFO] [stderr]     Updating crates.io index
[INFO] [stderr]  Downloading crates ...
[INFO] [stderr]   Downloaded cxxbridge-flags v1.0.128
[INFO] [stderr]   Downloaded cxxbridge-macro v1.0.128
[INFO] [stderr]   Downloaded cxx v1.0.128
[INFO] [stderr]   Downloaded refcell-lock-api v0.1.0
[INFO] [stderr]   Downloaded hexdump v0.1.1
[INFO] [stderr]   Downloaded cxx-build v1.0.126
[INFO] running `Command { std: "docker" "create" "-v" "/var/lib/crater-agent-workspace/builds/worker-4-tc1/target:/opt/rustwide/target:rw,Z" "-v" "/var/lib/crater-agent-workspace/builds/worker-4-tc1/source:/opt/rustwide/workdir:ro,Z" "-v" "/var/lib/crater-agent-workspace/cargo-home:/opt/rustwide/cargo-home:ro,Z" "-v" "/var/lib/crater-agent-workspace/rustup-home:/opt/rustwide/rustup-home:ro,Z" "-e" "SOURCE_DIR=/opt/rustwide/workdir" "-e" "CARGO_TARGET_DIR=/opt/rustwide/target" "-e" "CARGO_HOME=/opt/rustwide/cargo-home" "-e" "RUSTUP_HOME=/opt/rustwide/rustup-home" "-w" "/opt/rustwide/workdir" "-m" "1610612736" "--user" "0:0" "--network" "none" "ghcr.io/rust-lang/crates-build-env/linux@sha256:4a844ea9eb2546a2d2c7022eacef16ef2e8229c7fbb2c7d4d55a9ceca922f72d" "/opt/rustwide/cargo-home/bin/cargo" "+nightly-2024-10-28" "metadata" "--no-deps" "--format-version=1", kill_on_drop: false }`
[INFO] [stdout] 06f2de94ba7c8962bb42b2a7734e542acb12ebf2a8d900e96640c05053495292
[INFO] running `Command { std: "docker" "start" "-a" "06f2de94ba7c8962bb42b2a7734e542acb12ebf2a8d900e96640c05053495292", kill_on_drop: false }`
[INFO] running `Command { std: "docker" "inspect" "06f2de94ba7c8962bb42b2a7734e542acb12ebf2a8d900e96640c05053495292", kill_on_drop: false }`
[INFO] running `Command { std: "docker" "rm" "-f" "06f2de94ba7c8962bb42b2a7734e542acb12ebf2a8d900e96640c05053495292", kill_on_drop: false }`
[INFO] [stdout] 06f2de94ba7c8962bb42b2a7734e542acb12ebf2a8d900e96640c05053495292
[INFO] running `Command { std: "docker" "create" "-v" "/var/lib/crater-agent-workspace/builds/worker-4-tc1/target:/opt/rustwide/target:rw,Z" "-v" "/var/lib/crater-agent-workspace/builds/worker-4-tc1/source:/opt/rustwide/workdir:ro,Z" "-v" "/var/lib/crater-agent-workspace/cargo-home:/opt/rustwide/cargo-home:ro,Z" "-v" "/var/lib/crater-agent-workspace/rustup-home:/opt/rustwide/rustup-home:ro,Z" "-e" "SOURCE_DIR=/opt/rustwide/workdir" "-e" "CARGO_TARGET_DIR=/opt/rustwide/target" "-e" "CARGO_INCREMENTAL=0" "-e" "RUST_BACKTRACE=full" "-e" "RUSTFLAGS=--cap-lints=forbid" "-e" "RUSTDOCFLAGS=--cap-lints=forbid" "-e" "CARGO_HOME=/opt/rustwide/cargo-home" "-e" "RUSTUP_HOME=/opt/rustwide/rustup-home" "-w" "/opt/rustwide/workdir" "-m" "1610612736" "--user" "0:0" "--network" "none" "ghcr.io/rust-lang/crates-build-env/linux@sha256:4a844ea9eb2546a2d2c7022eacef16ef2e8229c7fbb2c7d4d55a9ceca922f72d" "/opt/rustwide/cargo-home/bin/cargo" "+nightly-2024-10-28" "build" "--frozen" "--message-format=json", kill_on_drop: false }`
[INFO] [stdout] a2027e661bb33b3576e94ed6f0efe64a937b86027876a6dcedd5e91123e5c62d
[INFO] running `Command { std: "docker" "start" "-a" "a2027e661bb33b3576e94ed6f0efe64a937b86027876a6dcedd5e91123e5c62d", kill_on_drop: false }`
[INFO] [stderr]    Compiling proc-macro2 v1.0.86
[INFO] [stderr]    Compiling unicode-ident v1.0.12
[INFO] [stderr]    Compiling autocfg v1.1.0
[INFO] [stderr]    Compiling cfg_aliases v0.2.1
[INFO] [stderr]    Compiling syn v1.0.109
[INFO] [stderr]    Compiling siphasher v0.3.11
[INFO] [stderr]    Compiling rand_core v0.6.4
[INFO] [stderr]    Compiling cc v1.1.15
[INFO] [stderr]    Compiling libc v0.2.158
[INFO] [stderr]    Compiling serde v1.0.197
[INFO] [stderr]    Compiling scratch v1.0.7
[INFO] [stderr]    Compiling phf_shared v0.11.2
[INFO] [stderr]    Compiling rand v0.8.5
[INFO] [stderr]    Compiling nix v0.29.0
[INFO] [stderr]    Compiling unicode-width v0.1.13
[INFO] [stderr]    Compiling cxxbridge-flags v1.0.128
[INFO] [stderr]    Compiling num-traits v0.2.18
[INFO] [stderr]    Compiling lock_api v0.4.12
[INFO] [stderr]    Compiling serde_json v1.0.114
[INFO] [stderr]    Compiling termcolor v1.4.1
[INFO] [stderr]    Compiling thiserror v1.0.58
[INFO] [stderr]    Compiling anyhow v1.0.88
[INFO] [stderr]    Compiling codespan-reporting v0.11.1
[INFO] [stderr]    Compiling phf_generator v0.11.2
[INFO] [stderr]    Compiling quote v1.0.35
[INFO] [stderr]    Compiling refcell-lock-api v0.1.0
[INFO] [stderr]    Compiling syn v2.0.71
[INFO] [stderr]    Compiling ryu v1.0.17
[INFO] [stderr]    Compiling cfg-if v1.0.0
[INFO] [stderr]    Compiling schemars v0.8.16
[INFO] [stderr]    Compiling once_cell v1.19.0
[INFO] [stderr]    Compiling scopeguard v1.2.0
[INFO] [stderr]    Compiling itoa v1.0.10
[INFO] [stderr]    Compiling bitflags v2.4.2
[INFO] [stderr]    Compiling iana-time-zone v0.1.60
[INFO] [stderr]    Compiling link-cplusplus v1.0.9
[INFO] [stderr]    Compiling cxx v1.0.128
[INFO] [stderr]    Compiling chrono v0.4.38
[INFO] [stderr]    Compiling dyn-clone v1.0.17
[INFO] [stderr]    Compiling memchr v2.7.1
[INFO] [stderr]    Compiling byteorder v1.5.0
[INFO] [stderr]    Compiling pkg-config v0.3.30
[INFO] [stderr]    Compiling bumpalo v3.16.0
[INFO] [stderr]    Compiling log v0.4.22
[INFO] [stderr]    Compiling falco_plugin_api v0.2.0 (/opt/rustwide/workdir/falco_plugin_api)
[INFO] [stderr]    Compiling serde_derive_internals v0.26.0
[INFO] [stderr]    Compiling cxx-build v1.0.126
[INFO] [stderr]    Compiling schemars_derive v0.8.16
[INFO] [stderr]    Compiling serde_derive v1.0.197
[INFO] [stderr]    Compiling thiserror-impl v1.0.58
[INFO] [stderr]    Compiling num-derive v0.4.2
[INFO] [stderr]    Compiling falco_event_derive v0.2.0 (/opt/rustwide/workdir/falco_event_derive)
[INFO] [stderr]    Compiling phf_macros v0.11.2
[INFO] [stderr]    Compiling cxxbridge-macro v1.0.128
[INFO] [stderr]    Compiling phf v0.11.2
[INFO] [stderr]    Compiling falco_plugin_derive v0.2.0 (/opt/rustwide/workdir/falco_plugin_derive)
[INFO] [stderr]    Compiling falco_event v0.1.3 (/opt/rustwide/workdir/falco_event)
[INFO] [stderr]    Compiling falco_plugin_tests v0.1.0 (/opt/rustwide/workdir/falco_plugin_tests)
[INFO] [stderr]    Compiling falco_plugin v0.3.0 (/opt/rustwide/workdir/falco_plugin)
[INFO] [stderr]     Finished `dev` profile [unoptimized + debuginfo] target(s) in 30.85s
[INFO] running `Command { std: "docker" "inspect" "a2027e661bb33b3576e94ed6f0efe64a937b86027876a6dcedd5e91123e5c62d", kill_on_drop: false }`
[INFO] running `Command { std: "docker" "rm" "-f" "a2027e661bb33b3576e94ed6f0efe64a937b86027876a6dcedd5e91123e5c62d", kill_on_drop: false }`
[INFO] [stdout] a2027e661bb33b3576e94ed6f0efe64a937b86027876a6dcedd5e91123e5c62d
[INFO] running `Command { std: "docker" "create" "-v" "/var/lib/crater-agent-workspace/builds/worker-4-tc1/target:/opt/rustwide/target:rw,Z" "-v" "/var/lib/crater-agent-workspace/builds/worker-4-tc1/source:/opt/rustwide/workdir:ro,Z" "-v" "/var/lib/crater-agent-workspace/cargo-home:/opt/rustwide/cargo-home:ro,Z" "-v" "/var/lib/crater-agent-workspace/rustup-home:/opt/rustwide/rustup-home:ro,Z" "-e" "SOURCE_DIR=/opt/rustwide/workdir" "-e" "CARGO_TARGET_DIR=/opt/rustwide/target" "-e" "CARGO_INCREMENTAL=0" "-e" "RUST_BACKTRACE=full" "-e" "RUSTFLAGS=--cap-lints=forbid" "-e" "RUSTDOCFLAGS=--cap-lints=forbid" "-e" "CARGO_HOME=/opt/rustwide/cargo-home" "-e" "RUSTUP_HOME=/opt/rustwide/rustup-home" "-w" "/opt/rustwide/workdir" "-m" "1610612736" "--user" "0:0" "--network" "none" "ghcr.io/rust-lang/crates-build-env/linux@sha256:4a844ea9eb2546a2d2c7022eacef16ef2e8229c7fbb2c7d4d55a9ceca922f72d" "/opt/rustwide/cargo-home/bin/cargo" "+nightly-2024-10-28" "test" "--frozen" "--no-run" "--message-format=json", kill_on_drop: false }`
[INFO] [stdout] 749d4a1f21e09721127f31813fb62687326ab04e842222b536bf81d0955ea618
[INFO] running `Command { std: "docker" "start" "-a" "749d4a1f21e09721127f31813fb62687326ab04e842222b536bf81d0955ea618", kill_on_drop: false }`
[INFO] [stderr]    Compiling falco_event_derive v0.2.0 (/opt/rustwide/workdir/falco_event_derive)
[INFO] [stderr]    Compiling falco_plugin_derive v0.2.0 (/opt/rustwide/workdir/falco_plugin_derive)
[INFO] [stderr]    Compiling arrayvec v0.5.2
[INFO] [stderr]    Compiling itertools v0.4.19
[INFO] [stderr]    Compiling falco_plugin_api v0.2.0 (/opt/rustwide/workdir/falco_plugin_api)
[INFO] [stderr]    Compiling hexdump v0.1.1
[INFO] [stderr]    Compiling falco_event v0.1.3 (/opt/rustwide/workdir/falco_event)
[INFO] [stderr]    Compiling falco_plugin v0.3.0 (/opt/rustwide/workdir/falco_plugin)
[INFO] [stderr]    Compiling falco_plugin_tests v0.1.0 (/opt/rustwide/workdir/falco_plugin_tests)
[INFO] [stderr]     Finished `test` profile [unoptimized + debuginfo] target(s) in 23.23s
[INFO] running `Command { std: "docker" "inspect" "749d4a1f21e09721127f31813fb62687326ab04e842222b536bf81d0955ea618", kill_on_drop: false }`
[INFO] running `Command { std: "docker" "rm" "-f" "749d4a1f21e09721127f31813fb62687326ab04e842222b536bf81d0955ea618", kill_on_drop: false }`
[INFO] [stdout] 749d4a1f21e09721127f31813fb62687326ab04e842222b536bf81d0955ea618
[INFO] running `Command { std: "docker" "create" "-v" "/var/lib/crater-agent-workspace/builds/worker-4-tc1/target:/opt/rustwide/target:rw,Z" "-v" "/var/lib/crater-agent-workspace/builds/worker-4-tc1/source:/opt/rustwide/workdir:ro,Z" "-v" "/var/lib/crater-agent-workspace/cargo-home:/opt/rustwide/cargo-home:ro,Z" "-v" "/var/lib/crater-agent-workspace/rustup-home:/opt/rustwide/rustup-home:ro,Z" "-e" "SOURCE_DIR=/opt/rustwide/workdir" "-e" "CARGO_TARGET_DIR=/opt/rustwide/target" "-e" "CARGO_INCREMENTAL=0" "-e" "RUST_BACKTRACE=full" "-e" "RUSTFLAGS=--cap-lints=forbid" "-e" "RUSTDOCFLAGS=--cap-lints=forbid" "-e" "CARGO_HOME=/opt/rustwide/cargo-home" "-e" "RUSTUP_HOME=/opt/rustwide/rustup-home" "-w" "/opt/rustwide/workdir" "-m" "1610612736" "--user" "0:0" "--network" "none" "ghcr.io/rust-lang/crates-build-env/linux@sha256:4a844ea9eb2546a2d2c7022eacef16ef2e8229c7fbb2c7d4d55a9ceca922f72d" "/opt/rustwide/cargo-home/bin/cargo" "+nightly-2024-10-28" "test" "--frozen", kill_on_drop: false }`
[INFO] [stdout] 80fc045ebb79328d00bcd3adcfe1575e35273821f1ce4aa4c1deccf4f9bb8595
[INFO] running `Command { std: "docker" "start" "-a" "80fc045ebb79328d00bcd3adcfe1575e35273821f1ce4aa4c1deccf4f9bb8595", kill_on_drop: false }`
[INFO] [stderr]     Finished `test` profile [unoptimized + debuginfo] target(s) in 0.12s
[INFO] [stderr]      Running unittests src/lib.rs (/opt/rustwide/target/debug/deps/falco_event-7da4bc71bf13e6a7)
[INFO] [stdout] 
[INFO] [stdout] running 26 tests
[INFO] [stdout] test ffi::bindgen_test_layout___fsid_t ... ok
[INFO] [stdout] test ffi::bindgen_test_layout_ppm_autofill_arg ... ok
[INFO] [stdout] test ffi::bindgen_test_layout_ppm_event_entry ... ok
[INFO] [stdout] test ffi::bindgen_test_layout_ppm_event_info ... ok
[INFO] [stdout] test ffi::bindgen_test_layout_ppm_evt_hdr ... ok
[INFO] [stdout] test ffi::bindgen_test_layout_ppm_name_value ... ok
[INFO] [stdout] test ffi::bindgen_test_layout_ppm_param_info ... ok
[INFO] [stdout] test ffi::bindgen_test_layout_ppm_proc_info ... ok
[INFO] [stdout] test ffi::bindgen_test_layout_ppm_proclist_info ... ok
[INFO] [stdout] test ffi::bindgen_test_layout_syscall_evt_pair ... ok
[INFO] [stdout] test types::bytebuf::tests::test_bytebuf ... ok
[INFO] [stdout] test types::net::ipv6addr::tests::test_ipv6_addr ... ok
[INFO] [stdout] test types::fd_list::tests::test_fd_list ... ok
[INFO] [stdout] test types::net::socktuple::tests::test_socktuple_ipv4 ... ok
[INFO] [stdout] test types::bytebuf::tests::test_bytebuf_inner_nul ... ok
[INFO] [stdout] test types::net::ipv4addr::tests::test_ipv6_addr ... ok
[INFO] [stdout] test types::net::socktuple::tests::test_socktuple_ipv6 ... ok
[INFO] [stdout] test types::path::absolute_path::tests::test_absolute_path ... ok
[INFO] [stdout] test types::net::socktuple::tests::test_socktuple_unix ... ok
[INFO] [stdout] test types::string::cstr::tests::test_cstr ... ok
[INFO] [stdout] test types::string::cstr_array::tests::test_str_array ... ok
[INFO] [stdout] test types::path::relative_path::tests::test_relative_path ... ok
[INFO] [stdout] test types::string::cstr_array::tests::test_str_array_with_empty_strings ... ok
[INFO] [stdout] test types::string::cstr_pair_array::tests::test_str_pair_array ... ok
[INFO] [stdout] test types::string::cstr_pair_array::tests::test_str_pair_array_odd ... ok
[INFO] [stdout] test types::string::cstr_array::tests::test_str_empty_array ... ok
[INFO] [stdout] 
[INFO] [stdout] test result: ok. 26 passed; 0 failed; 0 ignored; 0 measured; 0 filtered out; finished in 0.00s
[INFO] [stdout] 
[INFO] [stderr]      Running unittests src/lib.rs (/opt/rustwide/target/debug/deps/falco_event_derive-541eb462d8dc874a)
[INFO] [stdout] 
[INFO] [stdout] running 0 tests
[INFO] [stdout] 
[INFO] [stdout] test result: ok. 0 passed; 0 failed; 0 ignored; 0 measured; 0 filtered out; finished in 0.00s
[INFO] [stdout] 
[INFO] [stderr]      Running unittests src/lib.rs (/opt/rustwide/target/debug/deps/falco_plugin-5d501154e6a913a6)
[INFO] [stdout] 
[INFO] [stdout] running 9 tests
[INFO] [stdout] test strings::cstring_writer::tests::test_invalid_store ... ok
[INFO] [stdout] test strings::cstring_writer::tests::test_invalid_write_into ... ok
[INFO] [stdout] test strings::cstring_writer::tests::test_valid_store ... ok
[INFO] [stdout] test strings::cstring_writer::tests::test_valid_write_into ... ok
[INFO] [stdout] test strings::from_ptr::tests::test_invalid_utf8 ... ok
[INFO] [stdout] test strings::from_ptr::tests::test_null ... ok
[INFO] [stdout] test strings::from_ptr::tests::test_valid ... ok
[INFO] [stdout] test plugin::async_event::background_task::tests::test_spawn ... ok
[INFO] [stdout] test plugin::async_event::background_task::tests::test_stop_request ... ok
[INFO] [stdout] 
[INFO] [stdout] test result: ok. 9 passed; 0 failed; 0 ignored; 0 measured; 0 filtered out; finished in 0.45s
[INFO] [stdout] 
[INFO] [stderr]      Running unittests src/lib.rs (/opt/rustwide/target/debug/deps/falco_plugin_api-a6c87a46b94035f0)
[INFO] [stdout] 
[INFO] [stdout] running 32 tests
[INFO] [stdout] test ffi::bindgen_test_layout_plugin_api ... ok
[INFO] [stdout] test ffi::bindgen_test_layout_plugin_api__bindgen_ty_2 ... ok
[INFO] [stdout] test ffi::bindgen_test_layout_plugin_api__bindgen_ty_4 ... ok
[INFO] [stdout] test ffi::bindgen_test_layout_plugin_api__bindgen_ty_5 ... ok
[INFO] [stdout] test ffi::bindgen_test_layout_plugin_api__bindgen_ty_3 ... ok
[INFO] [stdout] test ffi::bindgen_test_layout_ss_plugin_byte_buffer ... ok
[INFO] [stdout] test ffi::bindgen_test_layout_ss_plugin_event ... ok
[INFO] [stdout] test ffi::bindgen_test_layout_ss_plugin_event_input ... ok
[INFO] [stdout] test ffi::bindgen_test_layout_ss_plugin_event_parse_input ... ok
[INFO] [stdout] test ffi::bindgen_test_layout_ss_plugin_extract_field ... ok
[INFO] [stdout] test ffi::bindgen_test_layout_ss_plugin_extract_field__bindgen_ty_1 ... ok
[INFO] [stdout] test ffi::bindgen_test_layout_ss_plugin_capture_listen_input ... ok
[INFO] [stdout] test ffi::bindgen_test_layout_ss_plugin_metric ... ok
[INFO] [stdout] test ffi::bindgen_test_layout_ss_plugin_metric_value ... ok
[INFO] [stdout] test ffi::bindgen_test_layout_ss_plugin_field_extract_input ... ok
[INFO] [stdout] test ffi::bindgen_test_layout_ss_plugin_init_input ... ok
[INFO] [stdout] test ffi::bindgen_test_layout_ss_plugin_init_tables_input ... ok
[INFO] [stdout] test ffi::bindgen_test_layout_ss_plugin_routine_vtable ... ok
[INFO] [stdout] test ffi::bindgen_test_layout___fsid_t ... ok
[INFO] [stdout] test ffi::bindgen_test_layout_plugin_api__bindgen_ty_1 ... ok
[INFO] [stdout] test ffi::bindgen_test_layout_ss_plugin_set_config_input ... ok
[INFO] [stdout] test ffi::bindgen_test_layout_ss_plugin_state_data ... ok
[INFO] [stdout] test ffi::bindgen_test_layout_ss_plugin_table_fields_vtable ... ok
[INFO] [stdout] test ffi::bindgen_test_layout_ss_plugin_table_info ... ok
[INFO] [stdout] test ffi::bindgen_test_layout_ss_plugin_table_reader_vtable ... ok
[INFO] [stdout] test ffi::bindgen_test_layout_ss_plugin_table_fieldinfo ... ok
[INFO] [stdout] test ffi::bindgen_test_layout_ss_plugin_table_writer_vtable ... ok
[INFO] [stdout] test ffi::bindgen_test_layout_ss_plugin_table_input ... ok
[INFO] [stdout] test ffi::bindgen_test_layout_ss_plugin_table_fields_vtable_ext ... ok
[INFO] [stdout] test ffi::bindgen_test_layout_ss_plugin_table_reader_vtable_ext ... ok
[INFO] [stdout] test ffi::bindgen_test_layout_ss_plugin_table_writer_vtable_ext ... ok
[INFO] [stdout] test ffi::bindgen_test_layout_imaxdiv_t ... ok
[INFO] [stdout] 
[INFO] [stdout] test result: ok. 32 passed; 0 failed; 0 ignored; 0 measured; 0 filtered out; finished in 0.00s
[INFO] [stdout] 
[INFO] [stderr]      Running unittests src/lib.rs (/opt/rustwide/target/debug/deps/falco_plugin_derive-79e4191299923336)
[INFO] [stdout] 
[INFO] [stdout] running 0 tests
[INFO] [stdout] 
[INFO] [stdout] test result: ok. 0 passed; 0 failed; 0 ignored; 0 measured; 0 filtered out; finished in 0.00s
[INFO] [stdout] 
[INFO] [stderr]      Running unittests src/lib.rs (/opt/rustwide/target/debug/deps/falco_plugin_tests-ec64f11cfa2be4ff)
[INFO] [stdout] 
[INFO] [stdout] running 2 tests
[INFO] [stdout] test tests::compile_test ... ok
[INFO] [stdout] test tests::register_null_plugin ... ok
[INFO] [stdout] 
[INFO] [stdout] test result: ok. 2 passed; 0 failed; 0 ignored; 0 measured; 0 filtered out; finished in 0.00s
[INFO] [stdout] 
[INFO] [stderr]      Running tests/async.rs (/opt/rustwide/target/debug/deps/async-00bc899e68cfa341)
[INFO] [stdout] 
[INFO] [stdout] running 1 test
[INFO] [stdout] test tests::test_async ... FAILED
[INFO] [stdout] 
[INFO] [stdout] failures:
[INFO] [stdout] 
[INFO] [stdout] ---- tests::test_async stdout ----
[INFO] [stdout] thread 'tests::test_async' panicked at falco_plugin_tests/tests/async.rs:115:75:
[INFO] [stdout] called `Result::unwrap()` on an `Err` value: not implemented
[INFO] [stdout] 
[INFO] [stdout] Stack backtrace:
[INFO] [stdout]    0: anyhow::error::<impl anyhow::Error>::msg
[INFO] [stdout]              at /opt/rustwide/cargo-home/registry/src/index.crates.io-6f17d22bba15001f/anyhow-1.0.88/src/backtrace.rs:27:14
[INFO] [stdout]    1: anyhow::__private::format_err
[INFO] [stdout]              at /opt/rustwide/cargo-home/registry/src/index.crates.io-6f17d22bba15001f/anyhow-1.0.88/src/lib.rs:690:13
[INFO] [stdout]    2: falco_plugin_tests::fallback::SinspTestDriver<falco_plugin_tests::common::CaptureNotStarted>::register_plugin
[INFO] [stdout]              at ./src/fallback.rs:31:9
[INFO] [stdout]    3: falco_plugin_tests::init_plugin
[INFO] [stdout]              at ./src/lib.rs:27:18
[INFO] [stdout]    4: async::tests::test_async
[INFO] [stdout]              at ./tests/async.rs:115:33
[INFO] [stdout]    5: async::tests::test_async::{{closure}}
[INFO] [stdout]              at ./tests/async.rs:114:20
[INFO] [stdout]    6: core::ops::function::FnOnce::call_once
[INFO] [stdout]              at /rustc/df4ca44d3fbc9301ee17f30f4d474e6ae4b05252/library/core/src/ops/function.rs:250:5
[INFO] [stdout]    7: core::ops::function::FnOnce::call_once
[INFO] [stdout]              at /rustc/df4ca44d3fbc9301ee17f30f4d474e6ae4b05252/library/core/src/ops/function.rs:250:5
[INFO] [stdout]    8: test::__rust_begin_short_backtrace
[INFO] [stdout]              at /rustc/df4ca44d3fbc9301ee17f30f4d474e6ae4b05252/library/test/src/lib.rs:621:18
[INFO] [stdout]    9: test::run_test_in_process::{{closure}}
[INFO] [stdout]              at /rustc/df4ca44d3fbc9301ee17f30f4d474e6ae4b05252/library/test/src/lib.rs:644:60
[INFO] [stdout]   10: <core::panic::unwind_safe::AssertUnwindSafe<F> as core::ops::function::FnOnce<()>>::call_once
[INFO] [stdout]              at /rustc/df4ca44d3fbc9301ee17f30f4d474e6ae4b05252/library/core/src/panic/unwind_safe.rs:272:9
[INFO] [stdout]   11: std::panicking::try::do_call
[INFO] [stdout]              at /rustc/df4ca44d3fbc9301ee17f30f4d474e6ae4b05252/library/std/src/panicking.rs:557:40
[INFO] [stdout]   12: std::panicking::try
[INFO] [stdout]              at /rustc/df4ca44d3fbc9301ee17f30f4d474e6ae4b05252/library/std/src/panicking.rs:520:19
[INFO] [stdout]   13: std::panic::catch_unwind
[INFO] [stdout]              at /rustc/df4ca44d3fbc9301ee17f30f4d474e6ae4b05252/library/std/src/panic.rs:358:14
[INFO] [stdout]   14: test::run_test_in_process
[INFO] [stdout]              at /rustc/df4ca44d3fbc9301ee17f30f4d474e6ae4b05252/library/test/src/lib.rs:644:27
[INFO] [stdout]   15: test::run_test::{{closure}}
[INFO] [stdout]              at /rustc/df4ca44d3fbc9301ee17f30f4d474e6ae4b05252/library/test/src/lib.rs:565:43
[INFO] [stdout]   16: test::run_test::{{closure}}
[INFO] [stdout]              at /rustc/df4ca44d3fbc9301ee17f30f4d474e6ae4b05252/library/test/src/lib.rs:595:41
[INFO] [stdout]   17: std::sys::backtrace::__rust_begin_short_backtrace
[INFO] [stdout]              at /rustc/df4ca44d3fbc9301ee17f30f4d474e6ae4b05252/library/std/src/sys/backtrace.rs:154:18
[INFO] [stdout]   18: std::thread::Builder::spawn_unchecked_::{{closure}}::{{closure}}
[INFO] [stdout]              at /rustc/df4ca44d3fbc9301ee17f30f4d474e6ae4b05252/library/std/src/thread/mod.rs:541:17
[INFO] [stdout]   19: <core::panic::unwind_safe::AssertUnwindSafe<F> as core::ops::function::FnOnce<()>>::call_once
[INFO] [stdout]              at /rustc/df4ca44d3fbc9301ee17f30f4d474e6ae4b05252/library/core/src/panic/unwind_safe.rs:272:9
[INFO] [stdout]   20: std::panicking::try::do_call
[INFO] [stdout]              at /rustc/df4ca44d3fbc9301ee17f30f4d474e6ae4b05252/library/std/src/panicking.rs:557:40
[INFO] [stdout]   21: std::panicking::try
[INFO] [stdout]              at /rustc/df4ca44d3fbc9301ee17f30f4d474e6ae4b05252/library/std/src/panicking.rs:520:19
[INFO] [stdout]   22: std::panic::catch_unwind
[INFO] [stdout]              at /rustc/df4ca44d3fbc9301ee17f30f4d474e6ae4b05252/library/std/src/panic.rs:358:14
[INFO] [stdout]   23: std::thread::Builder::spawn_unchecked_::{{closure}}
[INFO] [stdout]              at /rustc/df4ca44d3fbc9301ee17f30f4d474e6ae4b05252/library/std/src/thread/mod.rs:540:30
[INFO] [stdout]   24: core::ops::function::FnOnce::call_once{{vtable.shim}}
[INFO] [stdout]              at /rustc/df4ca44d3fbc9301ee17f30f4d474e6ae4b05252/library/core/src/ops/function.rs:250:5
[INFO] [stdout]   25: <alloc::boxed::Box<F,A> as core::ops::function::FnOnce<Args>>::call_once
[INFO] [stdout]              at /rustc/df4ca44d3fbc9301ee17f30f4d474e6ae4b05252/library/alloc/src/boxed.rs:2454:9
[INFO] [stdout]   26: <alloc::boxed::Box<F,A> as core::ops::function::FnOnce<Args>>::call_once
[INFO] [stdout]              at /rustc/df4ca44d3fbc9301ee17f30f4d474e6ae4b05252/library/alloc/src/boxed.rs:2454:9
[INFO] [stdout]   27: std::sys::pal::unix::thread::Thread::new::thread_start
[INFO] [stdout]              at /rustc/df4ca44d3fbc9301ee17f30f4d474e6ae4b05252/library/std/src/sys/pal/unix/thread.rs:105:17
[INFO] [stdout]   28: <unknown>
[INFO] [stdout]   29: clone
[INFO] [stdout] stack backtrace:
[INFO] [stdout]    0:     0x57f514aff46a - std::backtrace_rs::backtrace::libunwind::trace::h207520d6e9873551
[INFO] [stdout]                                at /rustc/df4ca44d3fbc9301ee17f30f4d474e6ae4b05252/library/std/src/../../backtrace/src/backtrace/libunwind.rs:116:5
[INFO] [stdout]    1:     0x57f514aff46a - std::backtrace_rs::backtrace::trace_unsynchronized::h2ed7433f370e3eca
[INFO] [stdout]                                at /rustc/df4ca44d3fbc9301ee17f30f4d474e6ae4b05252/library/std/src/../../backtrace/src/backtrace/mod.rs:66:5
[INFO] [stdout]    2:     0x57f514aff46a - std::sys::backtrace::_print_fmt::h916fac51166b18d7
[INFO] [stdout]                                at /rustc/df4ca44d3fbc9301ee17f30f4d474e6ae4b05252/library/std/src/sys/backtrace.rs:66:9
[INFO] [stdout]    3:     0x57f514aff46a - <std::sys::backtrace::BacktraceLock::print::DisplayBacktrace as core::fmt::Display>::fmt::ha0a4c9b8ce3802e6
[INFO] [stdout]                                at /rustc/df4ca44d3fbc9301ee17f30f4d474e6ae4b05252/library/std/src/sys/backtrace.rs:39:26
[INFO] [stdout]    4:     0x57f514b26363 - core::fmt::rt::Argument::fmt::h4cfc8587d52b3eb5
[INFO] [stdout]                                at /rustc/df4ca44d3fbc9301ee17f30f4d474e6ae4b05252/library/core/src/fmt/rt.rs:177:76
[INFO] [stdout]    5:     0x57f514b26363 - core::fmt::write::h522cc39e5b36ae9f
[INFO] [stdout]                                at /rustc/df4ca44d3fbc9301ee17f30f4d474e6ae4b05252/library/core/src/fmt/mod.rs:1190:21
[INFO] [stdout]    6:     0x57f514afbec3 - std::io::Write::write_fmt::h7d3c26752da97734
[INFO] [stdout]                                at /rustc/df4ca44d3fbc9301ee17f30f4d474e6ae4b05252/library/std/src/io/mod.rs:1839:15
[INFO] [stdout]    7:     0x57f514aff2b2 - std::sys::backtrace::BacktraceLock::print::h4b9e00b29e9c0942
[INFO] [stdout]                                at /rustc/df4ca44d3fbc9301ee17f30f4d474e6ae4b05252/library/std/src/sys/backtrace.rs:42:9
[INFO] [stdout]    8:     0x57f514b008fa - std::panicking::default_hook::{{closure}}::hb59b88280d0324d9
[INFO] [stdout]                                at /rustc/df4ca44d3fbc9301ee17f30f4d474e6ae4b05252/library/std/src/panicking.rs:268:22
[INFO] [stdout]    9:     0x57f514b00704 - std::panicking::default_hook::he1dd496665be4a29
[INFO] [stdout]                                at /rustc/df4ca44d3fbc9301ee17f30f4d474e6ae4b05252/library/std/src/panicking.rs:292:9
[INFO] [stdout]   10:     0x57f514a9a769 - <alloc::boxed::Box<F,A> as core::ops::function::Fn<Args>>::call::h4ff71de18744e1dc
[INFO] [stdout]                                at /rustc/df4ca44d3fbc9301ee17f30f4d474e6ae4b05252/library/alloc/src/boxed.rs:2468:9
[INFO] [stdout]   11:     0x57f514a9a769 - test::test_main::{{closure}}::hcf7c055ce117aa81
[INFO] [stdout]                                at /rustc/df4ca44d3fbc9301ee17f30f4d474e6ae4b05252/library/test/src/lib.rs:133:21
[INFO] [stdout]   12:     0x57f514b00ff8 - <alloc::boxed::Box<F,A> as core::ops::function::Fn<Args>>::call::h1d66c6bbd60c9692
[INFO] [stdout]                                at /rustc/df4ca44d3fbc9301ee17f30f4d474e6ae4b05252/library/alloc/src/boxed.rs:2468:9
[INFO] [stdout]   13:     0x57f514b00ff8 - std::panicking::rust_panic_with_hook::h2ff17fe8f26dfcf8
[INFO] [stdout]                                at /rustc/df4ca44d3fbc9301ee17f30f4d474e6ae4b05252/library/std/src/panicking.rs:809:13
[INFO] [stdout]   14:     0x57f514b00dba - std::panicking::begin_panic_handler::{{closure}}::h4fad77951c07e101
[INFO] [stdout]                                at /rustc/df4ca44d3fbc9301ee17f30f4d474e6ae4b05252/library/std/src/panicking.rs:674:13
[INFO] [stdout]   15:     0x57f514aff949 - std::sys::backtrace::__rust_end_short_backtrace::hb1a25b3da5d0ea08
[INFO] [stdout]                                at /rustc/df4ca44d3fbc9301ee17f30f4d474e6ae4b05252/library/std/src/sys/backtrace.rs:170:18
[INFO] [stdout]   16:     0x57f514b00a4c - rust_begin_unwind
[INFO] [stdout]                                at /rustc/df4ca44d3fbc9301ee17f30f4d474e6ae4b05252/library/std/src/panicking.rs:665:5
[INFO] [stdout]   17:     0x57f514b24d60 - core::panicking::panic_fmt::ha9db07b529f9b256
[INFO] [stdout]                                at /rustc/df4ca44d3fbc9301ee17f30f4d474e6ae4b05252/library/core/src/panicking.rs:75:14
[INFO] [stdout]   18:     0x57f514b251a6 - core::result::unwrap_failed::h5e8218e4d4338b8a
[INFO] [stdout]                                at /rustc/df4ca44d3fbc9301ee17f30f4d474e6ae4b05252/library/core/src/result.rs:1698:5
[INFO] [stdout]   19:     0x57f514a55bbe - core::result::Result<T,E>::unwrap::hc7922d6d4f8f338c
[INFO] [stdout]                                at /rustc/df4ca44d3fbc9301ee17f30f4d474e6ae4b05252/library/core/src/result.rs:1103:23
[INFO] [stdout]   20:     0x57f514a55bbe - async::tests::test_async::hec0a212ee16bfe5e
[INFO] [stdout]                                at /opt/rustwide/workdir/falco_plugin_tests/tests/async.rs:115:33
[INFO] [stdout]   21:     0x57f514a55b17 - async::tests::test_async::{{closure}}::h975261c4070fa790
[INFO] [stdout]                                at /opt/rustwide/workdir/falco_plugin_tests/tests/async.rs:114:20
[INFO] [stdout]   22:     0x57f514a4c086 - core::ops::function::FnOnce::call_once::hfcc81aa05cc3b572
[INFO] [stdout]                                at /rustc/df4ca44d3fbc9301ee17f30f4d474e6ae4b05252/library/core/src/ops/function.rs:250:5
[INFO] [stdout]   23:     0x57f514a9f03b - core::ops::function::FnOnce::call_once::h22c3ba5715e93f05
[INFO] [stdout]                                at /rustc/df4ca44d3fbc9301ee17f30f4d474e6ae4b05252/library/core/src/ops/function.rs:250:5
[INFO] [stdout]   24:     0x57f514a9f03b - test::__rust_begin_short_backtrace::h8e82d8113d0da17f
[INFO] [stdout]                                at /rustc/df4ca44d3fbc9301ee17f30f4d474e6ae4b05252/library/test/src/lib.rs:621:18
[INFO] [stdout]   25:     0x57f514a9e9b7 - test::run_test_in_process::{{closure}}::h33235f4f20b7b7c7
[INFO] [stdout]                                at /rustc/df4ca44d3fbc9301ee17f30f4d474e6ae4b05252/library/test/src/lib.rs:644:60
[INFO] [stdout]   26:     0x57f514a9e9b7 - <core::panic::unwind_safe::AssertUnwindSafe<F> as core::ops::function::FnOnce<()>>::call_once::hb5043206310c586f
[INFO] [stdout]                                at /rustc/df4ca44d3fbc9301ee17f30f4d474e6ae4b05252/library/core/src/panic/unwind_safe.rs:272:9
[INFO] [stdout]   27:     0x57f514a9e9b7 - std::panicking::try::do_call::h9ad4731a60ab23e2
[INFO] [stdout]                                at /rustc/df4ca44d3fbc9301ee17f30f4d474e6ae4b05252/library/std/src/panicking.rs:557:40
[INFO] [stdout]   28:     0x57f514a9e9b7 - std::panicking::try::h3824d23db772a716
[INFO] [stdout]                                at /rustc/df4ca44d3fbc9301ee17f30f4d474e6ae4b05252/library/std/src/panicking.rs:520:19
[INFO] [stdout]   29:     0x57f514a9e9b7 - std::panic::catch_unwind::h5afd514605fde46b
[INFO] [stdout]                                at /rustc/df4ca44d3fbc9301ee17f30f4d474e6ae4b05252/library/std/src/panic.rs:358:14
[INFO] [stdout]   30:     0x57f514a9e9b7 - test::run_test_in_process::h0d5cbfa7067d1720
[INFO] [stdout]                                at /rustc/df4ca44d3fbc9301ee17f30f4d474e6ae4b05252/library/test/src/lib.rs:644:27
[INFO] [stdout]   31:     0x57f514a9e9b7 - test::run_test::{{closure}}::h708eb8872708115d
[INFO] [stdout]                                at /rustc/df4ca44d3fbc9301ee17f30f4d474e6ae4b05252/library/test/src/lib.rs:565:43
[INFO] [stdout]   32:     0x57f514a620d4 - test::run_test::{{closure}}::h392c51cee94713ab
[INFO] [stdout]                                at /rustc/df4ca44d3fbc9301ee17f30f4d474e6ae4b05252/library/test/src/lib.rs:595:41
[INFO] [stdout]   33:     0x57f514a620d4 - std::sys::backtrace::__rust_begin_short_backtrace::h2f40290710935a8b
[INFO] [stdout]                                at /rustc/df4ca44d3fbc9301ee17f30f4d474e6ae4b05252/library/std/src/sys/backtrace.rs:154:18
[INFO] [stdout]   34:     0x57f514a6587e - std::thread::Builder::spawn_unchecked_::{{closure}}::{{closure}}::h3fd968d89053a903
[INFO] [stdout]                                at /rustc/df4ca44d3fbc9301ee17f30f4d474e6ae4b05252/library/std/src/thread/mod.rs:541:17
[INFO] [stdout]   35:     0x57f514a6587e - <core::panic::unwind_safe::AssertUnwindSafe<F> as core::ops::function::FnOnce<()>>::call_once::h743f637ba4229880
[INFO] [stdout]                                at /rustc/df4ca44d3fbc9301ee17f30f4d474e6ae4b05252/library/core/src/panic/unwind_safe.rs:272:9
[INFO] [stdout]   36:     0x57f514a6587e - std::panicking::try::do_call::h07440897322525a6
[INFO] [stdout]                                at /rustc/df4ca44d3fbc9301ee17f30f4d474e6ae4b05252/library/std/src/panicking.rs:557:40
[INFO] [stdout]   37:     0x57f514a6587e - std::panicking::try::he5a2e00188156637
[INFO] [stdout]                                at /rustc/df4ca44d3fbc9301ee17f30f4d474e6ae4b05252/library/std/src/panicking.rs:520:19
[INFO] [stdout]   38:     0x57f514a6587e - std::panic::catch_unwind::hbaf3cae49b3c6433
[INFO] [stdout]                                at /rustc/df4ca44d3fbc9301ee17f30f4d474e6ae4b05252/library/std/src/panic.rs:358:14
[INFO] [stdout]   39:     0x57f514a6587e - std::thread::Builder::spawn_unchecked_::{{closure}}::h8e141ea224820bce
[INFO] [stdout]                                at /rustc/df4ca44d3fbc9301ee17f30f4d474e6ae4b05252/library/std/src/thread/mod.rs:540:30
[INFO] [stdout]   40:     0x57f514a6587e - core::ops::function::FnOnce::call_once{{vtable.shim}}::h90d312fedd7b8ea8
[INFO] [stdout]                                at /rustc/df4ca44d3fbc9301ee17f30f4d474e6ae4b05252/library/core/src/ops/function.rs:250:5
[INFO] [stdout]   41:     0x57f514b04eeb - <alloc::boxed::Box<F,A> as core::ops::function::FnOnce<Args>>::call_once::h69aa08ddb6adb8b6
[INFO] [stdout]                                at /rustc/df4ca44d3fbc9301ee17f30f4d474e6ae4b05252/library/alloc/src/boxed.rs:2454:9
[INFO] [stdout]   42:     0x57f514b04eeb - <alloc::boxed::Box<F,A> as core::ops::function::FnOnce<Args>>::call_once::h5aa36efdb79c806f
[INFO] [stdout]                                at /rustc/df4ca44d3fbc9301ee17f30f4d474e6ae4b05252/library/alloc/src/boxed.rs:2454:9
[INFO] [stdout]   43:     0x57f514b04eeb - std::sys::pal::unix::thread::Thread::new::thread_start::h6cd80a1b4be5158d
[INFO] [stdout]                                at /rustc/df4ca44d3fbc9301ee17f30f4d474e6ae4b05252/library/std/src/sys/pal/unix/thread.rs:105:17
[INFO] [stdout]   44:     0x78f694012ac3 - <unknown>
[INFO] [stdout]   45:     0x78f6940a3a04 - clone
[INFO] [stdout]   46:                0x0 - <unknown>
[INFO] [stdout] 
[INFO] [stdout] 
[INFO] [stdout] failures:
[INFO] [stdout]     tests::test_async
[INFO] [stdout] 
[INFO] [stdout] test result: FAILED. 0 passed; 1 failed; 0 ignored; 0 measured; 0 filtered out; finished in 0.05s
[INFO] [stdout] 
[INFO] [stderr] error: test failed, to rerun pass `-p falco_plugin_tests --test async`
[INFO] running `Command { std: "docker" "inspect" "80fc045ebb79328d00bcd3adcfe1575e35273821f1ce4aa4c1deccf4f9bb8595", kill_on_drop: false }`
[INFO] running `Command { std: "docker" "rm" "-f" "80fc045ebb79328d00bcd3adcfe1575e35273821f1ce4aa4c1deccf4f9bb8595", kill_on_drop: false }`
[INFO] [stdout] 80fc045ebb79328d00bcd3adcfe1575e35273821f1ce4aa4c1deccf4f9bb8595
