[INFO] cloning repository https://github.com/glazari/mylang
[INFO] running `Command { std: "git" "-c" "credential.helper=" "-c" "credential.helper=/workspace/cargo-home/bin/git-credential-null" "clone" "--bare" "https://github.com/glazari/mylang" "/workspace/cache/git-repos/https%3A%2F%2Fgithub.com%2Fglazari%2Fmylang", kill_on_drop: false }`
[INFO] [stderr] Cloning into bare repository '/workspace/cache/git-repos/https%3A%2F%2Fgithub.com%2Fglazari%2Fmylang'...
[INFO] running `Command { std: "git" "rev-parse" "HEAD", kill_on_drop: false }`
[INFO] [stdout] c64bd07597ef2ef79d4c75a5969574f786c10421
[INFO] testing glazari/mylang/c64bd07597ef2ef79d4c75a5969574f786c10421 against nightly-2024-10-28 for randomize-layout
[INFO] running `Command { std: "git" "clone" "/workspace/cache/git-repos/https%3A%2F%2Fgithub.com%2Fglazari%2Fmylang" "/workspace/builds/worker-2-tc1/source", kill_on_drop: false }`
[INFO] [stderr] Cloning into '/workspace/builds/worker-2-tc1/source'...
[INFO] [stderr] done.
[INFO] validating manifest of git repo https://github.com/glazari/mylang on toolchain nightly-2024-10-28
[INFO] running `Command { std: CARGO_HOME="/workspace/cargo-home" RUSTUP_HOME="/workspace/rustup-home" "/workspace/cargo-home/bin/cargo" "+nightly-2024-10-28" "metadata" "--manifest-path" "Cargo.toml" "--no-deps", kill_on_drop: false }`
[INFO] started tweaking git repo https://github.com/glazari/mylang
[INFO] finished tweaking git repo https://github.com/glazari/mylang
[INFO] tweaked toml for git repo https://github.com/glazari/mylang written to /workspace/builds/worker-2-tc1/source/Cargo.toml
[INFO] crate git repo https://github.com/glazari/mylang already has a lockfile, it will not be regenerated
[INFO] running `Command { std: CARGO_HOME="/workspace/cargo-home" RUSTUP_HOME="/workspace/rustup-home" "/workspace/cargo-home/bin/cargo" "+nightly-2024-10-28" "fetch" "--manifest-path" "Cargo.toml", kill_on_drop: false }`
[INFO] running `Command { std: "docker" "create" "-v" "/var/lib/crater-agent-workspace/builds/worker-2-tc1/target:/opt/rustwide/target:rw,Z" "-v" "/var/lib/crater-agent-workspace/builds/worker-2-tc1/source:/opt/rustwide/workdir:ro,Z" "-v" "/var/lib/crater-agent-workspace/cargo-home:/opt/rustwide/cargo-home:ro,Z" "-v" "/var/lib/crater-agent-workspace/rustup-home:/opt/rustwide/rustup-home:ro,Z" "-e" "SOURCE_DIR=/opt/rustwide/workdir" "-e" "CARGO_TARGET_DIR=/opt/rustwide/target" "-e" "CARGO_HOME=/opt/rustwide/cargo-home" "-e" "RUSTUP_HOME=/opt/rustwide/rustup-home" "-w" "/opt/rustwide/workdir" "-m" "1610612736" "--user" "0:0" "--network" "none" "ghcr.io/rust-lang/crates-build-env/linux@sha256:4a844ea9eb2546a2d2c7022eacef16ef2e8229c7fbb2c7d4d55a9ceca922f72d" "/opt/rustwide/cargo-home/bin/cargo" "+nightly-2024-10-28" "metadata" "--no-deps" "--format-version=1", kill_on_drop: false }`
[INFO] [stdout] 2664da726db3b8f75f1379b02f844faabe4ba51026b9c99dd9b27dfb97fb832d
[INFO] running `Command { std: "docker" "start" "-a" "2664da726db3b8f75f1379b02f844faabe4ba51026b9c99dd9b27dfb97fb832d", kill_on_drop: false }`
[INFO] running `Command { std: "docker" "inspect" "2664da726db3b8f75f1379b02f844faabe4ba51026b9c99dd9b27dfb97fb832d", kill_on_drop: false }`
[INFO] running `Command { std: "docker" "rm" "-f" "2664da726db3b8f75f1379b02f844faabe4ba51026b9c99dd9b27dfb97fb832d", kill_on_drop: false }`
[INFO] [stdout] 2664da726db3b8f75f1379b02f844faabe4ba51026b9c99dd9b27dfb97fb832d
[INFO] running `Command { std: "docker" "create" "-v" "/var/lib/crater-agent-workspace/builds/worker-2-tc1/target:/opt/rustwide/target:rw,Z" "-v" "/var/lib/crater-agent-workspace/builds/worker-2-tc1/source:/opt/rustwide/workdir:ro,Z" "-v" "/var/lib/crater-agent-workspace/cargo-home:/opt/rustwide/cargo-home:ro,Z" "-v" "/var/lib/crater-agent-workspace/rustup-home:/opt/rustwide/rustup-home:ro,Z" "-e" "SOURCE_DIR=/opt/rustwide/workdir" "-e" "CARGO_TARGET_DIR=/opt/rustwide/target" "-e" "CARGO_INCREMENTAL=0" "-e" "RUST_BACKTRACE=full" "-e" "RUSTFLAGS=--cap-lints=forbid" "-e" "RUSTDOCFLAGS=--cap-lints=forbid" "-e" "CARGO_HOME=/opt/rustwide/cargo-home" "-e" "RUSTUP_HOME=/opt/rustwide/rustup-home" "-w" "/opt/rustwide/workdir" "-m" "1610612736" "--user" "0:0" "--network" "none" "ghcr.io/rust-lang/crates-build-env/linux@sha256:4a844ea9eb2546a2d2c7022eacef16ef2e8229c7fbb2c7d4d55a9ceca922f72d" "/opt/rustwide/cargo-home/bin/cargo" "+nightly-2024-10-28" "build" "--frozen" "--message-format=json", kill_on_drop: false }`
[INFO] [stdout] 3020c52ca8a15339b99ce6b41934d8538e87d413527fb8cc8dc102d36df9db91
[INFO] running `Command { std: "docker" "start" "-a" "3020c52ca8a15339b99ce6b41934d8538e87d413527fb8cc8dc102d36df9db91", kill_on_drop: false }`
[INFO] [stderr]    Compiling mylang v0.1.0 (/opt/rustwide/workdir)
[INFO] [stdout] warning: method `fi` is never used
[INFO] [stdout]    --> src/ast.rs:154:12
[INFO] [stdout]     |
[INFO] [stdout] 153 | impl Statement {
[INFO] [stdout]     | -------------- method in this implementation
[INFO] [stdout] 154 |     pub fn fi(&self) -> FI {
[INFO] [stdout]     |            ^^
[INFO] [stdout]     |
[INFO] [stdout]     = note: `#[warn(dead_code)]` on by default
[INFO] [stdout] 
[INFO] [stdout] 
[INFO] [stdout] warning: variant `Prefix` is never constructed
[INFO] [stdout]    --> src/parser.rs:460:5
[INFO] [stdout]     |
[INFO] [stdout] 455 | enum Precedence {
[INFO] [stdout]     |      ---------- variant in this enum
[INFO] [stdout] ...
[INFO] [stdout] 460 |     Prefix,
[INFO] [stdout]     |     ^^^^^^
[INFO] [stdout]     |
[INFO] [stdout]     = note: `Precedence` has a derived impl for the trait `Debug`, but this is intentionally ignored during dead code analysis
[INFO] [stdout] 
[INFO] [stdout] 
[INFO] [stderr]     Finished `dev` profile [unoptimized + debuginfo] target(s) in 0.39s
[INFO] running `Command { std: "docker" "inspect" "3020c52ca8a15339b99ce6b41934d8538e87d413527fb8cc8dc102d36df9db91", kill_on_drop: false }`
[INFO] running `Command { std: "docker" "rm" "-f" "3020c52ca8a15339b99ce6b41934d8538e87d413527fb8cc8dc102d36df9db91", kill_on_drop: false }`
[INFO] [stdout] 3020c52ca8a15339b99ce6b41934d8538e87d413527fb8cc8dc102d36df9db91
[INFO] running `Command { std: "docker" "create" "-v" "/var/lib/crater-agent-workspace/builds/worker-2-tc1/target:/opt/rustwide/target:rw,Z" "-v" "/var/lib/crater-agent-workspace/builds/worker-2-tc1/source:/opt/rustwide/workdir:ro,Z" "-v" "/var/lib/crater-agent-workspace/cargo-home:/opt/rustwide/cargo-home:ro,Z" "-v" "/var/lib/crater-agent-workspace/rustup-home:/opt/rustwide/rustup-home:ro,Z" "-e" "SOURCE_DIR=/opt/rustwide/workdir" "-e" "CARGO_TARGET_DIR=/opt/rustwide/target" "-e" "CARGO_INCREMENTAL=0" "-e" "RUST_BACKTRACE=full" "-e" "RUSTFLAGS=--cap-lints=forbid" "-e" "RUSTDOCFLAGS=--cap-lints=forbid" "-e" "CARGO_HOME=/opt/rustwide/cargo-home" "-e" "RUSTUP_HOME=/opt/rustwide/rustup-home" "-w" "/opt/rustwide/workdir" "-m" "1610612736" "--user" "0:0" "--network" "none" "ghcr.io/rust-lang/crates-build-env/linux@sha256:4a844ea9eb2546a2d2c7022eacef16ef2e8229c7fbb2c7d4d55a9ceca922f72d" "/opt/rustwide/cargo-home/bin/cargo" "+nightly-2024-10-28" "test" "--frozen" "--no-run" "--message-format=json", kill_on_drop: false }`
[INFO] [stdout] 9c2802366eeaf0ff8c7a0986d47dbd632793655bb7405d94ee1251f86ba89a6e
[INFO] running `Command { std: "docker" "start" "-a" "9c2802366eeaf0ff8c7a0986d47dbd632793655bb7405d94ee1251f86ba89a6e", kill_on_drop: false }`
[INFO] [stderr]    Compiling diff v0.1.13
[INFO] [stderr]    Compiling yansi v0.5.1
[INFO] [stderr]    Compiling pretty_assertions v1.4.0
[INFO] [stderr]    Compiling mylang v0.1.0 (/opt/rustwide/workdir)
[INFO] [stdout] warning: method `fi` is never used
[INFO] [stdout]    --> src/ast.rs:154:12
[INFO] [stdout]     |
[INFO] [stdout] 153 | impl Statement {
[INFO] [stdout]     | -------------- method in this implementation
[INFO] [stdout] 154 |     pub fn fi(&self) -> FI {
[INFO] [stdout]     |            ^^
[INFO] [stdout]     |
[INFO] [stdout]     = note: `#[warn(dead_code)]` on by default
[INFO] [stdout] 
[INFO] [stdout] 
[INFO] [stdout] warning: variant `Prefix` is never constructed
[INFO] [stdout]    --> src/parser.rs:460:5
[INFO] [stdout]     |
[INFO] [stdout] 455 | enum Precedence {
[INFO] [stdout]     |      ---------- variant in this enum
[INFO] [stdout] ...
[INFO] [stdout] 460 |     Prefix,
[INFO] [stdout]     |     ^^^^^^
[INFO] [stdout]     |
[INFO] [stdout]     = note: `Precedence` has a derived impl for the trait `Debug`, but this is intentionally ignored during dead code analysis
[INFO] [stdout] 
[INFO] [stdout] 
[INFO] [stderr]     Finished `test` profile [unoptimized + debuginfo] target(s) in 0.65s
[INFO] running `Command { std: "docker" "inspect" "9c2802366eeaf0ff8c7a0986d47dbd632793655bb7405d94ee1251f86ba89a6e", kill_on_drop: false }`
[INFO] running `Command { std: "docker" "rm" "-f" "9c2802366eeaf0ff8c7a0986d47dbd632793655bb7405d94ee1251f86ba89a6e", kill_on_drop: false }`
[INFO] [stdout] 9c2802366eeaf0ff8c7a0986d47dbd632793655bb7405d94ee1251f86ba89a6e
[INFO] running `Command { std: "docker" "create" "-v" "/var/lib/crater-agent-workspace/builds/worker-2-tc1/target:/opt/rustwide/target:rw,Z" "-v" "/var/lib/crater-agent-workspace/builds/worker-2-tc1/source:/opt/rustwide/workdir:ro,Z" "-v" "/var/lib/crater-agent-workspace/cargo-home:/opt/rustwide/cargo-home:ro,Z" "-v" "/var/lib/crater-agent-workspace/rustup-home:/opt/rustwide/rustup-home:ro,Z" "-e" "SOURCE_DIR=/opt/rustwide/workdir" "-e" "CARGO_TARGET_DIR=/opt/rustwide/target" "-e" "CARGO_INCREMENTAL=0" "-e" "RUST_BACKTRACE=full" "-e" "RUSTFLAGS=--cap-lints=forbid" "-e" "RUSTDOCFLAGS=--cap-lints=forbid" "-e" "CARGO_HOME=/opt/rustwide/cargo-home" "-e" "RUSTUP_HOME=/opt/rustwide/rustup-home" "-w" "/opt/rustwide/workdir" "-m" "1610612736" "--user" "0:0" "--network" "none" "ghcr.io/rust-lang/crates-build-env/linux@sha256:4a844ea9eb2546a2d2c7022eacef16ef2e8229c7fbb2c7d4d55a9ceca922f72d" "/opt/rustwide/cargo-home/bin/cargo" "+nightly-2024-10-28" "test" "--frozen", kill_on_drop: false }`
[INFO] [stdout] 508db12150ad7e1d4c39f593d933ec41a1b15c7ddec3e582319f3a93ef452484
[INFO] running `Command { std: "docker" "start" "-a" "508db12150ad7e1d4c39f593d933ec41a1b15c7ddec3e582319f3a93ef452484", kill_on_drop: false }`
[INFO] [stderr] warning: method `fi` is never used
[INFO] [stderr]    --> src/ast.rs:154:12
[INFO] [stderr]     |
[INFO] [stderr] 153 | impl Statement {
[INFO] [stderr]     | -------------- method in this implementation
[INFO] [stderr] 154 |     pub fn fi(&self) -> FI {
[INFO] [stderr]     |            ^^
[INFO] [stderr]     |
[INFO] [stderr]     = note: `#[warn(dead_code)]` on by default
[INFO] [stderr] 
[INFO] [stderr] warning: variant `Prefix` is never constructed
[INFO] [stderr]    --> src/parser.rs:460:5
[INFO] [stderr]     |
[INFO] [stderr] 455 | enum Precedence {
[INFO] [stderr]     |      ---------- variant in this enum
[INFO] [stderr] ...
[INFO] [stderr] 460 |     Prefix,
[INFO] [stderr]     |     ^^^^^^
[INFO] [stderr]     |
[INFO] [stderr]     = note: `Precedence` has a derived impl for the trait `Debug`, but this is intentionally ignored during dead code analysis
[INFO] [stderr] 
[INFO] [stderr] warning: `mylang` (bin "mylang" test) generated 2 warnings
[INFO] [stderr]     Finished `test` profile [unoptimized + debuginfo] target(s) in 0.00s
[INFO] [stderr]      Running unittests src/main.rs (/opt/rustwide/target/debug/deps/mylang-ee9b83a7c050640d)
[INFO] [stdout] 
[INFO] [stdout] running 12 tests
[INFO] [stdout] test checked_program::test::test_check_program_errors ... ok
[INFO] [stdout] test checked_program::test::test_type_mismatches ... ok
[INFO] [stdout] test file_info::test::test_underline_with_previous_non_white_on_other_line ... ok
[INFO] [stdout] test parser::test::test_parse_asm ... ok
[INFO] [stdout] test file_info::test::test_underline ... ok
[INFO] [stdout] test parser::test::test_parse_parameters ... ok
[INFO] [stdout] test parser::test::test_parse_expression ... ok
[INFO] [stdout] test parser::test::test_parse_program ... ok
[INFO] [stdout] test tokenizer::test::test_tokenize ... ok
[INFO] [stdout] test tokenizer::test::test_tokenize_comment ... ok
[INFO] [stdout] test tokenizer::test::test_tokenize_neq ... ok
[INFO] [stdout] test code_generation::tests::test_compile ... FAILED
[INFO] [stdout] 
[INFO] [stdout] failures:
[INFO] [stdout] 
[INFO] [stdout] ---- code_generation::tests::test_compile stdout ----
[INFO] [stdout] thread 'code_generation::tests::test_compile' panicked at src/code_generation.rs:370:43:
[INFO] [stdout] create failed: Os { code: 30, kind: ReadOnlyFilesystem, message: "Read-only file system" }
[INFO] [stdout] stack backtrace:
[INFO] [stdout]    0:     0x57a73e6dc62a - std::backtrace_rs::backtrace::libunwind::trace::h207520d6e9873551
[INFO] [stdout]                                at /rustc/df4ca44d3fbc9301ee17f30f4d474e6ae4b05252/library/std/src/../../backtrace/src/backtrace/libunwind.rs:116:5
[INFO] [stdout]    1:     0x57a73e6dc62a - std::backtrace_rs::backtrace::trace_unsynchronized::h2ed7433f370e3eca
[INFO] [stdout]                                at /rustc/df4ca44d3fbc9301ee17f30f4d474e6ae4b05252/library/std/src/../../backtrace/src/backtrace/mod.rs:66:5
[INFO] [stdout]    2:     0x57a73e6dc62a - std::sys::backtrace::_print_fmt::h916fac51166b18d7
[INFO] [stdout]                                at /rustc/df4ca44d3fbc9301ee17f30f4d474e6ae4b05252/library/std/src/sys/backtrace.rs:66:9
[INFO] [stdout]    3:     0x57a73e6dc62a - <std::sys::backtrace::BacktraceLock::print::DisplayBacktrace as core::fmt::Display>::fmt::ha0a4c9b8ce3802e6
[INFO] [stdout]                                at /rustc/df4ca44d3fbc9301ee17f30f4d474e6ae4b05252/library/std/src/sys/backtrace.rs:39:26
[INFO] [stdout]    4:     0x57a73e7033f3 - core::fmt::rt::Argument::fmt::h4cfc8587d52b3eb5
[INFO] [stdout]                                at /rustc/df4ca44d3fbc9301ee17f30f4d474e6ae4b05252/library/core/src/fmt/rt.rs:177:76
[INFO] [stdout]    5:     0x57a73e7033f3 - core::fmt::write::h522cc39e5b36ae9f
[INFO] [stdout]                                at /rustc/df4ca44d3fbc9301ee17f30f4d474e6ae4b05252/library/core/src/fmt/mod.rs:1190:21
[INFO] [stdout]    6:     0x57a73e6d8ea3 - std::io::Write::write_fmt::h7d3c26752da97734
[INFO] [stdout]                                at /rustc/df4ca44d3fbc9301ee17f30f4d474e6ae4b05252/library/std/src/io/mod.rs:1839:15
[INFO] [stdout]    7:     0x57a73e6dc472 - std::sys::backtrace::BacktraceLock::print::h4b9e00b29e9c0942
[INFO] [stdout]                                at /rustc/df4ca44d3fbc9301ee17f30f4d474e6ae4b05252/library/std/src/sys/backtrace.rs:42:9
[INFO] [stdout]    8:     0x57a73e6ddaba - std::panicking::default_hook::{{closure}}::hb59b88280d0324d9
[INFO] [stdout]                                at /rustc/df4ca44d3fbc9301ee17f30f4d474e6ae4b05252/library/std/src/panicking.rs:268:22
[INFO] [stdout]    9:     0x57a73e6dd8c4 - std::panicking::default_hook::he1dd496665be4a29
[INFO] [stdout]                                at /rustc/df4ca44d3fbc9301ee17f30f4d474e6ae4b05252/library/std/src/panicking.rs:292:9
[INFO] [stdout]   10:     0x57a73e691619 - <alloc::boxed::Box<F,A> as core::ops::function::Fn<Args>>::call::h4ff71de18744e1dc
[INFO] [stdout]                                at /rustc/df4ca44d3fbc9301ee17f30f4d474e6ae4b05252/library/alloc/src/boxed.rs:2468:9
[INFO] [stdout]   11:     0x57a73e691619 - test::test_main::{{closure}}::hcf7c055ce117aa81
[INFO] [stdout]                                at /rustc/df4ca44d3fbc9301ee17f30f4d474e6ae4b05252/library/test/src/lib.rs:133:21
[INFO] [stdout]   12:     0x57a73e6de1b8 - <alloc::boxed::Box<F,A> as core::ops::function::Fn<Args>>::call::h1d66c6bbd60c9692
[INFO] [stdout]                                at /rustc/df4ca44d3fbc9301ee17f30f4d474e6ae4b05252/library/alloc/src/boxed.rs:2468:9
[INFO] [stdout]   13:     0x57a73e6de1b8 - std::panicking::rust_panic_with_hook::h2ff17fe8f26dfcf8
[INFO] [stdout]                                at /rustc/df4ca44d3fbc9301ee17f30f4d474e6ae4b05252/library/std/src/panicking.rs:809:13
[INFO] [stdout]   14:     0x57a73e6ddf7a - std::panicking::begin_panic_handler::{{closure}}::h4fad77951c07e101
[INFO] [stdout]                                at /rustc/df4ca44d3fbc9301ee17f30f4d474e6ae4b05252/library/std/src/panicking.rs:674:13
[INFO] [stdout]   15:     0x57a73e6dcb09 - std::sys::backtrace::__rust_end_short_backtrace::hb1a25b3da5d0ea08
[INFO] [stdout]                                at /rustc/df4ca44d3fbc9301ee17f30f4d474e6ae4b05252/library/std/src/sys/backtrace.rs:170:18
[INFO] [stdout]   16:     0x57a73e6ddc0c - rust_begin_unwind
[INFO] [stdout]                                at /rustc/df4ca44d3fbc9301ee17f30f4d474e6ae4b05252/library/std/src/panicking.rs:665:5
[INFO] [stdout]   17:     0x57a73e701df0 - core::panicking::panic_fmt::ha9db07b529f9b256
[INFO] [stdout]                                at /rustc/df4ca44d3fbc9301ee17f30f4d474e6ae4b05252/library/core/src/panicking.rs:75:14
[INFO] [stdout]   18:     0x57a73e702236 - core::result::unwrap_failed::h5e8218e4d4338b8a
[INFO] [stdout]                                at /rustc/df4ca44d3fbc9301ee17f30f4d474e6ae4b05252/library/core/src/result.rs:1698:5
[INFO] [stdout]   19:     0x57a73e65571d - core::result::Result<T,E>::expect::hc37d3f5944717c64
[INFO] [stdout]                                at /rustc/df4ca44d3fbc9301ee17f30f4d474e6ae4b05252/library/core/src/result.rs:1060:23
[INFO] [stdout]   20:     0x57a73e63c95a - mylang::code_generation::save_to_file::h9edaf47807b799c7
[INFO] [stdout]                                at /opt/rustwide/workdir/src/code_generation.rs:370:20
[INFO] [stdout]   21:     0x57a73e63c77f - mylang::code_generation::compile::h47d39ba6b3f7da59
[INFO] [stdout]                                at /opt/rustwide/workdir/src/code_generation.rs:357:5
[INFO] [stdout]   22:     0x57a73e63da35 - mylang::code_generation::compile_file::h2badddbe5ee1cea8
[INFO] [stdout]                                at /opt/rustwide/workdir/src/code_generation.rs:421:5
[INFO] [stdout]   23:     0x57a73e65276a - mylang::code_generation::tests::test_compile::h802d76bf1d5911a1
[INFO] [stdout]                                at /opt/rustwide/workdir/src/code_generation.rs:436:13
[INFO] [stdout]   24:     0x57a73e652577 - mylang::code_generation::tests::test_compile::{{closure}}::h2df3341dc0ccf79c
[INFO] [stdout]                                at /opt/rustwide/workdir/src/code_generation.rs:430:22
[INFO] [stdout]   25:     0x57a73e628806 - core::ops::function::FnOnce::call_once::h1eb5036e45ebe5cd
[INFO] [stdout]                                at /rustc/df4ca44d3fbc9301ee17f30f4d474e6ae4b05252/library/core/src/ops/function.rs:250:5
[INFO] [stdout]   26:     0x57a73e695eeb - core::ops::function::FnOnce::call_once::h22c3ba5715e93f05
[INFO] [stdout]                                at /rustc/df4ca44d3fbc9301ee17f30f4d474e6ae4b05252/library/core/src/ops/function.rs:250:5
[INFO] [stdout]   27:     0x57a73e695eeb - test::__rust_begin_short_backtrace::h8e82d8113d0da17f
[INFO] [stdout]                                at /rustc/df4ca44d3fbc9301ee17f30f4d474e6ae4b05252/library/test/src/lib.rs:621:18
[INFO] [stdout]   28:     0x57a73e695867 - test::run_test_in_process::{{closure}}::h33235f4f20b7b7c7
[INFO] [stdout]                                at /rustc/df4ca44d3fbc9301ee17f30f4d474e6ae4b05252/library/test/src/lib.rs:644:60
[INFO] [stdout]   29:     0x57a73e695867 - <core::panic::unwind_safe::AssertUnwindSafe<F> as core::ops::function::FnOnce<()>>::call_once::hb5043206310c586f
[INFO] [stdout]                                at /rustc/df4ca44d3fbc9301ee17f30f4d474e6ae4b05252/library/core/src/panic/unwind_safe.rs:272:9
[INFO] [stdout]   30:     0x57a73e695867 - std::panicking::try::do_call::h9ad4731a60ab23e2
[INFO] [stdout]                                at /rustc/df4ca44d3fbc9301ee17f30f4d474e6ae4b05252/library/std/src/panicking.rs:557:40
[INFO] [stdout]   31:     0x57a73e695867 - std::panicking::try::h3824d23db772a716
[INFO] [stdout]                                at /rustc/df4ca44d3fbc9301ee17f30f4d474e6ae4b05252/library/std/src/panicking.rs:520:19
[INFO] [stdout]   32:     0x57a73e695867 - std::panic::catch_unwind::h5afd514605fde46b
[INFO] [stdout]                                at /rustc/df4ca44d3fbc9301ee17f30f4d474e6ae4b05252/library/std/src/panic.rs:358:14
[INFO] [stdout]   33:     0x57a73e695867 - test::run_test_in_process::h0d5cbfa7067d1720
[INFO] [stdout]                                at /rustc/df4ca44d3fbc9301ee17f30f4d474e6ae4b05252/library/test/src/lib.rs:644:27
[INFO] [stdout]   34:     0x57a73e695867 - test::run_test::{{closure}}::h708eb8872708115d
[INFO] [stdout]                                at /rustc/df4ca44d3fbc9301ee17f30f4d474e6ae4b05252/library/test/src/lib.rs:565:43
[INFO] [stdout]   35:     0x57a73e658f84 - test::run_test::{{closure}}::h392c51cee94713ab
[INFO] [stdout]                                at /rustc/df4ca44d3fbc9301ee17f30f4d474e6ae4b05252/library/test/src/lib.rs:595:41
[INFO] [stdout]   36:     0x57a73e658f84 - std::sys::backtrace::__rust_begin_short_backtrace::h2f40290710935a8b
[INFO] [stdout]                                at /rustc/df4ca44d3fbc9301ee17f30f4d474e6ae4b05252/library/std/src/sys/backtrace.rs:154:18
[INFO] [stdout]   37:     0x57a73e65c72e - std::thread::Builder::spawn_unchecked_::{{closure}}::{{closure}}::h3fd968d89053a903
[INFO] [stdout]                                at /rustc/df4ca44d3fbc9301ee17f30f4d474e6ae4b05252/library/std/src/thread/mod.rs:541:17
[INFO] [stdout]   38:     0x57a73e65c72e - <core::panic::unwind_safe::AssertUnwindSafe<F> as core::ops::function::FnOnce<()>>::call_once::h743f637ba4229880
[INFO] [stdout]                                at /rustc/df4ca44d3fbc9301ee17f30f4d474e6ae4b05252/library/core/src/panic/unwind_safe.rs:272:9
[INFO] [stdout]   39:     0x57a73e65c72e - std::panicking::try::do_call::h07440897322525a6
[INFO] [stdout]                                at /rustc/df4ca44d3fbc9301ee17f30f4d474e6ae4b05252/library/std/src/panicking.rs:557:40
[INFO] [stdout]   40:     0x57a73e65c72e - std::panicking::try::he5a2e00188156637
[INFO] [stdout]                                at /rustc/df4ca44d3fbc9301ee17f30f4d474e6ae4b05252/library/std/src/panicking.rs:520:19
[INFO] [stdout]   41:     0x57a73e65c72e - std::panic::catch_unwind::hbaf3cae49b3c6433
[INFO] [stdout]                                at /rustc/df4ca44d3fbc9301ee17f30f4d474e6ae4b05252/library/std/src/panic.rs:358:14
[INFO] [stdout]   42:     0x57a73e65c72e - std::thread::Builder::spawn_unchecked_::{{closure}}::h8e141ea224820bce
[INFO] [stdout]                                at /rustc/df4ca44d3fbc9301ee17f30f4d474e6ae4b05252/library/std/src/thread/mod.rs:540:30
[INFO] [stdout]   43:     0x57a73e65c72e - core::ops::function::FnOnce::call_once{{vtable.shim}}::h90d312fedd7b8ea8
[INFO] [stdout]                                at /rustc/df4ca44d3fbc9301ee17f30f4d474e6ae4b05252/library/core/src/ops/function.rs:250:5
[INFO] [stdout]   44:     0x57a73e6e261b - <alloc::boxed::Box<F,A> as core::ops::function::FnOnce<Args>>::call_once::h69aa08ddb6adb8b6
[INFO] [stdout]                                at /rustc/df4ca44d3fbc9301ee17f30f4d474e6ae4b05252/library/alloc/src/boxed.rs:2454:9
[INFO] [stdout]   45:     0x57a73e6e261b - <alloc::boxed::Box<F,A> as core::ops::function::FnOnce<Args>>::call_once::h5aa36efdb79c806f
[INFO] [stdout]                                at /rustc/df4ca44d3fbc9301ee17f30f4d474e6ae4b05252/library/alloc/src/boxed.rs:2454:9
[INFO] [stdout]   46:     0x57a73e6e261b - std::sys::pal::unix::thread::Thread::new::thread_start::h6cd80a1b4be5158d
[INFO] [stdout]                                at /rustc/df4ca44d3fbc9301ee17f30f4d474e6ae4b05252/library/std/src/sys/pal/unix/thread.rs:105:17
[INFO] [stdout]   47:     0x77acdfcdcac3 - <unknown>
[INFO] [stdout]   48:     0x77acdfd6da04 - clone
[INFO] [stdout]   49:                0x0 - <unknown>
[INFO] [stdout] 
[INFO] [stdout] 
[INFO] [stdout] failures:
[INFO] [stdout]     code_generation::tests::test_compile
[INFO] [stdout] 
[INFO] [stdout] test result: FAILED. 11 passed; 1 failed; 0 ignored; 0 measured; 0 filtered out; finished in 0.01s
[INFO] [stdout] 
[INFO] [stderr] error: test failed, to rerun pass `--bin mylang`
[INFO] running `Command { std: "docker" "inspect" "508db12150ad7e1d4c39f593d933ec41a1b15c7ddec3e582319f3a93ef452484", kill_on_drop: false }`
[INFO] running `Command { std: "docker" "rm" "-f" "508db12150ad7e1d4c39f593d933ec41a1b15c7ddec3e582319f3a93ef452484", kill_on_drop: false }`
[INFO] [stdout] 508db12150ad7e1d4c39f593d933ec41a1b15c7ddec3e582319f3a93ef452484
