[INFO] cloning repository https://github.com/gifnksm/ProjectEulerRust
[INFO] running `Command { std: "git" "-c" "credential.helper=" "-c" "credential.helper=/workspace/cargo-home/bin/git-credential-null" "clone" "--bare" "https://github.com/gifnksm/ProjectEulerRust" "/workspace/cache/git-repos/https%3A%2F%2Fgithub.com%2Fgifnksm%2FProjectEulerRust", kill_on_drop: false }`
[INFO] [stderr] Cloning into bare repository '/workspace/cache/git-repos/https%3A%2F%2Fgithub.com%2Fgifnksm%2FProjectEulerRust'...
[INFO] running `Command { std: "git" "rev-parse" "HEAD", kill_on_drop: false }`
[INFO] [stdout] 2ad3e1fbe20a9dff772a6b44190e7a3359b2e44f
[INFO] testing gifnksm/ProjectEulerRust/2ad3e1fbe20a9dff772a6b44190e7a3359b2e44f against nightly-2024-10-28+rustflags=-Zrandomize-layout for randomize-layout
[INFO] running `Command { std: "git" "clone" "/workspace/cache/git-repos/https%3A%2F%2Fgithub.com%2Fgifnksm%2FProjectEulerRust" "/workspace/builds/worker-5-tc2/source", kill_on_drop: false }`
[INFO] [stderr] Cloning into '/workspace/builds/worker-5-tc2/source'...
[INFO] [stderr] done.
[INFO] validating manifest of git repo https://github.com/gifnksm/ProjectEulerRust on toolchain nightly-2024-10-28
[INFO] running `Command { std: CARGO_HOME="/workspace/cargo-home" RUSTUP_HOME="/workspace/rustup-home" "/workspace/cargo-home/bin/cargo" "+nightly-2024-10-28" "metadata" "--manifest-path" "Cargo.toml" "--no-deps", kill_on_drop: false }`
[INFO] started tweaking git repo https://github.com/gifnksm/ProjectEulerRust
[INFO] finished tweaking git repo https://github.com/gifnksm/ProjectEulerRust
[INFO] tweaked toml for git repo https://github.com/gifnksm/ProjectEulerRust written to /workspace/builds/worker-5-tc2/source/Cargo.toml
[INFO] crate git repo https://github.com/gifnksm/ProjectEulerRust already has a lockfile, it will not be regenerated
[INFO] running `Command { std: CARGO_HOME="/workspace/cargo-home" RUSTUP_HOME="/workspace/rustup-home" "/workspace/cargo-home/bin/cargo" "+nightly-2024-10-28" "fetch" "--manifest-path" "Cargo.toml", kill_on_drop: false }`
[INFO] [stderr]     Blocking waiting for file lock on package cache
[INFO] [stderr]     Blocking waiting for file lock on package cache
[INFO] running `Command { std: "docker" "create" "-v" "/var/lib/crater-agent-workspace/builds/worker-5-tc2/target:/opt/rustwide/target:rw,Z" "-v" "/var/lib/crater-agent-workspace/builds/worker-5-tc2/source:/opt/rustwide/workdir:ro,Z" "-v" "/var/lib/crater-agent-workspace/cargo-home:/opt/rustwide/cargo-home:ro,Z" "-v" "/var/lib/crater-agent-workspace/rustup-home:/opt/rustwide/rustup-home:ro,Z" "-e" "SOURCE_DIR=/opt/rustwide/workdir" "-e" "CARGO_TARGET_DIR=/opt/rustwide/target" "-e" "CARGO_HOME=/opt/rustwide/cargo-home" "-e" "RUSTUP_HOME=/opt/rustwide/rustup-home" "-w" "/opt/rustwide/workdir" "-m" "1610612736" "--user" "0:0" "--network" "none" "ghcr.io/rust-lang/crates-build-env/linux@sha256:4a844ea9eb2546a2d2c7022eacef16ef2e8229c7fbb2c7d4d55a9ceca922f72d" "/opt/rustwide/cargo-home/bin/cargo" "+nightly-2024-10-28" "metadata" "--no-deps" "--format-version=1", kill_on_drop: false }`
[INFO] [stdout] 3e4caedbd1fc747b5516fa67697613f0859cd9b7abbe6b9757ed35c7e37b50ca
[INFO] running `Command { std: "docker" "start" "-a" "3e4caedbd1fc747b5516fa67697613f0859cd9b7abbe6b9757ed35c7e37b50ca", kill_on_drop: false }`
[INFO] running `Command { std: "docker" "inspect" "3e4caedbd1fc747b5516fa67697613f0859cd9b7abbe6b9757ed35c7e37b50ca", kill_on_drop: false }`
[INFO] running `Command { std: "docker" "rm" "-f" "3e4caedbd1fc747b5516fa67697613f0859cd9b7abbe6b9757ed35c7e37b50ca", kill_on_drop: false }`
[INFO] [stdout] 3e4caedbd1fc747b5516fa67697613f0859cd9b7abbe6b9757ed35c7e37b50ca
[INFO] running `Command { std: "docker" "create" "-v" "/var/lib/crater-agent-workspace/builds/worker-5-tc2/target:/opt/rustwide/target:rw,Z" "-v" "/var/lib/crater-agent-workspace/builds/worker-5-tc2/source:/opt/rustwide/workdir:ro,Z" "-v" "/var/lib/crater-agent-workspace/cargo-home:/opt/rustwide/cargo-home:ro,Z" "-v" "/var/lib/crater-agent-workspace/rustup-home:/opt/rustwide/rustup-home:ro,Z" "-e" "SOURCE_DIR=/opt/rustwide/workdir" "-e" "CARGO_TARGET_DIR=/opt/rustwide/target" "-e" "CARGO_INCREMENTAL=0" "-e" "RUST_BACKTRACE=full" "-e" "RUSTFLAGS=--cap-lints=forbid -Zrandomize-layout" "-e" "RUSTDOCFLAGS=--cap-lints=forbid" "-e" "CARGO_HOME=/opt/rustwide/cargo-home" "-e" "RUSTUP_HOME=/opt/rustwide/rustup-home" "-w" "/opt/rustwide/workdir" "-m" "1610612736" "--user" "0:0" "--network" "none" "ghcr.io/rust-lang/crates-build-env/linux@sha256:4a844ea9eb2546a2d2c7022eacef16ef2e8229c7fbb2c7d4d55a9ceca922f72d" "/opt/rustwide/cargo-home/bin/cargo" "+nightly-2024-10-28" "build" "--frozen" "--message-format=json", kill_on_drop: false }`
[INFO] [stdout] b57ea3fdc0d8a432bfe17c0554230aa5247ff2466a44131b8e6592afae35da84
[INFO] running `Command { std: "docker" "start" "-a" "b57ea3fdc0d8a432bfe17c0554230aa5247ff2466a44131b8e6592afae35da84", kill_on_drop: false }`
[INFO] [stderr]    Compiling proc-macro2 v1.0.86
[INFO] [stderr]    Compiling autocfg v1.3.0
[INFO] [stderr]    Compiling libc v0.2.158
[INFO] [stderr]    Compiling shlex v1.3.0
[INFO] [stderr]    Compiling pkg-config v0.3.30
[INFO] [stderr]    Compiling vcpkg v0.2.15
[INFO] [stderr]    Compiling memchr v2.7.4
[INFO] [stderr]    Compiling regex-syntax v0.8.4
[INFO] [stderr]    Compiling log v0.4.22
[INFO] [stderr]    Compiling foreign-types-shared v0.1.1
[INFO] [stderr]    Compiling openssl v0.10.66
[INFO] [stderr]    Compiling native-tls v0.2.12
[INFO] [stderr]    Compiling serde v1.0.210
[INFO] [stderr]    Compiling tinyvec v1.8.0
[INFO] [stderr]    Compiling syn v1.0.109
[INFO] [stderr]    Compiling once_cell v1.19.0
[INFO] [stderr]    Compiling foreign-types v0.3.2
[INFO] [stderr]    Compiling unicode-bidi v0.3.15
[INFO] [stderr]    Compiling cc v1.1.18
[INFO] [stderr]    Compiling adler2 v2.0.0
[INFO] [stderr]    Compiling bitflags v2.6.0
[INFO] [stderr]    Compiling form_urlencoded v1.2.1
[INFO] [stderr]    Compiling crc32fast v1.4.2
[INFO] [stderr]    Compiling humantime v2.1.0
[INFO] [stderr]    Compiling miniz_oxide v0.8.0
[INFO] [stderr]    Compiling openssl-probe v0.1.5
[INFO] [stderr]    Compiling num-traits v0.2.19
[INFO] [stderr]    Compiling bytes v1.7.1
[INFO] [stderr]    Compiling thiserror v1.0.64
[INFO] [stderr]    Compiling bit-vec v0.8.0
[INFO] [stderr]    Compiling serde_json v1.0.132
[INFO] [stderr]    Compiling unicode-width v0.1.13
[INFO] [stderr]    Compiling aho-corasick v1.1.3
[INFO] [stderr]    Compiling bit-set v0.8.0
[INFO] [stderr]    Compiling either v1.13.0
[INFO] [stderr]    Compiling ryu v1.0.18
[INFO] [stderr]    Compiling home v0.5.9
[INFO] [stderr]    Compiling quote v1.0.37
[INFO] [stderr]    Compiling flate2 v1.0.33
[INFO] [stderr]    Compiling itertools v0.13.0
[INFO] [stderr]    Compiling http v1.1.0
[INFO] [stderr]    Compiling iter v0.0.1 (/opt/rustwide/workdir/pkg/iter)
[INFO] [stdout] warning: unexpected `cfg` condition value: `unstable`
[INFO] [stdout]   --> pkg/iter/src/lib.rs:12:23
[INFO] [stdout]    |
[INFO] [stdout] 12 | #![cfg_attr(all(test, feature = "unstable"), feature(test))]
[INFO] [stdout]    |                       ^^^^^^^^^^^^^^^^^^^^ help: remove the condition
[INFO] [stdout]    |
[INFO] [stdout]    = note: no expected values for `feature`
[INFO] [stdout]    = help: consider adding `unstable` as a feature in `Cargo.toml`
[INFO] [stdout]    = note: see <https://doc.rust-lang.org/nightly/rustc/check-cfg/cargo-specifics.html> for more information about checking conditional configuration
[INFO] [stdout]    = note: `#[warn(unexpected_cfgs)]` on by default
[INFO] [stdout] 
[INFO] [stdout] 
[INFO] [stdout] warning: unexpected `cfg` condition value: `unstable`
[INFO] [stdout]   --> pkg/iter/src/lib.rs:14:17
[INFO] [stdout]    |
[INFO] [stdout] 14 | #[cfg(all(test, feature = "unstable"))]
[INFO] [stdout]    |                 ^^^^^^^^^^^^^^^^^^^^ help: remove the condition
[INFO] [stdout]    |
[INFO] [stdout]    = note: no expected values for `feature`
[INFO] [stdout]    = help: consider adding `unstable` as a feature in `Cargo.toml`
[INFO] [stdout]    = note: see <https://doc.rust-lang.org/nightly/rustc/check-cfg/cargo-specifics.html> for more information about checking conditional configuration
[INFO] [stdout] 
[INFO] [stdout] 
[INFO] [stderr]    Compiling syn v2.0.77
[INFO] [stderr]    Compiling unicode-normalization v0.1.23
[INFO] [stderr]    Compiling term v1.0.0
[INFO] [stderr]    Compiling getopts v0.2.21
[INFO] [stderr]    Compiling glob v0.3.1
[INFO] [stderr]    Compiling playing_card v0.0.1 (/opt/rustwide/workdir/pkg/playing_card)
[INFO] [stderr]    Compiling union-find v0.4.3
[INFO] [stderr]    Compiling topological-sort v0.2.2
[INFO] [stderr]    Compiling num-integer v0.1.46
[INFO] [stderr]    Compiling generic-matrix v0.2.2
[INFO] [stderr]    Compiling polynomial v0.2.6
[INFO] [stderr]    Compiling idna v0.5.0
[INFO] [stderr]    Compiling is-terminal v0.4.13
[INFO] [stderr]    Compiling num-bigint v0.4.6
[INFO] [stderr]    Compiling seq v0.0.1 (/opt/rustwide/workdir/pkg/seq)
[INFO] [stderr]    Compiling prime v0.0.1 (/opt/rustwide/workdir/pkg/prime)
[INFO] [stderr]    Compiling num-iter v0.1.45
[INFO] [stderr]    Compiling num-rational v0.4.2
[INFO] [stdout] warning: unexpected `cfg` condition value: `unstable`
[INFO] [stdout]   --> pkg/prime/src/lib.rs:12:23
[INFO] [stdout]    |
[INFO] [stdout] 12 | #![cfg_attr(all(test, feature = "unstable"), feature(test))]
[INFO] [stdout]    |                       ^^^^^^^^^^^^^^^^^^^^ help: remove the condition
[INFO] [stdout]    |
[INFO] [stdout]    = note: no expected values for `feature`
[INFO] [stdout]    = help: consider adding `unstable` as a feature in `Cargo.toml`
[INFO] [stdout]    = note: see <https://doc.rust-lang.org/nightly/rustc/check-cfg/cargo-specifics.html> for more information about checking conditional configuration
[INFO] [stdout]    = note: `#[warn(unexpected_cfgs)]` on by default
[INFO] [stdout] 
[INFO] [stdout] 
[INFO] [stdout] warning: unexpected `cfg` condition value: `unstable`
[INFO] [stdout]   --> pkg/prime/src/lib.rs:14:17
[INFO] [stdout]    |
[INFO] [stdout] 14 | #[cfg(all(test, feature = "unstable"))]
[INFO] [stdout]    |                 ^^^^^^^^^^^^^^^^^^^^ help: remove the condition
[INFO] [stdout]    |
[INFO] [stdout]    = note: no expected values for `feature`
[INFO] [stdout]    = help: consider adding `unstable` as a feature in `Cargo.toml`
[INFO] [stdout]    = note: see <https://doc.rust-lang.org/nightly/rustc/check-cfg/cargo-specifics.html> for more information about checking conditional configuration
[INFO] [stdout] 
[INFO] [stdout] 
[INFO] [stdout] warning: a method with this name may be added to the standard library in the future
[INFO] [stdout]   --> pkg/prime/src/lib.rs:95:25
[INFO] [stdout]    |
[INFO] [stdout] 95 |             .all(|p| !n.is_multiple_of(&p))
[INFO] [stdout]    |                         ^^^^^^^^^^^^^^
[INFO] [stdout]    |
[INFO] [stdout]    = warning: once this associated item is added to the standard library, the ambiguity may cause an error or change in behavior!
[INFO] [stdout]    = note: for more information, see issue #48919 <https://github.com/rust-lang/rust/issues/48919>
[INFO] [stdout]    = help: call with fully qualified syntax `is_multiple_of(...)` to keep using the current method
[INFO] [stdout]    = note: `#[warn(unstable_name_collisions)]` on by default
[INFO] [stdout] help: add `#![feature(unsigned_is_multiple_of)]` to the crate attributes to enable `core::num::<impl u64>::is_multiple_of`
[INFO] [stdout]    |
[INFO] [stdout] 14 + #![feature(unsigned_is_multiple_of)]
[INFO] [stdout]    |
[INFO] [stdout] 
[INFO] [stdout] 
[INFO] [stdout] warning: a method with this name may be added to the standard library in the future
[INFO] [stdout]    --> pkg/prime/src/lib.rs:103:26
[INFO] [stdout]     |
[INFO] [stdout] 103 |             .all(|&p| !n.is_multiple_of(&p))
[INFO] [stdout]     |                          ^^^^^^^^^^^^^^
[INFO] [stdout]     |
[INFO] [stdout]     = warning: once this associated item is added to the standard library, the ambiguity may cause an error or change in behavior!
[INFO] [stdout]     = note: for more information, see issue #48919 <https://github.com/rust-lang/rust/issues/48919>
[INFO] [stdout]     = help: call with fully qualified syntax `is_multiple_of(...)` to keep using the current method
[INFO] [stdout] help: add `#![feature(unsigned_is_multiple_of)]` to the crate attributes to enable `core::num::<impl u64>::is_multiple_of`
[INFO] [stdout]     |
[INFO] [stdout] 14  + #![feature(unsigned_is_multiple_of)]
[INFO] [stdout]     |
[INFO] [stdout] 
[INFO] [stdout] 
[INFO] [stderr]    Compiling openssl-sys v0.9.103
[INFO] [stderr]    Compiling regex-automata v0.4.7
[INFO] [stderr]    Compiling url v2.5.2
[INFO] [stderr]    Compiling integer v0.0.1 (/opt/rustwide/workdir/pkg/integer)
[INFO] [stderr]    Compiling cont_frac v0.0.1 (/opt/rustwide/workdir/pkg/cont_frac)
[INFO] [stderr]    Compiling derive-try-from-primitive v1.0.0
[INFO] [stderr]    Compiling openssl-macros v0.1.1
[INFO] [stderr]    Compiling serde_derive v1.0.210
[INFO] [stderr]    Compiling thiserror-impl v1.0.64
[INFO] [stderr]    Compiling regex v1.10.6
[INFO] [stderr]    Compiling env_logger v0.10.2
[INFO] [stderr]    Compiling pretty_env_logger v0.5.0
[INFO] [stderr]    Compiling attohttpc v0.28.0
[INFO] [stderr]    Compiling ProjectEulerRust v0.0.1 (/opt/rustwide/workdir)
[INFO] [stdout] warning: use of deprecated function `itertools::unfold`: Use [std::iter::from_fn](https://doc.rust-lang.org/std/iter/fn.from_fn.html) instead
[INFO] [stdout]   --> src/bin/p137.rs:52:16
[INFO] [stdout]    |
[INFO] [stdout] 52 |     itertools::unfold((1, 1), |state| {
[INFO] [stdout]    |                ^^^^^^
[INFO] [stdout]    |
[INFO] [stdout]    = note: `#[warn(deprecated)]` on by default
[INFO] [stdout] 
[INFO] [stdout] 
[INFO] [stdout] warning: use of deprecated function `itertools::unfold`: Use [std::iter::from_fn](https://doc.rust-lang.org/std/iter/fn.from_fn.html) instead
[INFO] [stdout]   --> src/bin/p056.rs:18:24
[INFO] [stdout]    |
[INFO] [stdout] 18 |             itertools::unfold(One::one(), |n: &mut BigUint| {
[INFO] [stdout]    |                        ^^^^^^
[INFO] [stdout]    |
[INFO] [stdout]    = note: `#[warn(deprecated)]` on by default
[INFO] [stdout] 
[INFO] [stdout] 
[INFO] [stdout] warning: a method with this name may be added to the standard library in the future
[INFO] [stdout]   --> src/bin/p130.rs:37:30
[INFO] [stdout]    |
[INFO] [stdout] 37 |         .filter(|&n| (n - 1).is_multiple_of(&a(n)))
[INFO] [stdout]    |                              ^^^^^^^^^^^^^^
[INFO] [stdout]    |
[INFO] [stdout]    = warning: once this associated item is added to the standard library, the ambiguity may cause an error or change in behavior!
[INFO] [stdout]    = note: for more information, see issue #48919 <https://github.com/rust-lang/rust/issues/48919>
[INFO] [stdout]    = help: call with fully qualified syntax `is_multiple_of(...)` to keep using the current method
[INFO] [stdout]    = note: `#[warn(unstable_name_collisions)]` on by default
[INFO] [stdout] help: add `#![feature(unsigned_is_multiple_of)]` to the crate attributes to enable `core::num::<impl u64>::is_multiple_of`
[INFO] [stdout]    |
[INFO] [stdout] 12 + #![feature(unsigned_is_multiple_of)]
[INFO] [stdout]    |
[INFO] [stdout] 
[INFO] [stdout] 
[INFO] [stderr]     Finished `dev` profile [unoptimized + debuginfo] target(s) in 51.44s
[INFO] running `Command { std: "docker" "inspect" "b57ea3fdc0d8a432bfe17c0554230aa5247ff2466a44131b8e6592afae35da84", kill_on_drop: false }`
[INFO] running `Command { std: "docker" "rm" "-f" "b57ea3fdc0d8a432bfe17c0554230aa5247ff2466a44131b8e6592afae35da84", kill_on_drop: false }`
[INFO] [stdout] b57ea3fdc0d8a432bfe17c0554230aa5247ff2466a44131b8e6592afae35da84
[INFO] running `Command { std: "docker" "create" "-v" "/var/lib/crater-agent-workspace/builds/worker-5-tc2/target:/opt/rustwide/target:rw,Z" "-v" "/var/lib/crater-agent-workspace/builds/worker-5-tc2/source:/opt/rustwide/workdir:ro,Z" "-v" "/var/lib/crater-agent-workspace/cargo-home:/opt/rustwide/cargo-home:ro,Z" "-v" "/var/lib/crater-agent-workspace/rustup-home:/opt/rustwide/rustup-home:ro,Z" "-e" "SOURCE_DIR=/opt/rustwide/workdir" "-e" "CARGO_TARGET_DIR=/opt/rustwide/target" "-e" "CARGO_INCREMENTAL=0" "-e" "RUST_BACKTRACE=full" "-e" "RUSTFLAGS=--cap-lints=forbid -Zrandomize-layout" "-e" "RUSTDOCFLAGS=--cap-lints=forbid" "-e" "CARGO_HOME=/opt/rustwide/cargo-home" "-e" "RUSTUP_HOME=/opt/rustwide/rustup-home" "-w" "/opt/rustwide/workdir" "-m" "1610612736" "--user" "0:0" "--network" "none" "ghcr.io/rust-lang/crates-build-env/linux@sha256:4a844ea9eb2546a2d2c7022eacef16ef2e8229c7fbb2c7d4d55a9ceca922f72d" "/opt/rustwide/cargo-home/bin/cargo" "+nightly-2024-10-28" "test" "--frozen" "--no-run" "--message-format=json", kill_on_drop: false }`
[INFO] [stdout] 8549c1c18f15ee636e4ea4c786576cf58944c6d8e6cb95a8f9e986c78e2218af
[INFO] running `Command { std: "docker" "start" "-a" "8549c1c18f15ee636e4ea4c786576cf58944c6d8e6cb95a8f9e986c78e2218af", kill_on_drop: false }`
[INFO] [stderr]    Compiling byteorder v1.5.0
[INFO] [stderr]    Compiling getrandom v0.2.15
[INFO] [stderr]    Compiling zerocopy-derive v0.7.35
[INFO] [stdout] warning: unexpected `cfg` condition value: `unstable`
[INFO] [stdout]   --> pkg/prime/src/lib.rs:12:23
[INFO] [stdout]    |
[INFO] [stdout] 12 | #![cfg_attr(all(test, feature = "unstable"), feature(test))]
[INFO] [stdout]    |                       ^^^^^^^^^^^^^^^^^^^^ help: remove the condition
[INFO] [stdout]    |
[INFO] [stdout]    = note: no expected values for `feature`
[INFO] [stdout]    = help: consider adding `unstable` as a feature in `Cargo.toml`
[INFO] [stdout]    = note: see <https://doc.rust-lang.org/nightly/rustc/check-cfg/cargo-specifics.html> for more information about checking conditional configuration
[INFO] [stdout]    = note: `#[warn(unexpected_cfgs)]` on by default
[INFO] [stdout] 
[INFO] [stdout] 
[INFO] [stdout] warning: unexpected `cfg` condition value: `unstable`
[INFO] [stdout]   --> pkg/prime/src/lib.rs:14:17
[INFO] [stdout]    |
[INFO] [stdout] 14 | #[cfg(all(test, feature = "unstable"))]
[INFO] [stdout]    |                 ^^^^^^^^^^^^^^^^^^^^ help: remove the condition
[INFO] [stdout]    |
[INFO] [stdout]    = note: no expected values for `feature`
[INFO] [stdout]    = help: consider adding `unstable` as a feature in `Cargo.toml`
[INFO] [stdout]    = note: see <https://doc.rust-lang.org/nightly/rustc/check-cfg/cargo-specifics.html> for more information about checking conditional configuration
[INFO] [stdout] 
[INFO] [stdout] 
[INFO] [stdout] warning: a method with this name may be added to the standard library in the future
[INFO] [stdout]   --> pkg/prime/src/lib.rs:95:25
[INFO] [stdout]    |
[INFO] [stdout] 95 |             .all(|p| !n.is_multiple_of(&p))
[INFO] [stdout]    |                         ^^^^^^^^^^^^^^
[INFO] [stdout]    |
[INFO] [stdout]    = warning: once this associated item is added to the standard library, the ambiguity may cause an error or change in behavior!
[INFO] [stdout]    = note: for more information, see issue #48919 <https://github.com/rust-lang/rust/issues/48919>
[INFO] [stdout]    = help: call with fully qualified syntax `is_multiple_of(...)` to keep using the current method
[INFO] [stdout]    = note: `#[warn(unstable_name_collisions)]` on by default
[INFO] [stdout] help: add `#![feature(unsigned_is_multiple_of)]` to the crate attributes to enable `core::num::<impl u64>::is_multiple_of`
[INFO] [stdout]    |
[INFO] [stdout] 14 + #![feature(unsigned_is_multiple_of)]
[INFO] [stdout]    |
[INFO] [stdout] 
[INFO] [stdout] 
[INFO] [stdout] warning: a method with this name may be added to the standard library in the future
[INFO] [stdout]    --> pkg/prime/src/lib.rs:103:26
[INFO] [stdout]     |
[INFO] [stdout] 103 |             .all(|&p| !n.is_multiple_of(&p))
[INFO] [stdout]     |                          ^^^^^^^^^^^^^^
[INFO] [stdout]     |
[INFO] [stdout]     = warning: once this associated item is added to the standard library, the ambiguity may cause an error or change in behavior!
[INFO] [stdout]     = note: for more information, see issue #48919 <https://github.com/rust-lang/rust/issues/48919>
[INFO] [stdout]     = help: call with fully qualified syntax `is_multiple_of(...)` to keep using the current method
[INFO] [stdout] help: add `#![feature(unsigned_is_multiple_of)]` to the crate attributes to enable `core::num::<impl u64>::is_multiple_of`
[INFO] [stdout]     |
[INFO] [stdout] 14  + #![feature(unsigned_is_multiple_of)]
[INFO] [stdout]     |
[INFO] [stdout] 
[INFO] [stdout] 
[INFO] [stdout] warning: unexpected `cfg` condition value: `unstable`
[INFO] [stdout]   --> pkg/iter/src/lib.rs:12:23
[INFO] [stdout]    |
[INFO] [stdout] 12 | #![cfg_attr(all(test, feature = "unstable"), feature(test))]
[INFO] [stdout]    |                       ^^^^^^^^^^^^^^^^^^^^ help: remove the condition
[INFO] [stdout]    |
[INFO] [stdout]    = note: no expected values for `feature`
[INFO] [stdout]    = help: consider adding `unstable` as a feature in `Cargo.toml`
[INFO] [stdout]    = note: see <https://doc.rust-lang.org/nightly/rustc/check-cfg/cargo-specifics.html> for more information about checking conditional configuration
[INFO] [stdout]    = note: `#[warn(unexpected_cfgs)]` on by default
[INFO] [stdout] 
[INFO] [stdout] 
[INFO] [stdout] warning: unexpected `cfg` condition value: `unstable`
[INFO] [stdout]   --> pkg/iter/src/lib.rs:14:17
[INFO] [stdout]    |
[INFO] [stdout] 14 | #[cfg(all(test, feature = "unstable"))]
[INFO] [stdout]    |                 ^^^^^^^^^^^^^^^^^^^^ help: remove the condition
[INFO] [stdout]    |
[INFO] [stdout]    = note: no expected values for `feature`
[INFO] [stdout]    = help: consider adding `unstable` as a feature in `Cargo.toml`
[INFO] [stdout]    = note: see <https://doc.rust-lang.org/nightly/rustc/check-cfg/cargo-specifics.html> for more information about checking conditional configuration
[INFO] [stdout] 
[INFO] [stdout] 
[INFO] [stderr]    Compiling rand_core v0.6.4
[INFO] [stderr]    Compiling zerocopy v0.7.35
[INFO] [stderr]    Compiling ppv-lite86 v0.2.20
[INFO] [stderr]    Compiling rand_chacha v0.3.1
[INFO] [stderr]    Compiling rand v0.8.5
[INFO] [stderr]    Compiling ProjectEulerRust v0.0.1 (/opt/rustwide/workdir)
[INFO] [stdout] warning: a method with this name may be added to the standard library in the future
[INFO] [stdout]   --> src/bin/p130.rs:37:30
[INFO] [stdout]    |
[INFO] [stdout] 37 |         .filter(|&n| (n - 1).is_multiple_of(&a(n)))
[INFO] [stdout]    |                              ^^^^^^^^^^^^^^
[INFO] [stdout]    |
[INFO] [stdout]    = warning: once this associated item is added to the standard library, the ambiguity may cause an error or change in behavior!
[INFO] [stdout]    = note: for more information, see issue #48919 <https://github.com/rust-lang/rust/issues/48919>
[INFO] [stdout]    = help: call with fully qualified syntax `is_multiple_of(...)` to keep using the current method
[INFO] [stdout]    = note: `#[warn(unstable_name_collisions)]` on by default
[INFO] [stdout] help: add `#![feature(unsigned_is_multiple_of)]` to the crate attributes to enable `core::num::<impl u64>::is_multiple_of`
[INFO] [stdout]    |
[INFO] [stdout] 12 + #![feature(unsigned_is_multiple_of)]
[INFO] [stdout]    |
[INFO] [stdout] 
[INFO] [stdout] 
[INFO] [stdout] warning: a method with this name may be added to the standard library in the future
[INFO] [stdout]    --> src/bin/p130.rs:107:34
[INFO] [stdout]     |
[INFO] [stdout] 107 |             .filter(|&n| (n - 1).is_multiple_of(&super::a(n)));
[INFO] [stdout]     |                                  ^^^^^^^^^^^^^^
[INFO] [stdout]     |
[INFO] [stdout]     = warning: once this associated item is added to the standard library, the ambiguity may cause an error or change in behavior!
[INFO] [stdout]     = note: for more information, see issue #48919 <https://github.com/rust-lang/rust/issues/48919>
[INFO] [stdout]     = help: call with fully qualified syntax `is_multiple_of(...)` to keep using the current method
[INFO] [stdout] help: add `#![feature(unsigned_is_multiple_of)]` to the crate attributes to enable `core::num::<impl u64>::is_multiple_of`
[INFO] [stdout]     |
[INFO] [stdout] 12  + #![feature(unsigned_is_multiple_of)]
[INFO] [stdout]     |
[INFO] [stdout] 
[INFO] [stdout] 
[INFO] [stdout] warning: use of deprecated function `itertools::unfold`: Use [std::iter::from_fn](https://doc.rust-lang.org/std/iter/fn.from_fn.html) instead
[INFO] [stdout]   --> src/bin/p056.rs:18:24
[INFO] [stdout]    |
[INFO] [stdout] 18 |             itertools::unfold(One::one(), |n: &mut BigUint| {
[INFO] [stdout]    |                        ^^^^^^
[INFO] [stdout]    |
[INFO] [stdout]    = note: `#[warn(deprecated)]` on by default
[INFO] [stdout] 
[INFO] [stdout] 
[INFO] [stdout] warning: use of deprecated function `itertools::unfold`: Use [std::iter::from_fn](https://doc.rust-lang.org/std/iter/fn.from_fn.html) instead
[INFO] [stdout]   --> src/bin/p137.rs:52:16
[INFO] [stdout]    |
[INFO] [stdout] 52 |     itertools::unfold((1, 1), |state| {
[INFO] [stdout]    |                ^^^^^^
[INFO] [stdout]    |
[INFO] [stdout]    = note: `#[warn(deprecated)]` on by default
[INFO] [stdout] 
[INFO] [stdout] 
[INFO] [stderr]     Finished `test` profile [unoptimized + debuginfo] target(s) in 26.90s
[INFO] running `Command { std: "docker" "inspect" "8549c1c18f15ee636e4ea4c786576cf58944c6d8e6cb95a8f9e986c78e2218af", kill_on_drop: false }`
[INFO] running `Command { std: "docker" "rm" "-f" "8549c1c18f15ee636e4ea4c786576cf58944c6d8e6cb95a8f9e986c78e2218af", kill_on_drop: false }`
[INFO] [stdout] 8549c1c18f15ee636e4ea4c786576cf58944c6d8e6cb95a8f9e986c78e2218af
[INFO] running `Command { std: "docker" "create" "-v" "/var/lib/crater-agent-workspace/builds/worker-5-tc2/target:/opt/rustwide/target:rw,Z" "-v" "/var/lib/crater-agent-workspace/builds/worker-5-tc2/source:/opt/rustwide/workdir:ro,Z" "-v" "/var/lib/crater-agent-workspace/cargo-home:/opt/rustwide/cargo-home:ro,Z" "-v" "/var/lib/crater-agent-workspace/rustup-home:/opt/rustwide/rustup-home:ro,Z" "-e" "SOURCE_DIR=/opt/rustwide/workdir" "-e" "CARGO_TARGET_DIR=/opt/rustwide/target" "-e" "CARGO_INCREMENTAL=0" "-e" "RUST_BACKTRACE=full" "-e" "RUSTFLAGS=--cap-lints=forbid -Zrandomize-layout" "-e" "RUSTDOCFLAGS=--cap-lints=forbid" "-e" "CARGO_HOME=/opt/rustwide/cargo-home" "-e" "RUSTUP_HOME=/opt/rustwide/rustup-home" "-w" "/opt/rustwide/workdir" "-m" "1610612736" "--user" "0:0" "--network" "none" "ghcr.io/rust-lang/crates-build-env/linux@sha256:4a844ea9eb2546a2d2c7022eacef16ef2e8229c7fbb2c7d4d55a9ceca922f72d" "/opt/rustwide/cargo-home/bin/cargo" "+nightly-2024-10-28" "test" "--frozen", kill_on_drop: false }`
[INFO] [stdout] be3c9c8a4307e66618ac29ac8779e181d197e9576560f7a80f58c51f8a7367a9
[INFO] running `Command { std: "docker" "start" "-a" "be3c9c8a4307e66618ac29ac8779e181d197e9576560f7a80f58c51f8a7367a9", kill_on_drop: false }`
[INFO] [stderr] warning: unexpected `cfg` condition value: `unstable`
[INFO] [stderr]   --> pkg/iter/src/lib.rs:12:23
[INFO] [stderr]    |
[INFO] [stderr] 12 | #![cfg_attr(all(test, feature = "unstable"), feature(test))]
[INFO] [stderr]    |                       ^^^^^^^^^^^^^^^^^^^^ help: remove the condition
[INFO] [stderr]    |
[INFO] [stderr]    = note: no expected values for `feature`
[INFO] [stderr]    = help: consider adding `unstable` as a feature in `Cargo.toml`
[INFO] [stderr]    = note: see <https://doc.rust-lang.org/nightly/rustc/check-cfg/cargo-specifics.html> for more information about checking conditional configuration
[INFO] [stderr]    = note: `#[warn(unexpected_cfgs)]` on by default
[INFO] [stderr] 
[INFO] [stderr] warning: unexpected `cfg` condition value: `unstable`
[INFO] [stderr]   --> pkg/iter/src/lib.rs:14:17
[INFO] [stderr]    |
[INFO] [stderr] 14 | #[cfg(all(test, feature = "unstable"))]
[INFO] [stderr]    |                 ^^^^^^^^^^^^^^^^^^^^ help: remove the condition
[INFO] [stderr]    |
[INFO] [stderr]    = note: no expected values for `feature`
[INFO] [stderr]    = help: consider adding `unstable` as a feature in `Cargo.toml`
[INFO] [stderr]    = note: see <https://doc.rust-lang.org/nightly/rustc/check-cfg/cargo-specifics.html> for more information about checking conditional configuration
[INFO] [stderr] 
[INFO] [stderr] warning: unexpected `cfg` condition value: `unstable`
[INFO] [stderr]   --> pkg/prime/src/lib.rs:12:23
[INFO] [stderr]    |
[INFO] [stderr] 12 | #![cfg_attr(all(test, feature = "unstable"), feature(test))]
[INFO] [stderr]    |                       ^^^^^^^^^^^^^^^^^^^^ help: remove the condition
[INFO] [stderr]    |
[INFO] [stderr]    = note: no expected values for `feature`
[INFO] [stderr]    = help: consider adding `unstable` as a feature in `Cargo.toml`
[INFO] [stderr]    = note: see <https://doc.rust-lang.org/nightly/rustc/check-cfg/cargo-specifics.html> for more information about checking conditional configuration
[INFO] [stderr]    = note: `#[warn(unexpected_cfgs)]` on by default
[INFO] [stderr] 
[INFO] [stderr] warning: unexpected `cfg` condition value: `unstable`
[INFO] [stderr]   --> pkg/prime/src/lib.rs:14:17
[INFO] [stderr]    |
[INFO] [stderr] 14 | #[cfg(all(test, feature = "unstable"))]
[INFO] [stderr]    |                 ^^^^^^^^^^^^^^^^^^^^ help: remove the condition
[INFO] [stderr]    |
[INFO] [stderr]    = note: no expected values for `feature`
[INFO] [stderr]    = help: consider adding `unstable` as a feature in `Cargo.toml`
[INFO] [stderr]    = note: see <https://doc.rust-lang.org/nightly/rustc/check-cfg/cargo-specifics.html> for more information about checking conditional configuration
[INFO] [stderr] 
[INFO] [stderr] warning: a method with this name may be added to the standard library in the future
[INFO] [stderr]   --> pkg/prime/src/lib.rs:95:25
[INFO] [stderr]    |
[INFO] [stderr] 95 |             .all(|p| !n.is_multiple_of(&p))
[INFO] [stderr]    |                         ^^^^^^^^^^^^^^
[INFO] [stderr]    |
[INFO] [stderr]    = warning: once this associated item is added to the standard library, the ambiguity may cause an error or change in behavior!
[INFO] [stderr]    = note: for more information, see issue #48919 <https://github.com/rust-lang/rust/issues/48919>
[INFO] [stderr]    = help: call with fully qualified syntax `is_multiple_of(...)` to keep using the current method
[INFO] [stderr]    = note: `#[warn(unstable_name_collisions)]` on by default
[INFO] [stderr] help: add `#![feature(unsigned_is_multiple_of)]` to the crate attributes to enable `core::num::<impl u64>::is_multiple_of`
[INFO] [stderr]    |
[INFO] [stderr] 14 + #![feature(unsigned_is_multiple_of)]
[INFO] [stderr]    |
[INFO] [stderr] 
[INFO] [stderr] warning: a method with this name may be added to the standard library in the future
[INFO] [stderr]    --> pkg/prime/src/lib.rs:103:26
[INFO] [stderr]     |
[INFO] [stderr] 103 |             .all(|&p| !n.is_multiple_of(&p))
[INFO] [stderr]     |                          ^^^^^^^^^^^^^^
[INFO] [stderr]     |
[INFO] [stderr]     = warning: once this associated item is added to the standard library, the ambiguity may cause an error or change in behavior!
[INFO] [stderr]     = note: for more information, see issue #48919 <https://github.com/rust-lang/rust/issues/48919>
[INFO] [stderr]     = help: call with fully qualified syntax `is_multiple_of(...)` to keep using the current method
[INFO] [stderr] help: add `#![feature(unsigned_is_multiple_of)]` to the crate attributes to enable `core::num::<impl u64>::is_multiple_of`
[INFO] [stderr]     |
[INFO] [stderr] 14  + #![feature(unsigned_is_multiple_of)]
[INFO] [stderr]     |
[INFO] [stderr] 
[INFO] [stderr] warning: `iter` (lib) generated 2 warnings
[INFO] [stderr] warning: `prime` (lib) generated 4 warnings
[INFO] [stderr] warning: use of deprecated function `itertools::unfold`: Use [std::iter::from_fn](https://doc.rust-lang.org/std/iter/fn.from_fn.html) instead
[INFO] [stderr]   --> src/bin/p137.rs:52:16
[INFO] [stderr]    |
[INFO] [stderr] 52 |     itertools::unfold((1, 1), |state| {
[INFO] [stderr]    |                ^^^^^^
[INFO] [stderr]    |
[INFO] [stderr]    = note: `#[warn(deprecated)]` on by default
[INFO] [stderr] 
[INFO] [stderr] warning: a method with this name may be added to the standard library in the future
[INFO] [stderr]   --> src/bin/p130.rs:37:30
[INFO] [stderr]    |
[INFO] [stderr] 37 |         .filter(|&n| (n - 1).is_multiple_of(&a(n)))
[INFO] [stderr]    |                              ^^^^^^^^^^^^^^
[INFO] [stderr]    |
[INFO] [stderr]    = warning: once this associated item is added to the standard library, the ambiguity may cause an error or change in behavior!
[INFO] [stderr]    = note: for more information, see issue #48919 <https://github.com/rust-lang/rust/issues/48919>
[INFO] [stderr]    = help: call with fully qualified syntax `is_multiple_of(...)` to keep using the current method
[INFO] [stderr]    = note: `#[warn(unstable_name_collisions)]` on by default
[INFO] [stderr] help: add `#![feature(unsigned_is_multiple_of)]` to the crate attributes to enable `core::num::<impl u64>::is_multiple_of`
[INFO] [stderr]    |
[INFO] [stderr] 12 + #![feature(unsigned_is_multiple_of)]
[INFO] [stderr]    |
[INFO] [stderr] 
[INFO] [stderr] warning: a method with this name may be added to the standard library in the future
[INFO] [stderr]    --> src/bin/p130.rs:107:34
[INFO] [stderr]     |
[INFO] [stderr] 107 |             .filter(|&n| (n - 1).is_multiple_of(&super::a(n)));
[INFO] [stderr]     |                                  ^^^^^^^^^^^^^^
[INFO] [stderr]     |
[INFO] [stderr]     = warning: once this associated item is added to the standard library, the ambiguity may cause an error or change in behavior!
[INFO] [stderr]     = note: for more information, see issue #48919 <https://github.com/rust-lang/rust/issues/48919>
[INFO] [stderr]     = help: call with fully qualified syntax `is_multiple_of(...)` to keep using the current method
[INFO] [stderr] help: add `#![feature(unsigned_is_multiple_of)]` to the crate attributes to enable `core::num::<impl u64>::is_multiple_of`
[INFO] [stderr]     |
[INFO] [stderr] 12  + #![feature(unsigned_is_multiple_of)]
[INFO] [stderr]     |
[INFO] [stderr] 
[INFO] [stderr] warning: `ProjectEulerRust` (bin "p137" test) generated 1 warning
[INFO] [stderr] warning: `ProjectEulerRust` (bin "p130" test) generated 2 warnings
[INFO] [stderr] warning: use of deprecated function `itertools::unfold`: Use [std::iter::from_fn](https://doc.rust-lang.org/std/iter/fn.from_fn.html) instead
[INFO] [stderr]   --> src/bin/p056.rs:18:24
[INFO] [stderr]    |
[INFO] [stderr] 18 |             itertools::unfold(One::one(), |n: &mut BigUint| {
[INFO] [stderr]    |                        ^^^^^^
[INFO] [stderr]    |
[INFO] [stderr]    = note: `#[warn(deprecated)]` on by default
[INFO] [stderr] 
[INFO] [stderr] warning: `ProjectEulerRust` (bin "p056" test) generated 1 warning
[INFO] [stderr]     Finished `test` profile [unoptimized + debuginfo] target(s) in 0.54s
[INFO] [stderr]      Running unittests src/common.rs (/opt/rustwide/target/debug/deps/common-3d80ed55b2a4caef)
[INFO] [stdout] 
[INFO] [stdout] running 0 tests
[INFO] [stdout] 
[INFO] [stdout] test result: ok. 0 passed; 0 failed; 0 ignored; 0 measured; 0 filtered out; finished in 0.00s
[INFO] [stdout] 
[INFO] [stderr]      Running unittests src/bin/euler.rs (/opt/rustwide/target/debug/deps/euler-9574606d3a4e7e14)
[INFO] [stdout] 
[INFO] [stdout] running 0 tests
[INFO] [stdout] 
[INFO] [stdout] test result: ok. 0 passed; 0 failed; 0 ignored; 0 measured; 0 filtered out; finished in 0.00s
[INFO] [stdout] 
[INFO] [stderr]      Running unittests src/bin/p001.rs (/opt/rustwide/target/debug/deps/p001-7ce5a2cff253a3b8)
[INFO] [stdout] 
[INFO] [stdout] running 2 tests
[INFO] [stdout] test tests::sum_below_ten ... ok
[INFO] [stdout] test test_solve ... ok
[INFO] [stdout] 
[INFO] [stdout] test result: ok. 2 passed; 0 failed; 0 ignored; 0 measured; 0 filtered out; finished in 0.01s
[INFO] [stdout] 
[INFO] [stderr]      Running unittests src/bin/p002.rs (/opt/rustwide/target/debug/deps/p002-04400dda824eabd1)
[INFO] [stdout] 
[INFO] [stdout] running 2 tests
[INFO] [stdout] test tests::sum_below_90 ... ok
[INFO] [stdout] test test_solve ... ok
[INFO] [stdout] 
[INFO] [stdout] test result: ok. 2 passed; 0 failed; 0 ignored; 0 measured; 0 filtered out; finished in 0.00s
[INFO] [stdout] 
[INFO] [stderr]      Running unittests src/bin/p003.rs (/opt/rustwide/target/debug/deps/p003-57df48df5e506030)
[INFO] [stdout] 
[INFO] [stdout] running 2 tests
[INFO] [stdout] test tests::factorize_13195 ... ok
[INFO] [stdout] test test_solve ... ok
[INFO] [stdout] 
[INFO] [stdout] test result: ok. 2 passed; 0 failed; 0 ignored; 0 measured; 0 filtered out; finished in 0.01s
[INFO] [stdout] 
[INFO] [stderr]      Running unittests src/bin/p004.rs (/opt/rustwide/target/debug/deps/p004-8fbac58fdb3b6f29)
[INFO] [stdout] 
[INFO] [stdout] running 2 tests
[INFO] [stdout] test tests::two_digits_palindromic ... ok
[INFO] [stdout] test test_solve ... ok
[INFO] [stdout] 
[INFO] [stdout] test result: ok. 2 passed; 0 failed; 0 ignored; 0 measured; 0 filtered out; finished in 0.00s
[INFO] [stdout] 
[INFO] [stderr]      Running unittests src/bin/p005.rs (/opt/rustwide/target/debug/deps/p005-ad1550495ffac44e)
[INFO] [stdout] 
[INFO] [stdout] running 2 tests
[INFO] [stdout] test tests::evenly_dividable_below_10 ... ok
[INFO] [stdout] test test_solve ... ok
[INFO] [stdout] 
[INFO] [stdout] test result: ok. 2 passed; 0 failed; 0 ignored; 0 measured; 0 filtered out; finished in 0.00s
[INFO] [stdout] 
[INFO] [stderr]      Running unittests src/bin/p006.rs (/opt/rustwide/target/debug/deps/p006-4fe164be2b7c31a9)
[INFO] [stdout] 
[INFO] [stdout] running 2 tests
[INFO] [stdout] test tests::sofs_ten ... ok
[INFO] [stdout] test test_solve ... ok
[INFO] [stdout] 
[INFO] [stdout] test result: ok. 2 passed; 0 failed; 0 ignored; 0 measured; 0 filtered out; finished in 0.00s
[INFO] [stdout] 
[INFO] [stderr]      Running unittests src/bin/p007.rs (/opt/rustwide/target/debug/deps/p007-6d59133ba2f3b67d)
[INFO] [stdout] 
[INFO] [stdout] running 2 tests
[INFO] [stdout] test tests::sixth_prime ... ok
[INFO] [stdout] test test_solve ... ok
[INFO] [stdout] 
[INFO] [stdout] test result: ok. 2 passed; 0 failed; 0 ignored; 0 measured; 0 filtered out; finished in 0.05s
[INFO] [stdout] 
[INFO] [stderr]      Running unittests src/bin/p008.rs (/opt/rustwide/target/debug/deps/p008-424197244e965a06)
[INFO] [stdout] 
[INFO] [stdout] running 2 tests
[INFO] [stdout] test tests::four_seq ... ok
[INFO] [stdout] test test_solve ... ok
[INFO] [stdout] 
[INFO] [stdout] test result: ok. 2 passed; 0 failed; 0 ignored; 0 measured; 0 filtered out; finished in 0.00s
[INFO] [stdout] 
[INFO] [stderr]      Running unittests src/bin/p009.rs (/opt/rustwide/target/debug/deps/p009-ec19388971f2e807)
[INFO] [stdout] 
[INFO] [stdout] running 1 test
[INFO] [stdout] test test_solve ... ok
[INFO] [stdout] 
[INFO] [stdout] test result: ok. 1 passed; 0 failed; 0 ignored; 0 measured; 0 filtered out; finished in 0.01s
[INFO] [stdout] 
[INFO] [stderr]      Running unittests src/bin/p010.rs (/opt/rustwide/target/debug/deps/p010-7b6a0c8cbade56ed)
[INFO] [stdout] 
[INFO] [stdout] running 2 tests
[INFO] [stdout] test tests::four_seq ... ok
[INFO] [stdout] test test_solve ... ok
[INFO] [stdout] 
[INFO] [stdout] test result: ok. 2 passed; 0 failed; 0 ignored; 0 measured; 0 filtered out; finished in 1.90s
[INFO] [stdout] 
[INFO] [stderr]      Running unittests src/bin/p011.rs (/opt/rustwide/target/debug/deps/p011-8576eded8911ec09)
[INFO] [stdout] 
[INFO] [stdout] running 1 test
[INFO] [stdout] test test_solve ... ok
[INFO] [stdout] 
[INFO] [stdout] test result: ok. 1 passed; 0 failed; 0 ignored; 0 measured; 0 filtered out; finished in 0.01s
[INFO] [stdout] 
[INFO] [stderr]      Running unittests src/bin/p012.rs (/opt/rustwide/target/debug/deps/p012-36e6e0305d3b7ca2)
[INFO] [stdout] 
[INFO] [stdout] running 2 tests
[INFO] [stdout] test tests::five_divisors ... ok
[INFO] [stdout] test test_solve ... ok
[INFO] [stdout] 
[INFO] [stdout] test result: ok. 2 passed; 0 failed; 0 ignored; 0 measured; 0 filtered out; finished in 0.06s
[INFO] [stdout] 
[INFO] [stderr]      Running unittests src/bin/p013.rs (/opt/rustwide/target/debug/deps/p013-03fbe113cac14ea7)
[INFO] [stdout] 
[INFO] [stdout] running 1 test
[INFO] [stdout] test test_solve ... ok
[INFO] [stdout] 
[INFO] [stdout] test result: ok. 1 passed; 0 failed; 0 ignored; 0 measured; 0 filtered out; finished in 0.00s
[INFO] [stdout] 
[INFO] [stderr]      Running unittests src/bin/p014.rs (/opt/rustwide/target/debug/deps/p014-6e7b509b394a9b4c)
[INFO] [stdout] 
[INFO] [stdout] running 1 test
[INFO] [stderr]      Running unittests src/bin/p015.rs (/opt/rustwide/target/debug/deps/p015-8e9b1a42e34a33e3)
[INFO] [stdout] test test_solve ... ok
[INFO] [stdout] 
[INFO] [stdout] test result: ok. 1 passed; 0 failed; 0 ignored; 0 measured; 0 filtered out; finished in 3.70s
[INFO] [stdout] 
[INFO] [stdout] 
[INFO] [stdout] running 2 tests
[INFO] [stdout] test tests::route_2x2 ... ok
[INFO] [stdout] test test_solve ... ok
[INFO] [stdout] 
[INFO] [stdout] test result: ok. 2 passed; 0 failed; 0 ignored; 0 measured; 0 filtered out; finished in 0.01s
[INFO] [stdout] 
[INFO] [stderr]      Running unittests src/bin/p016.rs (/opt/rustwide/target/debug/deps/p016-948449be636de481)
[INFO] [stdout] 
[INFO] [stdout] running 2 tests
[INFO] [stdout] test tests::two_fifteen ... ok
[INFO] [stdout] test test_solve ... ok
[INFO] [stdout] 
[INFO] [stdout] test result: ok. 2 passed; 0 failed; 0 ignored; 0 measured; 0 filtered out; finished in 0.01s
[INFO] [stdout] 
[INFO] [stderr]      Running unittests src/bin/p017.rs (/opt/rustwide/target/debug/deps/p017-690d09b5e1b5c686)
[INFO] [stdout] 
[INFO] [stdout] running 2 tests
[INFO] [stdout] test tests::one_to_five ... ok
[INFO] [stdout] test test_solve ... ok
[INFO] [stdout] 
[INFO] [stdout] test result: ok. 2 passed; 0 failed; 0 ignored; 0 measured; 0 filtered out; finished in 0.01s
[INFO] [stdout] 
[INFO] [stderr]      Running unittests src/bin/p018.rs (/opt/rustwide/target/debug/deps/p018-193b05fff48f74f9)
[INFO] [stdout] 
[INFO] [stdout] running 2 tests
[INFO] [stderr]      Running unittests src/bin/p019.rs (/opt/rustwide/target/debug/deps/p019-afdf348c56afe0d8)
[INFO] [stdout] test tests::small ... ok
[INFO] [stdout] test test_solve ... ok
[INFO] [stdout] 
[INFO] [stdout] test result: ok. 2 passed; 0 failed; 0 ignored; 0 measured; 0 filtered out; finished in 0.01s
[INFO] [stdout] 
[INFO] [stdout] 
[INFO] [stdout] running 1 test
[INFO] [stdout] test test_solve ... ok
[INFO] [stdout] 
[INFO] [stdout] test result: ok. 1 passed; 0 failed; 0 ignored; 0 measured; 0 filtered out; finished in 0.00s
[INFO] [stdout] 
[INFO] [stderr]      Running unittests src/bin/p020.rs (/opt/rustwide/target/debug/deps/p020-dab5c8464d873f4e)
[INFO] [stdout] 
[INFO] [stdout] running 2 tests
[INFO] [stdout] test tests::ten ... ok
[INFO] [stdout] test test_solve ... ok
[INFO] [stdout] 
[INFO] [stdout] test result: ok. 2 passed; 0 failed; 0 ignored; 0 measured; 0 filtered out; finished in 0.01s
[INFO] [stdout] 
[INFO] [stderr]      Running unittests src/bin/p021.rs (/opt/rustwide/target/debug/deps/p021-371092c0ee9d98c9)
[INFO] [stdout] 
[INFO] [stdout] running 1 test
[INFO] [stdout] test test_solve ... ok
[INFO] [stdout] 
[INFO] [stdout] test result: ok. 1 passed; 0 failed; 0 ignored; 0 measured; 0 filtered out; finished in 0.03s
[INFO] [stdout] 
[INFO] [stderr]      Running unittests src/bin/p022.rs (/opt/rustwide/target/debug/deps/p022-9d276b285e1888f8)
[INFO] [stdout] 
[INFO] [stdout] running 2 tests
[INFO] [stdout] test tests::colin ... ok
[INFO] [stdout] test test_solve ... FAILED
[INFO] [stdout] 
[INFO] [stdout] failures:
[INFO] [stdout] 
[INFO] [stdout] ---- test_solve stdout ----
[INFO] [stdout] thread 'test_solve' panicked at src/bin/p022.rs:49:1:
[INFO] [stdout] called `Result::unwrap()` on an `Err` value: Os { code: 30, kind: ReadOnlyFilesystem, message: "Read-only file system" }
[INFO] [stdout] stack backtrace:
[INFO] [stdout]    0:     0x5d41de6094fa - std::backtrace_rs::backtrace::libunwind::trace::h207520d6e9873551
[INFO] [stdout]                                at /rustc/df4ca44d3fbc9301ee17f30f4d474e6ae4b05252/library/std/src/../../backtrace/src/backtrace/libunwind.rs:116:5
[INFO] [stdout]    1:     0x5d41de6094fa - std::backtrace_rs::backtrace::trace_unsynchronized::h2ed7433f370e3eca
[INFO] [stdout]                                at /rustc/df4ca44d3fbc9301ee17f30f4d474e6ae4b05252/library/std/src/../../backtrace/src/backtrace/mod.rs:66:5
[INFO] [stdout]    2:     0x5d41de6094fa - std::sys::backtrace::_print_fmt::h916fac51166b18d7
[INFO] [stdout]                                at /rustc/df4ca44d3fbc9301ee17f30f4d474e6ae4b05252/library/std/src/sys/backtrace.rs:66:9
[INFO] [stdout]    3:     0x5d41de6094fa - <std::sys::backtrace::BacktraceLock::print::DisplayBacktrace as core::fmt::Display>::fmt::ha0a4c9b8ce3802e6
[INFO] [stdout]                                at /rustc/df4ca44d3fbc9301ee17f30f4d474e6ae4b05252/library/std/src/sys/backtrace.rs:39:26
[INFO] [stdout]    4:     0x5d41de633c13 - core::fmt::rt::Argument::fmt::h4cfc8587d52b3eb5
[INFO] [stdout]                                at /rustc/df4ca44d3fbc9301ee17f30f4d474e6ae4b05252/library/core/src/fmt/rt.rs:177:76
[INFO] [stdout]    5:     0x5d41de633c13 - core::fmt::write::h522cc39e5b36ae9f
[INFO] [stdout]                                at /rustc/df4ca44d3fbc9301ee17f30f4d474e6ae4b05252/library/core/src/fmt/mod.rs:1190:21
[INFO] [stdout]    6:     0x5d41de6050f3 - std::io::Write::write_fmt::h7d3c26752da97734
[INFO] [stdout]                                at /rustc/df4ca44d3fbc9301ee17f30f4d474e6ae4b05252/library/std/src/io/mod.rs:1839:15
[INFO] [stdout]    7:     0x5d41de609342 - std::sys::backtrace::BacktraceLock::print::h4b9e00b29e9c0942
[INFO] [stdout]                                at /rustc/df4ca44d3fbc9301ee17f30f4d474e6ae4b05252/library/std/src/sys/backtrace.rs:42:9
[INFO] [stdout]    8:     0x5d41de60a98a - std::panicking::default_hook::{{closure}}::hb59b88280d0324d9
[INFO] [stdout]                                at /rustc/df4ca44d3fbc9301ee17f30f4d474e6ae4b05252/library/std/src/panicking.rs:268:22
[INFO] [stdout]    9:     0x5d41de60a794 - std::panicking::default_hook::he1dd496665be4a29
[INFO] [stdout]                                at /rustc/df4ca44d3fbc9301ee17f30f4d474e6ae4b05252/library/std/src/panicking.rs:292:9
[INFO] [stdout]   10:     0x5d41de4d6f29 - <alloc::boxed::Box<F,A> as core::ops::function::Fn<Args>>::call::h4ff71de18744e1dc
[INFO] [stdout]                                at /rustc/df4ca44d3fbc9301ee17f30f4d474e6ae4b05252/library/alloc/src/boxed.rs:2468:9
[INFO] [stdout]   11:     0x5d41de4d6f29 - test::test_main::{{closure}}::hcf7c055ce117aa81
[INFO] [stdout]                                at /rustc/df4ca44d3fbc9301ee17f30f4d474e6ae4b05252/library/test/src/lib.rs:133:21
[INFO] [stdout]   12:     0x5d41de60b088 - <alloc::boxed::Box<F,A> as core::ops::function::Fn<Args>>::call::h1d66c6bbd60c9692
[INFO] [stdout]                                at /rustc/df4ca44d3fbc9301ee17f30f4d474e6ae4b05252/library/alloc/src/boxed.rs:2468:9
[INFO] [stdout]   13:     0x5d41de60b088 - std::panicking::rust_panic_with_hook::h2ff17fe8f26dfcf8
[INFO] [stdout]                                at /rustc/df4ca44d3fbc9301ee17f30f4d474e6ae4b05252/library/std/src/panicking.rs:809:13
[INFO] [stdout]   14:     0x5d41de60ae4a - std::panicking::begin_panic_handler::{{closure}}::h4fad77951c07e101
[INFO] [stdout]                                at /rustc/df4ca44d3fbc9301ee17f30f4d474e6ae4b05252/library/std/src/panicking.rs:674:13
[INFO] [stdout]   15:     0x5d41de6099d9 - std::sys::backtrace::__rust_end_short_backtrace::hb1a25b3da5d0ea08
[INFO] [stdout]                                at /rustc/df4ca44d3fbc9301ee17f30f4d474e6ae4b05252/library/std/src/sys/backtrace.rs:170:18
[INFO] [stdout]   16:     0x5d41de60aadc - rust_begin_unwind
[INFO] [stdout]                                at /rustc/df4ca44d3fbc9301ee17f30f4d474e6ae4b05252/library/std/src/panicking.rs:665:5
[INFO] [stdout]   17:     0x5d41de631c90 - core::panicking::panic_fmt::ha9db07b529f9b256
[INFO] [stdout]                                at /rustc/df4ca44d3fbc9301ee17f30f4d474e6ae4b05252/library/core/src/panicking.rs:75:14
[INFO] [stdout]   18:     0x5d41de6320d6 - core::result::unwrap_failed::h5e8218e4d4338b8a
[INFO] [stdout]                                at /rustc/df4ca44d3fbc9301ee17f30f4d474e6ae4b05252/library/core/src/result.rs:1698:5
[INFO] [stdout]   19:     0x5d41de49713b - core::result::Result<T,E>::unwrap::h216d1010cf7570c7
[INFO] [stdout]                                at /rustc/df4ca44d3fbc9301ee17f30f4d474e6ae4b05252/library/core/src/result.rs:1103:23
[INFO] [stdout]   20:     0x5d41de49713b - p022::test_solve::h2fcdde2fe5d6ee9a
[INFO] [stdout]                                at /opt/rustwide/workdir/src/common.rs:293:17
[INFO] [stdout]   21:     0x5d41de497077 - p022::test_solve::{{closure}}::h2ee19b4faa4a53fc
[INFO] [stdout]                                at /opt/rustwide/workdir/src/common.rs:291:24
[INFO] [stdout]   22:     0x5d41de49a9c6 - core::ops::function::FnOnce::call_once::h67548c86f256cec2
[INFO] [stdout]                                at /rustc/df4ca44d3fbc9301ee17f30f4d474e6ae4b05252/library/core/src/ops/function.rs:250:5
[INFO] [stdout]   23:     0x5d41de4db7fb - core::ops::function::FnOnce::call_once::h22c3ba5715e93f05
[INFO] [stdout]                                at /rustc/df4ca44d3fbc9301ee17f30f4d474e6ae4b05252/library/core/src/ops/function.rs:250:5
[INFO] [stdout]   24:     0x5d41de4db7fb - test::__rust_begin_short_backtrace::h8e82d8113d0da17f
[INFO] [stdout]                                at /rustc/df4ca44d3fbc9301ee17f30f4d474e6ae4b05252/library/test/src/lib.rs:621:18
[INFO] [stdout]   25:     0x5d41de4db177 - test::run_test_in_process::{{closure}}::h33235f4f20b7b7c7
[INFO] [stdout]                                at /rustc/df4ca44d3fbc9301ee17f30f4d474e6ae4b05252/library/test/src/lib.rs:644:60
[INFO] [stdout]   26:     0x5d41de4db177 - <core::panic::unwind_safe::AssertUnwindSafe<F> as core::ops::function::FnOnce<()>>::call_once::hb5043206310c586f
[INFO] [stdout]                                at /rustc/df4ca44d3fbc9301ee17f30f4d474e6ae4b05252/library/core/src/panic/unwind_safe.rs:272:9
[INFO] [stdout]   27:     0x5d41de4db177 - std::panicking::try::do_call::h9ad4731a60ab23e2
[INFO] [stdout]                                at /rustc/df4ca44d3fbc9301ee17f30f4d474e6ae4b05252/library/std/src/panicking.rs:557:40
[INFO] [stdout]   28:     0x5d41de4db177 - std::panicking::try::h3824d23db772a716
[INFO] [stdout]                                at /rustc/df4ca44d3fbc9301ee17f30f4d474e6ae4b05252/library/std/src/panicking.rs:520:19
[INFO] [stdout]   29:     0x5d41de4db177 - std::panic::catch_unwind::h5afd514605fde46b
[INFO] [stdout]                                at /rustc/df4ca44d3fbc9301ee17f30f4d474e6ae4b05252/library/std/src/panic.rs:358:14
[INFO] [stdout]   30:     0x5d41de4db177 - test::run_test_in_process::h0d5cbfa7067d1720
[INFO] [stdout]                                at /rustc/df4ca44d3fbc9301ee17f30f4d474e6ae4b05252/library/test/src/lib.rs:644:27
[INFO] [stdout]   31:     0x5d41de4db177 - test::run_test::{{closure}}::h708eb8872708115d
[INFO] [stdout]                                at /rustc/df4ca44d3fbc9301ee17f30f4d474e6ae4b05252/library/test/src/lib.rs:565:43
[INFO] [stdout]   32:     0x5d41de49e894 - test::run_test::{{closure}}::h392c51cee94713ab
[INFO] [stdout]                                at /rustc/df4ca44d3fbc9301ee17f30f4d474e6ae4b05252/library/test/src/lib.rs:595:41
[INFO] [stdout]   33:     0x5d41de49e894 - std::sys::backtrace::__rust_begin_short_backtrace::h2f40290710935a8b
[INFO] [stdout]                                at /rustc/df4ca44d3fbc9301ee17f30f4d474e6ae4b05252/library/std/src/sys/backtrace.rs:154:18
[INFO] [stdout]   34:     0x5d41de4a203e - std::thread::Builder::spawn_unchecked_::{{closure}}::{{closure}}::h3fd968d89053a903
[INFO] [stdout]                                at /rustc/df4ca44d3fbc9301ee17f30f4d474e6ae4b05252/library/std/src/thread/mod.rs:541:17
[INFO] [stdout]   35:     0x5d41de4a203e - <core::panic::unwind_safe::AssertUnwindSafe<F> as core::ops::function::FnOnce<()>>::call_once::h743f637ba4229880
[INFO] [stdout]                                at /rustc/df4ca44d3fbc9301ee17f30f4d474e6ae4b05252/library/core/src/panic/unwind_safe.rs:272:9
[INFO] [stdout]   36:     0x5d41de4a203e - std::panicking::try::do_call::h07440897322525a6
[INFO] [stdout]                                at /rustc/df4ca44d3fbc9301ee17f30f4d474e6ae4b05252/library/std/src/panicking.rs:557:40
[INFO] [stdout]   37:     0x5d41de4a203e - std::panicking::try::he5a2e00188156637
[INFO] [stdout]                                at /rustc/df4ca44d3fbc9301ee17f30f4d474e6ae4b05252/library/std/src/panicking.rs:520:19
[INFO] [stdout]   38:     0x5d41de4a203e - std::panic::catch_unwind::hbaf3cae49b3c6433
[INFO] [stdout]                                at /rustc/df4ca44d3fbc9301ee17f30f4d474e6ae4b05252/library/std/src/panic.rs:358:14
[INFO] [stdout]   39:     0x5d41de4a203e - std::thread::Builder::spawn_unchecked_::{{closure}}::h8e141ea224820bce
[INFO] [stdout]                                at /rustc/df4ca44d3fbc9301ee17f30f4d474e6ae4b05252/library/std/src/thread/mod.rs:540:30
[INFO] [stdout]   40:     0x5d41de4a203e - core::ops::function::FnOnce::call_once{{vtable.shim}}::h90d312fedd7b8ea8
[INFO] [stdout]                                at /rustc/df4ca44d3fbc9301ee17f30f4d474e6ae4b05252/library/core/src/ops/function.rs:250:5
[INFO] [stdout]   41:     0x5d41de60f31b - <alloc::boxed::Box<F,A> as core::ops::function::FnOnce<Args>>::call_once::h69aa08ddb6adb8b6
[INFO] [stdout]                                at /rustc/df4ca44d3fbc9301ee17f30f4d474e6ae4b05252/library/alloc/src/boxed.rs:2454:9
[INFO] [stdout]   42:     0x5d41de60f31b - <alloc::boxed::Box<F,A> as core::ops::function::FnOnce<Args>>::call_once::h5aa36efdb79c806f
[INFO] [stdout]                                at /rustc/df4ca44d3fbc9301ee17f30f4d474e6ae4b05252/library/alloc/src/boxed.rs:2454:9
[INFO] [stdout]   43:     0x5d41de60f31b - std::sys::pal::unix::thread::Thread::new::thread_start::h6cd80a1b4be5158d
[INFO] [stdout]                                at /rustc/df4ca44d3fbc9301ee17f30f4d474e6ae4b05252/library/std/src/sys/pal/unix/thread.rs:105:17
[INFO] [stdout]   44:     0x734bc0f92ac3 - <unknown>
[INFO] [stdout]   45:     0x734bc1023a04 - clone
[INFO] [stdout]   46:                0x0 - <unknown>
[INFO] [stdout] 
[INFO] [stdout] 
[INFO] [stdout] failures:
[INFO] [stdout]     test_solve
[INFO] [stdout] 
[INFO] [stdout] test result: FAILED. 1 passed; 1 failed; 0 ignored; 0 measured; 0 filtered out; finished in 0.42s
[INFO] [stdout] 
[INFO] [stderr] error: test failed, to rerun pass `--bin p022`
[INFO] running `Command { std: "docker" "inspect" "be3c9c8a4307e66618ac29ac8779e181d197e9576560f7a80f58c51f8a7367a9", kill_on_drop: false }`
[INFO] running `Command { std: "docker" "rm" "-f" "be3c9c8a4307e66618ac29ac8779e181d197e9576560f7a80f58c51f8a7367a9", kill_on_drop: false }`
[INFO] [stdout] be3c9c8a4307e66618ac29ac8779e181d197e9576560f7a80f58c51f8a7367a9
