[INFO] cloning repository https://github.com/gibbz00/ximple
[INFO] running `Command { std: "git" "-c" "credential.helper=" "-c" "credential.helper=/workspace/cargo-home/bin/git-credential-null" "clone" "--bare" "https://github.com/gibbz00/ximple" "/workspace/cache/git-repos/https%3A%2F%2Fgithub.com%2Fgibbz00%2Fximple", kill_on_drop: false }`
[INFO] [stderr] Cloning into bare repository '/workspace/cache/git-repos/https%3A%2F%2Fgithub.com%2Fgibbz00%2Fximple'...
[INFO] running `Command { std: "git" "rev-parse" "HEAD", kill_on_drop: false }`
[INFO] [stdout] cfafe748b005d208df492781f10d1876ae2a2b77
[INFO] testing gibbz00/ximple/cfafe748b005d208df492781f10d1876ae2a2b77 against nightly-2024-10-28+rustflags=-Zrandomize-layout for randomize-layout
[INFO] running `Command { std: "git" "clone" "/workspace/cache/git-repos/https%3A%2F%2Fgithub.com%2Fgibbz00%2Fximple" "/workspace/builds/worker-0-tc2/source", kill_on_drop: false }`
[INFO] [stderr] Cloning into '/workspace/builds/worker-0-tc2/source'...
[INFO] [stderr] done.
[INFO] validating manifest of git repo https://github.com/gibbz00/ximple on toolchain nightly-2024-10-28
[INFO] running `Command { std: CARGO_HOME="/workspace/cargo-home" RUSTUP_HOME="/workspace/rustup-home" "/workspace/cargo-home/bin/cargo" "+nightly-2024-10-28" "metadata" "--manifest-path" "Cargo.toml" "--no-deps", kill_on_drop: false }`
[INFO] removed /workspace/builds/worker-0-tc2/source/rust-toolchain.toml
[INFO] started tweaking git repo https://github.com/gibbz00/ximple
[INFO] finished tweaking git repo https://github.com/gibbz00/ximple
[INFO] tweaked toml for git repo https://github.com/gibbz00/ximple written to /workspace/builds/worker-0-tc2/source/Cargo.toml
[INFO] crate git repo https://github.com/gibbz00/ximple already has a lockfile, it will not be regenerated
[INFO] running `Command { std: CARGO_HOME="/workspace/cargo-home" RUSTUP_HOME="/workspace/rustup-home" "/workspace/cargo-home/bin/cargo" "+nightly-2024-10-28" "fetch" "--manifest-path" "Cargo.toml", kill_on_drop: false }`
[INFO] running `Command { std: "docker" "create" "-v" "/var/lib/crater-agent-workspace/builds/worker-0-tc2/target:/opt/rustwide/target:rw,Z" "-v" "/var/lib/crater-agent-workspace/builds/worker-0-tc2/source:/opt/rustwide/workdir:ro,Z" "-v" "/var/lib/crater-agent-workspace/cargo-home:/opt/rustwide/cargo-home:ro,Z" "-v" "/var/lib/crater-agent-workspace/rustup-home:/opt/rustwide/rustup-home:ro,Z" "-e" "SOURCE_DIR=/opt/rustwide/workdir" "-e" "CARGO_TARGET_DIR=/opt/rustwide/target" "-e" "CARGO_HOME=/opt/rustwide/cargo-home" "-e" "RUSTUP_HOME=/opt/rustwide/rustup-home" "-w" "/opt/rustwide/workdir" "-m" "1610612736" "--user" "0:0" "--network" "none" "ghcr.io/rust-lang/crates-build-env/linux@sha256:4a844ea9eb2546a2d2c7022eacef16ef2e8229c7fbb2c7d4d55a9ceca922f72d" "/opt/rustwide/cargo-home/bin/cargo" "+nightly-2024-10-28" "metadata" "--no-deps" "--format-version=1", kill_on_drop: false }`
[INFO] [stdout] 81351602d7e939c516159be51f87769b4563f4a4d53191c8545d9d429e803d9a
[INFO] running `Command { std: "docker" "start" "-a" "81351602d7e939c516159be51f87769b4563f4a4d53191c8545d9d429e803d9a", kill_on_drop: false }`
[INFO] running `Command { std: "docker" "inspect" "81351602d7e939c516159be51f87769b4563f4a4d53191c8545d9d429e803d9a", kill_on_drop: false }`
[INFO] running `Command { std: "docker" "rm" "-f" "81351602d7e939c516159be51f87769b4563f4a4d53191c8545d9d429e803d9a", kill_on_drop: false }`
[INFO] [stdout] 81351602d7e939c516159be51f87769b4563f4a4d53191c8545d9d429e803d9a
[INFO] running `Command { std: "docker" "create" "-v" "/var/lib/crater-agent-workspace/builds/worker-0-tc2/target:/opt/rustwide/target:rw,Z" "-v" "/var/lib/crater-agent-workspace/builds/worker-0-tc2/source:/opt/rustwide/workdir:ro,Z" "-v" "/var/lib/crater-agent-workspace/cargo-home:/opt/rustwide/cargo-home:ro,Z" "-v" "/var/lib/crater-agent-workspace/rustup-home:/opt/rustwide/rustup-home:ro,Z" "-e" "SOURCE_DIR=/opt/rustwide/workdir" "-e" "CARGO_TARGET_DIR=/opt/rustwide/target" "-e" "CARGO_INCREMENTAL=0" "-e" "RUST_BACKTRACE=full" "-e" "RUSTFLAGS=--cap-lints=forbid -Zrandomize-layout" "-e" "RUSTDOCFLAGS=--cap-lints=forbid" "-e" "CARGO_HOME=/opt/rustwide/cargo-home" "-e" "RUSTUP_HOME=/opt/rustwide/rustup-home" "-w" "/opt/rustwide/workdir" "-m" "1610612736" "--user" "0:0" "--network" "none" "ghcr.io/rust-lang/crates-build-env/linux@sha256:4a844ea9eb2546a2d2c7022eacef16ef2e8229c7fbb2c7d4d55a9ceca922f72d" "/opt/rustwide/cargo-home/bin/cargo" "+nightly-2024-10-28" "build" "--frozen" "--message-format=json", kill_on_drop: false }`
[INFO] [stdout] 7a3ab5a46db716680a1036dd35b1ee2801e50594c7d565d04690b05d0ef29599
[INFO] running `Command { std: "docker" "start" "-a" "7a3ab5a46db716680a1036dd35b1ee2801e50594c7d565d04690b05d0ef29599", kill_on_drop: false }`
[INFO] [stderr]    Compiling proc-macro2 v1.0.89
[INFO] [stderr]    Compiling unicode-ident v1.0.13
[INFO] [stderr]    Compiling thiserror v1.0.65
[INFO] [stderr]    Compiling xml-rs v0.8.22
[INFO] [stderr]    Compiling xml v0.8.20
[INFO] [stderr]    Compiling quote v1.0.37
[INFO] [stderr]    Compiling syn v2.0.85
[INFO] [stderr]    Compiling thiserror-impl v1.0.65
[INFO] [stderr]    Compiling ximple-macros v0.1.0 (/opt/rustwide/workdir/crates/macros)
[INFO] [stdout] warning: unused import: `FieldCompatibilityContext`
[INFO] [stdout]  --> crates/macros/src/lib.rs:7:103
[INFO] [stdout]   |
[INFO] [stdout] 7 |     AttributeBuffer, AttributeParseError, AttributeParser, ContainerCompatibilityContext, DeriveName, FieldCompatibilityContext,
[INFO] [stdout]   |                                                                                                       ^^^^^^^^^^^^^^^^^^^^^^^^^
[INFO] [stdout]   |
[INFO] [stdout]   = note: `#[warn(unused_imports)]` on by default
[INFO] [stdout] 
[INFO] [stdout] 
[INFO] [stdout] warning: struct `FieldCompatibilityContext` is never constructed
[INFO] [stdout]   --> crates/macros/src/attribute_utils.rs:21:12
[INFO] [stdout]    |
[INFO] [stdout] 21 | pub struct FieldCompatibilityContext<A> {
[INFO] [stdout]    |            ^^^^^^^^^^^^^^^^^^^^^^^^^
[INFO] [stdout]    |
[INFO] [stdout]    = note: `#[warn(dead_code)]` on by default
[INFO] [stdout] 
[INFO] [stdout] 
[INFO] [stdout] warning: associated function `parse_field_attributes` is never used
[INFO] [stdout]   --> crates/macros/src/attribute_utils.rs:82:12
[INFO] [stdout]    |
[INFO] [stdout] 59 | impl AttributeParser {
[INFO] [stdout]    | -------------------- associated function in this implementation
[INFO] [stdout] ...
[INFO] [stdout] 82 |     pub fn parse_field_attributes<A: XimpleAttribute, O: XimpleAttribute>(
[INFO] [stdout]    |            ^^^^^^^^^^^^^^^^^^^^^^
[INFO] [stdout] 
[INFO] [stdout] 
[INFO] [stderr]    Compiling ximple v0.1.0 (/opt/rustwide/workdir/crates/core)
[INFO] [stderr]     Finished `dev` profile [unoptimized] target(s) in 4.23s
[INFO] running `Command { std: "docker" "inspect" "7a3ab5a46db716680a1036dd35b1ee2801e50594c7d565d04690b05d0ef29599", kill_on_drop: false }`
[INFO] running `Command { std: "docker" "rm" "-f" "7a3ab5a46db716680a1036dd35b1ee2801e50594c7d565d04690b05d0ef29599", kill_on_drop: false }`
[INFO] [stdout] 7a3ab5a46db716680a1036dd35b1ee2801e50594c7d565d04690b05d0ef29599
[INFO] running `Command { std: "docker" "create" "-v" "/var/lib/crater-agent-workspace/builds/worker-0-tc2/target:/opt/rustwide/target:rw,Z" "-v" "/var/lib/crater-agent-workspace/builds/worker-0-tc2/source:/opt/rustwide/workdir:ro,Z" "-v" "/var/lib/crater-agent-workspace/cargo-home:/opt/rustwide/cargo-home:ro,Z" "-v" "/var/lib/crater-agent-workspace/rustup-home:/opt/rustwide/rustup-home:ro,Z" "-e" "SOURCE_DIR=/opt/rustwide/workdir" "-e" "CARGO_TARGET_DIR=/opt/rustwide/target" "-e" "CARGO_INCREMENTAL=0" "-e" "RUST_BACKTRACE=full" "-e" "RUSTFLAGS=--cap-lints=forbid -Zrandomize-layout" "-e" "RUSTDOCFLAGS=--cap-lints=forbid" "-e" "CARGO_HOME=/opt/rustwide/cargo-home" "-e" "RUSTUP_HOME=/opt/rustwide/rustup-home" "-w" "/opt/rustwide/workdir" "-m" "1610612736" "--user" "0:0" "--network" "none" "ghcr.io/rust-lang/crates-build-env/linux@sha256:4a844ea9eb2546a2d2c7022eacef16ef2e8229c7fbb2c7d4d55a9ceca922f72d" "/opt/rustwide/cargo-home/bin/cargo" "+nightly-2024-10-28" "test" "--frozen" "--no-run" "--message-format=json", kill_on_drop: false }`
[INFO] [stdout] e463735ed43d48e22f5cbb6fba7c29f30e17a71045dabdf3bb0be100bcba7612
[INFO] running `Command { std: "docker" "start" "-a" "e463735ed43d48e22f5cbb6fba7c29f30e17a71045dabdf3bb0be100bcba7612", kill_on_drop: false }`
[INFO] [stderr]    Compiling serde v1.0.213
[INFO] [stderr]    Compiling equivalent v1.0.1
[INFO] [stderr]    Compiling hashbrown v0.15.0
[INFO] [stderr]    Compiling target-triple v0.1.3
[INFO] [stderr]    Compiling serde_json v1.0.132
[INFO] [stderr]    Compiling winnow v0.6.20
[INFO] [stderr]    Compiling memchr v2.7.4
[INFO] [stderr]    Compiling ryu v1.0.18
[INFO] [stderr]    Compiling itoa v1.0.11
[INFO] [stderr]    Compiling yansi v1.0.1
[INFO] [stderr]    Compiling glob v0.3.1
[INFO] [stderr]    Compiling diff v0.1.13
[INFO] [stderr]    Compiling termcolor v1.4.1
[INFO] [stderr]    Compiling serde_derive v1.0.213
[INFO] [stderr]    Compiling indoc v2.0.5
[INFO] [stdout] warning: unused import: `FieldCompatibilityContext`
[INFO] [stdout]  --> crates/macros/src/lib.rs:7:103
[INFO] [stdout]   |
[INFO] [stdout] 7 |     AttributeBuffer, AttributeParseError, AttributeParser, ContainerCompatibilityContext, DeriveName, FieldCompatibilityContext,
[INFO] [stdout]   |                                                                                                       ^^^^^^^^^^^^^^^^^^^^^^^^^
[INFO] [stdout]   |
[INFO] [stdout]   = note: `#[warn(unused_imports)]` on by default
[INFO] [stdout] 
[INFO] [stdout] 
[INFO] [stderr]    Compiling ximple-macros v0.1.0 (/opt/rustwide/workdir/crates/macros)
[INFO] [stdout] warning: struct `FieldCompatibilityContext` is never constructed
[INFO] [stdout]   --> crates/macros/src/attribute_utils.rs:21:12
[INFO] [stdout]    |
[INFO] [stdout] 21 | pub struct FieldCompatibilityContext<A> {
[INFO] [stdout]    |            ^^^^^^^^^^^^^^^^^^^^^^^^^
[INFO] [stdout]    |
[INFO] [stdout]    = note: `#[warn(dead_code)]` on by default
[INFO] [stdout] 
[INFO] [stdout] 
[INFO] [stdout] warning: associated function `parse_field_attributes` is never used
[INFO] [stdout]   --> crates/macros/src/attribute_utils.rs:82:12
[INFO] [stdout]    |
[INFO] [stdout] 59 | impl AttributeParser {
[INFO] [stdout]    | -------------------- associated function in this implementation
[INFO] [stdout] ...
[INFO] [stdout] 82 |     pub fn parse_field_attributes<A: XimpleAttribute, O: XimpleAttribute>(
[INFO] [stdout]    |            ^^^^^^^^^^^^^^^^^^^^^^
[INFO] [stdout] 
[INFO] [stdout] 
[INFO] [stdout] warning: unused import: `FieldCompatibilityContext`
[INFO] [stdout]  --> crates/macros/src/lib.rs:7:103
[INFO] [stdout]   |
[INFO] [stdout] 7 |     AttributeBuffer, AttributeParseError, AttributeParser, ContainerCompatibilityContext, DeriveName, FieldCompatibilityContext,
[INFO] [stdout]   |                                                                                                       ^^^^^^^^^^^^^^^^^^^^^^^^^
[INFO] [stdout]   |
[INFO] [stdout]   = note: `#[warn(unused_imports)]` on by default
[INFO] [stdout] 
[INFO] [stdout] 
[INFO] [stdout] warning: struct `FieldCompatibilityContext` is never constructed
[INFO] [stdout]   --> crates/macros/src/attribute_utils.rs:21:12
[INFO] [stdout]    |
[INFO] [stdout] 21 | pub struct FieldCompatibilityContext<A> {
[INFO] [stdout]    |            ^^^^^^^^^^^^^^^^^^^^^^^^^
[INFO] [stdout]    |
[INFO] [stdout]    = note: `#[warn(dead_code)]` on by default
[INFO] [stdout] 
[INFO] [stdout] 
[INFO] [stdout] warning: associated function `parse_field_attributes` is never used
[INFO] [stdout]   --> crates/macros/src/attribute_utils.rs:82:12
[INFO] [stdout]    |
[INFO] [stdout] 59 | impl AttributeParser {
[INFO] [stdout]    | -------------------- associated function in this implementation
[INFO] [stdout] ...
[INFO] [stdout] 82 |     pub fn parse_field_attributes<A: XimpleAttribute, O: XimpleAttribute>(
[INFO] [stdout]    |            ^^^^^^^^^^^^^^^^^^^^^^
[INFO] [stdout] 
[INFO] [stdout] 
[INFO] [stderr]    Compiling pretty_assertions v1.4.1
[INFO] [stderr]    Compiling indexmap v2.6.0
[INFO] [stderr]    Compiling serde_spanned v0.6.8
[INFO] [stderr]    Compiling toml_datetime v0.6.8
[INFO] [stderr]    Compiling toml_edit v0.22.22
[INFO] [stderr]    Compiling toml v0.8.19
[INFO] [stderr]    Compiling trybuild v1.0.101
[INFO] [stderr]    Compiling ximple v0.1.0 (/opt/rustwide/workdir/crates/core)
[INFO] [stderr]     Finished `test` profile [unoptimized] target(s) in 8.63s
[INFO] running `Command { std: "docker" "inspect" "e463735ed43d48e22f5cbb6fba7c29f30e17a71045dabdf3bb0be100bcba7612", kill_on_drop: false }`
[INFO] running `Command { std: "docker" "rm" "-f" "e463735ed43d48e22f5cbb6fba7c29f30e17a71045dabdf3bb0be100bcba7612", kill_on_drop: false }`
[INFO] [stdout] e463735ed43d48e22f5cbb6fba7c29f30e17a71045dabdf3bb0be100bcba7612
[INFO] running `Command { std: "docker" "create" "-v" "/var/lib/crater-agent-workspace/builds/worker-0-tc2/target:/opt/rustwide/target:rw,Z" "-v" "/var/lib/crater-agent-workspace/builds/worker-0-tc2/source:/opt/rustwide/workdir:ro,Z" "-v" "/var/lib/crater-agent-workspace/cargo-home:/opt/rustwide/cargo-home:ro,Z" "-v" "/var/lib/crater-agent-workspace/rustup-home:/opt/rustwide/rustup-home:ro,Z" "-e" "SOURCE_DIR=/opt/rustwide/workdir" "-e" "CARGO_TARGET_DIR=/opt/rustwide/target" "-e" "CARGO_INCREMENTAL=0" "-e" "RUST_BACKTRACE=full" "-e" "RUSTFLAGS=--cap-lints=forbid -Zrandomize-layout" "-e" "RUSTDOCFLAGS=--cap-lints=forbid" "-e" "CARGO_HOME=/opt/rustwide/cargo-home" "-e" "RUSTUP_HOME=/opt/rustwide/rustup-home" "-w" "/opt/rustwide/workdir" "-m" "1610612736" "--user" "0:0" "--network" "none" "ghcr.io/rust-lang/crates-build-env/linux@sha256:4a844ea9eb2546a2d2c7022eacef16ef2e8229c7fbb2c7d4d55a9ceca922f72d" "/opt/rustwide/cargo-home/bin/cargo" "+nightly-2024-10-28" "test" "--frozen", kill_on_drop: false }`
[INFO] [stdout] f267ad06067286793f06f858813b79457ab1bd3b62055a0e5d04f7488612ca34
[INFO] running `Command { std: "docker" "start" "-a" "f267ad06067286793f06f858813b79457ab1bd3b62055a0e5d04f7488612ca34", kill_on_drop: false }`
[INFO] [stderr] warning: unused import: `FieldCompatibilityContext`
[INFO] [stderr]  --> crates/macros/src/lib.rs:7:103
[INFO] [stderr]   |
[INFO] [stderr] 7 |     AttributeBuffer, AttributeParseError, AttributeParser, ContainerCompatibilityContext, DeriveName, FieldCompatibilityContext,
[INFO] [stderr]   |                                                                                                       ^^^^^^^^^^^^^^^^^^^^^^^^^
[INFO] [stderr]   |
[INFO] [stderr]   = note: `#[warn(unused_imports)]` on by default
[INFO] [stderr] 
[INFO] [stderr] warning: struct `FieldCompatibilityContext` is never constructed
[INFO] [stderr]   --> crates/macros/src/attribute_utils.rs:21:12
[INFO] [stderr]    |
[INFO] [stderr] 21 | pub struct FieldCompatibilityContext<A> {
[INFO] [stderr]    |            ^^^^^^^^^^^^^^^^^^^^^^^^^
[INFO] [stderr]    |
[INFO] [stderr]    = note: `#[warn(dead_code)]` on by default
[INFO] [stderr] 
[INFO] [stderr] warning: associated function `parse_field_attributes` is never used
[INFO] [stderr]   --> crates/macros/src/attribute_utils.rs:82:12
[INFO] [stderr]    |
[INFO] [stderr] 59 | impl AttributeParser {
[INFO] [stderr]    | -------------------- associated function in this implementation
[INFO] [stderr] ...
[INFO] [stderr] 82 |     pub fn parse_field_attributes<A: XimpleAttribute, O: XimpleAttribute>(
[INFO] [stderr]    |            ^^^^^^^^^^^^^^^^^^^^^^
[INFO] [stderr] 
[INFO] [stderr] warning: `ximple-macros` (lib) generated 3 warnings (run `cargo fix --lib -p ximple-macros` to apply 1 suggestion)
[INFO] [stderr] warning: `ximple-macros` (lib test) generated 3 warnings (3 duplicates)
[INFO] [stderr]     Finished `test` profile [unoptimized] target(s) in 0.04s
[INFO] [stderr]      Running unittests src/lib.rs (/opt/rustwide/target/debug/deps/ximple-c9941b40b3fa8d3d)
[INFO] [stdout] 
[INFO] [stdout] running 29 tests
[INFO] [stdout] test impls::collections::tests::slice_serialization ... ok
[INFO] [stdout] test impls::collections::tests::string::deserialization ... ok
[INFO] [stdout] test impls::collections::tests::string::serialization ... ok
[INFO] [stdout] test impls::collections::tests::vec::serialization ... ok
[INFO] [stdout] test impls::collections::tests::to_attr ... ok
[INFO] [stdout] test impls::collections::tests::vec::deserialization ... ok
[INFO] [stdout] test impls::primitives::tests::bool_false::serialization ... ok
[INFO] [stdout] test impls::primitives::tests::bool_true::deserialization ... ok
[INFO] [stdout] test impls::primitives::tests::bool_false::deserialization ... ok
[INFO] [stdout] test impls::primitives::tests::bool_true::serialization ... ok
[INFO] [stdout] test impls::primitives::tests::str_serialization ... ok
[INFO] [stdout] test impls::primitives::tests::to_attr ... ok
[INFO] [stdout] test impls::wrappers::tests::boxed::deserialization ... ok
[INFO] [stdout] test impls::wrappers::tests::boxed::serialization ... ok
[INFO] [stdout] test impls::wrappers::tests::cow_owned::serialization ... ok
[INFO] [stdout] test impls::wrappers::tests::cow_owned::deserialization ... ok
[INFO] [stdout] test impls::wrappers::tests::cow_serialization ... ok
[INFO] [stdout] test impls::wrappers::tests::option_none_deserialization ... ok
[INFO] [stdout] test impls::wrappers::tests::option_none_serialization ... ok
[INFO] [stdout] test impls::wrappers::tests::option_some_serialization ... ok
[INFO] [stdout] test impls::wrappers::tests::option_some_deserialization ... ok
[INFO] [stdout] test impls::wrappers::tests::to_attr ... ok
[INFO] [stdout] test provided::document::tests::serialization ... ok
[INFO] [stdout] test provided::document::tests::deserialization ... ok
[INFO] [stdout] test ser::serializer::tests::write_element ... ok
[INFO] [stdout] test ser::serializer::tests::write_element_with_attributes ... ok
[INFO] [stdout] test ser::serializer::tests::write_self_closing_element ... ok
[INFO] [stdout] test types::attributes::tests::add ... ok
[INFO] [stdout] test types::name::tests::matches_xml_name ... ok
[INFO] [stdout] 
[INFO] [stdout] test result: ok. 29 passed; 0 failed; 0 ignored; 0 measured; 0 filtered out; finished in 0.00s
[INFO] [stdout] 
[INFO] [stderr]      Running tests/mod.rs (/opt/rustwide/target/debug/deps/mod-9fc9207179722c71)
[INFO] [stdout] 
[INFO] [stdout] running 40 tests
[INFO] [stdout] test derives::enums::mixed::generic_variant_a::serialization ... ok
[INFO] [stdout] test derives::enums::mixed::generic_variant_a::deserialization ... ok
[INFO] [stdout] test derives::enums::mixed::generic_variant_b::deserialization ... ok
[INFO] [stdout] test derives::enums::mixed::generic_variant_c::serialization ... ok
[INFO] [stdout] test derives::enums::mixed::generic_variant_c::deserialization ... ok
[INFO] [stdout] test derives::enums::mixed::generic_variant_b::serialization ... ok
[INFO] [stdout] test derives::enums::mixed::variant_a::deserialization ... ok
[INFO] [stdout] test derives::enums::mixed::variant_a::serialization ... ok
[INFO] [stdout] test derives::enums::mixed::variant_b::deserialization ... ok
[INFO] [stdout] test derives::enums::mixed::variant_b::serialization ... ok
[INFO] [stdout] test derives::enums::mixed::variant_c::deserialization ... ok
[INFO] [stdout] test derives::enums::mixed::variant_c::serialization ... ok
[INFO] [stdout] test derives::enums::named::base::deserialization ... ok
[INFO] [stdout] test derives::enums::named::base::serialization ... ok
[INFO] [stdout] test derives::enums::named::generic::serialization ... ok
[INFO] [stdout] test derives::enums::named::generic::deserialization ... ok
[INFO] [stdout] test derives::enums::unit::variant_a::deserialization ... ok
[INFO] [stdout] test derives::enums::unit::variant_a::serialization ... ok
[INFO] [stdout] test derives::enums::unit::variant_b::deserialization ... ok
[INFO] [stdout] test derives::enums::unit::variant_b::serialization ... ok
[INFO] [stdout] test derives::enums::unnamed::base::serialization ... ok
[INFO] [stdout] test derives::enums::unnamed::base::deserialization ... ok
[INFO] [stdout] test derives::enums::unnamed::generic::serialization ... ok
[INFO] [stdout] test derives::enums::unnamed::generic::deserialization ... ok
[INFO] [stdout] test derives::structs::named::fields_create_elements::deserialization ... ok
[INFO] [stdout] test derives::structs::named::fields_create_elements::serialization ... ok
[INFO] [stdout] test derives::structs::named::first_field_option_none::serialization ... ok
[INFO] [stdout] test derives::structs::named::first_field_option_none::deserialization ... ok
[INFO] [stdout] test derives::structs::named::first_field_option_some::deserialization ... ok
[INFO] [stdout] test derives::structs::named::generic::deserialization ... ok
[INFO] [stdout] test derives::structs::named::generic::serialization ... ok
[INFO] [stdout] test derives::structs::named::first_field_option_some::serialization ... ok
[INFO] [stdout] test derives::structs::unit::noop::serialization ... ok
[INFO] [stdout] test derives::structs::unit::noop::deserialization ... ok
[INFO] [stdout] test derives::structs::unnamed::fields_create_elements::serialization ... ok
[INFO] [stdout] test derives::structs::unnamed::generic::deserialization ... ok
[INFO] [stdout] test derives::structs::unnamed::generic::serialization ... ok
[INFO] [stdout] test derives::structs::unnamed::fields_create_elements::deserialization ... ok
[INFO] [stdout] test pretty::to_string_pretty ... ok
[INFO] [stderr]    Compiling proc-macro2 v1.0.89
[INFO] [stderr]    Compiling unicode-ident v1.0.13
[INFO] [stderr]    Compiling thiserror v1.0.65
[INFO] [stderr]     Checking xml-rs v0.8.22
[INFO] [stderr]     Checking yansi v1.0.1
[INFO] [stderr]     Checking diff v0.1.13
[INFO] [stderr]    Compiling indoc v2.0.5
[INFO] [stderr]     Checking pretty_assertions v1.4.1
[INFO] [stderr]     Checking xml v0.8.20
[INFO] [stderr]    Compiling quote v1.0.37
[INFO] [stderr]    Compiling syn v2.0.85
[INFO] [stderr]    Compiling thiserror-impl v1.0.65
[INFO] [stderr]    Compiling ximple-macros v0.1.0 (/opt/rustwide/workdir/crates/macros)
[INFO] [stderr] warning: unused import: `FieldCompatibilityContext`
[INFO] [stderr]  --> /opt/rustwide/workdir/crates/macros/src/lib.rs:7:103
[INFO] [stderr]   |
[INFO] [stderr] 7 |     AttributeBuffer, AttributeParseError, AttributeParser, ContainerCompatibilityContext, DeriveName, FieldCompatibilityContext,
[INFO] [stderr]   |                                                                                                       ^^^^^^^^^^^^^^^^^^^^^^^^^
[INFO] [stderr]   |
[INFO] [stderr]   = note: `#[warn(unused_imports)]` on by default
[INFO] [stderr] 
[INFO] [stderr] warning: struct `FieldCompatibilityContext` is never constructed
[INFO] [stderr]   --> /opt/rustwide/workdir/crates/macros/src/attribute_utils.rs:21:12
[INFO] [stderr]    |
[INFO] [stderr] 21 | pub struct FieldCompatibilityContext<A> {
[INFO] [stderr]    |            ^^^^^^^^^^^^^^^^^^^^^^^^^
[INFO] [stderr]    |
[INFO] [stderr]    = note: `#[warn(dead_code)]` on by default
[INFO] [stderr] 
[INFO] [stderr] warning: associated function `parse_field_attributes` is never used
[INFO] [stderr]   --> /opt/rustwide/workdir/crates/macros/src/attribute_utils.rs:82:12
[INFO] [stderr]    |
[INFO] [stderr] 59 | impl AttributeParser {
[INFO] [stderr]    | -------------------- associated function in this implementation
[INFO] [stderr] ...
[INFO] [stderr] 82 |     pub fn parse_field_attributes<A: XimpleAttribute, O: XimpleAttribute>(
[INFO] [stderr]    |            ^^^^^^^^^^^^^^^^^^^^^^
[INFO] [stderr] 
[INFO] [stderr] warning: `ximple-macros` (lib) generated 3 warnings (run `cargo fix --lib -p ximple-macros` to apply 1 suggestion)
[INFO] [stderr]     Checking ximple v0.1.0 (/opt/rustwide/workdir/crates/core)
[INFO] [stderr]     Checking ximple-tests v0.0.0 (/opt/rustwide/target/tests/trybuild/ximple)
[INFO] [stderr]     Finished `dev` profile [unoptimized + debuginfo] target(s) in 3.40s
[INFO] [stderr] 
[INFO] [stderr] 
[INFO] [stderr] test tests/ui/attributes/non_meta_list_attributes/name_value_enum_container.rs ... error
[INFO] [stderr] Expected test case to fail to compile, but it succeeded.
[INFO] [stderr] 
[INFO] [stderr] test tests/ui/attributes/non_meta_list_attributes/name_value_enum_field.rs ... error
[INFO] [stderr] Expected test case to fail to compile, but it succeeded.
[INFO] [stderr] 
[INFO] [stderr] test tests/ui/attributes/non_meta_list_attributes/name_value_struct_container.rs ... error
[INFO] [stderr] Read-only file system (os error 30)
[INFO] [stderr] 
[INFO] [stderr] test tests/ui/attributes/non_meta_list_attributes/name_value_struct_field.rs ... error
[INFO] [stderr] Read-only file system (os error 30)
[INFO] [stderr] 
[INFO] [stderr] test tests/ui/attributes/non_meta_list_attributes/path_enum_container.rs ... error
[INFO] [stderr] Expected test case to fail to compile, but it succeeded.
[INFO] [stderr] 
[INFO] [stderr] test tests/ui/attributes/non_meta_list_attributes/path_enum_field.rs ... error
[INFO] [stderr] Expected test case to fail to compile, but it succeeded.
[INFO] [stderr] 
[INFO] [stderr] test tests/ui/attributes/non_meta_list_attributes/path_struct_container.rs ... error
[INFO] [stderr] Read-only file system (os error 30)
[INFO] [stderr] 
[INFO] [stderr] test tests/ui/attributes/non_meta_list_attributes/path_struct_field.rs ... error
[INFO] [stderr] Read-only file system (os error 30)
[INFO] [stderr] 
[INFO] [stderr] test tests/ui/attributes/unknown_attribute.rs ... error
[INFO] [stderr] Expected test case to fail to compile, but it succeeded.
[INFO] [stderr] 
[INFO] [stderr] test tests/ui/from_xml/union_not_supported.rs ... ok
[INFO] [stderr] test tests/ui/to_xml/union_not_supported.rs ... ok
[INFO] [stderr] 
[INFO] [stderr] 
[INFO] [stdout] test error_ui ... FAILED
[INFO] [stdout] 
[INFO] [stdout] failures:
[INFO] [stdout] 
[INFO] [stdout] ---- error_ui stdout ----
[INFO] [stdout] thread 'error_ui' panicked at /opt/rustwide/cargo-home/registry/src/index.crates.io-6f17d22bba15001f/trybuild-1.0.101/src/run.rs:101:13:
[INFO] [stdout] 9 of 11 tests failed
[INFO] [stdout] stack backtrace:
[INFO] [stdout]    0:     0x59de17bf355a - <std::sys::backtrace::BacktraceLock::print::DisplayBacktrace as core::fmt::Display>::fmt::ha0a4c9b8ce3802e6
[INFO] [stdout]    1:     0x59de17c1db13 - core::fmt::write::h522cc39e5b36ae9f
[INFO] [stdout]    2:     0x59de17bef593 - std::io::Write::write_fmt::h7d3c26752da97734
[INFO] [stdout]    3:     0x59de17bf33a2 - std::sys::backtrace::BacktraceLock::print::h4b9e00b29e9c0942
[INFO] [stdout]    4:     0x59de17bf4fea - std::panicking::default_hook::{{closure}}::hb59b88280d0324d9
[INFO] [stdout]    5:     0x59de17bf4df4 - std::panicking::default_hook::he1dd496665be4a29
[INFO] [stdout]    6:     0x59de17b69909 - test::test_main::{{closure}}::hcf7c055ce117aa81
[INFO] [stdout]    7:     0x59de17bf56e8 - std::panicking::rust_panic_with_hook::h2ff17fe8f26dfcf8
[INFO] [stdout]    8:     0x59de17bf54aa - std::panicking::begin_panic_handler::{{closure}}::h4fad77951c07e101
[INFO] [stdout]    9:     0x59de17bf3a39 - std::sys::backtrace::__rust_end_short_backtrace::hb1a25b3da5d0ea08
[INFO] [stdout]   10:     0x59de17bf513c - rust_begin_unwind
[INFO] [stdout]   11:     0x59de17c1bec0 - core::panicking::panic_fmt::ha9db07b529f9b256
[INFO] [stdout]   12:     0x59de179903f7 - trybuild::run::<impl trybuild::Runner>::run::hf0e9c6d1825f0cbb
[INFO] [stdout]   13:     0x59de17995625 - <trybuild::TestCases as core::ops::drop::Drop>::drop::h63d3b9f0c066988a
[INFO] [stdout]   14:     0x59de178bf8c1 - core::ptr::drop_in_place<trybuild::TestCases>::hbd7dd1384c6bdc6d
[INFO] [stdout]   15:     0x59de178cbd03 - mod::error_ui::hfed2158d2560d503
[INFO] [stdout]   16:     0x59de178cbc93 - mod::error_ui::{{closure}}::h3b02fd720ff76c32
[INFO] [stdout]   17:     0x59de178bf626 - core::ops::function::FnOnce::call_once::hf9606760cc49ea67
[INFO] [stdout]   18:     0x59de17b6e1db - test::__rust_begin_short_backtrace::h8e82d8113d0da17f
[INFO] [stdout]   19:     0x59de17b6db57 - test::run_test::{{closure}}::h708eb8872708115d
[INFO] [stdout]   20:     0x59de17b31274 - std::sys::backtrace::__rust_begin_short_backtrace::h2f40290710935a8b
[INFO] [stdout]   21:     0x59de17b34a1e - core::ops::function::FnOnce::call_once{{vtable.shim}}::h90d312fedd7b8ea8
[INFO] [stdout]   22:     0x59de17bfa4ab - std::sys::pal::unix::thread::Thread::new::thread_start::h6cd80a1b4be5158d
[INFO] [stdout]   23:     0x7f00dd0cbac3 - <unknown>
[INFO] [stdout]   24:     0x7f00dd15ca04 - clone
[INFO] [stdout]   25:                0x0 - <unknown>
[INFO] [stdout] 
[INFO] [stdout] 
[INFO] [stdout] failures:
[INFO] [stdout]     error_ui
[INFO] [stdout] 
[INFO] [stdout] test result: FAILED. 39 passed; 1 failed; 0 ignored; 0 measured; 0 filtered out; finished in 3.61s
[INFO] [stdout] 
[INFO] [stderr] error: test failed, to rerun pass `-p ximple --test mod`
[INFO] running `Command { std: "docker" "inspect" "f267ad06067286793f06f858813b79457ab1bd3b62055a0e5d04f7488612ca34", kill_on_drop: false }`
[INFO] running `Command { std: "docker" "rm" "-f" "f267ad06067286793f06f858813b79457ab1bd3b62055a0e5d04f7488612ca34", kill_on_drop: false }`
[INFO] [stdout] f267ad06067286793f06f858813b79457ab1bd3b62055a0e5d04f7488612ca34
