[INFO] cloning repository https://github.com/garrettmaring/engi-name-service-fork-test
[INFO] running `Command { std: "git" "-c" "credential.helper=" "-c" "credential.helper=/workspace/cargo-home/bin/git-credential-null" "clone" "--bare" "https://github.com/garrettmaring/engi-name-service-fork-test" "/workspace/cache/git-repos/https%3A%2F%2Fgithub.com%2Fgarrettmaring%2Fengi-name-service-fork-test", kill_on_drop: false }`
[INFO] [stderr] Cloning into bare repository '/workspace/cache/git-repos/https%3A%2F%2Fgithub.com%2Fgarrettmaring%2Fengi-name-service-fork-test'...
[INFO] running `Command { std: "git" "rev-parse" "HEAD", kill_on_drop: false }`
[INFO] [stdout] 31c4cccde0ef6c10d7c7f2f17fc8c8cb838a052d
[INFO] testing garrettmaring/engi-name-service-fork-test/31c4cccde0ef6c10d7c7f2f17fc8c8cb838a052d against nightly-2024-10-28 for randomize-layout
[INFO] running `Command { std: "git" "clone" "/workspace/cache/git-repos/https%3A%2F%2Fgithub.com%2Fgarrettmaring%2Fengi-name-service-fork-test" "/workspace/builds/worker-7-tc1/source", kill_on_drop: false }`
[INFO] [stderr] Cloning into '/workspace/builds/worker-7-tc1/source'...
[INFO] [stderr] done.
[INFO] validating manifest of git repo https://github.com/garrettmaring/engi-name-service-fork-test on toolchain nightly-2024-10-28
[INFO] running `Command { std: CARGO_HOME="/workspace/cargo-home" RUSTUP_HOME="/workspace/rustup-home" "/workspace/cargo-home/bin/cargo" "+nightly-2024-10-28" "metadata" "--manifest-path" "Cargo.toml" "--no-deps", kill_on_drop: false }`
[INFO] started tweaking git repo https://github.com/garrettmaring/engi-name-service-fork-test
[INFO] finished tweaking git repo https://github.com/garrettmaring/engi-name-service-fork-test
[INFO] tweaked toml for git repo https://github.com/garrettmaring/engi-name-service-fork-test written to /workspace/builds/worker-7-tc1/source/Cargo.toml
[INFO] crate git repo https://github.com/garrettmaring/engi-name-service-fork-test already has a lockfile, it will not be regenerated
[INFO] running `Command { std: CARGO_HOME="/workspace/cargo-home" RUSTUP_HOME="/workspace/rustup-home" "/workspace/cargo-home/bin/cargo" "+nightly-2024-10-28" "fetch" "--manifest-path" "Cargo.toml", kill_on_drop: false }`
[INFO] [stderr]     Updating crates.io index
[INFO] [stderr]  Downloading crates ...
[INFO] [stderr]   Downloaded thiserror-impl v1.0.34
[INFO] [stderr]   Downloaded scale-info-derive v2.1.2
[INFO] [stderr]   Downloaded scale-info v2.1.2
[INFO] [stderr]   Downloaded byte-slice-cast v1.2.1
[INFO] [stderr]   Downloaded parity-scale-codec v3.1.5
[INFO] [stderr]   Downloaded array-init v2.0.1
[INFO] [stderr]   Downloaded ink_storage_derive v3.3.1
[INFO] [stderr]   Downloaded parity-scale-codec-derive v3.1.3
[INFO] [stderr]   Downloaded ink_allocator v3.3.1
[INFO] [stderr]   Downloaded ink_lang_codegen v3.3.1
[INFO] [stderr]   Downloaded ink_lang v3.3.1
[INFO] [stderr]   Downloaded ink_lang_ir v3.3.1
[INFO] [stderr]   Downloaded secp256k1 v0.24.0
[INFO] [stderr]   Downloaded ink_env v3.3.1
[INFO] [stderr]   Downloaded ink_storage v3.3.1
[INFO] [stderr]   Downloaded serde_derive v1.0.144
[INFO] [stderr]   Downloaded blake2 v0.10.4
[INFO] [stderr]   Downloaded ink_lang_macro v3.3.1
[INFO] [stderr]   Downloaded cpufeatures v0.2.5
[INFO] [stderr]   Downloaded keccak v0.1.2
[INFO] [stderr]   Downloaded serde v1.0.144
[INFO] [stderr]   Downloaded sha2 v0.10.5
[INFO] [stderr]   Downloaded generic-array v0.14.6
[INFO] [stderr]   Downloaded ink_primitives v3.3.1
[INFO] [stderr]   Downloaded wyz v0.5.0
[INFO] [stderr]   Downloaded ink_engine v3.3.1
[INFO] [stderr]   Downloaded paste v1.0.9
[INFO] [stderr]   Downloaded rlibc v1.0.0
[INFO] [stderr]   Downloaded ink_prelude v3.3.1
[INFO] [stderr]   Downloaded thiserror v1.0.34
[INFO] [stderr]   Downloaded proc-macro-crate v1.2.1
[INFO] [stderr]   Downloaded sha3 v0.10.4
[INFO] [stderr]   Downloaded secp256k1-sys v0.6.0
[INFO] [stderr]   Downloaded ink_metadata v3.3.1
[INFO] running `Command { std: "docker" "create" "-v" "/var/lib/crater-agent-workspace/builds/worker-7-tc1/target:/opt/rustwide/target:rw,Z" "-v" "/var/lib/crater-agent-workspace/builds/worker-7-tc1/source:/opt/rustwide/workdir:ro,Z" "-v" "/var/lib/crater-agent-workspace/cargo-home:/opt/rustwide/cargo-home:ro,Z" "-v" "/var/lib/crater-agent-workspace/rustup-home:/opt/rustwide/rustup-home:ro,Z" "-e" "SOURCE_DIR=/opt/rustwide/workdir" "-e" "CARGO_TARGET_DIR=/opt/rustwide/target" "-e" "CARGO_HOME=/opt/rustwide/cargo-home" "-e" "RUSTUP_HOME=/opt/rustwide/rustup-home" "-w" "/opt/rustwide/workdir" "-m" "1610612736" "--user" "0:0" "--network" "none" "ghcr.io/rust-lang/crates-build-env/linux@sha256:4a844ea9eb2546a2d2c7022eacef16ef2e8229c7fbb2c7d4d55a9ceca922f72d" "/opt/rustwide/cargo-home/bin/cargo" "+nightly-2024-10-28" "metadata" "--no-deps" "--format-version=1", kill_on_drop: false }`
[INFO] [stdout] 78a1cab2669cf943cb084be0848003766ccc9633768035c40cd4d43e47aa95be
[INFO] running `Command { std: "docker" "start" "-a" "78a1cab2669cf943cb084be0848003766ccc9633768035c40cd4d43e47aa95be", kill_on_drop: false }`
[INFO] running `Command { std: "docker" "inspect" "78a1cab2669cf943cb084be0848003766ccc9633768035c40cd4d43e47aa95be", kill_on_drop: false }`
[INFO] running `Command { std: "docker" "rm" "-f" "78a1cab2669cf943cb084be0848003766ccc9633768035c40cd4d43e47aa95be", kill_on_drop: false }`
[INFO] [stdout] 78a1cab2669cf943cb084be0848003766ccc9633768035c40cd4d43e47aa95be
[INFO] running `Command { std: "docker" "create" "-v" "/var/lib/crater-agent-workspace/builds/worker-7-tc1/target:/opt/rustwide/target:rw,Z" "-v" "/var/lib/crater-agent-workspace/builds/worker-7-tc1/source:/opt/rustwide/workdir:ro,Z" "-v" "/var/lib/crater-agent-workspace/cargo-home:/opt/rustwide/cargo-home:ro,Z" "-v" "/var/lib/crater-agent-workspace/rustup-home:/opt/rustwide/rustup-home:ro,Z" "-e" "SOURCE_DIR=/opt/rustwide/workdir" "-e" "CARGO_TARGET_DIR=/opt/rustwide/target" "-e" "CARGO_INCREMENTAL=0" "-e" "RUST_BACKTRACE=full" "-e" "RUSTFLAGS=--cap-lints=forbid" "-e" "RUSTDOCFLAGS=--cap-lints=forbid" "-e" "CARGO_HOME=/opt/rustwide/cargo-home" "-e" "RUSTUP_HOME=/opt/rustwide/rustup-home" "-w" "/opt/rustwide/workdir" "-m" "1610612736" "--user" "0:0" "--network" "none" "ghcr.io/rust-lang/crates-build-env/linux@sha256:4a844ea9eb2546a2d2c7022eacef16ef2e8229c7fbb2c7d4d55a9ceca922f72d" "/opt/rustwide/cargo-home/bin/cargo" "+nightly-2024-10-28" "build" "--frozen" "--message-format=json", kill_on_drop: false }`
[INFO] [stdout] ca0cfabf9227ee0f62ce2ae33e26f3568ec527b3fefc23d2d0b01b84f4be4ba0
[INFO] running `Command { std: "docker" "start" "-a" "ca0cfabf9227ee0f62ce2ae33e26f3568ec527b3fefc23d2d0b01b84f4be4ba0", kill_on_drop: false }`
[INFO] [stderr]    Compiling proc-macro2 v1.0.43
[INFO] [stderr]    Compiling quote v1.0.21
[INFO] [stderr]    Compiling unicode-ident v1.0.3
[INFO] [stderr]    Compiling syn v1.0.99
[INFO] [stderr]    Compiling serde v1.0.144
[INFO] [stderr]    Compiling cfg-if v1.0.0
[INFO] [stderr]    Compiling typenum v1.15.0
[INFO] [stderr]    Compiling version_check v0.9.4
[INFO] [stderr]    Compiling once_cell v1.14.0
[INFO] [stderr]    Compiling radium v0.7.0
[INFO] [stderr]    Compiling tap v1.0.1
[INFO] [stderr]    Compiling funty v2.0.0
[INFO] [stderr]    Compiling arrayvec v0.7.2
[INFO] [stderr]    Compiling byte-slice-cast v1.2.1
[INFO] [stderr]    Compiling serde_derive v1.0.144
[INFO] [stderr]    Compiling subtle v2.4.1
[INFO] [stderr]    Compiling wyz v0.5.0
[INFO] [stderr]    Compiling libc v0.2.132
[INFO] [stderr]    Compiling cc v1.0.73
[INFO] [stderr]    Compiling ink_prelude v3.3.1
[INFO] [stderr]    Compiling autocfg v1.1.0
[INFO] [stderr]    Compiling ppv-lite86 v0.2.16
[INFO] [stderr]    Compiling keccak v0.1.2
[INFO] [stderr]    Compiling cpufeatures v0.2.5
[INFO] [stderr]    Compiling either v1.8.0
[INFO] [stderr]    Compiling unicode-xid v0.2.3
[INFO] [stderr]    Compiling ink_allocator v3.3.1
[INFO] [stderr]    Compiling paste v1.0.9
[INFO] [stderr]    Compiling static_assertions v1.1.0
[INFO] [stderr]    Compiling generic-array v0.14.6
[INFO] [stderr]    Compiling heck v0.4.0
[INFO] [stderr]    Compiling arrayref v0.3.6
[INFO] [stderr]    Compiling array-init v2.0.1
[INFO] [stderr]    Compiling itertools v0.10.3
[INFO] [stderr]    Compiling bitvec v1.0.1
[INFO] [stderr]    Compiling num-traits v0.2.15
[INFO] [stderr]    Compiling secp256k1-sys v0.6.0
[INFO] [stderr]    Compiling getrandom v0.2.7
[INFO] [stderr]    Compiling rand_core v0.6.3
[INFO] [stderr]    Compiling rand_chacha v0.3.1
[INFO] [stderr]    Compiling rand v0.8.5
[INFO] [stderr]    Compiling block-buffer v0.10.3
[INFO] [stderr]    Compiling crypto-common v0.1.6
[INFO] [stderr]    Compiling digest v0.10.3
[INFO] [stderr]    Compiling blake2 v0.10.4
[INFO] [stderr]    Compiling sha2 v0.10.5
[INFO] [stderr]    Compiling sha3 v0.10.4
[INFO] [stderr]    Compiling toml v0.5.9
[INFO] [stderr]    Compiling impl-serde v0.3.2
[INFO] [stderr]    Compiling secp256k1 v0.24.0
[INFO] [stderr]    Compiling ink_lang_ir v3.3.1
[INFO] [stderr]    Compiling synstructure v0.12.6
[INFO] [stderr]    Compiling thiserror-impl v1.0.34
[INFO] [stderr]    Compiling impl-trait-for-tuples v0.2.2
[INFO] [stderr]    Compiling derive_more v0.99.17
[INFO] [stderr]    Compiling ink_storage_derive v3.3.1
[INFO] [stderr]    Compiling thiserror v1.0.34
[INFO] [stderr]    Compiling proc-macro-crate v1.2.1
[INFO] [stderr]    Compiling parity-scale-codec-derive v3.1.3
[INFO] [stderr]    Compiling scale-info-derive v2.1.2
[INFO] [stderr]    Compiling parity-scale-codec v3.1.5
[INFO] [stderr]    Compiling scale-info v2.1.2
[INFO] [stderr]    Compiling ink_lang_codegen v3.3.1
[INFO] [stderr]    Compiling ink_primitives v3.3.1
[INFO] [stderr]    Compiling ink_lang_macro v3.3.1
[INFO] [stderr]    Compiling ink_engine v3.3.1
[INFO] [stderr]    Compiling ink_metadata v3.3.1
[INFO] [stderr]    Compiling ink_env v3.3.1
[INFO] [stderr]    Compiling ink_storage v3.3.1
[INFO] [stderr]    Compiling ink_lang v3.3.1
[INFO] [stderr]    Compiling engi-name-service v4.0.0-alpha.1 (/opt/rustwide/workdir)
[INFO] [stdout] warning: unexpected `cfg` condition value: `__ink_dylint_Storage`
[INFO] [stdout]   --> lib.rs:42:5
[INFO] [stdout]    |
[INFO] [stdout] 42 | /     /// Engi domain name service contract inspired by
[INFO] [stdout] 43 | |     ///
[INFO] [stdout] 44 | |     /// # Description
[INFO] [stdout] 45 | |     ///
[INFO] [stdout] ...  |
[INFO] [stdout] 59 | |         default_address: AccountId,
[INFO] [stdout] 60 | |     }
[INFO] [stdout]    | |_____^
[INFO] [stdout]    |
[INFO] [stdout]    = note: expected values for `feature` are: `default`, `ink-as-dependency`, `ink_metadata`, `scale-info`, and `std`
[INFO] [stdout]    = help: consider adding `__ink_dylint_Storage` as a feature in `Cargo.toml`
[INFO] [stdout]    = note: see <https://doc.rust-lang.org/nightly/rustc/check-cfg/cargo-specifics.html> for more information about checking conditional configuration
[INFO] [stdout]    = note: `#[warn(unexpected_cfgs)]` on by default
[INFO] [stdout] 
[INFO] [stdout] 
[INFO] [stdout] warning: unexpected `cfg` condition value: `__ink_dylint_Constructor`
[INFO] [stdout]   --> lib.rs:76:9
[INFO] [stdout]    |
[INFO] [stdout] 76 | /         /// Creates a new domain name service contract.
[INFO] [stdout] 77 | |         #[ink(constructor)]
[INFO] [stdout] 78 | |         pub fn new() -> Self {
[INFO] [stdout] 79 | |             Default::default()
[INFO] [stdout] 80 | |         }
[INFO] [stdout]    | |_________^
[INFO] [stdout]    |
[INFO] [stdout]    = note: expected values for `feature` are: `default`, `ink-as-dependency`, `ink_metadata`, `scale-info`, and `std`
[INFO] [stdout]    = help: consider adding `__ink_dylint_Constructor` as a feature in `Cargo.toml`
[INFO] [stdout]    = note: see <https://doc.rust-lang.org/nightly/rustc/check-cfg/cargo-specifics.html> for more information about checking conditional configuration
[INFO] [stdout] 
[INFO] [stdout] 
[INFO] [stdout] warning: unused variable: `name`
[INFO] [stdout]   --> lib.rs:84:36
[INFO] [stdout]    |
[INFO] [stdout] 84 |         pub fn register(&mut self, name: Hash) -> Result<()> {
[INFO] [stdout]    |                                    ^^^^ help: if this is intentional, prefix it with an underscore: `_name`
[INFO] [stdout]    |
[INFO] [stdout]    = note: `#[warn(unused_variables)]` on by default
[INFO] [stdout] 
[INFO] [stdout] 
[INFO] [stdout] warning: unused variable: `name`
[INFO] [stdout]   --> lib.rs:90:39
[INFO] [stdout]    |
[INFO] [stdout] 90 |         pub fn set_address(&mut self, name: Hash, new_address: AccountId) -> Result<()> {
[INFO] [stdout]    |                                       ^^^^ help: if this is intentional, prefix it with an underscore: `_name`
[INFO] [stdout] 
[INFO] [stdout] 
[INFO] [stdout] warning: unused variable: `new_address`
[INFO] [stdout]   --> lib.rs:90:51
[INFO] [stdout]    |
[INFO] [stdout] 90 |         pub fn set_address(&mut self, name: Hash, new_address: AccountId) -> Result<()> {
[INFO] [stdout]    |                                                   ^^^^^^^^^^^ help: if this is intentional, prefix it with an underscore: `_new_address`
[INFO] [stdout] 
[INFO] [stdout] 
[INFO] [stdout] warning: unused variable: `name`
[INFO] [stdout]   --> lib.rs:96:36
[INFO] [stdout]    |
[INFO] [stdout] 96 |         pub fn transfer(&mut self, name: Hash, to: AccountId) -> Result<()> {
[INFO] [stdout]    |                                    ^^^^ help: if this is intentional, prefix it with an underscore: `_name`
[INFO] [stdout] 
[INFO] [stdout] 
[INFO] [stdout] warning: unused variable: `to`
[INFO] [stdout]   --> lib.rs:96:48
[INFO] [stdout]    |
[INFO] [stdout] 96 |         pub fn transfer(&mut self, name: Hash, to: AccountId) -> Result<()> {
[INFO] [stdout]    |                                                ^^ help: if this is intentional, prefix it with an underscore: `_to`
[INFO] [stdout] 
[INFO] [stdout] 
[INFO] [stdout] warning: non-local `impl` definition, `impl` blocks should be written at the same level as their item
[INFO] [stdout]   --> lib.rs:42:5
[INFO] [stdout]    |
[INFO] [stdout] 5  |   #[ink::contract]
[INFO] [stdout]    |   ---------------- `CallBuilder` is not local
[INFO] [stdout] ...
[INFO] [stdout] 42 |       /// Engi domain name service contract inspired by
[INFO] [stdout]    |  _____^
[INFO] [stdout] 43 | |     ///
[INFO] [stdout] 44 | |     /// # Description
[INFO] [stdout] 45 | |     ///
[INFO] [stdout] ...  |
[INFO] [stdout] 59 | |         default_address: AccountId,
[INFO] [stdout] 60 | |     }
[INFO] [stdout]    | |     -
[INFO] [stdout]    | |     |
[INFO] [stdout]    | |_____`SpreadLayout` is not local
[INFO] [stdout]    |       move the `impl` block outside of this constant `_` and up 2 bodies
[INFO] [stdout]    |
[INFO] [stdout]    = note: the derive macro `::ink_storage::traits::SpreadLayout` defines the non-local `impl`, and may need to be changed
[INFO] [stdout]    = note: the derive macro `::ink_storage::traits::SpreadLayout` may come from an old version of the `ink_storage_derive` crate, try updating your dependency with `cargo update -p ink_storage_derive`
[INFO] [stdout]    = note: an `impl` is never scoped, even when it is nested inside an item, as it may impact type checking outside of that item, which can be the case if neither the trait or the self type are at the same nesting level as the `impl`
[INFO] [stdout]    = note: items in an anonymous const item (`const _: () = { ... }`) are treated as in the same scope as the anonymous const's declaration for the purpose of this lint
[INFO] [stdout]    = note: `#[warn(non_local_definitions)]` on by default
[INFO] [stdout]    = note: this warning originates in the derive macro `::ink_storage::traits::SpreadLayout` (in Nightly builds, run with -Z macro-backtrace for more info)
[INFO] [stdout] 
[INFO] [stdout] 
[INFO] [stdout] warning: non-local `impl` definition, `impl` blocks should be written at the same level as their item
[INFO] [stdout]   --> lib.rs:42:5
[INFO] [stdout]    |
[INFO] [stdout] 5  |   #[ink::contract]
[INFO] [stdout]    |   ---------------- `CallBuilder` is not local
[INFO] [stdout] ...
[INFO] [stdout] 42 |       /// Engi domain name service contract inspired by
[INFO] [stdout]    |  _____^
[INFO] [stdout] 43 | |     ///
[INFO] [stdout] 44 | |     /// # Description
[INFO] [stdout] 45 | |     ///
[INFO] [stdout] ...  |
[INFO] [stdout] 59 | |         default_address: AccountId,
[INFO] [stdout] 60 | |     }
[INFO] [stdout]    | |     -
[INFO] [stdout]    | |     |
[INFO] [stdout]    | |_____`PackedLayout` is not local
[INFO] [stdout]    |       move the `impl` block outside of this constant `_` and up 2 bodies
[INFO] [stdout]    |
[INFO] [stdout]    = note: the derive macro `::ink_storage::traits::PackedLayout` defines the non-local `impl`, and may need to be changed
[INFO] [stdout]    = note: the derive macro `::ink_storage::traits::PackedLayout` may come from an old version of the `ink_storage_derive` crate, try updating your dependency with `cargo update -p ink_storage_derive`
[INFO] [stdout]    = note: an `impl` is never scoped, even when it is nested inside an item, as it may impact type checking outside of that item, which can be the case if neither the trait or the self type are at the same nesting level as the `impl`
[INFO] [stdout]    = note: items in an anonymous const item (`const _: () = { ... }`) are treated as in the same scope as the anonymous const's declaration for the purpose of this lint
[INFO] [stdout]    = note: this warning originates in the derive macro `::ink_storage::traits::PackedLayout` (in Nightly builds, run with -Z macro-backtrace for more info)
[INFO] [stdout] 
[INFO] [stdout] 
[INFO] [stdout] warning: non-local `impl` definition, `impl` blocks should be written at the same level as their item
[INFO] [stdout]   --> lib.rs:42:5
[INFO] [stdout]    |
[INFO] [stdout] 5  |   #[ink::contract]
[INFO] [stdout]    |   ---------------- `CallBuilder` is not local
[INFO] [stdout] ...
[INFO] [stdout] 42 |       /// Engi domain name service contract inspired by
[INFO] [stdout]    |  _____^
[INFO] [stdout] 43 | |     ///
[INFO] [stdout] 44 | |     /// # Description
[INFO] [stdout] 45 | |     ///
[INFO] [stdout] ...  |
[INFO] [stdout] 59 | |         default_address: AccountId,
[INFO] [stdout] 60 | |     }
[INFO] [stdout]    | |     -
[INFO] [stdout]    | |     |
[INFO] [stdout]    | |_____`Encode` is not local
[INFO] [stdout]    |       move the `impl` block outside of this constant `_` and up 2 bodies
[INFO] [stdout]    |
[INFO] [stdout]    = note: the derive macro `::scale::Encode` defines the non-local `impl`, and may need to be changed
[INFO] [stdout]    = note: the derive macro `::scale::Encode` may come from an old version of the `parity_scale_codec_derive` crate, try updating your dependency with `cargo update -p parity_scale_codec_derive`
[INFO] [stdout]    = note: an `impl` is never scoped, even when it is nested inside an item, as it may impact type checking outside of that item, which can be the case if neither the trait or the self type are at the same nesting level as the `impl`
[INFO] [stdout]    = note: items in an anonymous const item (`const _: () = { ... }`) are treated as in the same scope as the anonymous const's declaration for the purpose of this lint
[INFO] [stdout]    = note: this warning originates in the derive macro `::scale::Encode` (in Nightly builds, run with -Z macro-backtrace for more info)
[INFO] [stdout] 
[INFO] [stdout] 
[INFO] [stdout] warning: non-local `impl` definition, `impl` blocks should be written at the same level as their item
[INFO] [stdout]   --> lib.rs:42:5
[INFO] [stdout]    |
[INFO] [stdout] 5  |   #[ink::contract]
[INFO] [stdout]    |   ---------------- `CallBuilder` is not local
[INFO] [stdout] ...
[INFO] [stdout] 42 |       /// Engi domain name service contract inspired by
[INFO] [stdout]    |  _____^
[INFO] [stdout] 43 | |     ///
[INFO] [stdout] 44 | |     /// # Description
[INFO] [stdout] 45 | |     ///
[INFO] [stdout] ...  |
[INFO] [stdout] 59 | |         default_address: AccountId,
[INFO] [stdout] 60 | |     }
[INFO] [stdout]    | |     -
[INFO] [stdout]    | |     |
[INFO] [stdout]    | |_____`EncodeLike` is not local
[INFO] [stdout]    |       move the `impl` block outside of this constant `_` and up 2 bodies
[INFO] [stdout]    |
[INFO] [stdout]    = note: the derive macro `::scale::Encode` defines the non-local `impl`, and may need to be changed
[INFO] [stdout]    = note: the derive macro `::scale::Encode` may come from an old version of the `parity_scale_codec_derive` crate, try updating your dependency with `cargo update -p parity_scale_codec_derive`
[INFO] [stdout]    = note: an `impl` is never scoped, even when it is nested inside an item, as it may impact type checking outside of that item, which can be the case if neither the trait or the self type are at the same nesting level as the `impl`
[INFO] [stdout]    = note: items in an anonymous const item (`const _: () = { ... }`) are treated as in the same scope as the anonymous const's declaration for the purpose of this lint
[INFO] [stdout]    = note: this warning originates in the derive macro `::scale::Encode` (in Nightly builds, run with -Z macro-backtrace for more info)
[INFO] [stdout] 
[INFO] [stdout] 
[INFO] [stdout] warning: non-local `impl` definition, `impl` blocks should be written at the same level as their item
[INFO] [stdout]   --> lib.rs:42:5
[INFO] [stdout]    |
[INFO] [stdout] 5  |   #[ink::contract]
[INFO] [stdout]    |   ---------------- `CallBuilder` is not local
[INFO] [stdout] ...
[INFO] [stdout] 42 |       /// Engi domain name service contract inspired by
[INFO] [stdout]    |  _____^
[INFO] [stdout] 43 | |     ///
[INFO] [stdout] 44 | |     /// # Description
[INFO] [stdout] 45 | |     ///
[INFO] [stdout] ...  |
[INFO] [stdout] 59 | |         default_address: AccountId,
[INFO] [stdout] 60 | |     }
[INFO] [stdout]    | |     -
[INFO] [stdout]    | |     |
[INFO] [stdout]    | |_____`Decode` is not local
[INFO] [stdout]    |       move the `impl` block outside of this constant `_` and up 2 bodies
[INFO] [stdout]    |
[INFO] [stdout]    = note: the derive macro `::scale::Decode` defines the non-local `impl`, and may need to be changed
[INFO] [stdout]    = note: the derive macro `::scale::Decode` may come from an old version of the `parity_scale_codec_derive` crate, try updating your dependency with `cargo update -p parity_scale_codec_derive`
[INFO] [stdout]    = note: an `impl` is never scoped, even when it is nested inside an item, as it may impact type checking outside of that item, which can be the case if neither the trait or the self type are at the same nesting level as the `impl`
[INFO] [stdout]    = note: items in an anonymous const item (`const _: () = { ... }`) are treated as in the same scope as the anonymous const's declaration for the purpose of this lint
[INFO] [stdout]    = note: this warning originates in the derive macro `::scale::Decode` (in Nightly builds, run with -Z macro-backtrace for more info)
[INFO] [stdout] 
[INFO] [stdout] 
[INFO] [stdout] warning: non-local `impl` definition, `impl` blocks should be written at the same level as their item
[INFO] [stdout]   --> lib.rs:42:5
[INFO] [stdout]    |
[INFO] [stdout] 5  |   #[ink::contract]
[INFO] [stdout]    |   ---------------- `CallBuilder` is not local
[INFO] [stdout] ...
[INFO] [stdout] 42 |       /// Engi domain name service contract inspired by
[INFO] [stdout]    |  _____^
[INFO] [stdout] 43 | |     ///
[INFO] [stdout] 44 | |     /// # Description
[INFO] [stdout] 45 | |     ///
[INFO] [stdout] ...  |
[INFO] [stdout] 59 | |         default_address: AccountId,
[INFO] [stdout] 60 | |     }
[INFO] [stdout]    | |     -
[INFO] [stdout]    | |     |
[INFO] [stdout]    | |_____`TypeInfo` is not local
[INFO] [stdout]    |       move the `impl` block outside of this constant `_` and up 2 bodies
[INFO] [stdout]    |
[INFO] [stdout]    = note: the derive macro `::scale_info::TypeInfo` defines the non-local `impl`, and may need to be changed
[INFO] [stdout]    = note: the derive macro `::scale_info::TypeInfo` may come from an old version of the `scale_info_derive` crate, try updating your dependency with `cargo update -p scale_info_derive`
[INFO] [stdout]    = note: an `impl` is never scoped, even when it is nested inside an item, as it may impact type checking outside of that item, which can be the case if neither the trait or the self type are at the same nesting level as the `impl`
[INFO] [stdout]    = note: items in an anonymous const item (`const _: () = { ... }`) are treated as in the same scope as the anonymous const's declaration for the purpose of this lint
[INFO] [stdout]    = note: this warning originates in the derive macro `::scale_info::TypeInfo` (in Nightly builds, run with -Z macro-backtrace for more info)
[INFO] [stdout] 
[INFO] [stdout] 
[INFO] [stdout] warning: non-local `impl` definition, `impl` blocks should be written at the same level as their item
[INFO] [stdout]   --> lib.rs:42:5
[INFO] [stdout]    |
[INFO] [stdout] 5  |   #[ink::contract]
[INFO] [stdout]    |   ---------------- `CallBuilder` is not local
[INFO] [stdout] ...
[INFO] [stdout] 42 |       /// Engi domain name service contract inspired by
[INFO] [stdout]    |  _____^
[INFO] [stdout] 43 | |     ///
[INFO] [stdout] 44 | |     /// # Description
[INFO] [stdout] 45 | |     ///
[INFO] [stdout] ...  |
[INFO] [stdout] 59 | |         default_address: AccountId,
[INFO] [stdout] 60 | |     }
[INFO] [stdout]    | |     -
[INFO] [stdout]    | |     |
[INFO] [stdout]    | |_____`StorageLayout` is not local
[INFO] [stdout]    |       move the `impl` block outside of this constant `_` and up 2 bodies
[INFO] [stdout]    |
[INFO] [stdout]    = note: the derive macro `::ink_storage::traits::StorageLayout` defines the non-local `impl`, and may need to be changed
[INFO] [stdout]    = note: the derive macro `::ink_storage::traits::StorageLayout` may come from an old version of the `ink_storage_derive` crate, try updating your dependency with `cargo update -p ink_storage_derive`
[INFO] [stdout]    = note: an `impl` is never scoped, even when it is nested inside an item, as it may impact type checking outside of that item, which can be the case if neither the trait or the self type are at the same nesting level as the `impl`
[INFO] [stdout]    = note: items in an anonymous const item (`const _: () = { ... }`) are treated as in the same scope as the anonymous const's declaration for the purpose of this lint
[INFO] [stdout]    = note: this warning originates in the derive macro `::ink_storage::traits::StorageLayout` (in Nightly builds, run with -Z macro-backtrace for more info)
[INFO] [stdout] 
[INFO] [stdout] 
[INFO] [stdout] warning: non-local `impl` definition, `impl` blocks should be written at the same level as their item
[INFO] [stdout]   --> lib.rs:42:5
[INFO] [stdout]    |
[INFO] [stdout] 42 | //     /// Engi domain name service contract inspired by
[INFO] [stdout] 43 | ||     ///
[INFO] [stdout] 44 | ||     /// # Description
[INFO] [stdout] 45 | ||     ///
[INFO] [stdout] ...  ||
[INFO] [stdout] 52 | ||     #[derive(Default)]
[INFO] [stdout] 53 | ||     pub struct EngiNameService {
[INFO] [stdout]    | ||________________--------------^
[INFO] [stdout]    | |                 |
[INFO] [stdout]    | |                 `EngiNameService` is not local
[INFO] [stdout] ...  |
[INFO] [stdout] 59 | |          default_address: AccountId,
[INFO] [stdout] 60 | |      }
[INFO] [stdout]    | |      -
[INFO] [stdout]    | |      |
[INFO] [stdout]    | |______`ContractCallBuilder` is not local
[INFO] [stdout]    |        move the `impl` block outside of this constant `_` and up 2 bodies
[INFO] [stdout]    |
[INFO] [stdout]    = note: an `impl` is never scoped, even when it is nested inside an item, as it may impact type checking outside of that item, which can be the case if neither the trait or the self type are at the same nesting level as the `impl`
[INFO] [stdout]    = note: items in an anonymous const item (`const _: () = { ... }`) are treated as in the same scope as the anonymous const's declaration for the purpose of this lint
[INFO] [stdout] 
[INFO] [stdout] 
[INFO] [stdout] warning: non-local `impl` definition, `impl` blocks should be written at the same level as their item
[INFO] [stdout]   --> lib.rs:5:1
[INFO] [stdout]    |
[INFO] [stdout] 5  |   #[ink::contract]
[INFO] [stdout]    |   ^^^^^^^^^^^^^^^^ `CallBuilder` is not local
[INFO] [stdout] ...
[INFO] [stdout] 42 | /     /// Engi domain name service contract inspired by
[INFO] [stdout] 43 | |     ///
[INFO] [stdout] 44 | |     /// # Description
[INFO] [stdout] 45 | |     ///
[INFO] [stdout] ...  |
[INFO] [stdout] 59 | |         default_address: AccountId,
[INFO] [stdout] 60 | |     }
[INFO] [stdout]    | |     -
[INFO] [stdout]    | |     |
[INFO] [stdout]    | |_____`ContractEnv` is not local
[INFO] [stdout]    |       move the `impl` block outside of this constant `_` and up 2 bodies
[INFO] [stdout]    |
[INFO] [stdout]    = note: an `impl` is never scoped, even when it is nested inside an item, as it may impact type checking outside of that item, which can be the case if neither the trait or the self type are at the same nesting level as the `impl`
[INFO] [stdout]    = note: items in an anonymous const item (`const _: () = { ... }`) are treated as in the same scope as the anonymous const's declaration for the purpose of this lint
[INFO] [stdout]    = note: this warning originates in the attribute macro `ink::contract` (in Nightly builds, run with -Z macro-backtrace for more info)
[INFO] [stdout] 
[INFO] [stdout] 
[INFO] [stderr]     Finished `dev` profile [unoptimized + debuginfo] target(s) in 11.04s
[INFO] running `Command { std: "docker" "inspect" "ca0cfabf9227ee0f62ce2ae33e26f3568ec527b3fefc23d2d0b01b84f4be4ba0", kill_on_drop: false }`
[INFO] running `Command { std: "docker" "rm" "-f" "ca0cfabf9227ee0f62ce2ae33e26f3568ec527b3fefc23d2d0b01b84f4be4ba0", kill_on_drop: false }`
[INFO] [stdout] ca0cfabf9227ee0f62ce2ae33e26f3568ec527b3fefc23d2d0b01b84f4be4ba0
[INFO] running `Command { std: "docker" "create" "-v" "/var/lib/crater-agent-workspace/builds/worker-7-tc1/target:/opt/rustwide/target:rw,Z" "-v" "/var/lib/crater-agent-workspace/builds/worker-7-tc1/source:/opt/rustwide/workdir:ro,Z" "-v" "/var/lib/crater-agent-workspace/cargo-home:/opt/rustwide/cargo-home:ro,Z" "-v" "/var/lib/crater-agent-workspace/rustup-home:/opt/rustwide/rustup-home:ro,Z" "-e" "SOURCE_DIR=/opt/rustwide/workdir" "-e" "CARGO_TARGET_DIR=/opt/rustwide/target" "-e" "CARGO_INCREMENTAL=0" "-e" "RUST_BACKTRACE=full" "-e" "RUSTFLAGS=--cap-lints=forbid" "-e" "RUSTDOCFLAGS=--cap-lints=forbid" "-e" "CARGO_HOME=/opt/rustwide/cargo-home" "-e" "RUSTUP_HOME=/opt/rustwide/rustup-home" "-w" "/opt/rustwide/workdir" "-m" "1610612736" "--user" "0:0" "--network" "none" "ghcr.io/rust-lang/crates-build-env/linux@sha256:4a844ea9eb2546a2d2c7022eacef16ef2e8229c7fbb2c7d4d55a9ceca922f72d" "/opt/rustwide/cargo-home/bin/cargo" "+nightly-2024-10-28" "test" "--frozen" "--no-run" "--message-format=json", kill_on_drop: false }`
[INFO] [stdout] b91f89d63a6d48606a88291f7738d779966b8eb08d8b1aa2cef665e85d85af59
[INFO] running `Command { std: "docker" "start" "-a" "b91f89d63a6d48606a88291f7738d779966b8eb08d8b1aa2cef665e85d85af59", kill_on_drop: false }`
[INFO] [stderr]    Compiling engi-name-service v4.0.0-alpha.1 (/opt/rustwide/workdir)
[INFO] [stdout] warning: unexpected `cfg` condition value: `__ink_dylint_Storage`
[INFO] [stdout]   --> lib.rs:42:5
[INFO] [stdout]    |
[INFO] [stdout] 42 | /     /// Engi domain name service contract inspired by
[INFO] [stdout] 43 | |     ///
[INFO] [stdout] 44 | |     /// # Description
[INFO] [stdout] 45 | |     ///
[INFO] [stdout] ...  |
[INFO] [stdout] 59 | |         default_address: AccountId,
[INFO] [stdout] 60 | |     }
[INFO] [stdout]    | |_____^
[INFO] [stdout]    |
[INFO] [stdout]    = note: expected values for `feature` are: `default`, `ink-as-dependency`, `ink_metadata`, `scale-info`, and `std`
[INFO] [stdout]    = help: consider adding `__ink_dylint_Storage` as a feature in `Cargo.toml`
[INFO] [stdout]    = note: see <https://doc.rust-lang.org/nightly/rustc/check-cfg/cargo-specifics.html> for more information about checking conditional configuration
[INFO] [stdout]    = note: `#[warn(unexpected_cfgs)]` on by default
[INFO] [stdout] 
[INFO] [stdout] 
[INFO] [stdout] warning: unexpected `cfg` condition value: `__ink_dylint_Constructor`
[INFO] [stdout]   --> lib.rs:76:9
[INFO] [stdout]    |
[INFO] [stdout] 76 | /         /// Creates a new domain name service contract.
[INFO] [stdout] 77 | |         #[ink(constructor)]
[INFO] [stdout] 78 | |         pub fn new() -> Self {
[INFO] [stdout] 79 | |             Default::default()
[INFO] [stdout] 80 | |         }
[INFO] [stdout]    | |_________^
[INFO] [stdout]    |
[INFO] [stdout]    = note: expected values for `feature` are: `default`, `ink-as-dependency`, `ink_metadata`, `scale-info`, and `std`
[INFO] [stdout]    = help: consider adding `__ink_dylint_Constructor` as a feature in `Cargo.toml`
[INFO] [stdout]    = note: see <https://doc.rust-lang.org/nightly/rustc/check-cfg/cargo-specifics.html> for more information about checking conditional configuration
[INFO] [stdout] 
[INFO] [stdout] 
[INFO] [stdout] warning: unused variable: `name`
[INFO] [stdout]   --> lib.rs:84:36
[INFO] [stdout]    |
[INFO] [stdout] 84 |         pub fn register(&mut self, name: Hash) -> Result<()> {
[INFO] [stdout]    |                                    ^^^^ help: if this is intentional, prefix it with an underscore: `_name`
[INFO] [stdout]    |
[INFO] [stdout]    = note: `#[warn(unused_variables)]` on by default
[INFO] [stdout] 
[INFO] [stdout] 
[INFO] [stdout] warning: unused variable: `name`
[INFO] [stdout]   --> lib.rs:90:39
[INFO] [stdout]    |
[INFO] [stdout] 90 |         pub fn set_address(&mut self, name: Hash, new_address: AccountId) -> Result<()> {
[INFO] [stdout]    |                                       ^^^^ help: if this is intentional, prefix it with an underscore: `_name`
[INFO] [stdout] 
[INFO] [stdout] 
[INFO] [stdout] warning: unused variable: `new_address`
[INFO] [stdout]   --> lib.rs:90:51
[INFO] [stdout]    |
[INFO] [stdout] 90 |         pub fn set_address(&mut self, name: Hash, new_address: AccountId) -> Result<()> {
[INFO] [stdout]    |                                                   ^^^^^^^^^^^ help: if this is intentional, prefix it with an underscore: `_new_address`
[INFO] [stdout] 
[INFO] [stdout] 
[INFO] [stdout] warning: unused variable: `name`
[INFO] [stdout]   --> lib.rs:96:36
[INFO] [stdout]    |
[INFO] [stdout] 96 |         pub fn transfer(&mut self, name: Hash, to: AccountId) -> Result<()> {
[INFO] [stdout]    |                                    ^^^^ help: if this is intentional, prefix it with an underscore: `_name`
[INFO] [stdout] 
[INFO] [stdout] 
[INFO] [stdout] warning: unused variable: `to`
[INFO] [stdout]   --> lib.rs:96:48
[INFO] [stdout]    |
[INFO] [stdout] 96 |         pub fn transfer(&mut self, name: Hash, to: AccountId) -> Result<()> {
[INFO] [stdout]    |                                                ^^ help: if this is intentional, prefix it with an underscore: `_to`
[INFO] [stdout] 
[INFO] [stdout] 
[INFO] [stdout] warning: non-local `impl` definition, `impl` blocks should be written at the same level as their item
[INFO] [stdout]   --> lib.rs:42:5
[INFO] [stdout]    |
[INFO] [stdout] 5  |   #[ink::contract]
[INFO] [stdout]    |   ---------------- `CallBuilder` is not local
[INFO] [stdout] ...
[INFO] [stdout] 42 |       /// Engi domain name service contract inspired by
[INFO] [stdout]    |  _____^
[INFO] [stdout] 43 | |     ///
[INFO] [stdout] 44 | |     /// # Description
[INFO] [stdout] 45 | |     ///
[INFO] [stdout] ...  |
[INFO] [stdout] 59 | |         default_address: AccountId,
[INFO] [stdout] 60 | |     }
[INFO] [stdout]    | |     -
[INFO] [stdout]    | |     |
[INFO] [stdout]    | |_____`SpreadLayout` is not local
[INFO] [stdout]    |       move the `impl` block outside of this constant `_` and up 2 bodies
[INFO] [stdout]    |
[INFO] [stdout]    = note: the derive macro `::ink_storage::traits::SpreadLayout` defines the non-local `impl`, and may need to be changed
[INFO] [stdout]    = note: the derive macro `::ink_storage::traits::SpreadLayout` may come from an old version of the `ink_storage_derive` crate, try updating your dependency with `cargo update -p ink_storage_derive`
[INFO] [stdout]    = note: an `impl` is never scoped, even when it is nested inside an item, as it may impact type checking outside of that item, which can be the case if neither the trait or the self type are at the same nesting level as the `impl`
[INFO] [stdout]    = note: items in an anonymous const item (`const _: () = { ... }`) are treated as in the same scope as the anonymous const's declaration for the purpose of this lint
[INFO] [stdout]    = note: `#[warn(non_local_definitions)]` on by default
[INFO] [stdout]    = note: this warning originates in the derive macro `::ink_storage::traits::SpreadLayout` (in Nightly builds, run with -Z macro-backtrace for more info)
[INFO] [stdout] 
[INFO] [stdout] 
[INFO] [stdout] warning: non-local `impl` definition, `impl` blocks should be written at the same level as their item
[INFO] [stdout]   --> lib.rs:42:5
[INFO] [stdout]    |
[INFO] [stdout] 5  |   #[ink::contract]
[INFO] [stdout]    |   ---------------- `CallBuilder` is not local
[INFO] [stdout] ...
[INFO] [stdout] 42 |       /// Engi domain name service contract inspired by
[INFO] [stdout]    |  _____^
[INFO] [stdout] 43 | |     ///
[INFO] [stdout] 44 | |     /// # Description
[INFO] [stdout] 45 | |     ///
[INFO] [stdout] ...  |
[INFO] [stdout] 59 | |         default_address: AccountId,
[INFO] [stdout] 60 | |     }
[INFO] [stdout]    | |     -
[INFO] [stdout]    | |     |
[INFO] [stdout]    | |_____`PackedLayout` is not local
[INFO] [stdout]    |       move the `impl` block outside of this constant `_` and up 2 bodies
[INFO] [stdout]    |
[INFO] [stdout]    = note: the derive macro `::ink_storage::traits::PackedLayout` defines the non-local `impl`, and may need to be changed
[INFO] [stdout]    = note: the derive macro `::ink_storage::traits::PackedLayout` may come from an old version of the `ink_storage_derive` crate, try updating your dependency with `cargo update -p ink_storage_derive`
[INFO] [stdout]    = note: an `impl` is never scoped, even when it is nested inside an item, as it may impact type checking outside of that item, which can be the case if neither the trait or the self type are at the same nesting level as the `impl`
[INFO] [stdout]    = note: items in an anonymous const item (`const _: () = { ... }`) are treated as in the same scope as the anonymous const's declaration for the purpose of this lint
[INFO] [stdout]    = note: this warning originates in the derive macro `::ink_storage::traits::PackedLayout` (in Nightly builds, run with -Z macro-backtrace for more info)
[INFO] [stdout] 
[INFO] [stdout] 
[INFO] [stdout] warning: non-local `impl` definition, `impl` blocks should be written at the same level as their item
[INFO] [stdout]   --> lib.rs:42:5
[INFO] [stdout]    |
[INFO] [stdout] 5  |   #[ink::contract]
[INFO] [stdout]    |   ---------------- `CallBuilder` is not local
[INFO] [stdout] ...
[INFO] [stdout] 42 |       /// Engi domain name service contract inspired by
[INFO] [stdout]    |  _____^
[INFO] [stdout] 43 | |     ///
[INFO] [stdout] 44 | |     /// # Description
[INFO] [stdout] 45 | |     ///
[INFO] [stdout] ...  |
[INFO] [stdout] 59 | |         default_address: AccountId,
[INFO] [stdout] 60 | |     }
[INFO] [stdout]    | |     -
[INFO] [stdout]    | |     |
[INFO] [stdout]    | |_____`Encode` is not local
[INFO] [stdout]    |       move the `impl` block outside of this constant `_` and up 2 bodies
[INFO] [stdout]    |
[INFO] [stdout]    = note: the derive macro `::scale::Encode` defines the non-local `impl`, and may need to be changed
[INFO] [stdout]    = note: the derive macro `::scale::Encode` may come from an old version of the `parity_scale_codec_derive` crate, try updating your dependency with `cargo update -p parity_scale_codec_derive`
[INFO] [stdout]    = note: an `impl` is never scoped, even when it is nested inside an item, as it may impact type checking outside of that item, which can be the case if neither the trait or the self type are at the same nesting level as the `impl`
[INFO] [stdout]    = note: items in an anonymous const item (`const _: () = { ... }`) are treated as in the same scope as the anonymous const's declaration for the purpose of this lint
[INFO] [stdout]    = note: this warning originates in the derive macro `::scale::Encode` (in Nightly builds, run with -Z macro-backtrace for more info)
[INFO] [stdout] 
[INFO] [stdout] 
[INFO] [stdout] warning: non-local `impl` definition, `impl` blocks should be written at the same level as their item
[INFO] [stdout]   --> lib.rs:42:5
[INFO] [stdout]    |
[INFO] [stdout] 5  |   #[ink::contract]
[INFO] [stdout]    |   ---------------- `CallBuilder` is not local
[INFO] [stdout] ...
[INFO] [stdout] 42 |       /// Engi domain name service contract inspired by
[INFO] [stdout]    |  _____^
[INFO] [stdout] 43 | |     ///
[INFO] [stdout] 44 | |     /// # Description
[INFO] [stdout] 45 | |     ///
[INFO] [stdout] ...  |
[INFO] [stdout] 59 | |         default_address: AccountId,
[INFO] [stdout] 60 | |     }
[INFO] [stdout]    | |     -
[INFO] [stdout]    | |     |
[INFO] [stdout]    | |_____`EncodeLike` is not local
[INFO] [stdout]    |       move the `impl` block outside of this constant `_` and up 2 bodies
[INFO] [stdout]    |
[INFO] [stdout]    = note: the derive macro `::scale::Encode` defines the non-local `impl`, and may need to be changed
[INFO] [stdout]    = note: the derive macro `::scale::Encode` may come from an old version of the `parity_scale_codec_derive` crate, try updating your dependency with `cargo update -p parity_scale_codec_derive`
[INFO] [stdout]    = note: an `impl` is never scoped, even when it is nested inside an item, as it may impact type checking outside of that item, which can be the case if neither the trait or the self type are at the same nesting level as the `impl`
[INFO] [stdout]    = note: items in an anonymous const item (`const _: () = { ... }`) are treated as in the same scope as the anonymous const's declaration for the purpose of this lint
[INFO] [stdout]    = note: this warning originates in the derive macro `::scale::Encode` (in Nightly builds, run with -Z macro-backtrace for more info)
[INFO] [stdout] 
[INFO] [stdout] 
[INFO] [stdout] warning: non-local `impl` definition, `impl` blocks should be written at the same level as their item
[INFO] [stdout]   --> lib.rs:42:5
[INFO] [stdout]    |
[INFO] [stdout] 5  |   #[ink::contract]
[INFO] [stdout]    |   ---------------- `CallBuilder` is not local
[INFO] [stdout] ...
[INFO] [stdout] 42 |       /// Engi domain name service contract inspired by
[INFO] [stdout]    |  _____^
[INFO] [stdout] 43 | |     ///
[INFO] [stdout] 44 | |     /// # Description
[INFO] [stdout] 45 | |     ///
[INFO] [stdout] ...  |
[INFO] [stdout] 59 | |         default_address: AccountId,
[INFO] [stdout] 60 | |     }
[INFO] [stdout]    | |     -
[INFO] [stdout]    | |     |
[INFO] [stdout]    | |_____`Decode` is not local
[INFO] [stdout]    |       move the `impl` block outside of this constant `_` and up 2 bodies
[INFO] [stdout]    |
[INFO] [stdout]    = note: the derive macro `::scale::Decode` defines the non-local `impl`, and may need to be changed
[INFO] [stdout]    = note: the derive macro `::scale::Decode` may come from an old version of the `parity_scale_codec_derive` crate, try updating your dependency with `cargo update -p parity_scale_codec_derive`
[INFO] [stdout]    = note: an `impl` is never scoped, even when it is nested inside an item, as it may impact type checking outside of that item, which can be the case if neither the trait or the self type are at the same nesting level as the `impl`
[INFO] [stdout]    = note: items in an anonymous const item (`const _: () = { ... }`) are treated as in the same scope as the anonymous const's declaration for the purpose of this lint
[INFO] [stdout]    = note: this warning originates in the derive macro `::scale::Decode` (in Nightly builds, run with -Z macro-backtrace for more info)
[INFO] [stdout] 
[INFO] [stdout] 
[INFO] [stdout] warning: non-local `impl` definition, `impl` blocks should be written at the same level as their item
[INFO] [stdout]   --> lib.rs:42:5
[INFO] [stdout]    |
[INFO] [stdout] 5  |   #[ink::contract]
[INFO] [stdout]    |   ---------------- `CallBuilder` is not local
[INFO] [stdout] ...
[INFO] [stdout] 42 |       /// Engi domain name service contract inspired by
[INFO] [stdout]    |  _____^
[INFO] [stdout] 43 | |     ///
[INFO] [stdout] 44 | |     /// # Description
[INFO] [stdout] 45 | |     ///
[INFO] [stdout] ...  |
[INFO] [stdout] 59 | |         default_address: AccountId,
[INFO] [stdout] 60 | |     }
[INFO] [stdout]    | |     -
[INFO] [stdout]    | |     |
[INFO] [stdout]    | |_____`TypeInfo` is not local
[INFO] [stdout]    |       move the `impl` block outside of this constant `_` and up 2 bodies
[INFO] [stdout]    |
[INFO] [stdout]    = note: the derive macro `::scale_info::TypeInfo` defines the non-local `impl`, and may need to be changed
[INFO] [stdout]    = note: the derive macro `::scale_info::TypeInfo` may come from an old version of the `scale_info_derive` crate, try updating your dependency with `cargo update -p scale_info_derive`
[INFO] [stdout]    = note: an `impl` is never scoped, even when it is nested inside an item, as it may impact type checking outside of that item, which can be the case if neither the trait or the self type are at the same nesting level as the `impl`
[INFO] [stdout]    = note: items in an anonymous const item (`const _: () = { ... }`) are treated as in the same scope as the anonymous const's declaration for the purpose of this lint
[INFO] [stdout]    = note: this warning originates in the derive macro `::scale_info::TypeInfo` (in Nightly builds, run with -Z macro-backtrace for more info)
[INFO] [stdout] 
[INFO] [stdout] 
[INFO] [stdout] warning: non-local `impl` definition, `impl` blocks should be written at the same level as their item
[INFO] [stdout]   --> lib.rs:42:5
[INFO] [stdout]    |
[INFO] [stdout] 5  |   #[ink::contract]
[INFO] [stdout]    |   ---------------- `CallBuilder` is not local
[INFO] [stdout] ...
[INFO] [stdout] 42 |       /// Engi domain name service contract inspired by
[INFO] [stdout]    |  _____^
[INFO] [stdout] 43 | |     ///
[INFO] [stdout] 44 | |     /// # Description
[INFO] [stdout] 45 | |     ///
[INFO] [stdout] ...  |
[INFO] [stdout] 59 | |         default_address: AccountId,
[INFO] [stdout] 60 | |     }
[INFO] [stdout]    | |     -
[INFO] [stdout]    | |     |
[INFO] [stdout]    | |_____`StorageLayout` is not local
[INFO] [stdout]    |       move the `impl` block outside of this constant `_` and up 2 bodies
[INFO] [stdout]    |
[INFO] [stdout]    = note: the derive macro `::ink_storage::traits::StorageLayout` defines the non-local `impl`, and may need to be changed
[INFO] [stdout]    = note: the derive macro `::ink_storage::traits::StorageLayout` may come from an old version of the `ink_storage_derive` crate, try updating your dependency with `cargo update -p ink_storage_derive`
[INFO] [stdout]    = note: an `impl` is never scoped, even when it is nested inside an item, as it may impact type checking outside of that item, which can be the case if neither the trait or the self type are at the same nesting level as the `impl`
[INFO] [stdout]    = note: items in an anonymous const item (`const _: () = { ... }`) are treated as in the same scope as the anonymous const's declaration for the purpose of this lint
[INFO] [stdout]    = note: this warning originates in the derive macro `::ink_storage::traits::StorageLayout` (in Nightly builds, run with -Z macro-backtrace for more info)
[INFO] [stdout] 
[INFO] [stdout] 
[INFO] [stdout] warning: non-local `impl` definition, `impl` blocks should be written at the same level as their item
[INFO] [stdout]   --> lib.rs:42:5
[INFO] [stdout]    |
[INFO] [stdout] 42 | //     /// Engi domain name service contract inspired by
[INFO] [stdout] 43 | ||     ///
[INFO] [stdout] 44 | ||     /// # Description
[INFO] [stdout] 45 | ||     ///
[INFO] [stdout] ...  ||
[INFO] [stdout] 52 | ||     #[derive(Default)]
[INFO] [stdout] 53 | ||     pub struct EngiNameService {
[INFO] [stdout]    | ||________________--------------^
[INFO] [stdout]    | |                 |
[INFO] [stdout]    | |                 `EngiNameService` is not local
[INFO] [stdout] ...  |
[INFO] [stdout] 59 | |          default_address: AccountId,
[INFO] [stdout] 60 | |      }
[INFO] [stdout]    | |      -
[INFO] [stdout]    | |      |
[INFO] [stdout]    | |______`ContractCallBuilder` is not local
[INFO] [stdout]    |        move the `impl` block outside of this constant `_` and up 2 bodies
[INFO] [stdout]    |
[INFO] [stdout]    = note: an `impl` is never scoped, even when it is nested inside an item, as it may impact type checking outside of that item, which can be the case if neither the trait or the self type are at the same nesting level as the `impl`
[INFO] [stdout]    = note: items in an anonymous const item (`const _: () = { ... }`) are treated as in the same scope as the anonymous const's declaration for the purpose of this lint
[INFO] [stdout] 
[INFO] [stdout] 
[INFO] [stdout] warning: non-local `impl` definition, `impl` blocks should be written at the same level as their item
[INFO] [stdout]   --> lib.rs:5:1
[INFO] [stdout]    |
[INFO] [stdout] 5  |   #[ink::contract]
[INFO] [stdout]    |   ^^^^^^^^^^^^^^^^ `CallBuilder` is not local
[INFO] [stdout] ...
[INFO] [stdout] 42 | /     /// Engi domain name service contract inspired by
[INFO] [stdout] 43 | |     ///
[INFO] [stdout] 44 | |     /// # Description
[INFO] [stdout] 45 | |     ///
[INFO] [stdout] ...  |
[INFO] [stdout] 59 | |         default_address: AccountId,
[INFO] [stdout] 60 | |     }
[INFO] [stdout]    | |     -
[INFO] [stdout]    | |     |
[INFO] [stdout]    | |_____`ContractEnv` is not local
[INFO] [stdout]    |       move the `impl` block outside of this constant `_` and up 2 bodies
[INFO] [stdout]    |
[INFO] [stdout]    = note: an `impl` is never scoped, even when it is nested inside an item, as it may impact type checking outside of that item, which can be the case if neither the trait or the self type are at the same nesting level as the `impl`
[INFO] [stdout]    = note: items in an anonymous const item (`const _: () = { ... }`) are treated as in the same scope as the anonymous const's declaration for the purpose of this lint
[INFO] [stdout]    = note: this warning originates in the attribute macro `ink::contract` (in Nightly builds, run with -Z macro-backtrace for more info)
[INFO] [stdout] 
[INFO] [stdout] 
[INFO] [stderr]     Finished `test` profile [unoptimized + debuginfo] target(s) in 0.49s
[INFO] running `Command { std: "docker" "inspect" "b91f89d63a6d48606a88291f7738d779966b8eb08d8b1aa2cef665e85d85af59", kill_on_drop: false }`
[INFO] running `Command { std: "docker" "rm" "-f" "b91f89d63a6d48606a88291f7738d779966b8eb08d8b1aa2cef665e85d85af59", kill_on_drop: false }`
[INFO] [stdout] b91f89d63a6d48606a88291f7738d779966b8eb08d8b1aa2cef665e85d85af59
[INFO] running `Command { std: "docker" "create" "-v" "/var/lib/crater-agent-workspace/builds/worker-7-tc1/target:/opt/rustwide/target:rw,Z" "-v" "/var/lib/crater-agent-workspace/builds/worker-7-tc1/source:/opt/rustwide/workdir:ro,Z" "-v" "/var/lib/crater-agent-workspace/cargo-home:/opt/rustwide/cargo-home:ro,Z" "-v" "/var/lib/crater-agent-workspace/rustup-home:/opt/rustwide/rustup-home:ro,Z" "-e" "SOURCE_DIR=/opt/rustwide/workdir" "-e" "CARGO_TARGET_DIR=/opt/rustwide/target" "-e" "CARGO_INCREMENTAL=0" "-e" "RUST_BACKTRACE=full" "-e" "RUSTFLAGS=--cap-lints=forbid" "-e" "RUSTDOCFLAGS=--cap-lints=forbid" "-e" "CARGO_HOME=/opt/rustwide/cargo-home" "-e" "RUSTUP_HOME=/opt/rustwide/rustup-home" "-w" "/opt/rustwide/workdir" "-m" "1610612736" "--user" "0:0" "--network" "none" "ghcr.io/rust-lang/crates-build-env/linux@sha256:4a844ea9eb2546a2d2c7022eacef16ef2e8229c7fbb2c7d4d55a9ceca922f72d" "/opt/rustwide/cargo-home/bin/cargo" "+nightly-2024-10-28" "test" "--frozen", kill_on_drop: false }`
[INFO] [stdout] 065487bb3657cf809708dbe30618210c503820d113a2ac94509398616595467a
[INFO] running `Command { std: "docker" "start" "-a" "065487bb3657cf809708dbe30618210c503820d113a2ac94509398616595467a", kill_on_drop: false }`
[INFO] [stderr] warning: unexpected `cfg` condition value: `__ink_dylint_Storage`
[INFO] [stderr]   --> lib.rs:42:5
[INFO] [stderr]    |
[INFO] [stderr] 42 | /     /// Engi domain name service contract inspired by
[INFO] [stderr] 43 | |     ///
[INFO] [stderr] 44 | |     /// # Description
[INFO] [stderr] 45 | |     ///
[INFO] [stderr] ...  |
[INFO] [stderr] 59 | |         default_address: AccountId,
[INFO] [stderr] 60 | |     }
[INFO] [stderr]    | |_____^
[INFO] [stderr]    |
[INFO] [stderr]    = note: expected values for `feature` are: `default`, `ink-as-dependency`, `ink_metadata`, `scale-info`, and `std`
[INFO] [stderr]    = help: consider adding `__ink_dylint_Storage` as a feature in `Cargo.toml`
[INFO] [stderr]    = note: see <https://doc.rust-lang.org/nightly/rustc/check-cfg/cargo-specifics.html> for more information about checking conditional configuration
[INFO] [stderr]    = note: `#[warn(unexpected_cfgs)]` on by default
[INFO] [stderr] 
[INFO] [stderr] warning: unexpected `cfg` condition value: `__ink_dylint_Constructor`
[INFO] [stderr]   --> lib.rs:76:9
[INFO] [stderr]    |
[INFO] [stderr] 76 | /         /// Creates a new domain name service contract.
[INFO] [stderr] 77 | |         #[ink(constructor)]
[INFO] [stderr] 78 | |         pub fn new() -> Self {
[INFO] [stderr] 79 | |             Default::default()
[INFO] [stderr] 80 | |         }
[INFO] [stderr]    | |_________^
[INFO] [stderr]    |
[INFO] [stderr]    = note: expected values for `feature` are: `default`, `ink-as-dependency`, `ink_metadata`, `scale-info`, and `std`
[INFO] [stderr]    = help: consider adding `__ink_dylint_Constructor` as a feature in `Cargo.toml`
[INFO] [stderr]    = note: see <https://doc.rust-lang.org/nightly/rustc/check-cfg/cargo-specifics.html> for more information about checking conditional configuration
[INFO] [stderr] 
[INFO] [stderr] warning: unused variable: `name`
[INFO] [stderr]   --> lib.rs:84:36
[INFO] [stderr]    |
[INFO] [stderr] 84 |         pub fn register(&mut self, name: Hash) -> Result<()> {
[INFO] [stderr]    |                                    ^^^^ help: if this is intentional, prefix it with an underscore: `_name`
[INFO] [stderr]    |
[INFO] [stderr]    = note: `#[warn(unused_variables)]` on by default
[INFO] [stderr] 
[INFO] [stderr] warning: unused variable: `name`
[INFO] [stderr]   --> lib.rs:90:39
[INFO] [stderr]    |
[INFO] [stderr] 90 |         pub fn set_address(&mut self, name: Hash, new_address: AccountId) -> Result<()> {
[INFO] [stderr]    |                                       ^^^^ help: if this is intentional, prefix it with an underscore: `_name`
[INFO] [stderr] 
[INFO] [stderr] warning: unused variable: `new_address`
[INFO] [stderr]   --> lib.rs:90:51
[INFO] [stderr]    |
[INFO] [stderr] 90 |         pub fn set_address(&mut self, name: Hash, new_address: AccountId) -> Result<()> {
[INFO] [stderr]    |                                                   ^^^^^^^^^^^ help: if this is intentional, prefix it with an underscore: `_new_address`
[INFO] [stderr] 
[INFO] [stderr] warning: unused variable: `name`
[INFO] [stderr]   --> lib.rs:96:36
[INFO] [stderr]    |
[INFO] [stderr] 96 |         pub fn transfer(&mut self, name: Hash, to: AccountId) -> Result<()> {
[INFO] [stderr]    |                                    ^^^^ help: if this is intentional, prefix it with an underscore: `_name`
[INFO] [stderr] 
[INFO] [stderr] warning: unused variable: `to`
[INFO] [stderr]   --> lib.rs:96:48
[INFO] [stderr]    |
[INFO] [stderr] 96 |         pub fn transfer(&mut self, name: Hash, to: AccountId) -> Result<()> {
[INFO] [stderr]    |                                                ^^ help: if this is intentional, prefix it with an underscore: `_to`
[INFO] [stderr] 
[INFO] [stderr] warning: non-local `impl` definition, `impl` blocks should be written at the same level as their item
[INFO] [stderr]   --> lib.rs:42:5
[INFO] [stderr]    |
[INFO] [stderr] 5  |   #[ink::contract]
[INFO] [stderr]    |   ---------------- `CallBuilder` is not local
[INFO] [stderr] ...
[INFO] [stderr] 42 |       /// Engi domain name service contract inspired by
[INFO] [stderr]    |  _____^
[INFO] [stderr] 43 | |     ///
[INFO] [stderr] 44 | |     /// # Description
[INFO] [stderr] 45 | |     ///
[INFO] [stderr] ...  |
[INFO] [stderr] 59 | |         default_address: AccountId,
[INFO] [stderr] 60 | |     }
[INFO] [stderr]    | |     -
[INFO] [stderr]    | |     |
[INFO] [stderr]    | |_____`SpreadLayout` is not local
[INFO] [stderr]    |       move the `impl` block outside of this constant `_` and up 2 bodies
[INFO] [stderr]    |
[INFO] [stderr]    = note: the derive macro `::ink_storage::traits::SpreadLayout` defines the non-local `impl`, and may need to be changed
[INFO] [stderr]    = note: the derive macro `::ink_storage::traits::SpreadLayout` may come from an old version of the `ink_storage_derive` crate, try updating your dependency with `cargo update -p ink_storage_derive`
[INFO] [stderr]    = note: an `impl` is never scoped, even when it is nested inside an item, as it may impact type checking outside of that item, which can be the case if neither the trait or the self type are at the same nesting level as the `impl`
[INFO] [stderr]    = note: items in an anonymous const item (`const _: () = { ... }`) are treated as in the same scope as the anonymous const's declaration for the purpose of this lint
[INFO] [stderr]    = note: `#[warn(non_local_definitions)]` on by default
[INFO] [stderr]    = note: this warning originates in the derive macro `::ink_storage::traits::SpreadLayout` (in Nightly builds, run with -Z macro-backtrace for more info)
[INFO] [stderr] 
[INFO] [stderr] warning: non-local `impl` definition, `impl` blocks should be written at the same level as their item
[INFO] [stderr]   --> lib.rs:42:5
[INFO] [stderr]    |
[INFO] [stderr] 5  |   #[ink::contract]
[INFO] [stderr]    |   ---------------- `CallBuilder` is not local
[INFO] [stderr] ...
[INFO] [stderr] 42 |       /// Engi domain name service contract inspired by
[INFO] [stderr]    |  _____^
[INFO] [stderr] 43 | |     ///
[INFO] [stderr] 44 | |     /// # Description
[INFO] [stderr] 45 | |     ///
[INFO] [stderr] ...  |
[INFO] [stderr] 59 | |         default_address: AccountId,
[INFO] [stderr] 60 | |     }
[INFO] [stderr]    | |     -
[INFO] [stderr]    | |     |
[INFO] [stderr]    | |_____`PackedLayout` is not local
[INFO] [stderr]    |       move the `impl` block outside of this constant `_` and up 2 bodies
[INFO] [stderr]    |
[INFO] [stderr]    = note: the derive macro `::ink_storage::traits::PackedLayout` defines the non-local `impl`, and may need to be changed
[INFO] [stderr]    = note: the derive macro `::ink_storage::traits::PackedLayout` may come from an old version of the `ink_storage_derive` crate, try updating your dependency with `cargo update -p ink_storage_derive`
[INFO] [stderr]    = note: an `impl` is never scoped, even when it is nested inside an item, as it may impact type checking outside of that item, which can be the case if neither the trait or the self type are at the same nesting level as the `impl`
[INFO] [stderr]    = note: items in an anonymous const item (`const _: () = { ... }`) are treated as in the same scope as the anonymous const's declaration for the purpose of this lint
[INFO] [stderr]    = note: this warning originates in the derive macro `::ink_storage::traits::PackedLayout` (in Nightly builds, run with -Z macro-backtrace for more info)
[INFO] [stderr] 
[INFO] [stderr] warning: non-local `impl` definition, `impl` blocks should be written at the same level as their item
[INFO] [stderr]   --> lib.rs:42:5
[INFO] [stderr]    |
[INFO] [stderr] 5  |   #[ink::contract]
[INFO] [stderr]    |   ---------------- `CallBuilder` is not local
[INFO] [stderr] ...
[INFO] [stderr] 42 |       /// Engi domain name service contract inspired by
[INFO] [stderr]    |  _____^
[INFO] [stderr] 43 | |     ///
[INFO] [stderr] 44 | |     /// # Description
[INFO] [stderr] 45 | |     ///
[INFO] [stderr] ...  |
[INFO] [stderr] 59 | |         default_address: AccountId,
[INFO] [stderr] 60 | |     }
[INFO] [stderr]    | |     -
[INFO] [stderr]    | |     |
[INFO] [stderr]    | |_____`Encode` is not local
[INFO] [stderr]    |       move the `impl` block outside of this constant `_` and up 2 bodies
[INFO] [stderr]    |
[INFO] [stderr]    = note: the derive macro `::scale::Encode` defines the non-local `impl`, and may need to be changed
[INFO] [stderr]    = note: the derive macro `::scale::Encode` may come from an old version of the `parity_scale_codec_derive` crate, try updating your dependency with `cargo update -p parity_scale_codec_derive`
[INFO] [stderr]    = note: an `impl` is never scoped, even when it is nested inside an item, as it may impact type checking outside of that item, which can be the case if neither the trait or the self type are at the same nesting level as the `impl`
[INFO] [stderr]    = note: items in an anonymous const item (`const _: () = { ... }`) are treated as in the same scope as the anonymous const's declaration for the purpose of this lint
[INFO] [stderr]    = note: this warning originates in the derive macro `::scale::Encode` (in Nightly builds, run with -Z macro-backtrace for more info)
[INFO] [stderr] 
[INFO] [stderr] warning: non-local `impl` definition, `impl` blocks should be written at the same level as their item
[INFO] [stderr]   --> lib.rs:42:5
[INFO] [stderr]    |
[INFO] [stderr] 5  |   #[ink::contract]
[INFO] [stderr]    |   ---------------- `CallBuilder` is not local
[INFO] [stderr] ...
[INFO] [stderr] 42 |       /// Engi domain name service contract inspired by
[INFO] [stderr]    |  _____^
[INFO] [stderr] 43 | |     ///
[INFO] [stderr] 44 | |     /// # Description
[INFO] [stderr] 45 | |     ///
[INFO] [stderr] ...  |
[INFO] [stderr] 59 | |         default_address: AccountId,
[INFO] [stderr] 60 | |     }
[INFO] [stderr]    | |     -
[INFO] [stderr]    | |     |
[INFO] [stderr]    | |_____`EncodeLike` is not local
[INFO] [stderr]    |       move the `impl` block outside of this constant `_` and up 2 bodies
[INFO] [stderr]    |
[INFO] [stderr]    = note: the derive macro `::scale::Encode` defines the non-local `impl`, and may need to be changed
[INFO] [stderr]    = note: the derive macro `::scale::Encode` may come from an old version of the `parity_scale_codec_derive` crate, try updating your dependency with `cargo update -p parity_scale_codec_derive`
[INFO] [stderr]    = note: an `impl` is never scoped, even when it is nested inside an item, as it may impact type checking outside of that item, which can be the case if neither the trait or the self type are at the same nesting level as the `impl`
[INFO] [stderr]    = note: items in an anonymous const item (`const _: () = { ... }`) are treated as in the same scope as the anonymous const's declaration for the purpose of this lint
[INFO] [stderr]    = note: this warning originates in the derive macro `::scale::Encode` (in Nightly builds, run with -Z macro-backtrace for more info)
[INFO] [stderr] 
[INFO] [stderr] warning: non-local `impl` definition, `impl` blocks should be written at the same level as their item
[INFO] [stderr]   --> lib.rs:42:5
[INFO] [stderr]    |
[INFO] [stderr] 5  |   #[ink::contract]
[INFO] [stderr]    |   ---------------- `CallBuilder` is not local
[INFO] [stderr] ...
[INFO] [stderr] 42 |       /// Engi domain name service contract inspired by
[INFO] [stderr]    |  _____^
[INFO] [stderr] 43 | |     ///
[INFO] [stderr] 44 | |     /// # Description
[INFO] [stderr] 45 | |     ///
[INFO] [stderr] ...  |
[INFO] [stderr] 59 | |         default_address: AccountId,
[INFO] [stderr] 60 | |     }
[INFO] [stderr]    | |     -
[INFO] [stderr]    | |     |
[INFO] [stderr]    | |_____`Decode` is not local
[INFO] [stderr]    |       move the `impl` block outside of this constant `_` and up 2 bodies
[INFO] [stderr]    |
[INFO] [stderr]    = note: the derive macro `::scale::Decode` defines the non-local `impl`, and may need to be changed
[INFO] [stderr]    = note: the derive macro `::scale::Decode` may come from an old version of the `parity_scale_codec_derive` crate, try updating your dependency with `cargo update -p parity_scale_codec_derive`
[INFO] [stderr]    = note: an `impl` is never scoped, even when it is nested inside an item, as it may impact type checking outside of that item, which can be the case if neither the trait or the self type are at the same nesting level as the `impl`
[INFO] [stderr]    = note: items in an anonymous const item (`const _: () = { ... }`) are treated as in the same scope as the anonymous const's declaration for the purpose of this lint
[INFO] [stderr]    = note: this warning originates in the derive macro `::scale::Decode` (in Nightly builds, run with -Z macro-backtrace for more info)
[INFO] [stderr] 
[INFO] [stderr] warning: non-local `impl` definition, `impl` blocks should be written at the same level as their item
[INFO] [stderr]   --> lib.rs:42:5
[INFO] [stderr]    |
[INFO] [stderr] 5  |   #[ink::contract]
[INFO] [stderr]    |   ---------------- `CallBuilder` is not local
[INFO] [stderr] ...
[INFO] [stderr] 42 |       /// Engi domain name service contract inspired by
[INFO] [stderr]    |  _____^
[INFO] [stderr] 43 | |     ///
[INFO] [stderr] 44 | |     /// # Description
[INFO] [stderr] 45 | |     ///
[INFO] [stderr] ...  |
[INFO] [stderr] 59 | |         default_address: AccountId,
[INFO] [stderr] 60 | |     }
[INFO] [stderr]    | |     -
[INFO] [stderr]    | |     |
[INFO] [stderr]    | |_____`TypeInfo` is not local
[INFO] [stderr]    |       move the `impl` block outside of this constant `_` and up 2 bodies
[INFO] [stderr]    |
[INFO] [stderr]    = note: the derive macro `::scale_info::TypeInfo` defines the non-local `impl`, and may need to be changed
[INFO] [stderr]    = note: the derive macro `::scale_info::TypeInfo` may come from an old version of the `scale_info_derive` crate, try updating your dependency with `cargo update -p scale_info_derive`
[INFO] [stderr]    = note: an `impl` is never scoped, even when it is nested inside an item, as it may impact type checking outside of that item, which can be the case if neither the trait or the self type are at the same nesting level as the `impl`
[INFO] [stderr]    = note: items in an anonymous const item (`const _: () = { ... }`) are treated as in the same scope as the anonymous const's declaration for the purpose of this lint
[INFO] [stderr]    = note: this warning originates in the derive macro `::scale_info::TypeInfo` (in Nightly builds, run with -Z macro-backtrace for more info)
[INFO] [stderr] 
[INFO] [stderr] warning: non-local `impl` definition, `impl` blocks should be written at the same level as their item
[INFO] [stderr]   --> lib.rs:42:5
[INFO] [stderr]    |
[INFO] [stderr] 5  |   #[ink::contract]
[INFO] [stderr]    |   ---------------- `CallBuilder` is not local
[INFO] [stderr] ...
[INFO] [stderr] 42 |       /// Engi domain name service contract inspired by
[INFO] [stderr]    |  _____^
[INFO] [stderr] 43 | |     ///
[INFO] [stderr] 44 | |     /// # Description
[INFO] [stderr] 45 | |     ///
[INFO] [stderr] ...  |
[INFO] [stderr] 59 | |         default_address: AccountId,
[INFO] [stderr] 60 | |     }
[INFO] [stderr]    | |     -
[INFO] [stderr]    | |     |
[INFO] [stderr]    | |_____`StorageLayout` is not local
[INFO] [stderr]    |       move the `impl` block outside of this constant `_` and up 2 bodies
[INFO] [stderr]    |
[INFO] [stderr]    = note: the derive macro `::ink_storage::traits::StorageLayout` defines the non-local `impl`, and may need to be changed
[INFO] [stderr]    = note: the derive macro `::ink_storage::traits::StorageLayout` may come from an old version of the `ink_storage_derive` crate, try updating your dependency with `cargo update -p ink_storage_derive`
[INFO] [stderr]    = note: an `impl` is never scoped, even when it is nested inside an item, as it may impact type checking outside of that item, which can be the case if neither the trait or the self type are at the same nesting level as the `impl`
[INFO] [stderr]    = note: items in an anonymous const item (`const _: () = { ... }`) are treated as in the same scope as the anonymous const's declaration for the purpose of this lint
[INFO] [stderr]    = note: this warning originates in the derive macro `::ink_storage::traits::StorageLayout` (in Nightly builds, run with -Z macro-backtrace for more info)
[INFO] [stderr] 
[INFO] [stderr] warning: non-local `impl` definition, `impl` blocks should be written at the same level as their item
[INFO] [stderr]   --> lib.rs:42:5
[INFO] [stderr]    |
[INFO] [stderr] 42 | //     /// Engi domain name service contract inspired by
[INFO] [stderr] 43 | ||     ///
[INFO] [stderr] 44 | ||     /// # Description
[INFO] [stderr] 45 | ||     ///
[INFO] [stderr] ...  ||
[INFO] [stderr] 52 | ||     #[derive(Default)]
[INFO] [stderr] 53 | ||     pub struct EngiNameService {
[INFO] [stderr]    | ||________________--------------^
[INFO] [stderr]    | |                 |
[INFO] [stderr]    | |                 `EngiNameService` is not local
[INFO] [stderr] ...  |
[INFO] [stderr] 59 | |          default_address: AccountId,
[INFO] [stderr] 60 | |      }
[INFO] [stderr]    | |      -
[INFO] [stderr]    | |      |
[INFO] [stderr]    | |______`ContractCallBuilder` is not local
[INFO] [stderr]    |        move the `impl` block outside of this constant `_` and up 2 bodies
[INFO] [stderr]    |
[INFO] [stderr]    = note: an `impl` is never scoped, even when it is nested inside an item, as it may impact type checking outside of that item, which can be the case if neither the trait or the self type are at the same nesting level as the `impl`
[INFO] [stderr]    = note: items in an anonymous const item (`const _: () = { ... }`) are treated as in the same scope as the anonymous const's declaration for the purpose of this lint
[INFO] [stderr] 
[INFO] [stderr] warning: non-local `impl` definition, `impl` blocks should be written at the same level as their item
[INFO] [stderr]   --> lib.rs:5:1
[INFO] [stderr]    |
[INFO] [stderr] 5  |   #[ink::contract]
[INFO] [stderr]    |   ^^^^^^^^^^^^^^^^ `CallBuilder` is not local
[INFO] [stderr] ...
[INFO] [stderr] 42 | /     /// Engi domain name service contract inspired by
[INFO] [stderr] 43 | |     ///
[INFO] [stderr] 44 | |     /// # Description
[INFO] [stderr] 45 | |     ///
[INFO] [stderr] ...  |
[INFO] [stderr] 59 | |         default_address: AccountId,
[INFO] [stderr] 60 | |     }
[INFO] [stderr]    | |     -
[INFO] [stderr]    | |     |
[INFO] [stderr]    | |_____`ContractEnv` is not local
[INFO] [stderr]    |       move the `impl` block outside of this constant `_` and up 2 bodies
[INFO] [stderr]    |
[INFO] [stderr]    = note: an `impl` is never scoped, even when it is nested inside an item, as it may impact type checking outside of that item, which can be the case if neither the trait or the self type are at the same nesting level as the `impl`
[INFO] [stderr]    = note: items in an anonymous const item (`const _: () = { ... }`) are treated as in the same scope as the anonymous const's declaration for the purpose of this lint
[INFO] [stderr]    = note: this warning originates in the attribute macro `ink::contract` (in Nightly builds, run with -Z macro-backtrace for more info)
[INFO] [stderr] 
[INFO] [stderr] warning: `engi-name-service` (lib test) generated 16 warnings
[INFO] [stderr]     Finished `test` profile [unoptimized + debuginfo] target(s) in 0.05s
[INFO] [stderr]      Running unittests lib.rs (/opt/rustwide/target/debug/deps/dns-3f6989c23b35efb1)
[INFO] [stdout] 
[INFO] [stdout] running 3 tests
[INFO] [stdout] test tests::set_address_works ... FAILED
[INFO] [stdout] test tests::register_works ... FAILED
[INFO] [stdout] test tests::transfer_works ... FAILED
[INFO] [stdout] 
[INFO] [stdout] failures:
[INFO] [stdout] 
[INFO] [stdout] ---- tests::set_address_works stdout ----
[INFO] [stdout] thread 'tests::set_address_works' panicked at lib.rs:85:13:
[INFO] [stdout] not implemented
[INFO] [stdout] stack backtrace:
[INFO] [stdout]    0:     0x5bd3bace798a - std::backtrace_rs::backtrace::libunwind::trace::h207520d6e9873551
[INFO] [stdout]                                at /rustc/df4ca44d3fbc9301ee17f30f4d474e6ae4b05252/library/std/src/../../backtrace/src/backtrace/libunwind.rs:116:5
[INFO] [stdout]    1:     0x5bd3bace798a - std::backtrace_rs::backtrace::trace_unsynchronized::h2ed7433f370e3eca
[INFO] [stdout]                                at /rustc/df4ca44d3fbc9301ee17f30f4d474e6ae4b05252/library/std/src/../../backtrace/src/backtrace/mod.rs:66:5
[INFO] [stdout]    2:     0x5bd3bace798a - std::sys::backtrace::_print_fmt::h916fac51166b18d7
[INFO] [stdout]                                at /rustc/df4ca44d3fbc9301ee17f30f4d474e6ae4b05252/library/std/src/sys/backtrace.rs:66:9
[INFO] [stdout]    3:     0x5bd3bace798a - <std::sys::backtrace::BacktraceLock::print::DisplayBacktrace as core::fmt::Display>::fmt::ha0a4c9b8ce3802e6
[INFO] [stdout]                                at /rustc/df4ca44d3fbc9301ee17f30f4d474e6ae4b05252/library/std/src/sys/backtrace.rs:39:26
[INFO] [stdout]    4:     0x5bd3bad0e4c3 - core::fmt::rt::Argument::fmt::h4cfc8587d52b3eb5
[INFO] [stdout]                                at /rustc/df4ca44d3fbc9301ee17f30f4d474e6ae4b05252/library/core/src/fmt/rt.rs:177:76
[INFO] [stdout]    5:     0x5bd3bad0e4c3 - core::fmt::write::h522cc39e5b36ae9f
[INFO] [stdout]                                at /rustc/df4ca44d3fbc9301ee17f30f4d474e6ae4b05252/library/core/src/fmt/mod.rs:1190:21
[INFO] [stdout]    6:     0x5bd3bace45f3 - std::io::Write::write_fmt::h7d3c26752da97734
[INFO] [stdout]                                at /rustc/df4ca44d3fbc9301ee17f30f4d474e6ae4b05252/library/std/src/io/mod.rs:1839:15
[INFO] [stdout]    7:     0x5bd3bace77d2 - std::sys::backtrace::BacktraceLock::print::h4b9e00b29e9c0942
[INFO] [stdout]                                at /rustc/df4ca44d3fbc9301ee17f30f4d474e6ae4b05252/library/std/src/sys/backtrace.rs:42:9
[INFO] [stdout]    8:     0x5bd3bace8e1a - std::panicking::default_hook::{{closure}}::hb59b88280d0324d9
[INFO] [stdout]                                at /rustc/df4ca44d3fbc9301ee17f30f4d474e6ae4b05252/library/std/src/panicking.rs:268:22
[INFO] [stdout]    9:     0x5bd3bace8c24 - std::panicking::default_hook::he1dd496665be4a29
[INFO] [stdout]                                at /rustc/df4ca44d3fbc9301ee17f30f4d474e6ae4b05252/library/std/src/panicking.rs:292:9
[INFO] [stdout]   10:     0x5bd3bac2e009 - <alloc::boxed::Box<F,A> as core::ops::function::Fn<Args>>::call::h4ff71de18744e1dc
[INFO] [stdout]                                at /rustc/df4ca44d3fbc9301ee17f30f4d474e6ae4b05252/library/alloc/src/boxed.rs:2468:9
[INFO] [stdout]   11:     0x5bd3bac2e009 - test::test_main::{{closure}}::hcf7c055ce117aa81
[INFO] [stdout]                                at /rustc/df4ca44d3fbc9301ee17f30f4d474e6ae4b05252/library/test/src/lib.rs:133:21
[INFO] [stdout]   12:     0x5bd3bace9518 - <alloc::boxed::Box<F,A> as core::ops::function::Fn<Args>>::call::h1d66c6bbd60c9692
[INFO] [stdout]                                at /rustc/df4ca44d3fbc9301ee17f30f4d474e6ae4b05252/library/alloc/src/boxed.rs:2468:9
[INFO] [stdout]   13:     0x5bd3bace9518 - std::panicking::rust_panic_with_hook::h2ff17fe8f26dfcf8
[INFO] [stdout]                                at /rustc/df4ca44d3fbc9301ee17f30f4d474e6ae4b05252/library/std/src/panicking.rs:809:13
[INFO] [stdout]   14:     0x5bd3bace92a6 - std::panicking::begin_panic_handler::{{closure}}::h4fad77951c07e101
[INFO] [stdout]                                at /rustc/df4ca44d3fbc9301ee17f30f4d474e6ae4b05252/library/std/src/panicking.rs:667:13
[INFO] [stdout]   15:     0x5bd3bace7e69 - std::sys::backtrace::__rust_end_short_backtrace::hb1a25b3da5d0ea08
[INFO] [stdout]                                at /rustc/df4ca44d3fbc9301ee17f30f4d474e6ae4b05252/library/std/src/sys/backtrace.rs:170:18
[INFO] [stdout]   16:     0x5bd3bace8f6c - rust_begin_unwind
[INFO] [stdout]                                at /rustc/df4ca44d3fbc9301ee17f30f4d474e6ae4b05252/library/std/src/panicking.rs:665:5
[INFO] [stdout]   17:     0x5bd3bad0cec0 - core::panicking::panic_fmt::ha9db07b529f9b256
[INFO] [stdout]                                at /rustc/df4ca44d3fbc9301ee17f30f4d474e6ae4b05252/library/core/src/panicking.rs:75:14
[INFO] [stdout]   18:     0x5bd3bad0cf4c - core::panicking::panic::h993086813d94accc
[INFO] [stdout]                                at /rustc/df4ca44d3fbc9301ee17f30f4d474e6ae4b05252/library/core/src/panicking.rs:152:5
[INFO] [stdout]   19:     0x5bd3babebc81 - dns::dns::_::<impl dns::dns::EngiNameService>::register::h09e40895bbc967c1
[INFO] [stdout]                                at /opt/rustwide/workdir/lib.rs:85:13
[INFO] [stdout]   20:     0x5bd3babf34fa - dns::tests::set_address_works::{{closure}}::h5be3cf077ccd35db
[INFO] [stdout]                                at /opt/rustwide/workdir/tests.rs:41:16
[INFO] [stdout]   21:     0x5bd3babf27aa - ink_env::engine::off_chain::test_api::run_test::h832980388459ad78
[INFO] [stdout]                                at /opt/rustwide/cargo-home/registry/src/index.crates.io-6f17d22bba15001f/ink_env-3.3.1/src/engine/off_chain/test_api.rs:263:5
[INFO] [stdout]   22:     0x5bd3babf33fc - dns::tests::set_address_works::h88e3a1fd3fa8510c
[INFO] [stdout]                                at /opt/rustwide/workdir/tests.rs:33:1
[INFO] [stdout]   23:     0x5bd3babf33d7 - dns::tests::set_address_works::{{closure}}::hf283a6fda2ffaac4
[INFO] [stdout]                                at /opt/rustwide/workdir/tests.rs:33:13
[INFO] [stdout]   24:     0x5bd3babf1406 - core::ops::function::FnOnce::call_once::h7444f495190586d3
[INFO] [stdout]                                at /rustc/df4ca44d3fbc9301ee17f30f4d474e6ae4b05252/library/core/src/ops/function.rs:250:5
[INFO] [stdout]   25:     0x5bd3bac328db - core::ops::function::FnOnce::call_once::h22c3ba5715e93f05
[INFO] [stdout]                                at /rustc/df4ca44d3fbc9301ee17f30f4d474e6ae4b05252/library/core/src/ops/function.rs:250:5
[INFO] [stdout]   26:     0x5bd3bac328db - test::__rust_begin_short_backtrace::h8e82d8113d0da17f
[INFO] [stdout]                                at /rustc/df4ca44d3fbc9301ee17f30f4d474e6ae4b05252/library/test/src/lib.rs:621:18
[INFO] [stdout]   27:     0x5bd3bac32257 - test::run_test_in_process::{{closure}}::h33235f4f20b7b7c7
[INFO] [stdout]                                at /rustc/df4ca44d3fbc9301ee17f30f4d474e6ae4b05252/library/test/src/lib.rs:644:60
[INFO] [stdout]   28:     0x5bd3bac32257 - <core::panic::unwind_safe::AssertUnwindSafe<F> as core::ops::function::FnOnce<()>>::call_once::hb5043206310c586f
[INFO] [stdout]                                at /rustc/df4ca44d3fbc9301ee17f30f4d474e6ae4b05252/library/core/src/panic/unwind_safe.rs:272:9
[INFO] [stdout]   29:     0x5bd3bac32257 - std::panicking::try::do_call::h9ad4731a60ab23e2
[INFO] [stdout]                                at /rustc/df4ca44d3fbc9301ee17f30f4d474e6ae4b05252/library/std/src/panicking.rs:557:40
[INFO] [stdout]   30:     0x5bd3bac32257 - std::panicking::try::h3824d23db772a716
[INFO] [stdout]                                at /rustc/df4ca44d3fbc9301ee17f30f4d474e6ae4b05252/library/std/src/panicking.rs:520:19
[INFO] [stdout]   31:     0x5bd3bac32257 - std::panic::catch_unwind::h5afd514605fde46b
[INFO] [stdout]                                at /rustc/df4ca44d3fbc9301ee17f30f4d474e6ae4b05252/library/std/src/panic.rs:358:14
[INFO] [stdout]   32:     0x5bd3bac32257 - test::run_test_in_process::h0d5cbfa7067d1720
[INFO] [stdout]                                at /rustc/df4ca44d3fbc9301ee17f30f4d474e6ae4b05252/library/test/src/lib.rs:644:27
[INFO] [stdout]   33:     0x5bd3bac32257 - test::run_test::{{closure}}::h708eb8872708115d
[INFO] [stdout]                                at /rustc/df4ca44d3fbc9301ee17f30f4d474e6ae4b05252/library/test/src/lib.rs:565:43
[INFO] [stdout]   34:     0x5bd3babf5974 - test::run_test::{{closure}}::h392c51cee94713ab
[INFO] [stdout]                                at /rustc/df4ca44d3fbc9301ee17f30f4d474e6ae4b05252/library/test/src/lib.rs:595:41
[INFO] [stdout]   35:     0x5bd3babf5974 - std::sys::backtrace::__rust_begin_short_backtrace::h2f40290710935a8b
[INFO] [stdout]                                at /rustc/df4ca44d3fbc9301ee17f30f4d474e6ae4b05252/library/std/src/sys/backtrace.rs:154:18
[INFO] [stdout]   36:     0x5bd3babf911e - std::thread::Builder::spawn_unchecked_::{{closure}}::{{closure}}::h3fd968d89053a903
[INFO] [stdout]                                at /rustc/df4ca44d3fbc9301ee17f30f4d474e6ae4b05252/library/std/src/thread/mod.rs:541:17
[INFO] [stdout]   37:     0x5bd3babf911e - <core::panic::unwind_safe::AssertUnwindSafe<F> as core::ops::function::FnOnce<()>>::call_once::h743f637ba4229880
[INFO] [stdout]                                at /rustc/df4ca44d3fbc9301ee17f30f4d474e6ae4b05252/library/core/src/panic/unwind_safe.rs:272:9
[INFO] [stdout]   38:     0x5bd3babf911e - std::panicking::try::do_call::h07440897322525a6
[INFO] [stdout]                                at /rustc/df4ca44d3fbc9301ee17f30f4d474e6ae4b05252/library/std/src/panicking.rs:557:40
[INFO] [stdout]   39:     0x5bd3babf911e - std::panicking::try::he5a2e00188156637
[INFO] [stdout]                                at /rustc/df4ca44d3fbc9301ee17f30f4d474e6ae4b05252/library/std/src/panicking.rs:520:19
[INFO] [stdout]   40:     0x5bd3babf911e - std::panic::catch_unwind::hbaf3cae49b3c6433
[INFO] [stdout]                                at /rustc/df4ca44d3fbc9301ee17f30f4d474e6ae4b05252/library/std/src/panic.rs:358:14
[INFO] [stdout]   41:     0x5bd3babf911e - std::thread::Builder::spawn_unchecked_::{{closure}}::h8e141ea224820bce
[INFO] [stdout]                                at /rustc/df4ca44d3fbc9301ee17f30f4d474e6ae4b05252/library/std/src/thread/mod.rs:540:30
[INFO] [stdout]   42:     0x5bd3babf911e - core::ops::function::FnOnce::call_once{{vtable.shim}}::h90d312fedd7b8ea8
[INFO] [stdout]                                at /rustc/df4ca44d3fbc9301ee17f30f4d474e6ae4b05252/library/core/src/ops/function.rs:250:5
[INFO] [stdout]   43:     0x5bd3baced30b - <alloc::boxed::Box<F,A> as core::ops::function::FnOnce<Args>>::call_once::h69aa08ddb6adb8b6
[INFO] [stdout]                                at /rustc/df4ca44d3fbc9301ee17f30f4d474e6ae4b05252/library/alloc/src/boxed.rs:2454:9
[INFO] [stdout]   44:     0x5bd3baced30b - <alloc::boxed::Box<F,A> as core::ops::function::FnOnce<Args>>::call_once::h5aa36efdb79c806f
[INFO] [stdout]                                at /rustc/df4ca44d3fbc9301ee17f30f4d474e6ae4b05252/library/alloc/src/boxed.rs:2454:9
[INFO] [stdout]   45:     0x5bd3baced30b - std::sys::pal::unix::thread::Thread::new::thread_start::h6cd80a1b4be5158d
[INFO] [stdout]                                at /rustc/df4ca44d3fbc9301ee17f30f4d474e6ae4b05252/library/std/src/sys/pal/unix/thread.rs:105:17
[INFO] [stdout]   46:     0x72afe7783ac3 - <unknown>
[INFO] [stdout]   47:     0x72afe7814a04 - clone
[INFO] [stdout]   48:                0x0 - <unknown>
[INFO] [stdout] 
[INFO] [stdout] ---- tests::register_works stdout ----
[INFO] [stdout] thread 'tests::register_works' panicked at lib.rs:85:13:
[INFO] [stdout] not implemented
[INFO] [stdout] stack backtrace:
[INFO] [stdout]    0:     0x5bd3bace798a - std::backtrace_rs::backtrace::libunwind::trace::h207520d6e9873551
[INFO] [stdout]                                at /rustc/df4ca44d3fbc9301ee17f30f4d474e6ae4b05252/library/std/src/../../backtrace/src/backtrace/libunwind.rs:116:5
[INFO] [stdout]    1:     0x5bd3bace798a - std::backtrace_rs::backtrace::trace_unsynchronized::h2ed7433f370e3eca
[INFO] [stdout]                                at /rustc/df4ca44d3fbc9301ee17f30f4d474e6ae4b05252/library/std/src/../../backtrace/src/backtrace/mod.rs:66:5
[INFO] [stdout]    2:     0x5bd3bace798a - std::sys::backtrace::_print_fmt::h916fac51166b18d7
[INFO] [stdout]                                at /rustc/df4ca44d3fbc9301ee17f30f4d474e6ae4b05252/library/std/src/sys/backtrace.rs:66:9
[INFO] [stdout]    3:     0x5bd3bace798a - <std::sys::backtrace::BacktraceLock::print::DisplayBacktrace as core::fmt::Display>::fmt::ha0a4c9b8ce3802e6
[INFO] [stdout]                                at /rustc/df4ca44d3fbc9301ee17f30f4d474e6ae4b05252/library/std/src/sys/backtrace.rs:39:26
[INFO] [stdout]    4:     0x5bd3bad0e4c3 - core::fmt::rt::Argument::fmt::h4cfc8587d52b3eb5
[INFO] [stdout]                                at /rustc/df4ca44d3fbc9301ee17f30f4d474e6ae4b05252/library/core/src/fmt/rt.rs:177:76
[INFO] [stdout]    5:     0x5bd3bad0e4c3 - core::fmt::write::h522cc39e5b36ae9f
[INFO] [stdout]                                at /rustc/df4ca44d3fbc9301ee17f30f4d474e6ae4b05252/library/core/src/fmt/mod.rs:1190:21
[INFO] [stdout]    6:     0x5bd3bace45f3 - std::io::Write::write_fmt::h7d3c26752da97734
[INFO] [stdout]                                at /rustc/df4ca44d3fbc9301ee17f30f4d474e6ae4b05252/library/std/src/io/mod.rs:1839:15
[INFO] [stdout]    7:     0x5bd3bace77d2 - std::sys::backtrace::BacktraceLock::print::h4b9e00b29e9c0942
[INFO] [stdout]                                at /rustc/df4ca44d3fbc9301ee17f30f4d474e6ae4b05252/library/std/src/sys/backtrace.rs:42:9
[INFO] [stdout]    8:     0x5bd3bace8e1a - std::panicking::default_hook::{{closure}}::hb59b88280d0324d9
[INFO] [stdout]                                at /rustc/df4ca44d3fbc9301ee17f30f4d474e6ae4b05252/library/std/src/panicking.rs:268:22
[INFO] [stdout]    9:     0x5bd3bace8c24 - std::panicking::default_hook::he1dd496665be4a29
[INFO] [stdout]                                at /rustc/df4ca44d3fbc9301ee17f30f4d474e6ae4b05252/library/std/src/panicking.rs:292:9
[INFO] [stdout]   10:     0x5bd3bac2e009 - <alloc::boxed::Box<F,A> as core::ops::function::Fn<Args>>::call::h4ff71de18744e1dc
[INFO] [stdout]                                at /rustc/df4ca44d3fbc9301ee17f30f4d474e6ae4b05252/library/alloc/src/boxed.rs:2468:9
[INFO] [stdout]   11:     0x5bd3bac2e009 - test::test_main::{{closure}}::hcf7c055ce117aa81
[INFO] [stdout]                                at /rustc/df4ca44d3fbc9301ee17f30f4d474e6ae4b05252/library/test/src/lib.rs:133:21
[INFO] [stdout]   12:     0x5bd3bace9518 - <alloc::boxed::Box<F,A> as core::ops::function::Fn<Args>>::call::h1d66c6bbd60c9692
[INFO] [stdout]                                at /rustc/df4ca44d3fbc9301ee17f30f4d474e6ae4b05252/library/alloc/src/boxed.rs:2468:9
[INFO] [stdout]   13:     0x5bd3bace9518 - std::panicking::rust_panic_with_hook::h2ff17fe8f26dfcf8
[INFO] [stdout]                                at /rustc/df4ca44d3fbc9301ee17f30f4d474e6ae4b05252/library/std/src/panicking.rs:809:13
[INFO] [stdout]   14:     0x5bd3bace92a6 - std::panicking::begin_panic_handler::{{closure}}::h4fad77951c07e101
[INFO] [stdout]                                at /rustc/df4ca44d3fbc9301ee17f30f4d474e6ae4b05252/library/std/src/panicking.rs:667:13
[INFO] [stdout]   15:     0x5bd3bace7e69 - std::sys::backtrace::__rust_end_short_backtrace::hb1a25b3da5d0ea08
[INFO] [stdout]                                at /rustc/df4ca44d3fbc9301ee17f30f4d474e6ae4b05252/library/std/src/sys/backtrace.rs:170:18
[INFO] [stdout]   16:     0x5bd3bace8f6c - rust_begin_unwind
[INFO] [stdout]                                at /rustc/df4ca44d3fbc9301ee17f30f4d474e6ae4b05252/library/std/src/panicking.rs:665:5
[INFO] [stdout]   17:     0x5bd3bad0cec0 - core::panicking::panic_fmt::ha9db07b529f9b256
[INFO] [stdout]                                at /rustc/df4ca44d3fbc9301ee17f30f4d474e6ae4b05252/library/core/src/panicking.rs:75:14
[INFO] [stdout]   18:     0x5bd3bad0cf4c - core::panicking::panic::h993086813d94accc
[INFO] [stdout]                                at /rustc/df4ca44d3fbc9301ee17f30f4d474e6ae4b05252/library/core/src/panicking.rs:152:5
[INFO] [stdout]   19:     0x5bd3babebc81 - dns::dns::_::<impl dns::dns::EngiNameService>::register::h09e40895bbc967c1
[INFO] [stdout]                                at /opt/rustwide/workdir/lib.rs:85:13
[INFO] [stdout]   20:     0x5bd3babf3189 - dns::tests::register_works::{{closure}}::h5ffdfacfa89a45cb
[INFO] [stdout]                                at /opt/rustwide/workdir/tests.rs:29:16
[INFO] [stdout]   21:     0x5bd3babf261a - ink_env::engine::off_chain::test_api::run_test::h7e88b988c15dcb84
[INFO] [stdout]                                at /opt/rustwide/cargo-home/registry/src/index.crates.io-6f17d22bba15001f/ink_env-3.3.1/src/engine/off_chain/test_api.rs:263:5
[INFO] [stdout]   22:     0x5bd3babf308c - dns::tests::register_works::h9995b9da52991f42
[INFO] [stdout]                                at /opt/rustwide/workdir/tests.rs:21:1
[INFO] [stdout]   23:     0x5bd3babf3067 - dns::tests::register_works::{{closure}}::hea3cb0850097c975
[INFO] [stdout]                                at /opt/rustwide/workdir/tests.rs:21:13
[INFO] [stdout]   24:     0x5bd3babf1336 - core::ops::function::FnOnce::call_once::h1ae653429d021d71
[INFO] [stdout]                                at /rustc/df4ca44d3fbc9301ee17f30f4d474e6ae4b05252/library/core/src/ops/function.rs:250:5
[INFO] [stdout]   25:     0x5bd3bac328db - core::ops::function::FnOnce::call_once::h22c3ba5715e93f05
[INFO] [stdout]                                at /rustc/df4ca44d3fbc9301ee17f30f4d474e6ae4b05252/library/core/src/ops/function.rs:250:5
[INFO] [stdout]   26:     0x5bd3bac328db - test::__rust_begin_short_backtrace::h8e82d8113d0da17f
[INFO] [stdout]                                at /rustc/df4ca44d3fbc9301ee17f30f4d474e6ae4b05252/library/test/src/lib.rs:621:18
[INFO] [stdout]   27:     0x5bd3bac32257 - test::run_test_in_process::{{closure}}::h33235f4f20b7b7c7
[INFO] [stdout]                                at /rustc/df4ca44d3fbc9301ee17f30f4d474e6ae4b05252/library/test/src/lib.rs:644:60
[INFO] [stdout]   28:     0x5bd3bac32257 - <core::panic::unwind_safe::AssertUnwindSafe<F> as core::ops::function::FnOnce<()>>::call_once::hb5043206310c586f
[INFO] [stdout]                                at /rustc/df4ca44d3fbc9301ee17f30f4d474e6ae4b05252/library/core/src/panic/unwind_safe.rs:272:9
[INFO] [stdout]   29:     0x5bd3bac32257 - std::panicking::try::do_call::h9ad4731a60ab23e2
[INFO] [stdout]                                at /rustc/df4ca44d3fbc9301ee17f30f4d474e6ae4b05252/library/std/src/panicking.rs:557:40
[INFO] [stdout]   30:     0x5bd3bac32257 - std::panicking::try::h3824d23db772a716
[INFO] [stdout]                                at /rustc/df4ca44d3fbc9301ee17f30f4d474e6ae4b05252/library/std/src/panicking.rs:520:19
[INFO] [stdout]   31:     0x5bd3bac32257 - std::panic::catch_unwind::h5afd514605fde46b
[INFO] [stdout]                                at /rustc/df4ca44d3fbc9301ee17f30f4d474e6ae4b05252/library/std/src/panic.rs:358:14
[INFO] [stdout]   32:     0x5bd3bac32257 - test::run_test_in_process::h0d5cbfa7067d1720
[INFO] [stdout]                                at /rustc/df4ca44d3fbc9301ee17f30f4d474e6ae4b05252/library/test/src/lib.rs:644:27
[INFO] [stdout]   33:     0x5bd3bac32257 - test::run_test::{{closure}}::h708eb8872708115d
[INFO] [stdout]                                at /rustc/df4ca44d3fbc9301ee17f30f4d474e6ae4b05252/library/test/src/lib.rs:565:43
[INFO] [stdout]   34:     0x5bd3babf5974 - test::run_test::{{closure}}::h392c51cee94713ab
[INFO] [stdout]                                at /rustc/df4ca44d3fbc9301ee17f30f4d474e6ae4b05252/library/test/src/lib.rs:595:41
[INFO] [stdout]   35:     0x5bd3babf5974 - std::sys::backtrace::__rust_begin_short_backtrace::h2f40290710935a8b
[INFO] [stdout]                                at /rustc/df4ca44d3fbc9301ee17f30f4d474e6ae4b05252/library/std/src/sys/backtrace.rs:154:18
[INFO] [stdout]   36:     0x5bd3babf911e - std::thread::Builder::spawn_unchecked_::{{closure}}::{{closure}}::h3fd968d89053a903
[INFO] [stdout]                                at /rustc/df4ca44d3fbc9301ee17f30f4d474e6ae4b05252/library/std/src/thread/mod.rs:541:17
[INFO] [stdout]   37:     0x5bd3babf911e - <core::panic::unwind_safe::AssertUnwindSafe<F> as core::ops::function::FnOnce<()>>::call_once::h743f637ba4229880
[INFO] [stdout]                                at /rustc/df4ca44d3fbc9301ee17f30f4d474e6ae4b05252/library/core/src/panic/unwind_safe.rs:272:9
[INFO] [stdout]   38:     0x5bd3babf911e - std::panicking::try::do_call::h07440897322525a6
[INFO] [stdout]                                at /rustc/df4ca44d3fbc9301ee17f30f4d474e6ae4b05252/library/std/src/panicking.rs:557:40
[INFO] [stdout]   39:     0x5bd3babf911e - std::panicking::try::he5a2e00188156637
[INFO] [stdout]                                at /rustc/df4ca44d3fbc9301ee17f30f4d474e6ae4b05252/library/std/src/panicking.rs:520:19
[INFO] [stdout]   40:     0x5bd3babf911e - std::panic::catch_unwind::hbaf3cae49b3c6433
[INFO] [stdout]                                at /rustc/df4ca44d3fbc9301ee17f30f4d474e6ae4b05252/library/std/src/panic.rs:358:14
[INFO] [stdout]   41:     0x5bd3babf911e - std::thread::Builder::spawn_unchecked_::{{closure}}::h8e141ea224820bce
[INFO] [stdout]                                at /rustc/df4ca44d3fbc9301ee17f30f4d474e6ae4b05252/library/std/src/thread/mod.rs:540:30
[INFO] [stdout]   42:     0x5bd3babf911e - core::ops::function::FnOnce::call_once{{vtable.shim}}::h90d312fedd7b8ea8
[INFO] [stdout]                                at /rustc/df4ca44d3fbc9301ee17f30f4d474e6ae4b05252/library/core/src/ops/function.rs:250:5
[INFO] [stdout]   43:     0x5bd3baced30b - <alloc::boxed::Box<F,A> as core::ops::function::FnOnce<Args>>::call_once::h69aa08ddb6adb8b6
[INFO] [stdout]                                at /rustc/df4ca44d3fbc9301ee17f30f4d474e6ae4b05252/library/alloc/src/boxed.rs:2454:9
[INFO] [stdout]   44:     0x5bd3baced30b - <alloc::boxed::Box<F,A> as core::ops::function::FnOnce<Args>>::call_once::h5aa36efdb79c806f
[INFO] [stdout]                                at /rustc/df4ca44d3fbc9301ee17f30f4d474e6ae4b05252/library/alloc/src/boxed.rs:2454:9
[INFO] [stdout]   45:     0x5bd3baced30b - std::sys::pal::unix::thread::Thread::new::thread_start::h6cd80a1b4be5158d
[INFO] [stdout]                                at /rustc/df4ca44d3fbc9301ee17f30f4d474e6ae4b05252/library/std/src/sys/pal/unix/thread.rs:105:17
[INFO] [stdout]   46:     0x72afe7783ac3 - <unknown>
[INFO] [stdout]   47:     0x72afe7814a04 - clone
[INFO] [stdout]   48:                0x0 - <unknown>
[INFO] [stdout] 
[INFO] [stdout] ---- tests::transfer_works stdout ----
[INFO] [stdout] thread 'tests::transfer_works' panicked at lib.rs:85:13:
[INFO] [stdout] not implemented
[INFO] [stdout] stack backtrace:
[INFO] [stdout]    0:     0x5bd3bace798a - std::backtrace_rs::backtrace::libunwind::trace::h207520d6e9873551
[INFO] [stdout]                                at /rustc/df4ca44d3fbc9301ee17f30f4d474e6ae4b05252/library/std/src/../../backtrace/src/backtrace/libunwind.rs:116:5
[INFO] [stdout]    1:     0x5bd3bace798a - std::backtrace_rs::backtrace::trace_unsynchronized::h2ed7433f370e3eca
[INFO] [stdout]                                at /rustc/df4ca44d3fbc9301ee17f30f4d474e6ae4b05252/library/std/src/../../backtrace/src/backtrace/mod.rs:66:5
[INFO] [stdout]    2:     0x5bd3bace798a - std::sys::backtrace::_print_fmt::h916fac51166b18d7
[INFO] [stdout]                                at /rustc/df4ca44d3fbc9301ee17f30f4d474e6ae4b05252/library/std/src/sys/backtrace.rs:66:9
[INFO] [stdout]    3:     0x5bd3bace798a - <std::sys::backtrace::BacktraceLock::print::DisplayBacktrace as core::fmt::Display>::fmt::ha0a4c9b8ce3802e6
[INFO] [stdout]                                at /rustc/df4ca44d3fbc9301ee17f30f4d474e6ae4b05252/library/std/src/sys/backtrace.rs:39:26
[INFO] [stdout]    4:     0x5bd3bad0e4c3 - core::fmt::rt::Argument::fmt::h4cfc8587d52b3eb5
[INFO] [stdout]                                at /rustc/df4ca44d3fbc9301ee17f30f4d474e6ae4b05252/library/core/src/fmt/rt.rs:177:76
[INFO] [stdout]    5:     0x5bd3bad0e4c3 - core::fmt::write::h522cc39e5b36ae9f
[INFO] [stdout]                                at /rustc/df4ca44d3fbc9301ee17f30f4d474e6ae4b05252/library/core/src/fmt/mod.rs:1190:21
[INFO] [stdout]    6:     0x5bd3bace45f3 - std::io::Write::write_fmt::h7d3c26752da97734
[INFO] [stdout]                                at /rustc/df4ca44d3fbc9301ee17f30f4d474e6ae4b05252/library/std/src/io/mod.rs:1839:15
[INFO] [stdout]    7:     0x5bd3bace77d2 - std::sys::backtrace::BacktraceLock::print::h4b9e00b29e9c0942
[INFO] [stdout]                                at /rustc/df4ca44d3fbc9301ee17f30f4d474e6ae4b05252/library/std/src/sys/backtrace.rs:42:9
[INFO] [stdout]    8:     0x5bd3bace8e1a - std::panicking::default_hook::{{closure}}::hb59b88280d0324d9
[INFO] [stdout]                                at /rustc/df4ca44d3fbc9301ee17f30f4d474e6ae4b05252/library/std/src/panicking.rs:268:22
[INFO] [stdout]    9:     0x5bd3bace8c24 - std::panicking::default_hook::he1dd496665be4a29
[INFO] [stdout]                                at /rustc/df4ca44d3fbc9301ee17f30f4d474e6ae4b05252/library/std/src/panicking.rs:292:9
[INFO] [stdout]   10:     0x5bd3bac2e009 - <alloc::boxed::Box<F,A> as core::ops::function::Fn<Args>>::call::h4ff71de18744e1dc
[INFO] [stdout]                                at /rustc/df4ca44d3fbc9301ee17f30f4d474e6ae4b05252/library/alloc/src/boxed.rs:2468:9
[INFO] [stdout]   11:     0x5bd3bac2e009 - test::test_main::{{closure}}::hcf7c055ce117aa81
[INFO] [stdout]                                at /rustc/df4ca44d3fbc9301ee17f30f4d474e6ae4b05252/library/test/src/lib.rs:133:21
[INFO] [stdout]   12:     0x5bd3bace9518 - <alloc::boxed::Box<F,A> as core::ops::function::Fn<Args>>::call::h1d66c6bbd60c9692
[INFO] [stdout]                                at /rustc/df4ca44d3fbc9301ee17f30f4d474e6ae4b05252/library/alloc/src/boxed.rs:2468:9
[INFO] [stdout]   13:     0x5bd3bace9518 - std::panicking::rust_panic_with_hook::h2ff17fe8f26dfcf8
[INFO] [stdout]                                at /rustc/df4ca44d3fbc9301ee17f30f4d474e6ae4b05252/library/std/src/panicking.rs:809:13
[INFO] [stdout]   14:     0x5bd3bace92a6 - std::panicking::begin_panic_handler::{{closure}}::h4fad77951c07e101
[INFO] [stdout]                                at /rustc/df4ca44d3fbc9301ee17f30f4d474e6ae4b05252/library/std/src/panicking.rs:667:13
[INFO] [stdout]   15:     0x5bd3bace7e69 - std::sys::backtrace::__rust_end_short_backtrace::hb1a25b3da5d0ea08
[INFO] [stdout]                                at /rustc/df4ca44d3fbc9301ee17f30f4d474e6ae4b05252/library/std/src/sys/backtrace.rs:170:18
[INFO] [stdout]   16:     0x5bd3bace8f6c - rust_begin_unwind
[INFO] [stdout]                                at /rustc/df4ca44d3fbc9301ee17f30f4d474e6ae4b05252/library/std/src/panicking.rs:665:5
[INFO] [stdout]   17:     0x5bd3bad0cec0 - core::panicking::panic_fmt::ha9db07b529f9b256
[INFO] [stdout]                                at /rustc/df4ca44d3fbc9301ee17f30f4d474e6ae4b05252/library/core/src/panicking.rs:75:14
[INFO] [stdout]   18:     0x5bd3bad0cf4c - core::panicking::panic::h993086813d94accc
[INFO] [stdout]                                at /rustc/df4ca44d3fbc9301ee17f30f4d474e6ae4b05252/library/core/src/panicking.rs:152:5
[INFO] [stdout]   19:     0x5bd3babebc81 - dns::dns::_::<impl dns::dns::EngiNameService>::register::h09e40895bbc967c1
[INFO] [stdout]                                at /opt/rustwide/workdir/lib.rs:85:13
[INFO] [stdout]   20:     0x5bd3babf3b0a - dns::tests::transfer_works::{{closure}}::h3b769fdf4e2709a5
[INFO] [stdout]                                at /opt/rustwide/workdir/tests.rs:64:16
[INFO] [stdout]   21:     0x5bd3babf248a - ink_env::engine::off_chain::test_api::run_test::h67bfcda6f49fb2ad
[INFO] [stdout]                                at /opt/rustwide/cargo-home/registry/src/index.crates.io-6f17d22bba15001f/ink_env-3.3.1/src/engine/off_chain/test_api.rs:263:5
[INFO] [stdout]   22:     0x5bd3babf3a0c - dns::tests::transfer_works::h1bcea43d19fad828
[INFO] [stdout]                                at /opt/rustwide/workdir/tests.rs:56:1
[INFO] [stdout]   23:     0x5bd3babf39e7 - dns::tests::transfer_works::{{closure}}::h3aaeef02cc85a08f
[INFO] [stdout]                                at /opt/rustwide/workdir/tests.rs:56:13
[INFO] [stdout]   24:     0x5bd3babf13c6 - core::ops::function::FnOnce::call_once::h6fdf21c3a9cf1255
[INFO] [stdout]                                at /rustc/df4ca44d3fbc9301ee17f30f4d474e6ae4b05252/library/core/src/ops/function.rs:250:5
[INFO] [stdout]   25:     0x5bd3bac328db - core::ops::function::FnOnce::call_once::h22c3ba5715e93f05
[INFO] [stdout]                                at /rustc/df4ca44d3fbc9301ee17f30f4d474e6ae4b05252/library/core/src/ops/function.rs:250:5
[INFO] [stdout]   26:     0x5bd3bac328db - test::__rust_begin_short_backtrace::h8e82d8113d0da17f
[INFO] [stdout]                                at /rustc/df4ca44d3fbc9301ee17f30f4d474e6ae4b05252/library/test/src/lib.rs:621:18
[INFO] [stdout]   27:     0x5bd3bac32257 - test::run_test_in_process::{{closure}}::h33235f4f20b7b7c7
[INFO] [stdout]                                at /rustc/df4ca44d3fbc9301ee17f30f4d474e6ae4b05252/library/test/src/lib.rs:644:60
[INFO] [stdout]   28:     0x5bd3bac32257 - <core::panic::unwind_safe::AssertUnwindSafe<F> as core::ops::function::FnOnce<()>>::call_once::hb5043206310c586f
[INFO] [stdout]                                at /rustc/df4ca44d3fbc9301ee17f30f4d474e6ae4b05252/library/core/src/panic/unwind_safe.rs:272:9
[INFO] [stdout]   29:     0x5bd3bac32257 - std::panicking::try::do_call::h9ad4731a60ab23e2
[INFO] [stdout]                                at /rustc/df4ca44d3fbc9301ee17f30f4d474e6ae4b05252/library/std/src/panicking.rs:557:40
[INFO] [stdout]   30:     0x5bd3bac32257 - std::panicking::try::h3824d23db772a716
[INFO] [stdout]                                at /rustc/df4ca44d3fbc9301ee17f30f4d474e6ae4b05252/library/std/src/panicking.rs:520:19
[INFO] [stdout]   31:     0x5bd3bac32257 - std::panic::catch_unwind::h5afd514605fde46b
[INFO] [stdout]                                at /rustc/df4ca44d3fbc9301ee17f30f4d474e6ae4b05252/library/std/src/panic.rs:358:14
[INFO] [stdout]   32:     0x5bd3bac32257 - test::run_test_in_process::h0d5cbfa7067d1720
[INFO] [stdout]                                at /rustc/df4ca44d3fbc9301ee17f30f4d474e6ae4b05252/library/test/src/lib.rs:644:27
[INFO] [stdout]   33:     0x5bd3bac32257 - test::run_test::{{closure}}::h708eb8872708115d
[INFO] [stdout]                                at /rustc/df4ca44d3fbc9301ee17f30f4d474e6ae4b05252/library/test/src/lib.rs:565:43
[INFO] [stdout]   34:     0x5bd3babf5974 - test::run_test::{{closure}}::h392c51cee94713ab
[INFO] [stdout]                                at /rustc/df4ca44d3fbc9301ee17f30f4d474e6ae4b05252/library/test/src/lib.rs:595:41
[INFO] [stdout]   35:     0x5bd3babf5974 - std::sys::backtrace::__rust_begin_short_backtrace::h2f40290710935a8b
[INFO] [stdout]                                at /rustc/df4ca44d3fbc9301ee17f30f4d474e6ae4b05252/library/std/src/sys/backtrace.rs:154:18
[INFO] [stdout]   36:     0x5bd3babf911e - std::thread::Builder::spawn_unchecked_::{{closure}}::{{closure}}::h3fd968d89053a903
[INFO] [stdout]                                at /rustc/df4ca44d3fbc9301ee17f30f4d474e6ae4b05252/library/std/src/thread/mod.rs:541:17
[INFO] [stdout]   37:     0x5bd3babf911e - <core::panic::unwind_safe::AssertUnwindSafe<F> as core::ops::function::FnOnce<()>>::call_once::h743f637ba4229880
[INFO] [stdout]                                at /rustc/df4ca44d3fbc9301ee17f30f4d474e6ae4b05252/library/core/src/panic/unwind_safe.rs:272:9
[INFO] [stdout]   38:     0x5bd3babf911e - std::panicking::try::do_call::h07440897322525a6
[INFO] [stdout]                                at /rustc/df4ca44d3fbc9301ee17f30f4d474e6ae4b05252/library/std/src/panicking.rs:557:40
[INFO] [stdout]   39:     0x5bd3babf911e - std::panicking::try::he5a2e00188156637
[INFO] [stdout]                                at /rustc/df4ca44d3fbc9301ee17f30f4d474e6ae4b05252/library/std/src/panicking.rs:520:19
[INFO] [stdout]   40:     0x5bd3babf911e - std::panic::catch_unwind::hbaf3cae49b3c6433
[INFO] [stdout]                                at /rustc/df4ca44d3fbc9301ee17f30f4d474e6ae4b05252/library/std/src/panic.rs:358:14
[INFO] [stdout]   41:     0x5bd3babf911e - std::thread::Builder::spawn_unchecked_::{{closure}}::h8e141ea224820bce
[INFO] [stdout]                                at /rustc/df4ca44d3fbc9301ee17f30f4d474e6ae4b05252/library/std/src/thread/mod.rs:540:30
[INFO] [stdout]   42:     0x5bd3babf911e - core::ops::function::FnOnce::call_once{{vtable.shim}}::h90d312fedd7b8ea8
[INFO] [stdout]                                at /rustc/df4ca44d3fbc9301ee17f30f4d474e6ae4b05252/library/core/src/ops/function.rs:250:5
[INFO] [stdout]   43:     0x5bd3baced30b - <alloc::boxed::Box<F,A> as core::ops::function::FnOnce<Args>>::call_once::h69aa08ddb6adb8b6
[INFO] [stdout]                                at /rustc/df4ca44d3fbc9301ee17f30f4d474e6ae4b05252/library/alloc/src/boxed.rs:2454:9
[INFO] [stdout]   44:     0x5bd3baced30b - <alloc::boxed::Box<F,A> as core::ops::function::FnOnce<Args>>::call_once::h5aa36efdb79c806f
[INFO] [stdout]                                at /rustc/df4ca44d3fbc9301ee17f30f4d474e6ae4b05252/library/alloc/src/boxed.rs:2454:9
[INFO] [stdout]   45:     0x5bd3baced30b - std::sys::pal::unix::thread::Thread::new::thread_start::h6cd80a1b4be5158d
[INFO] [stdout]                                at /rustc/df4ca44d3fbc9301ee17f30f4d474e6ae4b05252/library/std/src/sys/pal/unix/thread.rs:105:17
[INFO] [stdout]   46:     0x72afe7783ac3 - <unknown>
[INFO] [stdout]   47:     0x72afe7814a04 - clone
[INFO] [stdout]   48:                0x0 - <unknown>
[INFO] [stdout] 
[INFO] [stdout] 
[INFO] [stdout] failures:
[INFO] [stdout]     tests::register_works
[INFO] [stdout]     tests::set_address_works
[INFO] [stdout]     tests::transfer_works
[INFO] [stdout] 
[INFO] [stdout] test result: FAILED. 0 passed; 3 failed; 0 ignored; 0 measured; 0 filtered out; finished in 0.01s
[INFO] [stdout] 
[INFO] [stderr] error: test failed, to rerun pass `--lib`
[INFO] running `Command { std: "docker" "inspect" "065487bb3657cf809708dbe30618210c503820d113a2ac94509398616595467a", kill_on_drop: false }`
[INFO] running `Command { std: "docker" "rm" "-f" "065487bb3657cf809708dbe30618210c503820d113a2ac94509398616595467a", kill_on_drop: false }`
[INFO] [stdout] 065487bb3657cf809708dbe30618210c503820d113a2ac94509398616595467a
