[INFO] cloning repository https://github.com/freetbash/oblivion-r
[INFO] running `Command { std: "git" "-c" "credential.helper=" "-c" "credential.helper=/workspace/cargo-home/bin/git-credential-null" "clone" "--bare" "https://github.com/freetbash/oblivion-r" "/workspace/cache/git-repos/https%3A%2F%2Fgithub.com%2Ffreetbash%2Foblivion-r", kill_on_drop: false }`
[INFO] [stderr] Cloning into bare repository '/workspace/cache/git-repos/https%3A%2F%2Fgithub.com%2Ffreetbash%2Foblivion-r'...
[INFO] running `Command { std: "git" "rev-parse" "HEAD", kill_on_drop: false }`
[INFO] [stdout] ff4c27d4356f59b18d170fee7a8e18b4ee6fc58b
[INFO] testing freetbash/oblivion-r/ff4c27d4356f59b18d170fee7a8e18b4ee6fc58b against nightly-2024-10-28 for randomize-layout
[INFO] running `Command { std: "git" "clone" "/workspace/cache/git-repos/https%3A%2F%2Fgithub.com%2Ffreetbash%2Foblivion-r" "/workspace/builds/worker-2-tc1/source", kill_on_drop: false }`
[INFO] [stderr] Cloning into '/workspace/builds/worker-2-tc1/source'...
[INFO] [stderr] done.
[INFO] validating manifest of git repo https://github.com/freetbash/oblivion-r on toolchain nightly-2024-10-28
[INFO] running `Command { std: CARGO_HOME="/workspace/cargo-home" RUSTUP_HOME="/workspace/rustup-home" "/workspace/cargo-home/bin/cargo" "+nightly-2024-10-28" "metadata" "--manifest-path" "Cargo.toml" "--no-deps", kill_on_drop: false }`
[INFO] started tweaking git repo https://github.com/freetbash/oblivion-r
[INFO] finished tweaking git repo https://github.com/freetbash/oblivion-r
[INFO] tweaked toml for git repo https://github.com/freetbash/oblivion-r written to /workspace/builds/worker-2-tc1/source/Cargo.toml
[INFO] crate git repo https://github.com/freetbash/oblivion-r already has a lockfile, it will not be regenerated
[INFO] running `Command { std: CARGO_HOME="/workspace/cargo-home" RUSTUP_HOME="/workspace/rustup-home" "/workspace/cargo-home/bin/cargo" "+nightly-2024-10-28" "fetch" "--manifest-path" "Cargo.toml", kill_on_drop: false }`
[INFO] running `Command { std: "docker" "create" "-v" "/var/lib/crater-agent-workspace/builds/worker-2-tc1/target:/opt/rustwide/target:rw,Z" "-v" "/var/lib/crater-agent-workspace/builds/worker-2-tc1/source:/opt/rustwide/workdir:ro,Z" "-v" "/var/lib/crater-agent-workspace/cargo-home:/opt/rustwide/cargo-home:ro,Z" "-v" "/var/lib/crater-agent-workspace/rustup-home:/opt/rustwide/rustup-home:ro,Z" "-e" "SOURCE_DIR=/opt/rustwide/workdir" "-e" "CARGO_TARGET_DIR=/opt/rustwide/target" "-e" "CARGO_HOME=/opt/rustwide/cargo-home" "-e" "RUSTUP_HOME=/opt/rustwide/rustup-home" "-w" "/opt/rustwide/workdir" "-m" "1610612736" "--user" "0:0" "--network" "none" "ghcr.io/rust-lang/crates-build-env/linux@sha256:4a844ea9eb2546a2d2c7022eacef16ef2e8229c7fbb2c7d4d55a9ceca922f72d" "/opt/rustwide/cargo-home/bin/cargo" "+nightly-2024-10-28" "metadata" "--no-deps" "--format-version=1", kill_on_drop: false }`
[INFO] [stdout] d9718825257623588e7f63ca9124bd8cac19d9f73c6db2b65fe359dd28484b44
[INFO] running `Command { std: "docker" "start" "-a" "d9718825257623588e7f63ca9124bd8cac19d9f73c6db2b65fe359dd28484b44", kill_on_drop: false }`
[INFO] running `Command { std: "docker" "inspect" "d9718825257623588e7f63ca9124bd8cac19d9f73c6db2b65fe359dd28484b44", kill_on_drop: false }`
[INFO] running `Command { std: "docker" "rm" "-f" "d9718825257623588e7f63ca9124bd8cac19d9f73c6db2b65fe359dd28484b44", kill_on_drop: false }`
[INFO] [stdout] d9718825257623588e7f63ca9124bd8cac19d9f73c6db2b65fe359dd28484b44
[INFO] running `Command { std: "docker" "create" "-v" "/var/lib/crater-agent-workspace/builds/worker-2-tc1/target:/opt/rustwide/target:rw,Z" "-v" "/var/lib/crater-agent-workspace/builds/worker-2-tc1/source:/opt/rustwide/workdir:ro,Z" "-v" "/var/lib/crater-agent-workspace/cargo-home:/opt/rustwide/cargo-home:ro,Z" "-v" "/var/lib/crater-agent-workspace/rustup-home:/opt/rustwide/rustup-home:ro,Z" "-e" "SOURCE_DIR=/opt/rustwide/workdir" "-e" "CARGO_TARGET_DIR=/opt/rustwide/target" "-e" "CARGO_INCREMENTAL=0" "-e" "RUST_BACKTRACE=full" "-e" "RUSTFLAGS=--cap-lints=forbid" "-e" "RUSTDOCFLAGS=--cap-lints=forbid" "-e" "CARGO_HOME=/opt/rustwide/cargo-home" "-e" "RUSTUP_HOME=/opt/rustwide/rustup-home" "-w" "/opt/rustwide/workdir" "-m" "1610612736" "--user" "0:0" "--network" "none" "ghcr.io/rust-lang/crates-build-env/linux@sha256:4a844ea9eb2546a2d2c7022eacef16ef2e8229c7fbb2c7d4d55a9ceca922f72d" "/opt/rustwide/cargo-home/bin/cargo" "+nightly-2024-10-28" "build" "--frozen" "--message-format=json", kill_on_drop: false }`
[INFO] [stdout] 6276b4907e23b1c8bda3acfe45f96c55136677dcf44d4fee0e18f007beb7596d
[INFO] running `Command { std: "docker" "start" "-a" "6276b4907e23b1c8bda3acfe45f96c55136677dcf44d4fee0e18f007beb7596d", kill_on_drop: false }`
[INFO] [stderr]    Compiling typenum v1.17.0
[INFO] [stderr]    Compiling version_check v0.9.4
[INFO] [stderr]    Compiling libc v0.2.155
[INFO] [stderr]    Compiling cfg-if v1.0.0
[INFO] [stderr]    Compiling subtle v2.5.0
[INFO] [stderr]    Compiling proc-macro2 v1.0.83
[INFO] [stderr]    Compiling unicode-ident v1.0.12
[INFO] [stderr]    Compiling cc v1.0.98
[INFO] [stderr]    Compiling base64ct v1.6.0
[INFO] [stderr]    Compiling thiserror v1.0.61
[INFO] [stderr]    Compiling cpufeatures v0.2.12
[INFO] [stderr]    Compiling ppv-lite86 v0.2.17
[INFO] [stderr]    Compiling untrusted v0.9.0
[INFO] [stderr]    Compiling spin v0.9.8
[INFO] [stderr]    Compiling generic-array v0.14.7
[INFO] [stderr]    Compiling quote v1.0.36
[INFO] [stderr]    Compiling getrandom v0.2.15
[INFO] [stderr]    Compiling syn v2.0.65
[INFO] [stderr]    Compiling rand_core v0.6.4
[INFO] [stderr]    Compiling ring v0.17.8
[INFO] [stderr]    Compiling rand_chacha v0.3.1
[INFO] [stderr]    Compiling password-hash v0.5.0
[INFO] [stderr]    Compiling rand v0.8.5
[INFO] [stderr]    Compiling crypto-common v0.1.6
[INFO] [stderr]    Compiling block-buffer v0.10.4
[INFO] [stderr]    Compiling inout v0.1.3
[INFO] [stderr]    Compiling cipher v0.4.4
[INFO] [stderr]    Compiling digest v0.10.7
[INFO] [stderr]    Compiling hmac v0.12.1
[INFO] [stderr]    Compiling sha2 v0.10.8
[INFO] [stderr]    Compiling salsa20 v0.10.2
[INFO] [stderr]    Compiling pbkdf2 v0.12.2
[INFO] [stderr]    Compiling hkdf v0.12.4
[INFO] [stderr]    Compiling scrypt v0.11.0
[INFO] [stderr]    Compiling thiserror-impl v1.0.61
[INFO] [stderr]    Compiling oblivion v0.1.0 (/opt/rustwide/workdir)
[INFO] [stderr]     Finished `dev` profile [unoptimized + debuginfo] target(s) in 3.59s
[INFO] running `Command { std: "docker" "inspect" "6276b4907e23b1c8bda3acfe45f96c55136677dcf44d4fee0e18f007beb7596d", kill_on_drop: false }`
[INFO] running `Command { std: "docker" "rm" "-f" "6276b4907e23b1c8bda3acfe45f96c55136677dcf44d4fee0e18f007beb7596d", kill_on_drop: false }`
[INFO] [stdout] 6276b4907e23b1c8bda3acfe45f96c55136677dcf44d4fee0e18f007beb7596d
[INFO] running `Command { std: "docker" "create" "-v" "/var/lib/crater-agent-workspace/builds/worker-2-tc1/target:/opt/rustwide/target:rw,Z" "-v" "/var/lib/crater-agent-workspace/builds/worker-2-tc1/source:/opt/rustwide/workdir:ro,Z" "-v" "/var/lib/crater-agent-workspace/cargo-home:/opt/rustwide/cargo-home:ro,Z" "-v" "/var/lib/crater-agent-workspace/rustup-home:/opt/rustwide/rustup-home:ro,Z" "-e" "SOURCE_DIR=/opt/rustwide/workdir" "-e" "CARGO_TARGET_DIR=/opt/rustwide/target" "-e" "CARGO_INCREMENTAL=0" "-e" "RUST_BACKTRACE=full" "-e" "RUSTFLAGS=--cap-lints=forbid" "-e" "RUSTDOCFLAGS=--cap-lints=forbid" "-e" "CARGO_HOME=/opt/rustwide/cargo-home" "-e" "RUSTUP_HOME=/opt/rustwide/rustup-home" "-w" "/opt/rustwide/workdir" "-m" "1610612736" "--user" "0:0" "--network" "none" "ghcr.io/rust-lang/crates-build-env/linux@sha256:4a844ea9eb2546a2d2c7022eacef16ef2e8229c7fbb2c7d4d55a9ceca922f72d" "/opt/rustwide/cargo-home/bin/cargo" "+nightly-2024-10-28" "test" "--frozen" "--no-run" "--message-format=json", kill_on_drop: false }`
[INFO] [stdout] 70da373c0ed4626ccc983907c74edc59d7864736a3531a267b7b379bcfe2493a
[INFO] running `Command { std: "docker" "start" "-a" "70da373c0ed4626ccc983907c74edc59d7864736a3531a267b7b379bcfe2493a", kill_on_drop: false }`
[INFO] [stderr]    Compiling oblivion v0.1.0 (/opt/rustwide/workdir)
[INFO] [stderr]     Finished `test` profile [unoptimized + debuginfo] target(s) in 0.17s
[INFO] running `Command { std: "docker" "inspect" "70da373c0ed4626ccc983907c74edc59d7864736a3531a267b7b379bcfe2493a", kill_on_drop: false }`
[INFO] running `Command { std: "docker" "rm" "-f" "70da373c0ed4626ccc983907c74edc59d7864736a3531a267b7b379bcfe2493a", kill_on_drop: false }`
[INFO] [stdout] 70da373c0ed4626ccc983907c74edc59d7864736a3531a267b7b379bcfe2493a
[INFO] running `Command { std: "docker" "create" "-v" "/var/lib/crater-agent-workspace/builds/worker-2-tc1/target:/opt/rustwide/target:rw,Z" "-v" "/var/lib/crater-agent-workspace/builds/worker-2-tc1/source:/opt/rustwide/workdir:ro,Z" "-v" "/var/lib/crater-agent-workspace/cargo-home:/opt/rustwide/cargo-home:ro,Z" "-v" "/var/lib/crater-agent-workspace/rustup-home:/opt/rustwide/rustup-home:ro,Z" "-e" "SOURCE_DIR=/opt/rustwide/workdir" "-e" "CARGO_TARGET_DIR=/opt/rustwide/target" "-e" "CARGO_INCREMENTAL=0" "-e" "RUST_BACKTRACE=full" "-e" "RUSTFLAGS=--cap-lints=forbid" "-e" "RUSTDOCFLAGS=--cap-lints=forbid" "-e" "CARGO_HOME=/opt/rustwide/cargo-home" "-e" "RUSTUP_HOME=/opt/rustwide/rustup-home" "-w" "/opt/rustwide/workdir" "-m" "1610612736" "--user" "0:0" "--network" "none" "ghcr.io/rust-lang/crates-build-env/linux@sha256:4a844ea9eb2546a2d2c7022eacef16ef2e8229c7fbb2c7d4d55a9ceca922f72d" "/opt/rustwide/cargo-home/bin/cargo" "+nightly-2024-10-28" "test" "--frozen", kill_on_drop: false }`
[INFO] [stdout] 891bde660ab06ea80ad15dec8f0be8bfc60f4524c47dc51cfe791de10966ca6f
[INFO] running `Command { std: "docker" "start" "-a" "891bde660ab06ea80ad15dec8f0be8bfc60f4524c47dc51cfe791de10966ca6f", kill_on_drop: false }`
[INFO] [stderr]     Finished `test` profile [unoptimized + debuginfo] target(s) in 0.03s
[INFO] [stderr]      Running unittests src/lib.rs (/opt/rustwide/target/debug/deps/oblivion-eb4f635e50749023)
[INFO] [stdout] 
[INFO] [stdout] running 0 tests
[INFO] [stdout] 
[INFO] [stdout] test result: ok. 0 passed; 0 failed; 0 ignored; 0 measured; 0 filtered out; finished in 0.00s
[INFO] [stdout] 
[INFO] [stderr]      Running tests/chipher.rs (/opt/rustwide/target/debug/deps/chipher-70f6926c91eaa4e5)
[INFO] [stdout] 
[INFO] [stdout] running 2 tests
[INFO] [stdout] test chipher_tests::enc_dec_data ... ok
[INFO] [stdout] test chipher_tests::enc_dec_str ... ok
[INFO] [stdout] 
[INFO] [stdout] test result: ok. 2 passed; 0 failed; 0 ignored; 0 measured; 0 filtered out; finished in 0.00s
[INFO] [stdout] 
[INFO] [stderr]      Running tests/key.rs (/opt/rustwide/target/debug/deps/key-214a07d006f21ec5)
[INFO] [stdout] 
[INFO] [stdout] running 3 tests
[INFO] [stdout] test key_tests::test_salt ... ok
[INFO] [stdout] test key_tests::test_key_pair ... ok
[INFO] [stdout] test key_tests::test_shared_key ... ok
[INFO] [stdout] 
[INFO] [stdout] test result: ok. 3 passed; 0 failed; 0 ignored; 0 measured; 0 filtered out; finished in 0.51s
[INFO] [stdout] 
[INFO] [stderr]    Doc-tests oblivion
[INFO] [stdout] 
[INFO] [stdout] running 2 tests
[INFO] [stdout] test src/key.rs - key::salt (line 19) ... FAILED
[INFO] [stdout] test src/key.rs - key::key_pair (line 36) ... FAILED
[INFO] [stdout] 
[INFO] [stdout] failures:
[INFO] [stdout] 
[INFO] [stdout] ---- src/key.rs - key::salt (line 19) stdout ----
[INFO] [stdout] error[E0433]: failed to resolve: could not find `utils` in `oblivion`
[INFO] [stdout]  --> src/key.rs:21:15
[INFO] [stdout]   |
[INFO] [stdout] 5 | use oblivion::utils::generator::generate_random_salt;
[INFO] [stdout]   |               ^^^^^ could not find `utils` in `oblivion`
[INFO] [stdout] 
[INFO] [stdout] error[E0425]: cannot find function `salt` in this scope
[INFO] [stdout]  --> src/key.rs:22:12
[INFO] [stdout]   |
[INFO] [stdout] 6 | let salt = salt();
[INFO] [stdout]   |            ^^^^ not found in this scope
[INFO] [stdout]   |
[INFO] [stdout] help: consider importing this function
[INFO] [stdout]   |
[INFO] [stdout] 2 + use oblivion::key::salt;
[INFO] [stdout]   |
[INFO] [stdout] 
[INFO] [stdout] error: aborting due to 2 previous errors
[INFO] [stdout] 
[INFO] [stdout] Some errors have detailed explanations: E0425, E0433.
[INFO] [stdout] For more information about an error, try `rustc --explain E0425`.
[INFO] [stdout] Couldn't compile the test.
[INFO] [stdout] ---- src/key.rs - key::key_pair (line 36) stdout ----
[INFO] [stdout] error[E0433]: failed to resolve: could not find `utils` in `oblivion`
[INFO] [stdout]  --> src/key.rs:38:15
[INFO] [stdout]   |
[INFO] [stdout] 5 | use oblivion::utils::generator::generate_key_pair;
[INFO] [stdout]   |               ^^^^^ could not find `utils` in `oblivion`
[INFO] [stdout] 
[INFO] [stdout] error[E0425]: cannot find function `key_pair` in this scope
[INFO] [stdout]  --> src/key.rs:39:33
[INFO] [stdout]   |
[INFO] [stdout] 6 | let (private_key, public_key) = key_pair();
[INFO] [stdout]   |                                 ^^^^^^^^ not found in this scope
[INFO] [stdout]   |
[INFO] [stdout] help: consider importing this function
[INFO] [stdout]   |
[INFO] [stdout] 2 + use oblivion::key::key_pair;
[INFO] [stdout]   |
[INFO] [stdout] 
[INFO] [stdout] error: aborting due to 2 previous errors
[INFO] [stdout] 
[INFO] [stdout] Some errors have detailed explanations: E0425, E0433.
[INFO] [stdout] For more information about an error, try `rustc --explain E0425`.
[INFO] [stdout] Couldn't compile the test.
[INFO] [stdout] 
[INFO] [stdout] failures:
[INFO] [stdout]     src/key.rs - key::key_pair (line 36)
[INFO] [stdout]     src/key.rs - key::salt (line 19)
[INFO] [stdout] 
[INFO] [stdout] test result: FAILED. 0 passed; 2 failed; 0 ignored; 0 measured; 0 filtered out; finished in 0.05s
[INFO] [stdout] 
[INFO] [stderr] error: doctest failed, to rerun pass `--doc`
[INFO] running `Command { std: "docker" "inspect" "891bde660ab06ea80ad15dec8f0be8bfc60f4524c47dc51cfe791de10966ca6f", kill_on_drop: false }`
[INFO] running `Command { std: "docker" "rm" "-f" "891bde660ab06ea80ad15dec8f0be8bfc60f4524c47dc51cfe791de10966ca6f", kill_on_drop: false }`
[INFO] [stdout] 891bde660ab06ea80ad15dec8f0be8bfc60f4524c47dc51cfe791de10966ca6f
