[INFO] cloning repository https://github.com/fospring/solana-poc
[INFO] running `Command { std: "git" "-c" "credential.helper=" "-c" "credential.helper=/workspace/cargo-home/bin/git-credential-null" "clone" "--bare" "https://github.com/fospring/solana-poc" "/workspace/cache/git-repos/https%3A%2F%2Fgithub.com%2Ffospring%2Fsolana-poc", kill_on_drop: false }`
[INFO] [stderr] Cloning into bare repository '/workspace/cache/git-repos/https%3A%2F%2Fgithub.com%2Ffospring%2Fsolana-poc'...
[INFO] running `Command { std: "git" "rev-parse" "HEAD", kill_on_drop: false }`
[INFO] [stdout] 955de3a46bc64a447202ffdac9af514b48901bc8
[INFO] testing fospring/solana-poc/955de3a46bc64a447202ffdac9af514b48901bc8 against nightly-2024-10-28 for randomize-layout
[INFO] running `Command { std: "git" "clone" "/workspace/cache/git-repos/https%3A%2F%2Fgithub.com%2Ffospring%2Fsolana-poc" "/workspace/builds/worker-0-tc1/source", kill_on_drop: false }`
[INFO] [stderr] Cloning into '/workspace/builds/worker-0-tc1/source'...
[INFO] [stderr] done.
[INFO] validating manifest of git repo https://github.com/fospring/solana-poc on toolchain nightly-2024-10-28
[INFO] running `Command { std: CARGO_HOME="/workspace/cargo-home" RUSTUP_HOME="/workspace/rustup-home" "/workspace/cargo-home/bin/cargo" "+nightly-2024-10-28" "metadata" "--manifest-path" "Cargo.toml" "--no-deps", kill_on_drop: false }`
[INFO] started tweaking git repo https://github.com/fospring/solana-poc
[INFO] finished tweaking git repo https://github.com/fospring/solana-poc
[INFO] tweaked toml for git repo https://github.com/fospring/solana-poc written to /workspace/builds/worker-0-tc1/source/Cargo.toml
[INFO] crate git repo https://github.com/fospring/solana-poc already has a lockfile, it will not be regenerated
[INFO] running `Command { std: CARGO_HOME="/workspace/cargo-home" RUSTUP_HOME="/workspace/rustup-home" "/workspace/cargo-home/bin/cargo" "+nightly-2024-10-28" "fetch" "--manifest-path" "Cargo.toml", kill_on_drop: false }`
[INFO] [stderr] warning: virtual workspace defaulting to `resolver = "1"` despite one or more workspace members being on edition 2021 which implies `resolver = "2"`
[INFO] [stderr] note: to keep the current resolver, specify `workspace.resolver = "1"` in the workspace root's manifest
[INFO] [stderr] note: to use the edition 2021 resolver, specify `workspace.resolver = "2"` in the workspace root's manifest
[INFO] [stderr] note: for more details see https://doc.rust-lang.org/cargo/reference/resolver.html#resolver-versions
[INFO] [stderr]  Downloading crates ...
[INFO] [stderr]   Downloaded solana-transaction-status v2.0.5
[INFO] [stderr]   Downloaded solana-logger v2.0.5
[INFO] [stderr]   Downloaded solana-curve25519 v2.0.5
[INFO] [stderr]   Downloaded solana-sdk-macro v2.0.5
[INFO] [stderr]   Downloaded solana-thin-client v2.0.5
[INFO] [stderr]   Downloaded solana-tpu-client v2.0.5
[INFO] [stderr]   Downloaded solana-transaction-metrics-tracker v2.0.5
[INFO] [stderr]   Downloaded solana-inline-spl v2.0.5
[INFO] [stderr]   Downloaded solana-remote-wallet v2.0.5
[INFO] [stderr]   Downloaded solana-quic-client v2.0.5
[INFO] [stderr]   Downloaded solana-clap-utils v2.0.5
[INFO] [stderr]   Downloaded solana-rpc-client v2.0.5
[INFO] [stderr]   Downloaded cc v1.1.5
[INFO] [stderr]   Downloaded solana-perf v2.0.5
[INFO] [stderr]   Downloaded solana-metrics v2.0.5
[INFO] [stderr]   Downloaded solana-rpc-client-nonce-utils v2.0.5
[INFO] [stderr]   Downloaded solana-rpc-client-api v2.0.5
[INFO] [stderr]   Downloaded solana-connection-cache v2.0.5
[INFO] [stderr]   Downloaded solana-program v2.0.5
[INFO] [stderr]   Downloaded solana-streamer v2.0.5
[INFO] [stderr]   Downloaded solana-client v2.0.5
[INFO] [stderr]   Downloaded solana-sdk v2.0.5
[INFO] [stderr]   Downloaded solana-pubsub-client v2.0.5
[INFO] [stderr]   Downloaded solana-version v2.0.5
[INFO] [stderr]   Downloaded solana-net-utils v2.0.5
[INFO] [stderr]   Downloaded solana-vote-program v2.0.5
[INFO] [stderr]   Downloaded solana-measure v2.0.5
[INFO] [stderr]   Downloaded solana-program-runtime v2.0.5
[INFO] [stderr]   Downloaded solana-rayon-threadlimit v2.0.5
[INFO] [stderr]   Downloaded solana-udp-client v2.0.5
[INFO] [stderr]   Downloaded solana-compute-budget v2.0.5
[INFO] [stderr]   Downloaded solana-type-overrides v2.0.5
[INFO] [stderr]   Downloaded solana-vote v2.0.5
[INFO] [stderr]   Downloaded solana-config-program v2.0.5
[INFO] [stderr]   Downloaded solana-account-decoder v2.0.5
[INFO] [stderr]   Downloaded solana-zk-token-sdk v2.0.5
[INFO] running `Command { std: "docker" "create" "-v" "/var/lib/crater-agent-workspace/builds/worker-0-tc1/target:/opt/rustwide/target:rw,Z" "-v" "/var/lib/crater-agent-workspace/builds/worker-0-tc1/source:/opt/rustwide/workdir:ro,Z" "-v" "/var/lib/crater-agent-workspace/cargo-home:/opt/rustwide/cargo-home:ro,Z" "-v" "/var/lib/crater-agent-workspace/rustup-home:/opt/rustwide/rustup-home:ro,Z" "-e" "SOURCE_DIR=/opt/rustwide/workdir" "-e" "CARGO_TARGET_DIR=/opt/rustwide/target" "-e" "CARGO_HOME=/opt/rustwide/cargo-home" "-e" "RUSTUP_HOME=/opt/rustwide/rustup-home" "-w" "/opt/rustwide/workdir" "-m" "1610612736" "--user" "0:0" "--network" "none" "ghcr.io/rust-lang/crates-build-env/linux@sha256:4a844ea9eb2546a2d2c7022eacef16ef2e8229c7fbb2c7d4d55a9ceca922f72d" "/opt/rustwide/cargo-home/bin/cargo" "+nightly-2024-10-28" "metadata" "--no-deps" "--format-version=1", kill_on_drop: false }`
[INFO] [stdout] 6d25859561ef8a81064192d4508b92a6dc5ed3a5bd8fa80cf95560d7be45bd9b
[INFO] running `Command { std: "docker" "start" "-a" "6d25859561ef8a81064192d4508b92a6dc5ed3a5bd8fa80cf95560d7be45bd9b", kill_on_drop: false }`
[INFO] running `Command { std: "docker" "inspect" "6d25859561ef8a81064192d4508b92a6dc5ed3a5bd8fa80cf95560d7be45bd9b", kill_on_drop: false }`
[INFO] running `Command { std: "docker" "rm" "-f" "6d25859561ef8a81064192d4508b92a6dc5ed3a5bd8fa80cf95560d7be45bd9b", kill_on_drop: false }`
[INFO] [stdout] 6d25859561ef8a81064192d4508b92a6dc5ed3a5bd8fa80cf95560d7be45bd9b
[INFO] running `Command { std: "docker" "create" "-v" "/var/lib/crater-agent-workspace/builds/worker-0-tc1/target:/opt/rustwide/target:rw,Z" "-v" "/var/lib/crater-agent-workspace/builds/worker-0-tc1/source:/opt/rustwide/workdir:ro,Z" "-v" "/var/lib/crater-agent-workspace/cargo-home:/opt/rustwide/cargo-home:ro,Z" "-v" "/var/lib/crater-agent-workspace/rustup-home:/opt/rustwide/rustup-home:ro,Z" "-e" "SOURCE_DIR=/opt/rustwide/workdir" "-e" "CARGO_TARGET_DIR=/opt/rustwide/target" "-e" "CARGO_INCREMENTAL=0" "-e" "RUST_BACKTRACE=full" "-e" "RUSTFLAGS=--cap-lints=forbid" "-e" "RUSTDOCFLAGS=--cap-lints=forbid" "-e" "CARGO_HOME=/opt/rustwide/cargo-home" "-e" "RUSTUP_HOME=/opt/rustwide/rustup-home" "-w" "/opt/rustwide/workdir" "-m" "1610612736" "--user" "0:0" "--network" "none" "ghcr.io/rust-lang/crates-build-env/linux@sha256:4a844ea9eb2546a2d2c7022eacef16ef2e8229c7fbb2c7d4d55a9ceca922f72d" "/opt/rustwide/cargo-home/bin/cargo" "+nightly-2024-10-28" "build" "--frozen" "--message-format=json", kill_on_drop: false }`
[INFO] [stdout] ebdfd52c90d68fdf8c33fab7652efca45b1dd5eab95a85d9fd4f7b1d929f1be8
[INFO] running `Command { std: "docker" "start" "-a" "ebdfd52c90d68fdf8c33fab7652efca45b1dd5eab95a85d9fd4f7b1d929f1be8", kill_on_drop: false }`
[INFO] [stderr] warning: virtual workspace defaulting to `resolver = "1"` despite one or more workspace members being on edition 2021 which implies `resolver = "2"`
[INFO] [stderr] note: to keep the current resolver, specify `workspace.resolver = "1"` in the workspace root's manifest
[INFO] [stderr] note: to use the edition 2021 resolver, specify `workspace.resolver = "2"` in the workspace root's manifest
[INFO] [stderr] note: for more details see https://doc.rust-lang.org/cargo/reference/resolver.html#resolver-versions
[INFO] [stderr]    Compiling proc-macro2 v1.0.86
[INFO] [stderr]    Compiling unicode-ident v1.0.12
[INFO] [stderr]    Compiling libc v0.2.155
[INFO] [stderr]    Compiling serde v1.0.204
[INFO] [stderr]    Compiling typenum v1.17.0
[INFO] [stderr]    Compiling autocfg v1.3.0
[INFO] [stderr]    Compiling generic-array v0.14.7
[INFO] [stderr]    Compiling subtle v2.6.1
[INFO] [stderr]    Compiling syn v1.0.109
[INFO] [stderr]    Compiling once_cell v1.19.0
[INFO] [stderr]    Compiling thiserror v1.0.62
[INFO] [stderr]    Compiling semver v1.0.23
[INFO] [stderr]    Compiling cpufeatures v0.2.12
[INFO] [stderr]    Compiling num-traits v0.2.19
[INFO] [stderr]    Compiling log v0.4.22
[INFO] [stderr]    Compiling ppv-lite86 v0.2.17
[INFO] [stderr]    Compiling itoa v1.0.11
[INFO] [stderr]    Compiling hashbrown v0.14.5
[INFO] [stderr]    Compiling equivalent v1.0.1
[INFO] [stderr]    Compiling rustc_version v0.4.0
[INFO] [stderr]    Compiling either v1.13.0
[INFO] [stderr]    Compiling quote v1.0.36
[INFO] [stderr]    Compiling getrandom v0.1.16
[INFO] [stderr]    Compiling syn v2.0.70
[INFO] [stderr]    Compiling indexmap v2.2.6
[INFO] [stderr]    Compiling lazy_static v1.5.0
[INFO] [stderr]    Compiling byteorder v1.5.0
[INFO] [stderr]    Compiling bs58 v0.5.1
[INFO] [stderr]    Compiling num-integer v0.1.46
[INFO] [stderr]    Compiling ahash v0.8.11
[INFO] [stderr]    Compiling crunchy v0.2.2
[INFO] [stderr]    Compiling getrandom v0.2.15
[INFO] [stderr]    Compiling jobserver v0.1.31
[INFO] [stderr]    Compiling rand_core v0.6.4
[INFO] [stderr]    Compiling num-bigint v0.4.6
[INFO] [stderr]    Compiling opaque-debug v0.3.1
[INFO] [stderr]    Compiling cc v1.1.5
[INFO] [stderr]    Compiling rand_chacha v0.3.1
[INFO] [stderr]    Compiling ryu v1.0.18
[INFO] [stderr]    Compiling serde_json v1.0.120
[INFO] [stderr]    Compiling rand_core v0.5.1
[INFO] [stderr]    Compiling rand v0.8.5
[INFO] [stderr]    Compiling paste v1.0.15
[INFO] [stderr]    Compiling zerocopy v0.7.35
[INFO] [stderr]    Compiling block-padding v0.2.1
[INFO] [stderr]    Compiling proc-macro-error-attr v1.0.4
[INFO] [stderr]    Compiling winnow v0.5.40
[INFO] [stderr]    Compiling ark-std v0.4.0
[INFO] [stderr]    Compiling fnv v1.0.7
[INFO] [stderr]    Compiling toml_datetime v0.6.6
[INFO] [stderr]    Compiling hashbrown v0.13.2
[INFO] [stderr]    Compiling rand_chacha v0.2.2
[INFO] [stderr]    Compiling itertools v0.10.5
[INFO] [stderr]    Compiling proc-macro-error v1.0.4
[INFO] [stderr]    Compiling rand v0.7.3
[INFO] [stderr]    Compiling feature-probe v0.1.1
[INFO] [stderr]    Compiling rustversion v1.0.17
[INFO] [stderr]    Compiling bv v0.11.1
[INFO] [stderr]    Compiling memoffset v0.9.1
[INFO] [stderr]    Compiling cfg_aliases v0.2.1
[INFO] [stderr]    Compiling keccak v0.1.5
[INFO] [stderr]    Compiling borsh v1.5.1
[INFO] [stderr]    Compiling toml_edit v0.21.1
[INFO] [stderr]    Compiling blake3 v1.5.1
[INFO] [stderr]    Compiling arrayref v0.3.7
[INFO] [stderr]    Compiling constant_time_eq v0.3.0
[INFO] [stderr]    Compiling base64 v0.12.3
[INFO] [stderr]    Compiling arrayvec v0.7.4
[INFO] [stderr]    Compiling borsh-derive-internal v0.10.3
[INFO] [stderr]    Compiling borsh-schema-derive-internal v0.10.3
[INFO] [stderr]    Compiling solana-program v2.0.5
[INFO] [stderr]    Compiling percent-encoding v2.3.1
[INFO] [stderr]    Compiling memchr v2.7.4
[INFO] [stderr]    Compiling base64 v0.22.1
[INFO] [stderr]    Compiling ident_case v1.0.1
[INFO] [stderr]    Compiling strsim v0.11.1
[INFO] [stderr]    Compiling memmap2 v0.5.10
[INFO] [stderr]    Compiling darling_core v0.20.10
[INFO] [stderr]    Compiling signature v1.6.4
[INFO] [stderr]    Compiling pin-project-lite v0.2.14
[INFO] [stderr]    Compiling ed25519 v1.5.3
[INFO] [stderr]    Compiling solana-sdk v2.0.5
[INFO] [stderr]    Compiling lock_api v0.4.12
[INFO] [stderr]    Compiling derivation-path v0.2.0
[INFO] [stderr]    Compiling iana-time-zone v0.1.60
[INFO] [stderr]    Compiling parking_lot_core v0.9.10
[INFO] [stderr]    Compiling qstring v0.7.2
[INFO] [stderr]    Compiling proc-macro-crate v3.1.0
[INFO] [stderr]    Compiling uriparse v0.6.4
[INFO] [stderr]    Compiling itertools v0.12.1
[INFO] [stderr]    Compiling siphasher v0.3.11
[INFO] [stderr]    Compiling bytes v1.6.0
[INFO] [stderr]    Compiling smallvec v1.13.2
[INFO] [stderr]    Compiling scopeguard v1.2.0
[INFO] [stderr]    Compiling serde_derive v1.0.204
[INFO] [stderr]    Compiling thiserror-impl v1.0.62
[INFO] [stderr]    Compiling zeroize_derive v1.4.2
[INFO] [stderr]    Compiling syn_derive v0.1.8
[INFO] [stderr]    Compiling bytemuck_derive v1.7.0
[INFO] [stderr]    Compiling zeroize v1.3.0
[INFO] [stderr]    Compiling num-derive v0.4.2
[INFO] [stderr]    Compiling solana-sdk-macro v2.0.5
[INFO] [stderr]    Compiling borsh-derive v1.5.1
[INFO] [stderr]    Compiling darling_macro v0.20.10
[INFO] [stderr]    Compiling num_enum_derive v0.7.2
[INFO] [stderr]    Compiling darling v0.20.10
[INFO] [stderr]    Compiling serde_with_macros v2.3.3
[INFO] [stderr]    Compiling ark-serialize-derive v0.4.2
[INFO] [stderr]    Compiling ark-ff-macros v0.4.2
[INFO] [stderr]    Compiling derivative v2.2.0
[INFO] [stderr]    Compiling ark-ff-asm v0.4.2
[INFO] [stderr]    Compiling bytemuck v1.16.1
[INFO] [stderr]    Compiling parking_lot v0.12.3
[INFO] [stderr]    Compiling num_enum v0.7.2
[INFO] [stderr]    Compiling ring v0.17.8
[INFO] [stderr]    Compiling futures-core v0.3.30
[INFO] [stderr]    Compiling tinyvec_macros v0.1.1
[INFO] [stderr]    Compiling tinyvec v1.8.0
[INFO] [stderr]    Compiling num_cpus v1.16.0
[INFO] [stderr]    Compiling socket2 v0.5.7
[INFO] [stderr]    Compiling slab v0.4.9
[INFO] [stderr]    Compiling crossbeam-utils v0.8.20
[INFO] [stderr]    Compiling tokio-macros v2.3.0
[INFO] [stderr]    Compiling mio v0.8.11
[INFO] [stderr]    Compiling signal-hook-registry v1.4.2
[INFO] [stderr]    Compiling untrusted v0.9.0
[INFO] [stderr]    Compiling spin v0.9.8
[INFO] [stderr]    Compiling tokio v1.38.0
[INFO] [stderr]    Compiling futures-sink v0.3.30
[INFO] [stderr]    Compiling unicode-normalization v0.1.23
[INFO] [stderr]    Compiling pin-utils v0.1.0
[INFO] [stderr]    Compiling futures-channel v0.3.30
[INFO] [stderr]    Compiling futures-macro v0.3.30
[INFO] [stderr]    Compiling futures-task v0.3.30
[INFO] [stderr]    Compiling futures-io v0.3.30
[INFO] [stderr]    Compiling rustls v0.21.12
[INFO] [stderr]    Compiling tracing-attributes v0.1.27
[INFO] [stderr]    Compiling tracing-core v0.1.32
[INFO] [stderr]    Compiling http v0.2.12
[INFO] [stderr]    Compiling form_urlencoded v1.2.1
[INFO] [stderr]    Compiling unicode-bidi v0.3.15
[INFO] [stderr]    Compiling futures-util v0.3.30
[INFO] [stderr]    Compiling httparse v1.9.4
[INFO] [stderr]    Compiling base64 v0.21.7
[INFO] [stderr]    Compiling idna v0.5.0
[INFO] [stderr]    Compiling unicase v2.7.0
[INFO] [stderr]    Compiling tracing v0.1.40
[INFO] [stderr]    Compiling anyhow v1.0.86
[INFO] [stderr]    Compiling url v2.5.2
[INFO] [stderr]    Compiling alloc-no-stdlib v2.0.4
[INFO] [stderr]    Compiling alloc-stdlib v0.2.2
[INFO] [stderr]    Compiling rustls-pemfile v1.0.4
[INFO] [stderr]    Compiling try-lock v0.2.5
[INFO] [stderr]    Compiling adler v1.0.2
[INFO] [stderr]    Compiling miniz_oxide v0.7.4
[INFO] [stderr]    Compiling want v0.3.1
[INFO] [stderr]    Compiling mime_guess v2.0.5
[INFO] [stderr]    Compiling toml v0.5.11
[INFO] [stderr]    Compiling bitflags v2.6.0
[INFO] [stderr]    Compiling serde_bytes v0.11.15
[INFO] [stderr]    Compiling crypto-common v0.1.6
[INFO] [stderr]    Compiling block-buffer v0.10.4
[INFO] [stderr]    Compiling digest v0.9.0
[INFO] [stderr]    Compiling block-buffer v0.9.0
[INFO] [stderr]    Compiling crypto-mac v0.8.0
[INFO] [stderr]    Compiling digest v0.10.7
[INFO] [stderr]    Compiling libsecp256k1-core v0.2.2
[INFO] [stderr]    Compiling sha2 v0.9.9
[INFO] [stderr]    Compiling hmac v0.8.1
[INFO] [stderr]    Compiling sha2 v0.10.8
[INFO] [stderr]    Compiling ark-serialize v0.4.2
[INFO] [stderr]    Compiling ark-ff v0.4.2
[INFO] [stderr]    Compiling proc-macro-crate v0.1.5
[INFO] [stderr]    Compiling curve25519-dalek v3.2.1
[INFO] [stderr]    Compiling hmac-drbg v0.3.0
[INFO] [stderr]    Compiling libsecp256k1-gen-ecmult v0.2.1
[INFO] [stderr]    Compiling libsecp256k1-gen-genmult v0.2.1
[INFO] [stderr]    Compiling sha3 v0.10.8
[INFO] [stderr]    Compiling borsh-derive v0.10.3
[INFO] [stderr]    Compiling libsecp256k1 v0.6.0
[INFO] [stderr]    Compiling bincode v1.3.3
[INFO] [stderr]    Compiling borsh v0.10.3
[INFO] [stderr]    Compiling hmac v0.12.1
[INFO] [stderr]    Compiling ed25519-dalek v1.0.1
[INFO] [stderr]    Compiling pbkdf2 v0.11.0
[INFO] [stderr]    Compiling serde_with v2.3.3
[INFO] [stderr]    Compiling ed25519-dalek-bip32 v0.2.0
[INFO] [stderr]    Compiling chrono v0.4.38
[INFO] [stderr]    Compiling tokio-util v0.7.11
[INFO] [stderr]    Compiling inout v0.1.3
[INFO] [stderr]    Compiling brotli-decompressor v4.0.1
[INFO] [stderr]    Compiling http-body v0.4.6
[INFO] [stderr]    Compiling h2 v0.3.26
[INFO] [stderr]    Compiling crc32fast v1.4.2
[INFO] [stderr]    Compiling httpdate v1.0.3
[INFO] [stderr]    Compiling rustls-webpki v0.101.7
[INFO] [stderr]    Compiling sct v0.7.1
[INFO] [stderr]    Compiling tower-service v0.3.2
[INFO] [stderr]    Compiling brotli v6.0.0
[INFO] [stderr]    Compiling flate2 v1.0.30
[INFO] [stderr]    Compiling cipher v0.4.4
[INFO] [stderr]    Compiling num-bigint v0.2.6
[INFO] [stderr]    Compiling webpki-roots v0.25.4
[INFO] [stderr]    Compiling mime v0.3.17
[INFO] [stderr]    Compiling universal-hash v0.5.1
[INFO] [stderr]    Compiling serde_urlencoded v0.7.1
[INFO] [stderr]    Compiling num-rational v0.2.4
[INFO] [stderr]    Compiling num-complex v0.2.4
[INFO] [stderr]    Compiling encoding_rs v0.8.34
[INFO] [stderr]    Compiling ipnet v2.9.0
[INFO] [stderr]    Compiling sync_wrapper v0.1.2
[INFO] [stderr]    Compiling polyval v0.6.2
[INFO] [stderr]    Compiling ctr v0.9.2
[INFO] [stderr]    Compiling aes v0.8.4
[INFO] [stderr]    Compiling aead v0.5.2
[INFO] [stderr]    Compiling crossbeam-channel v0.5.13
[INFO] [stderr]    Compiling tokio-rustls v0.24.1
[INFO] [stderr]    Compiling hyper v0.14.30
[INFO] [stderr]    Compiling scroll_derive v0.11.1
[INFO] [stderr]    Compiling void v1.0.2
[INFO] [stderr]    Compiling unreachable v1.0.0
[INFO] [stderr]    Compiling aes-gcm-siv v0.11.1
[INFO] [stderr]    Compiling scroll v0.11.0
[INFO] [stderr]    Compiling async-compression v0.4.11
[INFO] [stderr]    Compiling spl-program-error-derive v0.4.1
[INFO] [stderr]    Compiling spl-discriminator-syn v0.2.0
[INFO] [stderr]    Compiling sha3 v0.9.1
[INFO] [stderr]    Compiling merlin v3.0.0
[INFO] [stderr]    Compiling aho-corasick v1.1.3
[INFO] [stderr]    Compiling num-iter v0.1.45
[INFO] [stderr]    Compiling gethostname v0.2.3
[INFO] [stderr]    Compiling solana-compute-budget v2.0.5
[INFO] [stderr]    Compiling solana-vote v2.0.5
[INFO] [stderr]    Compiling regex-syntax v0.8.4
[INFO] [stderr]    Compiling plain v0.2.3
[INFO] [stderr]    Compiling ascii v0.9.3
[INFO] [stderr]    Compiling ark-poly v0.4.2
[INFO] [stderr]    Compiling goblin v0.5.4
[INFO] [stderr]    Compiling combine v3.8.1
[INFO] [stderr]    Compiling num v0.2.1
[INFO] [stderr]    Compiling spl-discriminator-derive v0.2.0
[INFO] [stderr]    Compiling enum-iterator-derive v1.4.0
[INFO] [stderr]    Compiling hash32 v0.2.1
[INFO] [stderr]    Compiling solana-program-runtime v2.0.5
[INFO] [stderr]    Compiling ark-ec v0.4.2
[INFO] [stderr]    Compiling rustc-demangle v0.1.24
[INFO] [stderr]    Compiling enum-iterator v1.5.0
[INFO] [stderr]    Compiling hyper-rustls v0.24.2
[INFO] [stderr]    Compiling reqwest v0.11.27
[INFO] [stderr]    Compiling ark-bn254 v0.4.0
[INFO] [stderr]    Compiling regex-automata v0.4.7
[INFO] [stderr]    Compiling percentage v0.1.0
[INFO] [stderr]    Compiling solana-type-overrides v2.0.5
[INFO] [stderr]    Compiling eager v0.1.0
[INFO] [stderr]    Compiling pkg-config v0.3.30
[INFO] [stderr]    Compiling crossbeam-epoch v0.9.18
[INFO] [stderr]    Compiling rayon-core v1.12.1
[INFO] [stderr]    Compiling crossbeam-deque v0.8.5
[INFO] [stderr]    Compiling zstd-sys v2.0.12+zstd.1.5.6
[INFO] [stderr]    Compiling solana_rbpf v0.8.4
[INFO] [stderr]    Compiling zstd-safe v5.0.2+zstd.1.5.2
[INFO] [stderr]    Compiling solana-vote-program v2.0.5
[INFO] [stderr]    Compiling solana-version v2.0.5
[INFO] [stderr]    Compiling rayon v1.10.0
[INFO] [stderr]    Compiling solana-security-txt v1.1.1
[INFO] [stderr]    Compiling unicode-width v0.1.13
[INFO] [stderr]    Compiling async-trait v0.1.81
[INFO] [stderr]    Compiling regex v1.10.5
[INFO] [stderr]    Compiling futures-executor v0.3.30
[INFO] [stderr]    Compiling Inflector v0.11.4
[INFO] [stderr]    Compiling assert_matches v1.5.0
[INFO] [stderr]    Compiling unicode-segmentation v1.11.0
[INFO] [stderr]    Compiling heck v0.3.3
[INFO] [stderr]    Compiling futures v0.3.30
[INFO] [stderr]    Compiling console v0.15.8
[INFO] [stderr]    Compiling task-local-extensions v0.1.4
[INFO] [stderr]    Compiling atty v0.2.14
[INFO] [stderr]    Compiling powerfmt v0.2.0
[INFO] [stderr]    Compiling unicode-xid v0.2.4
[INFO] [stderr]    Compiling time-core v0.1.2
[INFO] [stderr]    Compiling num-conv v0.1.0
[INFO] [stderr]    Compiling cfg_aliases v0.1.1
[INFO] [stderr]    Compiling minimal-lexical v0.2.1
[INFO] [stderr]    Compiling time-macros v0.2.18
[INFO] [stderr]    Compiling nom v7.1.3
[INFO] [stderr]    Compiling nix v0.28.0
[INFO] [stderr]    Compiling synstructure v0.12.6
[INFO] [stderr]    Compiling deranged v0.3.11
[INFO] [stderr]    Compiling reqwest-middleware v0.2.5
[INFO] [stderr]    Compiling jsonrpc-core v18.0.0
[INFO] [stderr]    Compiling data-encoding v2.6.0
[INFO] [stderr]    Compiling portable-atomic v1.6.0
[INFO] [stderr]    Compiling rusticata-macros v4.1.0
[INFO] [stderr]    Compiling time v0.3.36
[INFO] [stderr]    Compiling asn1-rs-derive v0.4.0
[INFO] [stderr]    Compiling anchor-syn v0.30.1
[INFO] [stderr]    Compiling asn1-rs-impl v0.1.0
[INFO] [stderr]    Compiling displaydoc v0.2.5
[INFO] [stderr]    Compiling ring v0.16.20
[INFO] [stderr]    Compiling bitflags v1.3.2
[INFO] [stderr]    Compiling rustix v0.38.34
[INFO] [stderr]    Compiling asn1-rs v0.5.2
[INFO] [stderr]    Compiling dlopen2_derive v0.3.0
[INFO] [stderr]    Compiling solana-perf v2.0.5
[INFO] [stderr]    Compiling indexmap v1.9.3
[INFO] [stderr]    Compiling untrusted v0.7.1
[INFO] [stderr]    Compiling openssl-probe v0.1.5
[INFO] [stderr]    Compiling oid-registry v0.6.1
[INFO] [stderr]    Compiling termcolor v1.4.1
[INFO] [stderr]    Compiling linux-raw-sys v0.4.14
[INFO] [stderr]    Compiling wasm-bindgen-shared v0.2.92
[INFO] [stderr]    Compiling number_prefix v0.4.0
[INFO] [stderr]    Compiling spin v0.5.2
[INFO] [stderr]    Compiling indicatif v0.17.8
[INFO] [stderr]    Compiling rustls-native-certs v0.6.3
[INFO] [stderr]    Compiling dlopen2 v0.5.0
[INFO] [stderr]    Compiling pbkdf2 v0.4.0
[INFO] [stderr]    Compiling solana-rayon-threadlimit v2.0.5
[INFO] [stderr]    Compiling caps v0.5.5
[INFO] [stderr]    Compiling os_str_bytes v6.6.1
[INFO] [stderr]    Compiling hashbrown v0.12.3
[INFO] [stderr]    Compiling base64 v0.13.1
[INFO] [stderr]    Compiling fastrand v2.1.0
[INFO] [stderr]    Compiling humantime v2.1.0
[INFO] [stderr]    Compiling event-listener v2.5.3
[INFO] [stderr]    Compiling env_logger v0.9.3
[INFO] [stderr]    Compiling solana-curve25519 v2.0.5
[INFO] [stderr]    Compiling spl-program-error v0.5.0
[INFO] [stderr]    Compiling spl-discriminator v0.3.0
[INFO] [stderr]    Compiling spl-memo v5.0.0
[INFO] [stderr]    Compiling spl-token v6.0.0
[INFO] [stderr]    Compiling tempfile v3.10.1
[INFO] [stderr]    Compiling quinn-proto v0.10.6
[INFO] [stderr]    Compiling clap_lex v0.2.4
[INFO] [stderr]    Compiling tiny-bip39 v0.8.2
[INFO] [stderr]    Compiling der-parser v8.2.0
[INFO] [stderr]    Compiling webpki-roots v0.24.0
[INFO] [stderr]    Compiling sha1 v0.10.6
[INFO] [stderr]    Compiling quinn-udp v0.4.1
[INFO] [stderr]    Compiling concurrent-queue v2.5.0
[INFO] [stderr]    Compiling ahash v0.7.8
[INFO] [stderr]    Compiling strsim v0.10.0
[INFO] [stderr]    Compiling bumpalo v3.16.0
[INFO] [stderr]    Compiling shell-words v1.1.0
[INFO] [stderr]    Compiling textwrap v0.16.1
[INFO] [stderr]    Compiling utf-8 v0.7.6
[INFO] [stderr]    Compiling tungstenite v0.20.1
[INFO] [stderr]    Compiling clap v3.2.25
[INFO] [stderr]    Compiling wasm-bindgen-backend v0.2.92
[INFO] [stderr]    Compiling x509-parser v0.14.0
[INFO] [stderr]    Compiling dialoguer v0.10.4
[INFO] [stderr]    Compiling async-channel v1.9.0
[INFO] [stderr]    Compiling solana-logger v2.0.5
[INFO] [stderr]    Compiling pem v1.1.1
[INFO] [stderr]    Compiling textwrap v0.11.0
[INFO] [stderr]    Compiling dashmap v5.5.3
[INFO] [stderr]    Compiling rtoolbox v0.0.2
[INFO] [stderr]    Compiling quinn v0.10.2
[INFO] [stderr]    Compiling bitmaps v2.1.0
[INFO] [stderr]    Compiling solana-frozen-abi-macro v1.18.22
[INFO] [stderr]    Compiling im v15.1.0
[INFO] [stderr]    Compiling ansi_term v0.12.1
[INFO] [stderr]    Compiling strsim v0.8.0
[INFO] [stderr]    Compiling vec_map v0.8.2
[INFO] [stderr]    Compiling static_assertions v1.1.0
[INFO] [stderr]    Compiling histogram v0.6.9
[INFO] [stderr]    Compiling clap v2.34.0
[INFO] [stderr]    Compiling sized-chunks v0.6.5
[INFO] [stderr]    Compiling solana-metrics v2.0.5
[INFO] [stderr]    Compiling solana-zk-token-sdk v2.0.5
[INFO] [stderr]    Compiling solana-measure v2.0.5
[INFO] [stderr]    Compiling zstd v0.11.2+zstd.1.5.2
[INFO] [stderr]    Compiling solana-inline-spl v2.0.5
[INFO] [stderr]    Compiling solana-connection-cache v2.0.5
[INFO] [stderr]    Compiling solana-net-utils v2.0.5
[INFO] [stderr]    Compiling solana-remote-wallet v2.0.5
[INFO] [stderr]    Compiling rpassword v7.3.1
[INFO] [stderr]    Compiling solana-config-program v2.0.5
[INFO] [stderr]    Compiling wasm-bindgen-macro-support v0.2.92
[INFO] [stderr]    Compiling tokio-tungstenite v0.20.1
[INFO] [stderr]    Compiling tokio-stream v0.1.15
[INFO] [stderr]    Compiling borsh-schema-derive-internal v0.9.3
[INFO] [stderr]    Compiling solana-transaction-metrics-tracker v2.0.5
[INFO] [stderr]    Compiling borsh-derive-internal v0.9.3
[INFO] [stderr]    Compiling solana-streamer v2.0.5
[INFO] [stderr]    Compiling rand_xoshiro v0.6.0
[INFO] [stderr]    Compiling solana-frozen-abi v1.18.22
[INFO] [stderr]    Compiling bs58 v0.4.0
[INFO] [stderr]    Compiling wasm-bindgen v0.2.92
[INFO] [stderr]    Compiling wasm-bindgen-macro v0.2.92
[INFO] [stderr]    Compiling borsh-derive v0.9.3
[INFO] [stderr]    Compiling hashbrown v0.11.2
[INFO] [stderr]    Compiling solana-clap-utils v2.0.5
[INFO] [stderr]    Compiling async-mutex v1.4.0
[INFO] [stderr]    Compiling anchor-lang-idl-spec v0.1.0
[INFO] [stderr]    Compiling solana-program v1.18.22
[INFO] [stderr]    Compiling solana-udp-client v2.0.5
[INFO] [stderr]    Compiling borsh v0.9.3
[INFO] [stderr]    Compiling spl-pod v0.3.1
[INFO] [stderr]    Compiling solana-sdk-macro v1.18.22
[INFO] [stderr]    Compiling anchor-lang-idl v0.1.1
[INFO] [stderr]    Compiling light-poseidon v0.2.0
[INFO] [stderr]    Compiling anchor-attribute-event v0.30.1
[INFO] [stderr]    Compiling spl-type-length-value v0.5.0
[INFO] [stderr]    Compiling spl-token-group-interface v0.3.0
[INFO] [stderr]    Compiling anchor-derive-accounts v0.30.1
[INFO] [stderr]    Compiling anchor-attribute-error v0.30.1
[INFO] [stderr]    Compiling spl-tlv-account-resolution v0.7.0
[INFO] [stderr]    Compiling spl-token-metadata-interface v0.4.0
[INFO] [stderr]    Compiling anchor-derive-serde v0.30.1
[INFO] [stderr]    Compiling anchor-attribute-account v0.30.1
[INFO] [stderr]    Compiling anchor-attribute-constant v0.30.1
[INFO] [stderr]    Compiling anchor-attribute-access-control v0.30.1
[INFO] [stderr]    Compiling anchor-derive-space v0.30.1
[INFO] [stderr]    Compiling spl-transfer-hook-interface v0.7.0
[INFO] [stderr]    Compiling hex v0.4.3
[INFO] [stderr]    Compiling hello_world v0.1.0 (/opt/rustwide/workdir/hello_world)
[INFO] [stderr]    Compiling spl-token-2022 v4.0.0
[INFO] [stderr]    Compiling anchor-attribute-program v0.30.1
[INFO] [stderr]    Compiling spl-associated-token-account v4.0.0
[INFO] [stderr]    Compiling solana-account-decoder v2.0.5
[INFO] [stderr]    Compiling solana-transaction-status v2.0.5
[INFO] [stderr]    Compiling solana-rpc-client-api v2.0.5
[INFO] [stderr]    Compiling anchor-lang v0.30.1
[INFO] [stderr]    Compiling solana-rpc-client v2.0.5
[INFO] [stderr]    Compiling solana-pubsub-client v2.0.5
[INFO] [stderr]    Compiling solana-quic-client v2.0.5
[INFO] [stderr]    Compiling solana-tpu-client v2.0.5
[INFO] [stderr]    Compiling solana-rpc-client-nonce-utils v2.0.5
[INFO] [stderr]    Compiling solana-thin-client v2.0.5
[INFO] [stderr]    Compiling solana-client v2.0.5
[INFO] [stderr]    Compiling query-account v0.1.0 (/opt/rustwide/workdir/query-account)
[INFO] [stderr]    Compiling send-tx v0.1.0 (/opt/rustwide/workdir/send-tx)
[INFO] [stderr]    Compiling sol-indexer v0.1.0 (/opt/rustwide/workdir/sol-indexer)
[INFO] [stderr]     Finished `dev` profile [unoptimized + debuginfo] target(s) in 1m 20s
[INFO] running `Command { std: "docker" "inspect" "ebdfd52c90d68fdf8c33fab7652efca45b1dd5eab95a85d9fd4f7b1d929f1be8", kill_on_drop: false }`
[INFO] running `Command { std: "docker" "rm" "-f" "ebdfd52c90d68fdf8c33fab7652efca45b1dd5eab95a85d9fd4f7b1d929f1be8", kill_on_drop: false }`
[INFO] [stdout] ebdfd52c90d68fdf8c33fab7652efca45b1dd5eab95a85d9fd4f7b1d929f1be8
[INFO] running `Command { std: "docker" "create" "-v" "/var/lib/crater-agent-workspace/builds/worker-0-tc1/target:/opt/rustwide/target:rw,Z" "-v" "/var/lib/crater-agent-workspace/builds/worker-0-tc1/source:/opt/rustwide/workdir:ro,Z" "-v" "/var/lib/crater-agent-workspace/cargo-home:/opt/rustwide/cargo-home:ro,Z" "-v" "/var/lib/crater-agent-workspace/rustup-home:/opt/rustwide/rustup-home:ro,Z" "-e" "SOURCE_DIR=/opt/rustwide/workdir" "-e" "CARGO_TARGET_DIR=/opt/rustwide/target" "-e" "CARGO_INCREMENTAL=0" "-e" "RUST_BACKTRACE=full" "-e" "RUSTFLAGS=--cap-lints=forbid" "-e" "RUSTDOCFLAGS=--cap-lints=forbid" "-e" "CARGO_HOME=/opt/rustwide/cargo-home" "-e" "RUSTUP_HOME=/opt/rustwide/rustup-home" "-w" "/opt/rustwide/workdir" "-m" "1610612736" "--user" "0:0" "--network" "none" "ghcr.io/rust-lang/crates-build-env/linux@sha256:4a844ea9eb2546a2d2c7022eacef16ef2e8229c7fbb2c7d4d55a9ceca922f72d" "/opt/rustwide/cargo-home/bin/cargo" "+nightly-2024-10-28" "test" "--frozen" "--no-run" "--message-format=json", kill_on_drop: false }`
[INFO] [stdout] d72eca53b4d930e7cbf102b4cda4373c7f3f24185aca0e94e013694feed95a37
[INFO] running `Command { std: "docker" "start" "-a" "d72eca53b4d930e7cbf102b4cda4373c7f3f24185aca0e94e013694feed95a37", kill_on_drop: false }`
[INFO] [stderr] warning: virtual workspace defaulting to `resolver = "1"` despite one or more workspace members being on edition 2021 which implies `resolver = "2"`
[INFO] [stderr] note: to keep the current resolver, specify `workspace.resolver = "1"` in the workspace root's manifest
[INFO] [stderr] note: to use the edition 2021 resolver, specify `workspace.resolver = "2"` in the workspace root's manifest
[INFO] [stderr] note: for more details see https://doc.rust-lang.org/cargo/reference/resolver.html#resolver-versions
[INFO] [stderr]    Compiling query-account v0.1.0 (/opt/rustwide/workdir/query-account)
[INFO] [stderr]    Compiling send-tx v0.1.0 (/opt/rustwide/workdir/send-tx)
[INFO] [stderr]    Compiling hello_world v0.1.0 (/opt/rustwide/workdir/hello_world)
[INFO] [stderr]    Compiling sol-indexer v0.1.0 (/opt/rustwide/workdir/sol-indexer)
[INFO] [stderr]     Finished `test` profile [unoptimized + debuginfo] target(s) in 5.89s
[INFO] running `Command { std: "docker" "inspect" "d72eca53b4d930e7cbf102b4cda4373c7f3f24185aca0e94e013694feed95a37", kill_on_drop: false }`
[INFO] running `Command { std: "docker" "rm" "-f" "d72eca53b4d930e7cbf102b4cda4373c7f3f24185aca0e94e013694feed95a37", kill_on_drop: false }`
[INFO] [stdout] d72eca53b4d930e7cbf102b4cda4373c7f3f24185aca0e94e013694feed95a37
[INFO] running `Command { std: "docker" "create" "-v" "/var/lib/crater-agent-workspace/builds/worker-0-tc1/target:/opt/rustwide/target:rw,Z" "-v" "/var/lib/crater-agent-workspace/builds/worker-0-tc1/source:/opt/rustwide/workdir:ro,Z" "-v" "/var/lib/crater-agent-workspace/cargo-home:/opt/rustwide/cargo-home:ro,Z" "-v" "/var/lib/crater-agent-workspace/rustup-home:/opt/rustwide/rustup-home:ro,Z" "-e" "SOURCE_DIR=/opt/rustwide/workdir" "-e" "CARGO_TARGET_DIR=/opt/rustwide/target" "-e" "CARGO_INCREMENTAL=0" "-e" "RUST_BACKTRACE=full" "-e" "RUSTFLAGS=--cap-lints=forbid" "-e" "RUSTDOCFLAGS=--cap-lints=forbid" "-e" "CARGO_HOME=/opt/rustwide/cargo-home" "-e" "RUSTUP_HOME=/opt/rustwide/rustup-home" "-w" "/opt/rustwide/workdir" "-m" "1610612736" "--user" "0:0" "--network" "none" "ghcr.io/rust-lang/crates-build-env/linux@sha256:4a844ea9eb2546a2d2c7022eacef16ef2e8229c7fbb2c7d4d55a9ceca922f72d" "/opt/rustwide/cargo-home/bin/cargo" "+nightly-2024-10-28" "test" "--frozen", kill_on_drop: false }`
[INFO] [stdout] cdafa282b754128cfdb353a9be4301537e259a15ff4af1c7959807e4e4381501
[INFO] running `Command { std: "docker" "start" "-a" "cdafa282b754128cfdb353a9be4301537e259a15ff4af1c7959807e4e4381501", kill_on_drop: false }`
[INFO] [stderr] warning: virtual workspace defaulting to `resolver = "1"` despite one or more workspace members being on edition 2021 which implies `resolver = "2"`
[INFO] [stderr] note: to keep the current resolver, specify `workspace.resolver = "1"` in the workspace root's manifest
[INFO] [stderr] note: to use the edition 2021 resolver, specify `workspace.resolver = "2"` in the workspace root's manifest
[INFO] [stderr] note: for more details see https://doc.rust-lang.org/cargo/reference/resolver.html#resolver-versions
[INFO] [stderr]     Finished `test` profile [unoptimized + debuginfo] target(s) in 0.57s
[INFO] [stderr]      Running unittests src/lib.rs (/opt/rustwide/target/debug/deps/hello_world-c7403a24497c4d9f)
[INFO] [stdout] 
[INFO] [stdout] running 0 tests
[INFO] [stdout] 
[INFO] [stdout] test result: ok. 0 passed; 0 failed; 0 ignored; 0 measured; 0 filtered out; finished in 0.00s
[INFO] [stdout] 
[INFO] [stderr]      Running unittests src/main.rs (/opt/rustwide/target/debug/deps/query_account-e898637b4205facb)
[INFO] [stdout] 
[INFO] [stdout] running 0 tests
[INFO] [stdout] 
[INFO] [stdout] test result: ok. 0 passed; 0 failed; 0 ignored; 0 measured; 0 filtered out; finished in 0.00s
[INFO] [stdout] 
[INFO] [stderr]      Running unittests src/main.rs (/opt/rustwide/target/debug/deps/send_tx-ffa65a1f072b8c7a)
[INFO] [stdout] 
[INFO] [stdout] running 0 tests
[INFO] [stdout] 
[INFO] [stdout] test result: ok. 0 passed; 0 failed; 0 ignored; 0 measured; 0 filtered out; finished in 0.00s
[INFO] [stdout] 
[INFO] [stderr]      Running unittests src/main.rs (/opt/rustwide/target/debug/deps/sol_indexer-6ff1fc2542e4403c)
[INFO] [stdout] 
[INFO] [stdout] running 4 tests
[INFO] [stdout] test tests::test_get_transaction ... ignored
[INFO] [stdout] test tests::test_local_get_signatures_for_address ... ignored
[INFO] [stdout] test tests::test_account_withdraw_sol_decode ... ok
[INFO] [stdout] test tests::test_get_signatures_for_address ... FAILED
[INFO] [stdout] 
[INFO] [stdout] failures:
[INFO] [stdout] 
[INFO] [stdout] ---- tests::test_get_signatures_for_address stdout ----
[INFO] [stdout] thread 'tests::test_get_signatures_for_address' panicked at sol-indexer/src/main.rs:231:14:
[INFO] [stdout] called `Result::unwrap()` on an `Err` value: Error { request: Some(GetSignaturesForAddress), kind: Reqwest(reqwest::Error { kind: Request, url: Url { scheme: "https", cannot_be_a_base: false, username: "", password: None, host: Some(Domain("api.devnet.solana.com")), port: None, path: "/", query: None, fragment: None }, source: hyper::Error(Connect, ConnectError("dns error", Custom { kind: Uncategorized, error: "failed to lookup address information: Temporary failure in name resolution" })) }) }
[INFO] [stdout] stack backtrace:
[INFO] [stdout]    0:     0x5c242198f76a - std::backtrace_rs::backtrace::libunwind::trace::h207520d6e9873551
[INFO] [stdout]                                at /rustc/df4ca44d3fbc9301ee17f30f4d474e6ae4b05252/library/std/src/../../backtrace/src/backtrace/libunwind.rs:116:5
[INFO] [stdout]    1:     0x5c242198f76a - std::backtrace_rs::backtrace::trace_unsynchronized::h2ed7433f370e3eca
[INFO] [stdout]                                at /rustc/df4ca44d3fbc9301ee17f30f4d474e6ae4b05252/library/std/src/../../backtrace/src/backtrace/mod.rs:66:5
[INFO] [stdout]    2:     0x5c242198f76a - std::sys::backtrace::_print_fmt::h916fac51166b18d7
[INFO] [stdout]                                at /rustc/df4ca44d3fbc9301ee17f30f4d474e6ae4b05252/library/std/src/sys/backtrace.rs:66:9
[INFO] [stdout]    3:     0x5c242198f76a - <std::sys::backtrace::BacktraceLock::print::DisplayBacktrace as core::fmt::Display>::fmt::ha0a4c9b8ce3802e6
[INFO] [stdout]                                at /rustc/df4ca44d3fbc9301ee17f30f4d474e6ae4b05252/library/std/src/sys/backtrace.rs:39:26
[INFO] [stdout]    4:     0x5c24219b9cf3 - core::fmt::rt::Argument::fmt::h4cfc8587d52b3eb5
[INFO] [stdout]                                at /rustc/df4ca44d3fbc9301ee17f30f4d474e6ae4b05252/library/core/src/fmt/rt.rs:177:76
[INFO] [stdout]    5:     0x5c24219b9cf3 - core::fmt::write::h522cc39e5b36ae9f
[INFO] [stdout]                                at /rustc/df4ca44d3fbc9301ee17f30f4d474e6ae4b05252/library/core/src/fmt/mod.rs:1190:21
[INFO] [stdout]    6:     0x5c242198b623 - std::io::Write::write_fmt::h7d3c26752da97734
[INFO] [stdout]                                at /rustc/df4ca44d3fbc9301ee17f30f4d474e6ae4b05252/library/std/src/io/mod.rs:1839:15
[INFO] [stdout]    7:     0x5c242198f5b2 - std::sys::backtrace::BacktraceLock::print::h4b9e00b29e9c0942
[INFO] [stdout]                                at /rustc/df4ca44d3fbc9301ee17f30f4d474e6ae4b05252/library/std/src/sys/backtrace.rs:42:9
[INFO] [stdout]    8:     0x5c2421990bfa - std::panicking::default_hook::{{closure}}::hb59b88280d0324d9
[INFO] [stdout]                                at /rustc/df4ca44d3fbc9301ee17f30f4d474e6ae4b05252/library/std/src/panicking.rs:268:22
[INFO] [stdout]    9:     0x5c2421990a04 - std::panicking::default_hook::he1dd496665be4a29
[INFO] [stdout]                                at /rustc/df4ca44d3fbc9301ee17f30f4d474e6ae4b05252/library/std/src/panicking.rs:292:9
[INFO] [stdout]   10:     0x5c242118b039 - <alloc::boxed::Box<F,A> as core::ops::function::Fn<Args>>::call::h4ff71de18744e1dc
[INFO] [stdout]                                at /rustc/df4ca44d3fbc9301ee17f30f4d474e6ae4b05252/library/alloc/src/boxed.rs:2468:9
[INFO] [stdout]   11:     0x5c242118b039 - test::test_main::{{closure}}::hcf7c055ce117aa81
[INFO] [stdout]                                at /rustc/df4ca44d3fbc9301ee17f30f4d474e6ae4b05252/library/test/src/lib.rs:133:21
[INFO] [stdout]   12:     0x5c24219912f8 - <alloc::boxed::Box<F,A> as core::ops::function::Fn<Args>>::call::h1d66c6bbd60c9692
[INFO] [stdout]                                at /rustc/df4ca44d3fbc9301ee17f30f4d474e6ae4b05252/library/alloc/src/boxed.rs:2468:9
[INFO] [stdout]   13:     0x5c24219912f8 - std::panicking::rust_panic_with_hook::h2ff17fe8f26dfcf8
[INFO] [stdout]                                at /rustc/df4ca44d3fbc9301ee17f30f4d474e6ae4b05252/library/std/src/panicking.rs:809:13
[INFO] [stdout]   14:     0x5c24219910ba - std::panicking::begin_panic_handler::{{closure}}::h4fad77951c07e101
[INFO] [stdout]                                at /rustc/df4ca44d3fbc9301ee17f30f4d474e6ae4b05252/library/std/src/panicking.rs:674:13
[INFO] [stdout]   15:     0x5c242198fc49 - std::sys::backtrace::__rust_end_short_backtrace::hb1a25b3da5d0ea08
[INFO] [stdout]                                at /rustc/df4ca44d3fbc9301ee17f30f4d474e6ae4b05252/library/std/src/sys/backtrace.rs:170:18
[INFO] [stdout]   16:     0x5c2421990d4c - rust_begin_unwind
[INFO] [stdout]                                at /rustc/df4ca44d3fbc9301ee17f30f4d474e6ae4b05252/library/std/src/panicking.rs:665:5
[INFO] [stdout]   17:     0x5c24219b7670 - core::panicking::panic_fmt::ha9db07b529f9b256
[INFO] [stdout]                                at /rustc/df4ca44d3fbc9301ee17f30f4d474e6ae4b05252/library/core/src/panicking.rs:75:14
[INFO] [stdout]   18:     0x5c24219b7b56 - core::result::unwrap_failed::h5e8218e4d4338b8a
[INFO] [stdout]                                at /rustc/df4ca44d3fbc9301ee17f30f4d474e6ae4b05252/library/core/src/result.rs:1698:5
[INFO] [stdout]   19:     0x5c242114b9da - core::result::Result<T,E>::unwrap::hc08a664674968532
[INFO] [stdout]                                at /rustc/df4ca44d3fbc9301ee17f30f4d474e6ae4b05252/library/core/src/result.rs:1103:23
[INFO] [stdout]   20:     0x5c242114b9da - sol_indexer::tests::test_get_signatures_for_address::h6bc7ee76eca34556
[INFO] [stdout]                                at /opt/rustwide/workdir/sol-indexer/src/main.rs:229:19
[INFO] [stdout]   21:     0x5c242114b597 - sol_indexer::tests::test_get_signatures_for_address::{{closure}}::h406b4e23cd093dc3
[INFO] [stdout]                                at /opt/rustwide/workdir/sol-indexer/src/main.rs:217:41
[INFO] [stdout]   22:     0x5c2421146896 - core::ops::function::FnOnce::call_once::hcbd5b736b3be5b2a
[INFO] [stdout]                                at /rustc/df4ca44d3fbc9301ee17f30f4d474e6ae4b05252/library/core/src/ops/function.rs:250:5
[INFO] [stdout]   23:     0x5c242118f90b - core::ops::function::FnOnce::call_once::h22c3ba5715e93f05
[INFO] [stdout]                                at /rustc/df4ca44d3fbc9301ee17f30f4d474e6ae4b05252/library/core/src/ops/function.rs:250:5
[INFO] [stdout]   24:     0x5c242118f90b - test::__rust_begin_short_backtrace::h8e82d8113d0da17f
[INFO] [stdout]                                at /rustc/df4ca44d3fbc9301ee17f30f4d474e6ae4b05252/library/test/src/lib.rs:621:18
[INFO] [stdout]   25:     0x5c242118f287 - test::run_test_in_process::{{closure}}::h33235f4f20b7b7c7
[INFO] [stdout]                                at /rustc/df4ca44d3fbc9301ee17f30f4d474e6ae4b05252/library/test/src/lib.rs:644:60
[INFO] [stdout]   26:     0x5c242118f287 - <core::panic::unwind_safe::AssertUnwindSafe<F> as core::ops::function::FnOnce<()>>::call_once::hb5043206310c586f
[INFO] [stdout]                                at /rustc/df4ca44d3fbc9301ee17f30f4d474e6ae4b05252/library/core/src/panic/unwind_safe.rs:272:9
[INFO] [stdout]   27:     0x5c242118f287 - std::panicking::try::do_call::h9ad4731a60ab23e2
[INFO] [stdout]                                at /rustc/df4ca44d3fbc9301ee17f30f4d474e6ae4b05252/library/std/src/panicking.rs:557:40
[INFO] [stdout]   28:     0x5c242118f287 - std::panicking::try::h3824d23db772a716
[INFO] [stdout]                                at /rustc/df4ca44d3fbc9301ee17f30f4d474e6ae4b05252/library/std/src/panicking.rs:520:19
[INFO] [stdout]   29:     0x5c242118f287 - std::panic::catch_unwind::h5afd514605fde46b
[INFO] [stdout]                                at /rustc/df4ca44d3fbc9301ee17f30f4d474e6ae4b05252/library/std/src/panic.rs:358:14
[INFO] [stdout]   30:     0x5c242118f287 - test::run_test_in_process::h0d5cbfa7067d1720
[INFO] [stdout]                                at /rustc/df4ca44d3fbc9301ee17f30f4d474e6ae4b05252/library/test/src/lib.rs:644:27
[INFO] [stdout]   31:     0x5c242118f287 - test::run_test::{{closure}}::h708eb8872708115d
[INFO] [stdout]                                at /rustc/df4ca44d3fbc9301ee17f30f4d474e6ae4b05252/library/test/src/lib.rs:565:43
[INFO] [stdout]   32:     0x5c24211529a4 - test::run_test::{{closure}}::h392c51cee94713ab
[INFO] [stdout]                                at /rustc/df4ca44d3fbc9301ee17f30f4d474e6ae4b05252/library/test/src/lib.rs:595:41
[INFO] [stdout]   33:     0x5c24211529a4 - std::sys::backtrace::__rust_begin_short_backtrace::h2f40290710935a8b
[INFO] [stdout]                                at /rustc/df4ca44d3fbc9301ee17f30f4d474e6ae4b05252/library/std/src/sys/backtrace.rs:154:18
[INFO] [stdout]   34:     0x5c242115614e - std::thread::Builder::spawn_unchecked_::{{closure}}::{{closure}}::h3fd968d89053a903
[INFO] [stdout]                                at /rustc/df4ca44d3fbc9301ee17f30f4d474e6ae4b05252/library/std/src/thread/mod.rs:541:17
[INFO] [stdout]   35:     0x5c242115614e - <core::panic::unwind_safe::AssertUnwindSafe<F> as core::ops::function::FnOnce<()>>::call_once::h743f637ba4229880
[INFO] [stdout]                                at /rustc/df4ca44d3fbc9301ee17f30f4d474e6ae4b05252/library/core/src/panic/unwind_safe.rs:272:9
[INFO] [stdout]   36:     0x5c242115614e - std::panicking::try::do_call::h07440897322525a6
[INFO] [stdout]                                at /rustc/df4ca44d3fbc9301ee17f30f4d474e6ae4b05252/library/std/src/panicking.rs:557:40
[INFO] [stdout]   37:     0x5c242115614e - std::panicking::try::he5a2e00188156637
[INFO] [stdout]                                at /rustc/df4ca44d3fbc9301ee17f30f4d474e6ae4b05252/library/std/src/panicking.rs:520:19
[INFO] [stdout]   38:     0x5c242115614e - std::panic::catch_unwind::hbaf3cae49b3c6433
[INFO] [stdout]                                at /rustc/df4ca44d3fbc9301ee17f30f4d474e6ae4b05252/library/std/src/panic.rs:358:14
[INFO] [stdout]   39:     0x5c242115614e - std::thread::Builder::spawn_unchecked_::{{closure}}::h8e141ea224820bce
[INFO] [stdout]                                at /rustc/df4ca44d3fbc9301ee17f30f4d474e6ae4b05252/library/std/src/thread/mod.rs:540:30
[INFO] [stdout]   40:     0x5c242115614e - core::ops::function::FnOnce::call_once{{vtable.shim}}::h90d312fedd7b8ea8
[INFO] [stdout]                                at /rustc/df4ca44d3fbc9301ee17f30f4d474e6ae4b05252/library/core/src/ops/function.rs:250:5
[INFO] [stdout]   41:     0x5c242199537b - <alloc::boxed::Box<F,A> as core::ops::function::FnOnce<Args>>::call_once::h69aa08ddb6adb8b6
[INFO] [stdout]                                at /rustc/df4ca44d3fbc9301ee17f30f4d474e6ae4b05252/library/alloc/src/boxed.rs:2454:9
[INFO] [stdout]   42:     0x5c242199537b - <alloc::boxed::Box<F,A> as core::ops::function::FnOnce<Args>>::call_once::h5aa36efdb79c806f
[INFO] [stdout]                                at /rustc/df4ca44d3fbc9301ee17f30f4d474e6ae4b05252/library/alloc/src/boxed.rs:2454:9
[INFO] [stdout]   43:     0x5c242199537b - std::sys::pal::unix::thread::Thread::new::thread_start::h6cd80a1b4be5158d
[INFO] [stdout]                                at /rustc/df4ca44d3fbc9301ee17f30f4d474e6ae4b05252/library/std/src/sys/pal/unix/thread.rs:105:17
[INFO] [stdout]   44:     0x7f20ea296ac3 - <unknown>
[INFO] [stdout]   45:     0x7f20ea327a04 - clone
[INFO] [stdout]   46:                0x0 - <unknown>
[INFO] [stdout] 
[INFO] [stdout] 
[INFO] [stdout] failures:
[INFO] [stdout]     tests::test_get_signatures_for_address
[INFO] [stdout] 
[INFO] [stdout] test result: FAILED. 1 passed; 1 failed; 2 ignored; 0 measured; 0 filtered out; finished in 0.15s
[INFO] [stdout] 
[INFO] [stderr] error: test failed, to rerun pass `-p sol-indexer --bin sol-indexer`
[INFO] running `Command { std: "docker" "inspect" "cdafa282b754128cfdb353a9be4301537e259a15ff4af1c7959807e4e4381501", kill_on_drop: false }`
[INFO] running `Command { std: "docker" "rm" "-f" "cdafa282b754128cfdb353a9be4301537e259a15ff4af1c7959807e4e4381501", kill_on_drop: false }`
[INFO] [stdout] cdafa282b754128cfdb353a9be4301537e259a15ff4af1c7959807e4e4381501
