[INFO] cloning repository https://github.com/forgetso/ink-events-debug
[INFO] running `Command { std: "git" "-c" "credential.helper=" "-c" "credential.helper=/workspace/cargo-home/bin/git-credential-null" "clone" "--bare" "https://github.com/forgetso/ink-events-debug" "/workspace/cache/git-repos/https%3A%2F%2Fgithub.com%2Fforgetso%2Fink-events-debug", kill_on_drop: false }`
[INFO] [stderr] Cloning into bare repository '/workspace/cache/git-repos/https%3A%2F%2Fgithub.com%2Fforgetso%2Fink-events-debug'...
[INFO] running `Command { std: "git" "rev-parse" "HEAD", kill_on_drop: false }`
[INFO] [stdout] f292116f44fba3eaae06092cf4b0e82575f0a9f8
[INFO] testing forgetso/ink-events-debug/f292116f44fba3eaae06092cf4b0e82575f0a9f8 against nightly-2024-10-28 for randomize-layout
[INFO] running `Command { std: "git" "clone" "/workspace/cache/git-repos/https%3A%2F%2Fgithub.com%2Fforgetso%2Fink-events-debug" "/workspace/builds/worker-3-tc1/source", kill_on_drop: false }`
[INFO] [stderr] Cloning into '/workspace/builds/worker-3-tc1/source'...
[INFO] [stderr] done.
[INFO] validating manifest of git repo https://github.com/forgetso/ink-events-debug on toolchain nightly-2024-10-28
[INFO] running `Command { std: CARGO_HOME="/workspace/cargo-home" RUSTUP_HOME="/workspace/rustup-home" "/workspace/cargo-home/bin/cargo" "+nightly-2024-10-28" "metadata" "--manifest-path" "Cargo.toml" "--no-deps", kill_on_drop: false }`
[INFO] started tweaking git repo https://github.com/forgetso/ink-events-debug
[INFO] finished tweaking git repo https://github.com/forgetso/ink-events-debug
[INFO] tweaked toml for git repo https://github.com/forgetso/ink-events-debug written to /workspace/builds/worker-3-tc1/source/Cargo.toml
[INFO] crate git repo https://github.com/forgetso/ink-events-debug already has a lockfile, it will not be regenerated
[INFO] running `Command { std: CARGO_HOME="/workspace/cargo-home" RUSTUP_HOME="/workspace/rustup-home" "/workspace/cargo-home/bin/cargo" "+nightly-2024-10-28" "fetch" "--manifest-path" "Cargo.toml", kill_on_drop: false }`
[INFO] [stderr] warning: unused manifest key: dependencies.ink_lang.vversion
[INFO] [stderr]     Updating git repository `https://github.com/paritytech/ink`
[INFO] [stderr]  Downloading crates ...
[INFO] [stderr]   Downloaded secp256k1 v0.21.2
[INFO] [stderr]   Downloaded blake2 v0.10.2
[INFO] [stderr]   Downloaded sha3 v0.10.0
[INFO] running `Command { std: "docker" "create" "-v" "/var/lib/crater-agent-workspace/builds/worker-3-tc1/target:/opt/rustwide/target:rw,Z" "-v" "/var/lib/crater-agent-workspace/builds/worker-3-tc1/source:/opt/rustwide/workdir:ro,Z" "-v" "/var/lib/crater-agent-workspace/cargo-home:/opt/rustwide/cargo-home:ro,Z" "-v" "/var/lib/crater-agent-workspace/rustup-home:/opt/rustwide/rustup-home:ro,Z" "-e" "SOURCE_DIR=/opt/rustwide/workdir" "-e" "CARGO_TARGET_DIR=/opt/rustwide/target" "-e" "CARGO_HOME=/opt/rustwide/cargo-home" "-e" "RUSTUP_HOME=/opt/rustwide/rustup-home" "-w" "/opt/rustwide/workdir" "-m" "1610612736" "--user" "0:0" "--network" "none" "ghcr.io/rust-lang/crates-build-env/linux@sha256:4a844ea9eb2546a2d2c7022eacef16ef2e8229c7fbb2c7d4d55a9ceca922f72d" "/opt/rustwide/cargo-home/bin/cargo" "+nightly-2024-10-28" "metadata" "--no-deps" "--format-version=1", kill_on_drop: false }`
[INFO] [stdout] 1080da7a4f8fa40c6d57b540ef2d1e9bed1bc0eab85d42e5f4dffdb8a968d7bf
[INFO] running `Command { std: "docker" "start" "-a" "1080da7a4f8fa40c6d57b540ef2d1e9bed1bc0eab85d42e5f4dffdb8a968d7bf", kill_on_drop: false }`
[INFO] running `Command { std: "docker" "inspect" "1080da7a4f8fa40c6d57b540ef2d1e9bed1bc0eab85d42e5f4dffdb8a968d7bf", kill_on_drop: false }`
[INFO] running `Command { std: "docker" "rm" "-f" "1080da7a4f8fa40c6d57b540ef2d1e9bed1bc0eab85d42e5f4dffdb8a968d7bf", kill_on_drop: false }`
[INFO] [stdout] 1080da7a4f8fa40c6d57b540ef2d1e9bed1bc0eab85d42e5f4dffdb8a968d7bf
[INFO] running `Command { std: "docker" "create" "-v" "/var/lib/crater-agent-workspace/builds/worker-3-tc1/target:/opt/rustwide/target:rw,Z" "-v" "/var/lib/crater-agent-workspace/builds/worker-3-tc1/source:/opt/rustwide/workdir:ro,Z" "-v" "/var/lib/crater-agent-workspace/cargo-home:/opt/rustwide/cargo-home:ro,Z" "-v" "/var/lib/crater-agent-workspace/rustup-home:/opt/rustwide/rustup-home:ro,Z" "-e" "SOURCE_DIR=/opt/rustwide/workdir" "-e" "CARGO_TARGET_DIR=/opt/rustwide/target" "-e" "CARGO_INCREMENTAL=0" "-e" "RUST_BACKTRACE=full" "-e" "RUSTFLAGS=--cap-lints=forbid" "-e" "RUSTDOCFLAGS=--cap-lints=forbid" "-e" "CARGO_HOME=/opt/rustwide/cargo-home" "-e" "RUSTUP_HOME=/opt/rustwide/rustup-home" "-w" "/opt/rustwide/workdir" "-m" "1610612736" "--user" "0:0" "--network" "none" "ghcr.io/rust-lang/crates-build-env/linux@sha256:4a844ea9eb2546a2d2c7022eacef16ef2e8229c7fbb2c7d4d55a9ceca922f72d" "/opt/rustwide/cargo-home/bin/cargo" "+nightly-2024-10-28" "build" "--frozen" "--message-format=json", kill_on_drop: false }`
[INFO] [stdout] 8e1a689408cd162a71db7a22bf6f23e17dc3a1d1db1213856e3615ff3f0a62f6
[INFO] running `Command { std: "docker" "start" "-a" "8e1a689408cd162a71db7a22bf6f23e17dc3a1d1db1213856e3615ff3f0a62f6", kill_on_drop: false }`
[INFO] [stderr] warning: unused manifest key: dependencies.ink_lang.vversion
[INFO] [stderr]    Compiling proc-macro2 v1.0.36
[INFO] [stderr]    Compiling unicode-xid v0.2.2
[INFO] [stderr]    Compiling syn v1.0.86
[INFO] [stderr]    Compiling typenum v1.15.0
[INFO] [stderr]    Compiling serde v1.0.136
[INFO] [stderr]    Compiling serde_derive v1.0.136
[INFO] [stderr]    Compiling autocfg v1.0.1
[INFO] [stderr]    Compiling libc v0.2.116
[INFO] [stderr]    Compiling radium v0.6.2
[INFO] [stderr]    Compiling funty v1.1.0
[INFO] [stderr]    Compiling tap v1.0.1
[INFO] [stderr]    Compiling wyz v0.2.0
[INFO] [stderr]    Compiling subtle v2.4.1
[INFO] [stderr]    Compiling generic-array v0.14.5
[INFO] [stderr]    Compiling byte-slice-cast v1.2.0
[INFO] [stderr]    Compiling arrayvec v0.7.2
[INFO] [stderr]    Compiling crunchy v0.2.2
[INFO] [stderr]    Compiling semver v1.0.4
[INFO] [stderr]    Compiling crossbeam-utils v0.8.6
[INFO] [stderr]    Compiling ink_prelude v3.0.0-rc8 (https://github.com/paritytech/ink?branch=master#903abeb2)
[INFO] [stderr]    Compiling crossbeam-epoch v0.9.6
[INFO] [stderr]    Compiling memchr v2.4.1
[INFO] [stderr]    Compiling cc v1.0.72
[INFO] [stderr]    Compiling rayon-core v1.9.1
[INFO] [stderr]    Compiling ppv-lite86 v0.2.16
[INFO] [stderr]    Compiling either v1.6.1
[INFO] [stderr]    Compiling ryu v1.0.9
[INFO] [stderr]    Compiling serde_json v1.0.78
[INFO] [stderr]    Compiling regex-automata v0.1.10
[INFO] [stderr]    Compiling arrayref v0.3.6
[INFO] [stderr]    Compiling cpufeatures v0.2.1
[INFO] [stderr]    Compiling memoffset v0.6.5
[INFO] [stderr]    Compiling bitvec v0.20.4
[INFO] [stderr]    Compiling num-traits v0.2.14
[INFO] [stderr]    Compiling quote v1.0.15
[INFO] [stderr]    Compiling rustc_version v0.4.0
[INFO] [stderr]    Compiling crossbeam-channel v0.5.2
[INFO] [stderr]    Compiling rayon v1.5.1
[INFO] [stderr]    Compiling itoa v1.0.1
[INFO] [stderr]    Compiling keccak v0.1.0
[INFO] [stderr]    Compiling getrandom v0.2.4
[INFO] [stderr]    Compiling num_cpus v1.13.1
[INFO] [stderr]    Compiling unicode-width v0.1.9
[INFO] [stderr]    Compiling plotters-backend v0.3.2
[INFO] [stderr]    Compiling cast v0.2.7
[INFO] [stderr]    Compiling rand_core v0.6.3
[INFO] [stderr]    Compiling crossbeam-deque v0.8.1
[INFO] [stderr]    Compiling textwrap v0.11.0
[INFO] [stderr]    Compiling plotters-svg v0.3.1
[INFO] [stderr]    Compiling rand_chacha v0.3.1
[INFO] [stderr]    Compiling csv-core v0.1.10
[INFO] [stderr]    Compiling itertools v0.10.3
[INFO] [stderr]    Compiling secp256k1-sys v0.4.2
[INFO] [stderr]    Compiling ink_allocator v3.0.0-rc8 (https://github.com/paritytech/ink?branch=master#903abeb2)
[INFO] [stderr]    Compiling regex-syntax v0.6.25
[INFO] [stderr]    Compiling paste v1.0.6
[INFO] [stderr]    Compiling rand v0.8.4
[INFO] [stderr]    Compiling block-buffer v0.10.0
[INFO] [stderr]    Compiling crypto-common v0.1.1
[INFO] [stderr]    Compiling digest v0.9.0
[INFO] [stderr]    Compiling static_assertions v1.1.0
[INFO] [stderr]    Compiling libsecp256k1-core v0.3.0
[INFO] [stderr]    Compiling digest v0.10.1
[INFO] [stderr]    Compiling itoa v0.4.8
[INFO] [stderr]    Compiling half v1.8.2
[INFO] [stderr]    Compiling blake2 v0.10.2
[INFO] [stderr]    Compiling sha3 v0.10.0
[INFO] [stderr]    Compiling sha2 v0.10.1
[INFO] [stderr]    Compiling same-file v1.0.6
[INFO] [stderr]    Compiling clap v2.34.0
[INFO] [stderr]    Compiling walkdir v2.3.2
[INFO] [stderr]    Compiling plotters v0.3.1
[INFO] [stderr]    Compiling libsecp256k1-gen-ecmult v0.3.0
[INFO] [stderr]    Compiling libsecp256k1-gen-genmult v0.3.0
[INFO] [stderr]    Compiling regex v1.5.4
[INFO] [stderr]    Compiling atty v0.2.14
[INFO] [stderr]    Compiling heck v0.4.0
[INFO] [stderr]    Compiling base64 v0.13.0
[INFO] [stderr]    Compiling libsecp256k1 v0.7.0
[INFO] [stderr]    Compiling secp256k1 v0.21.2
[INFO] [stderr]    Compiling criterion-plot v0.4.4
[INFO] [stderr]    Compiling oorandom v11.1.3
[INFO] [stderr]    Compiling array-init v2.0.0
[INFO] [stderr]    Compiling toml v0.5.8
[INFO] [stderr]    Compiling impl-serde v0.3.2
[INFO] [stderr]    Compiling synstructure v0.12.6
[INFO] [stderr]    Compiling ink_lang_ir v3.0.0-rc8 (https://github.com/paritytech/ink?branch=master#903abeb2)
[INFO] [stderr]    Compiling thiserror-impl v1.0.30
[INFO] [stderr]    Compiling impl-trait-for-tuples v0.2.1
[INFO] [stderr]    Compiling derive_more v0.99.17
[INFO] [stderr]    Compiling ink_storage_derive v3.0.0-rc8 (https://github.com/paritytech/ink?branch=master#903abeb2)
[INFO] [stderr]    Compiling thiserror v1.0.30
[INFO] [stderr]    Compiling proc-macro-crate v1.1.0
[INFO] [stderr]    Compiling parity-scale-codec-derive v2.3.1
[INFO] [stderr]    Compiling scale-info-derive v1.0.0
[INFO] [stderr]    Compiling parity-scale-codec v2.3.1
[INFO] [stderr]    Compiling scale-info v1.0.0
[INFO] [stderr]    Compiling ink_lang_codegen v3.0.0-rc8 (https://github.com/paritytech/ink?branch=master#903abeb2)
[INFO] [stderr]    Compiling ink_primitives v3.0.0-rc8 (https://github.com/paritytech/ink?branch=master#903abeb2)
[INFO] [stderr]    Compiling ink_lang_macro v3.0.0-rc8 (https://github.com/paritytech/ink?branch=master#903abeb2)
[INFO] [stderr]    Compiling bstr v0.2.17
[INFO] [stderr]    Compiling serde_cbor v0.11.2
[INFO] [stderr]    Compiling csv v1.1.6
[INFO] [stderr]    Compiling tinytemplate v1.2.1
[INFO] [stderr]    Compiling criterion v0.3.5
[INFO] [stderr]    Compiling ink_metadata v3.0.0-rc8 (https://github.com/paritytech/ink?branch=master#903abeb2)
[INFO] [stderr]    Compiling ink_env v3.0.0-rc8 (https://github.com/paritytech/ink?branch=master#903abeb2)
[INFO] [stderr]    Compiling ink_eth_compatibility v3.0.0-rc8 (https://github.com/paritytech/ink?branch=master#903abeb2)
[INFO] [stderr]    Compiling ink_storage v3.0.0-rc8 (https://github.com/paritytech/ink?branch=master#903abeb2)
[INFO] [stderr]    Compiling ink_lang v3.0.0-rc8 (https://github.com/paritytech/ink?branch=master#903abeb2)
[INFO] [stderr]    Compiling flipper v3.0.0-rc8 (/opt/rustwide/workdir)
[INFO] [stdout] warning: non-local `impl` definition, `impl` blocks should be written at the same level as their item
[INFO] [stdout]   --> lib.rs:13:5
[INFO] [stdout]    |
[INFO] [stdout] 5  |   #[ink::contract]
[INFO] [stdout]    |   ---------------- `CallBuilder` is not local
[INFO] [stdout] ...
[INFO] [stdout] 13 |       pub struct Flipper {
[INFO] [stdout]    |  _____^
[INFO] [stdout] 14 | |         value: bool,
[INFO] [stdout] 15 | |     }
[INFO] [stdout]    | |     -
[INFO] [stdout]    | |     |
[INFO] [stdout]    | |_____`SpreadLayout` is not local
[INFO] [stdout]    |       move the `impl` block outside of this constant `_` and up 2 bodies
[INFO] [stdout]    |
[INFO] [stdout]    = note: the derive macro `::ink_storage::traits::SpreadLayout` defines the non-local `impl`, and may need to be changed
[INFO] [stdout]    = note: the derive macro `::ink_storage::traits::SpreadLayout` may come from an old version of the `ink_storage_derive` crate, try updating your dependency with `cargo update -p ink_storage_derive`
[INFO] [stdout]    = note: an `impl` is never scoped, even when it is nested inside an item, as it may impact type checking outside of that item, which can be the case if neither the trait or the self type are at the same nesting level as the `impl`
[INFO] [stdout]    = note: items in an anonymous const item (`const _: () = { ... }`) are treated as in the same scope as the anonymous const's declaration for the purpose of this lint
[INFO] [stdout]    = note: `#[warn(non_local_definitions)]` on by default
[INFO] [stdout]    = note: this warning originates in the derive macro `::ink_storage::traits::SpreadLayout` (in Nightly builds, run with -Z macro-backtrace for more info)
[INFO] [stdout] 
[INFO] [stdout] 
[INFO] [stdout] warning: non-local `impl` definition, `impl` blocks should be written at the same level as their item
[INFO] [stdout]   --> lib.rs:13:5
[INFO] [stdout]    |
[INFO] [stdout] 5  |   #[ink::contract]
[INFO] [stdout]    |   ---------------- `CallBuilder` is not local
[INFO] [stdout] ...
[INFO] [stdout] 13 |       pub struct Flipper {
[INFO] [stdout]    |  _____^
[INFO] [stdout] 14 | |         value: bool,
[INFO] [stdout] 15 | |     }
[INFO] [stdout]    | |     -
[INFO] [stdout]    | |     |
[INFO] [stdout]    | |_____`PackedLayout` is not local
[INFO] [stdout]    |       move the `impl` block outside of this constant `_` and up 2 bodies
[INFO] [stdout]    |
[INFO] [stdout]    = note: the derive macro `::ink_storage::traits::PackedLayout` defines the non-local `impl`, and may need to be changed
[INFO] [stdout]    = note: the derive macro `::ink_storage::traits::PackedLayout` may come from an old version of the `ink_storage_derive` crate, try updating your dependency with `cargo update -p ink_storage_derive`
[INFO] [stdout]    = note: an `impl` is never scoped, even when it is nested inside an item, as it may impact type checking outside of that item, which can be the case if neither the trait or the self type are at the same nesting level as the `impl`
[INFO] [stdout]    = note: items in an anonymous const item (`const _: () = { ... }`) are treated as in the same scope as the anonymous const's declaration for the purpose of this lint
[INFO] [stdout]    = note: this warning originates in the derive macro `::ink_storage::traits::PackedLayout` (in Nightly builds, run with -Z macro-backtrace for more info)
[INFO] [stdout] 
[INFO] [stdout] 
[INFO] [stdout] warning: non-local `impl` definition, `impl` blocks should be written at the same level as their item
[INFO] [stdout]   --> lib.rs:13:5
[INFO] [stdout]    |
[INFO] [stdout] 5  |   #[ink::contract]
[INFO] [stdout]    |   ---------------- `CallBuilder` is not local
[INFO] [stdout] ...
[INFO] [stdout] 13 |       pub struct Flipper {
[INFO] [stdout]    |  _____^
[INFO] [stdout] 14 | |         value: bool,
[INFO] [stdout] 15 | |     }
[INFO] [stdout]    | |     -
[INFO] [stdout]    | |     |
[INFO] [stdout]    | |_____`Encode` is not local
[INFO] [stdout]    |       move the `impl` block outside of this constant `_` and up 2 bodies
[INFO] [stdout]    |
[INFO] [stdout]    = note: the derive macro `::scale::Encode` defines the non-local `impl`, and may need to be changed
[INFO] [stdout]    = note: the derive macro `::scale::Encode` may come from an old version of the `parity_scale_codec_derive` crate, try updating your dependency with `cargo update -p parity_scale_codec_derive`
[INFO] [stdout]    = note: an `impl` is never scoped, even when it is nested inside an item, as it may impact type checking outside of that item, which can be the case if neither the trait or the self type are at the same nesting level as the `impl`
[INFO] [stdout]    = note: items in an anonymous const item (`const _: () = { ... }`) are treated as in the same scope as the anonymous const's declaration for the purpose of this lint
[INFO] [stdout]    = note: this warning originates in the derive macro `::scale::Encode` (in Nightly builds, run with -Z macro-backtrace for more info)
[INFO] [stdout] 
[INFO] [stdout] 
[INFO] [stdout] warning: non-local `impl` definition, `impl` blocks should be written at the same level as their item
[INFO] [stdout]   --> lib.rs:13:5
[INFO] [stdout]    |
[INFO] [stdout] 5  |   #[ink::contract]
[INFO] [stdout]    |   ---------------- `CallBuilder` is not local
[INFO] [stdout] ...
[INFO] [stdout] 13 |       pub struct Flipper {
[INFO] [stdout]    |  _____^
[INFO] [stdout] 14 | |         value: bool,
[INFO] [stdout] 15 | |     }
[INFO] [stdout]    | |     -
[INFO] [stdout]    | |     |
[INFO] [stdout]    | |_____`EncodeLike` is not local
[INFO] [stdout]    |       move the `impl` block outside of this constant `_` and up 2 bodies
[INFO] [stdout]    |
[INFO] [stdout]    = note: the derive macro `::scale::Encode` defines the non-local `impl`, and may need to be changed
[INFO] [stdout]    = note: the derive macro `::scale::Encode` may come from an old version of the `parity_scale_codec_derive` crate, try updating your dependency with `cargo update -p parity_scale_codec_derive`
[INFO] [stdout]    = note: an `impl` is never scoped, even when it is nested inside an item, as it may impact type checking outside of that item, which can be the case if neither the trait or the self type are at the same nesting level as the `impl`
[INFO] [stdout]    = note: items in an anonymous const item (`const _: () = { ... }`) are treated as in the same scope as the anonymous const's declaration for the purpose of this lint
[INFO] [stdout]    = note: this warning originates in the derive macro `::scale::Encode` (in Nightly builds, run with -Z macro-backtrace for more info)
[INFO] [stdout] 
[INFO] [stdout] 
[INFO] [stdout] warning: non-local `impl` definition, `impl` blocks should be written at the same level as their item
[INFO] [stdout]   --> lib.rs:13:5
[INFO] [stdout]    |
[INFO] [stdout] 5  |   #[ink::contract]
[INFO] [stdout]    |   ---------------- `CallBuilder` is not local
[INFO] [stdout] ...
[INFO] [stdout] 13 |       pub struct Flipper {
[INFO] [stdout]    |  _____^
[INFO] [stdout] 14 | |         value: bool,
[INFO] [stdout] 15 | |     }
[INFO] [stdout]    | |     -
[INFO] [stdout]    | |     |
[INFO] [stdout]    | |_____`Decode` is not local
[INFO] [stdout]    |       move the `impl` block outside of this constant `_` and up 2 bodies
[INFO] [stdout]    |
[INFO] [stdout]    = note: the derive macro `::scale::Decode` defines the non-local `impl`, and may need to be changed
[INFO] [stdout]    = note: the derive macro `::scale::Decode` may come from an old version of the `parity_scale_codec_derive` crate, try updating your dependency with `cargo update -p parity_scale_codec_derive`
[INFO] [stdout]    = note: an `impl` is never scoped, even when it is nested inside an item, as it may impact type checking outside of that item, which can be the case if neither the trait or the self type are at the same nesting level as the `impl`
[INFO] [stdout]    = note: items in an anonymous const item (`const _: () = { ... }`) are treated as in the same scope as the anonymous const's declaration for the purpose of this lint
[INFO] [stdout]    = note: this warning originates in the derive macro `::scale::Decode` (in Nightly builds, run with -Z macro-backtrace for more info)
[INFO] [stdout] 
[INFO] [stdout] 
[INFO] [stdout] warning: non-local `impl` definition, `impl` blocks should be written at the same level as their item
[INFO] [stdout]   --> lib.rs:13:5
[INFO] [stdout]    |
[INFO] [stdout] 5  |   #[ink::contract]
[INFO] [stdout]    |   ---------------- `CallBuilder` is not local
[INFO] [stdout] ...
[INFO] [stdout] 13 |       pub struct Flipper {
[INFO] [stdout]    |  _____^
[INFO] [stdout] 14 | |         value: bool,
[INFO] [stdout] 15 | |     }
[INFO] [stdout]    | |     -
[INFO] [stdout]    | |     |
[INFO] [stdout]    | |_____`TypeInfo` is not local
[INFO] [stdout]    |       move the `impl` block outside of this constant `_` and up 2 bodies
[INFO] [stdout]    |
[INFO] [stdout]    = note: the derive macro `::scale_info::TypeInfo` defines the non-local `impl`, and may need to be changed
[INFO] [stdout]    = note: the derive macro `::scale_info::TypeInfo` may come from an old version of the `scale_info_derive` crate, try updating your dependency with `cargo update -p scale_info_derive`
[INFO] [stdout]    = note: an `impl` is never scoped, even when it is nested inside an item, as it may impact type checking outside of that item, which can be the case if neither the trait or the self type are at the same nesting level as the `impl`
[INFO] [stdout]    = note: items in an anonymous const item (`const _: () = { ... }`) are treated as in the same scope as the anonymous const's declaration for the purpose of this lint
[INFO] [stdout]    = note: this warning originates in the derive macro `::scale_info::TypeInfo` (in Nightly builds, run with -Z macro-backtrace for more info)
[INFO] [stdout] 
[INFO] [stdout] 
[INFO] [stdout] warning: non-local `impl` definition, `impl` blocks should be written at the same level as their item
[INFO] [stdout]   --> lib.rs:13:5
[INFO] [stdout]    |
[INFO] [stdout] 5  |   #[ink::contract]
[INFO] [stdout]    |   ---------------- `CallBuilder` is not local
[INFO] [stdout] ...
[INFO] [stdout] 13 |       pub struct Flipper {
[INFO] [stdout]    |  _____^
[INFO] [stdout] 14 | |         value: bool,
[INFO] [stdout] 15 | |     }
[INFO] [stdout]    | |     -
[INFO] [stdout]    | |     |
[INFO] [stdout]    | |_____`StorageLayout` is not local
[INFO] [stdout]    |       move the `impl` block outside of this constant `_` and up 2 bodies
[INFO] [stdout]    |
[INFO] [stdout]    = note: the derive macro `::ink_storage::traits::StorageLayout` defines the non-local `impl`, and may need to be changed
[INFO] [stdout]    = note: the derive macro `::ink_storage::traits::StorageLayout` may come from an old version of the `ink_storage_derive` crate, try updating your dependency with `cargo update -p ink_storage_derive`
[INFO] [stdout]    = note: an `impl` is never scoped, even when it is nested inside an item, as it may impact type checking outside of that item, which can be the case if neither the trait or the self type are at the same nesting level as the `impl`
[INFO] [stdout]    = note: items in an anonymous const item (`const _: () = { ... }`) are treated as in the same scope as the anonymous const's declaration for the purpose of this lint
[INFO] [stdout]    = note: this warning originates in the derive macro `::ink_storage::traits::StorageLayout` (in Nightly builds, run with -Z macro-backtrace for more info)
[INFO] [stdout] 
[INFO] [stdout] 
[INFO] [stdout] warning: non-local `impl` definition, `impl` blocks should be written at the same level as their item
[INFO] [stdout]   --> lib.rs:13:5
[INFO] [stdout]    |
[INFO] [stdout] 13 |       pub struct Flipper {
[INFO] [stdout]    |       -^^^^^^^^^^-------
[INFO] [stdout]    |       |          |
[INFO] [stdout]    |  _____|          `Flipper` is not local
[INFO] [stdout]    | |
[INFO] [stdout] 14 | |         value: bool,
[INFO] [stdout] 15 | |     }
[INFO] [stdout]    | |     -
[INFO] [stdout]    | |     |
[INFO] [stdout]    | |_____`ContractCallBuilder` is not local
[INFO] [stdout]    |       move the `impl` block outside of this constant `_` and up 2 bodies
[INFO] [stdout]    |
[INFO] [stdout]    = note: an `impl` is never scoped, even when it is nested inside an item, as it may impact type checking outside of that item, which can be the case if neither the trait or the self type are at the same nesting level as the `impl`
[INFO] [stdout]    = note: items in an anonymous const item (`const _: () = { ... }`) are treated as in the same scope as the anonymous const's declaration for the purpose of this lint
[INFO] [stdout] 
[INFO] [stdout] 
[INFO] [stdout] warning: non-local `impl` definition, `impl` blocks should be written at the same level as their item
[INFO] [stdout]   --> lib.rs:5:1
[INFO] [stdout]    |
[INFO] [stdout] 5  |   #[ink::contract]
[INFO] [stdout]    |   ^^^^^^^^^^^^^^^^ `CallBuilder` is not local
[INFO] [stdout] ...
[INFO] [stdout] 13 | /     pub struct Flipper {
[INFO] [stdout] 14 | |         value: bool,
[INFO] [stdout] 15 | |     }
[INFO] [stdout]    | |     -
[INFO] [stdout]    | |     |
[INFO] [stdout]    | |_____`ContractEnv` is not local
[INFO] [stdout]    |       move the `impl` block outside of this constant `_` and up 2 bodies
[INFO] [stdout]    |
[INFO] [stdout]    = note: an `impl` is never scoped, even when it is nested inside an item, as it may impact type checking outside of that item, which can be the case if neither the trait or the self type are at the same nesting level as the `impl`
[INFO] [stdout]    = note: items in an anonymous const item (`const _: () = { ... }`) are treated as in the same scope as the anonymous const's declaration for the purpose of this lint
[INFO] [stdout]    = note: this warning originates in the attribute macro `ink::contract` (in Nightly builds, run with -Z macro-backtrace for more info)
[INFO] [stdout] 
[INFO] [stdout] 
[INFO] [stderr]     Finished `dev` profile [unoptimized + debuginfo] target(s) in 18.52s
[INFO] [stderr] warning: the following packages contain code that will be rejected by a future version of Rust: criterion v0.3.5
[INFO] [stderr] note: to see what the problems were, use the option `--future-incompat-report`, or run `cargo report future-incompatibilities --id 1`
[INFO] running `Command { std: "docker" "inspect" "8e1a689408cd162a71db7a22bf6f23e17dc3a1d1db1213856e3615ff3f0a62f6", kill_on_drop: false }`
[INFO] running `Command { std: "docker" "rm" "-f" "8e1a689408cd162a71db7a22bf6f23e17dc3a1d1db1213856e3615ff3f0a62f6", kill_on_drop: false }`
[INFO] [stdout] 8e1a689408cd162a71db7a22bf6f23e17dc3a1d1db1213856e3615ff3f0a62f6
[INFO] running `Command { std: "docker" "create" "-v" "/var/lib/crater-agent-workspace/builds/worker-3-tc1/target:/opt/rustwide/target:rw,Z" "-v" "/var/lib/crater-agent-workspace/builds/worker-3-tc1/source:/opt/rustwide/workdir:ro,Z" "-v" "/var/lib/crater-agent-workspace/cargo-home:/opt/rustwide/cargo-home:ro,Z" "-v" "/var/lib/crater-agent-workspace/rustup-home:/opt/rustwide/rustup-home:ro,Z" "-e" "SOURCE_DIR=/opt/rustwide/workdir" "-e" "CARGO_TARGET_DIR=/opt/rustwide/target" "-e" "CARGO_INCREMENTAL=0" "-e" "RUST_BACKTRACE=full" "-e" "RUSTFLAGS=--cap-lints=forbid" "-e" "RUSTDOCFLAGS=--cap-lints=forbid" "-e" "CARGO_HOME=/opt/rustwide/cargo-home" "-e" "RUSTUP_HOME=/opt/rustwide/rustup-home" "-w" "/opt/rustwide/workdir" "-m" "1610612736" "--user" "0:0" "--network" "none" "ghcr.io/rust-lang/crates-build-env/linux@sha256:4a844ea9eb2546a2d2c7022eacef16ef2e8229c7fbb2c7d4d55a9ceca922f72d" "/opt/rustwide/cargo-home/bin/cargo" "+nightly-2024-10-28" "test" "--frozen" "--no-run" "--message-format=json", kill_on_drop: false }`
[INFO] [stdout] 6071065b930484a7e146d0a3347ba3ee2d633deb24d80fafbb6d01d5ef1d3ad8
[INFO] running `Command { std: "docker" "start" "-a" "6071065b930484a7e146d0a3347ba3ee2d633deb24d80fafbb6d01d5ef1d3ad8", kill_on_drop: false }`
[INFO] [stderr] warning: unused manifest key: dependencies.ink_lang.vversion
[INFO] [stderr]    Compiling flipper v3.0.0-rc8 (/opt/rustwide/workdir)
[INFO] [stdout] warning: unreachable expression
[INFO] [stdout]   --> lib.rs:56:9
[INFO] [stdout]    |
[INFO] [stdout] 56 |         #[ink::test]
[INFO] [stdout]    |         ^^^^^^^^^^^^ unreachable expression
[INFO] [stdout] ...
[INFO] [stdout] 70 |             panic!()
[INFO] [stdout]    |             -------- any code following this expression is unreachable
[INFO] [stdout]    |
[INFO] [stdout]    = note: `#[warn(unreachable_code)]` on by default
[INFO] [stdout]    = note: this warning originates in the attribute macro `ink::test` (in Nightly builds, run with -Z macro-backtrace for more info)
[INFO] [stdout] 
[INFO] [stdout] 
[INFO] [stdout] warning: non-local `impl` definition, `impl` blocks should be written at the same level as their item
[INFO] [stdout]   --> lib.rs:13:5
[INFO] [stdout]    |
[INFO] [stdout] 5  |   #[ink::contract]
[INFO] [stdout]    |   ---------------- `CallBuilder` is not local
[INFO] [stdout] ...
[INFO] [stdout] 13 |       pub struct Flipper {
[INFO] [stdout]    |  _____^
[INFO] [stdout] 14 | |         value: bool,
[INFO] [stdout] 15 | |     }
[INFO] [stdout]    | |     -
[INFO] [stdout]    | |     |
[INFO] [stdout]    | |_____`SpreadLayout` is not local
[INFO] [stdout]    |       move the `impl` block outside of this constant `_` and up 2 bodies
[INFO] [stdout]    |
[INFO] [stdout]    = note: the derive macro `::ink_storage::traits::SpreadLayout` defines the non-local `impl`, and may need to be changed
[INFO] [stdout]    = note: the derive macro `::ink_storage::traits::SpreadLayout` may come from an old version of the `ink_storage_derive` crate, try updating your dependency with `cargo update -p ink_storage_derive`
[INFO] [stdout]    = note: an `impl` is never scoped, even when it is nested inside an item, as it may impact type checking outside of that item, which can be the case if neither the trait or the self type are at the same nesting level as the `impl`
[INFO] [stdout]    = note: items in an anonymous const item (`const _: () = { ... }`) are treated as in the same scope as the anonymous const's declaration for the purpose of this lint
[INFO] [stdout]    = note: `#[warn(non_local_definitions)]` on by default
[INFO] [stdout]    = note: this warning originates in the derive macro `::ink_storage::traits::SpreadLayout` (in Nightly builds, run with -Z macro-backtrace for more info)
[INFO] [stdout] 
[INFO] [stdout] 
[INFO] [stdout] warning: non-local `impl` definition, `impl` blocks should be written at the same level as their item
[INFO] [stdout]   --> lib.rs:13:5
[INFO] [stdout]    |
[INFO] [stdout] 5  |   #[ink::contract]
[INFO] [stdout]    |   ---------------- `CallBuilder` is not local
[INFO] [stdout] ...
[INFO] [stdout] 13 |       pub struct Flipper {
[INFO] [stdout]    |  _____^
[INFO] [stdout] 14 | |         value: bool,
[INFO] [stdout] 15 | |     }
[INFO] [stdout]    | |     -
[INFO] [stdout]    | |     |
[INFO] [stdout]    | |_____`PackedLayout` is not local
[INFO] [stdout]    |       move the `impl` block outside of this constant `_` and up 2 bodies
[INFO] [stdout]    |
[INFO] [stdout]    = note: the derive macro `::ink_storage::traits::PackedLayout` defines the non-local `impl`, and may need to be changed
[INFO] [stdout]    = note: the derive macro `::ink_storage::traits::PackedLayout` may come from an old version of the `ink_storage_derive` crate, try updating your dependency with `cargo update -p ink_storage_derive`
[INFO] [stdout]    = note: an `impl` is never scoped, even when it is nested inside an item, as it may impact type checking outside of that item, which can be the case if neither the trait or the self type are at the same nesting level as the `impl`
[INFO] [stdout]    = note: items in an anonymous const item (`const _: () = { ... }`) are treated as in the same scope as the anonymous const's declaration for the purpose of this lint
[INFO] [stdout]    = note: this warning originates in the derive macro `::ink_storage::traits::PackedLayout` (in Nightly builds, run with -Z macro-backtrace for more info)
[INFO] [stdout] 
[INFO] [stdout] 
[INFO] [stdout] warning: non-local `impl` definition, `impl` blocks should be written at the same level as their item
[INFO] [stdout]   --> lib.rs:13:5
[INFO] [stdout]    |
[INFO] [stdout] 5  |   #[ink::contract]
[INFO] [stdout]    |   ---------------- `CallBuilder` is not local
[INFO] [stdout] ...
[INFO] [stdout] 13 |       pub struct Flipper {
[INFO] [stdout]    |  _____^
[INFO] [stdout] 14 | |         value: bool,
[INFO] [stdout] 15 | |     }
[INFO] [stdout]    | |     -
[INFO] [stdout]    | |     |
[INFO] [stdout]    | |_____`Encode` is not local
[INFO] [stdout]    |       move the `impl` block outside of this constant `_` and up 2 bodies
[INFO] [stdout]    |
[INFO] [stdout]    = note: the derive macro `::scale::Encode` defines the non-local `impl`, and may need to be changed
[INFO] [stdout]    = note: the derive macro `::scale::Encode` may come from an old version of the `parity_scale_codec_derive` crate, try updating your dependency with `cargo update -p parity_scale_codec_derive`
[INFO] [stdout]    = note: an `impl` is never scoped, even when it is nested inside an item, as it may impact type checking outside of that item, which can be the case if neither the trait or the self type are at the same nesting level as the `impl`
[INFO] [stdout]    = note: items in an anonymous const item (`const _: () = { ... }`) are treated as in the same scope as the anonymous const's declaration for the purpose of this lint
[INFO] [stdout]    = note: this warning originates in the derive macro `::scale::Encode` (in Nightly builds, run with -Z macro-backtrace for more info)
[INFO] [stdout] 
[INFO] [stdout] 
[INFO] [stdout] warning: non-local `impl` definition, `impl` blocks should be written at the same level as their item
[INFO] [stdout]   --> lib.rs:13:5
[INFO] [stdout]    |
[INFO] [stdout] 5  |   #[ink::contract]
[INFO] [stdout]    |   ---------------- `CallBuilder` is not local
[INFO] [stdout] ...
[INFO] [stdout] 13 |       pub struct Flipper {
[INFO] [stdout]    |  _____^
[INFO] [stdout] 14 | |         value: bool,
[INFO] [stdout] 15 | |     }
[INFO] [stdout]    | |     -
[INFO] [stdout]    | |     |
[INFO] [stdout]    | |_____`EncodeLike` is not local
[INFO] [stdout]    |       move the `impl` block outside of this constant `_` and up 2 bodies
[INFO] [stdout]    |
[INFO] [stdout]    = note: the derive macro `::scale::Encode` defines the non-local `impl`, and may need to be changed
[INFO] [stdout]    = note: the derive macro `::scale::Encode` may come from an old version of the `parity_scale_codec_derive` crate, try updating your dependency with `cargo update -p parity_scale_codec_derive`
[INFO] [stdout]    = note: an `impl` is never scoped, even when it is nested inside an item, as it may impact type checking outside of that item, which can be the case if neither the trait or the self type are at the same nesting level as the `impl`
[INFO] [stdout]    = note: items in an anonymous const item (`const _: () = { ... }`) are treated as in the same scope as the anonymous const's declaration for the purpose of this lint
[INFO] [stdout]    = note: this warning originates in the derive macro `::scale::Encode` (in Nightly builds, run with -Z macro-backtrace for more info)
[INFO] [stdout] 
[INFO] [stdout] 
[INFO] [stdout] warning: non-local `impl` definition, `impl` blocks should be written at the same level as their item
[INFO] [stdout]   --> lib.rs:13:5
[INFO] [stdout]    |
[INFO] [stdout] 5  |   #[ink::contract]
[INFO] [stdout]    |   ---------------- `CallBuilder` is not local
[INFO] [stdout] ...
[INFO] [stdout] 13 |       pub struct Flipper {
[INFO] [stdout]    |  _____^
[INFO] [stdout] 14 | |         value: bool,
[INFO] [stdout] 15 | |     }
[INFO] [stdout]    | |     -
[INFO] [stdout]    | |     |
[INFO] [stdout]    | |_____`Decode` is not local
[INFO] [stdout]    |       move the `impl` block outside of this constant `_` and up 2 bodies
[INFO] [stdout]    |
[INFO] [stdout]    = note: the derive macro `::scale::Decode` defines the non-local `impl`, and may need to be changed
[INFO] [stdout]    = note: the derive macro `::scale::Decode` may come from an old version of the `parity_scale_codec_derive` crate, try updating your dependency with `cargo update -p parity_scale_codec_derive`
[INFO] [stdout]    = note: an `impl` is never scoped, even when it is nested inside an item, as it may impact type checking outside of that item, which can be the case if neither the trait or the self type are at the same nesting level as the `impl`
[INFO] [stdout]    = note: items in an anonymous const item (`const _: () = { ... }`) are treated as in the same scope as the anonymous const's declaration for the purpose of this lint
[INFO] [stdout]    = note: this warning originates in the derive macro `::scale::Decode` (in Nightly builds, run with -Z macro-backtrace for more info)
[INFO] [stdout] 
[INFO] [stdout] 
[INFO] [stdout] warning: non-local `impl` definition, `impl` blocks should be written at the same level as their item
[INFO] [stdout]   --> lib.rs:13:5
[INFO] [stdout]    |
[INFO] [stdout] 5  |   #[ink::contract]
[INFO] [stdout]    |   ---------------- `CallBuilder` is not local
[INFO] [stdout] ...
[INFO] [stdout] 13 |       pub struct Flipper {
[INFO] [stdout]    |  _____^
[INFO] [stdout] 14 | |         value: bool,
[INFO] [stdout] 15 | |     }
[INFO] [stdout]    | |     -
[INFO] [stdout]    | |     |
[INFO] [stdout]    | |_____`TypeInfo` is not local
[INFO] [stdout]    |       move the `impl` block outside of this constant `_` and up 2 bodies
[INFO] [stdout]    |
[INFO] [stdout]    = note: the derive macro `::scale_info::TypeInfo` defines the non-local `impl`, and may need to be changed
[INFO] [stdout]    = note: the derive macro `::scale_info::TypeInfo` may come from an old version of the `scale_info_derive` crate, try updating your dependency with `cargo update -p scale_info_derive`
[INFO] [stdout]    = note: an `impl` is never scoped, even when it is nested inside an item, as it may impact type checking outside of that item, which can be the case if neither the trait or the self type are at the same nesting level as the `impl`
[INFO] [stdout]    = note: items in an anonymous const item (`const _: () = { ... }`) are treated as in the same scope as the anonymous const's declaration for the purpose of this lint
[INFO] [stdout]    = note: this warning originates in the derive macro `::scale_info::TypeInfo` (in Nightly builds, run with -Z macro-backtrace for more info)
[INFO] [stdout] 
[INFO] [stdout] 
[INFO] [stdout] warning: non-local `impl` definition, `impl` blocks should be written at the same level as their item
[INFO] [stdout]   --> lib.rs:13:5
[INFO] [stdout]    |
[INFO] [stdout] 5  |   #[ink::contract]
[INFO] [stdout]    |   ---------------- `CallBuilder` is not local
[INFO] [stdout] ...
[INFO] [stdout] 13 |       pub struct Flipper {
[INFO] [stdout]    |  _____^
[INFO] [stdout] 14 | |         value: bool,
[INFO] [stdout] 15 | |     }
[INFO] [stdout]    | |     -
[INFO] [stdout]    | |     |
[INFO] [stdout]    | |_____`StorageLayout` is not local
[INFO] [stdout]    |       move the `impl` block outside of this constant `_` and up 2 bodies
[INFO] [stdout]    |
[INFO] [stdout]    = note: the derive macro `::ink_storage::traits::StorageLayout` defines the non-local `impl`, and may need to be changed
[INFO] [stdout]    = note: the derive macro `::ink_storage::traits::StorageLayout` may come from an old version of the `ink_storage_derive` crate, try updating your dependency with `cargo update -p ink_storage_derive`
[INFO] [stdout]    = note: an `impl` is never scoped, even when it is nested inside an item, as it may impact type checking outside of that item, which can be the case if neither the trait or the self type are at the same nesting level as the `impl`
[INFO] [stdout]    = note: items in an anonymous const item (`const _: () = { ... }`) are treated as in the same scope as the anonymous const's declaration for the purpose of this lint
[INFO] [stdout]    = note: this warning originates in the derive macro `::ink_storage::traits::StorageLayout` (in Nightly builds, run with -Z macro-backtrace for more info)
[INFO] [stdout] 
[INFO] [stdout] 
[INFO] [stdout] warning: non-local `impl` definition, `impl` blocks should be written at the same level as their item
[INFO] [stdout]   --> lib.rs:13:5
[INFO] [stdout]    |
[INFO] [stdout] 13 |       pub struct Flipper {
[INFO] [stdout]    |       -^^^^^^^^^^-------
[INFO] [stdout]    |       |          |
[INFO] [stdout]    |  _____|          `Flipper` is not local
[INFO] [stdout]    | |
[INFO] [stdout] 14 | |         value: bool,
[INFO] [stdout] 15 | |     }
[INFO] [stdout]    | |     -
[INFO] [stdout]    | |     |
[INFO] [stdout]    | |_____`ContractCallBuilder` is not local
[INFO] [stdout]    |       move the `impl` block outside of this constant `_` and up 2 bodies
[INFO] [stdout]    |
[INFO] [stdout]    = note: an `impl` is never scoped, even when it is nested inside an item, as it may impact type checking outside of that item, which can be the case if neither the trait or the self type are at the same nesting level as the `impl`
[INFO] [stdout]    = note: items in an anonymous const item (`const _: () = { ... }`) are treated as in the same scope as the anonymous const's declaration for the purpose of this lint
[INFO] [stdout] 
[INFO] [stdout] 
[INFO] [stdout] warning: non-local `impl` definition, `impl` blocks should be written at the same level as their item
[INFO] [stdout]   --> lib.rs:5:1
[INFO] [stdout]    |
[INFO] [stdout] 5  |   #[ink::contract]
[INFO] [stdout]    |   ^^^^^^^^^^^^^^^^ `CallBuilder` is not local
[INFO] [stdout] ...
[INFO] [stdout] 13 | /     pub struct Flipper {
[INFO] [stdout] 14 | |         value: bool,
[INFO] [stdout] 15 | |     }
[INFO] [stdout]    | |     -
[INFO] [stdout]    | |     |
[INFO] [stdout]    | |_____`ContractEnv` is not local
[INFO] [stdout]    |       move the `impl` block outside of this constant `_` and up 2 bodies
[INFO] [stdout]    |
[INFO] [stdout]    = note: an `impl` is never scoped, even when it is nested inside an item, as it may impact type checking outside of that item, which can be the case if neither the trait or the self type are at the same nesting level as the `impl`
[INFO] [stdout]    = note: items in an anonymous const item (`const _: () = { ... }`) are treated as in the same scope as the anonymous const's declaration for the purpose of this lint
[INFO] [stdout]    = note: this warning originates in the attribute macro `ink::contract` (in Nightly builds, run with -Z macro-backtrace for more info)
[INFO] [stdout] 
[INFO] [stdout] 
[INFO] [stderr]     Finished `test` profile [unoptimized + debuginfo] target(s) in 0.52s
[INFO] [stderr] warning: the following packages contain code that will be rejected by a future version of Rust: criterion v0.3.5
[INFO] [stderr] note: to see what the problems were, use the option `--future-incompat-report`, or run `cargo report future-incompatibilities --id 1`
[INFO] running `Command { std: "docker" "inspect" "6071065b930484a7e146d0a3347ba3ee2d633deb24d80fafbb6d01d5ef1d3ad8", kill_on_drop: false }`
[INFO] running `Command { std: "docker" "rm" "-f" "6071065b930484a7e146d0a3347ba3ee2d633deb24d80fafbb6d01d5ef1d3ad8", kill_on_drop: false }`
[INFO] [stdout] 6071065b930484a7e146d0a3347ba3ee2d633deb24d80fafbb6d01d5ef1d3ad8
[INFO] running `Command { std: "docker" "create" "-v" "/var/lib/crater-agent-workspace/builds/worker-3-tc1/target:/opt/rustwide/target:rw,Z" "-v" "/var/lib/crater-agent-workspace/builds/worker-3-tc1/source:/opt/rustwide/workdir:ro,Z" "-v" "/var/lib/crater-agent-workspace/cargo-home:/opt/rustwide/cargo-home:ro,Z" "-v" "/var/lib/crater-agent-workspace/rustup-home:/opt/rustwide/rustup-home:ro,Z" "-e" "SOURCE_DIR=/opt/rustwide/workdir" "-e" "CARGO_TARGET_DIR=/opt/rustwide/target" "-e" "CARGO_INCREMENTAL=0" "-e" "RUST_BACKTRACE=full" "-e" "RUSTFLAGS=--cap-lints=forbid" "-e" "RUSTDOCFLAGS=--cap-lints=forbid" "-e" "CARGO_HOME=/opt/rustwide/cargo-home" "-e" "RUSTUP_HOME=/opt/rustwide/rustup-home" "-w" "/opt/rustwide/workdir" "-m" "1610612736" "--user" "0:0" "--network" "none" "ghcr.io/rust-lang/crates-build-env/linux@sha256:4a844ea9eb2546a2d2c7022eacef16ef2e8229c7fbb2c7d4d55a9ceca922f72d" "/opt/rustwide/cargo-home/bin/cargo" "+nightly-2024-10-28" "test" "--frozen", kill_on_drop: false }`
[INFO] [stdout] c187627828963cbcae0cf97142e5a8204da3d32c3626f173248575cc12b3ad9a
[INFO] running `Command { std: "docker" "start" "-a" "c187627828963cbcae0cf97142e5a8204da3d32c3626f173248575cc12b3ad9a", kill_on_drop: false }`
[INFO] [stderr] warning: unused manifest key: dependencies.ink_lang.vversion
[INFO] [stderr] warning: unreachable expression
[INFO] [stderr]   --> lib.rs:56:9
[INFO] [stderr]    |
[INFO] [stderr] 56 |         #[ink::test]
[INFO] [stderr]    |         ^^^^^^^^^^^^ unreachable expression
[INFO] [stderr] ...
[INFO] [stderr] 70 |             panic!()
[INFO] [stderr]    |             -------- any code following this expression is unreachable
[INFO] [stderr]    |
[INFO] [stderr]    = note: `#[warn(unreachable_code)]` on by default
[INFO] [stderr]    = note: this warning originates in the attribute macro `ink::test` (in Nightly builds, run with -Z macro-backtrace for more info)
[INFO] [stderr] 
[INFO] [stderr] warning: non-local `impl` definition, `impl` blocks should be written at the same level as their item
[INFO] [stderr]   --> lib.rs:13:5
[INFO] [stderr]    |
[INFO] [stderr] 5  |   #[ink::contract]
[INFO] [stderr]    |   ---------------- `CallBuilder` is not local
[INFO] [stderr] ...
[INFO] [stderr] 13 |       pub struct Flipper {
[INFO] [stderr]    |  _____^
[INFO] [stderr] 14 | |         value: bool,
[INFO] [stderr] 15 | |     }
[INFO] [stderr]    | |     -
[INFO] [stderr]    | |     |
[INFO] [stderr]    | |_____`SpreadLayout` is not local
[INFO] [stderr]    |       move the `impl` block outside of this constant `_` and up 2 bodies
[INFO] [stderr]    |
[INFO] [stderr]    = note: the derive macro `::ink_storage::traits::SpreadLayout` defines the non-local `impl`, and may need to be changed
[INFO] [stderr]    = note: the derive macro `::ink_storage::traits::SpreadLayout` may come from an old version of the `ink_storage_derive` crate, try updating your dependency with `cargo update -p ink_storage_derive`
[INFO] [stderr]    = note: an `impl` is never scoped, even when it is nested inside an item, as it may impact type checking outside of that item, which can be the case if neither the trait or the self type are at the same nesting level as the `impl`
[INFO] [stderr]    = note: items in an anonymous const item (`const _: () = { ... }`) are treated as in the same scope as the anonymous const's declaration for the purpose of this lint
[INFO] [stderr]    = note: `#[warn(non_local_definitions)]` on by default
[INFO] [stderr]    = note: this warning originates in the derive macro `::ink_storage::traits::SpreadLayout` (in Nightly builds, run with -Z macro-backtrace for more info)
[INFO] [stderr] 
[INFO] [stderr] warning: non-local `impl` definition, `impl` blocks should be written at the same level as their item
[INFO] [stderr]   --> lib.rs:13:5
[INFO] [stderr]    |
[INFO] [stderr] 5  |   #[ink::contract]
[INFO] [stderr]    |   ---------------- `CallBuilder` is not local
[INFO] [stderr] ...
[INFO] [stderr] 13 |       pub struct Flipper {
[INFO] [stderr]    |  _____^
[INFO] [stderr] 14 | |         value: bool,
[INFO] [stderr] 15 | |     }
[INFO] [stderr]    | |     -
[INFO] [stderr]    | |     |
[INFO] [stderr]    | |_____`PackedLayout` is not local
[INFO] [stderr]    |       move the `impl` block outside of this constant `_` and up 2 bodies
[INFO] [stderr]    |
[INFO] [stderr]    = note: the derive macro `::ink_storage::traits::PackedLayout` defines the non-local `impl`, and may need to be changed
[INFO] [stderr]    = note: the derive macro `::ink_storage::traits::PackedLayout` may come from an old version of the `ink_storage_derive` crate, try updating your dependency with `cargo update -p ink_storage_derive`
[INFO] [stderr]    = note: an `impl` is never scoped, even when it is nested inside an item, as it may impact type checking outside of that item, which can be the case if neither the trait or the self type are at the same nesting level as the `impl`
[INFO] [stderr]    = note: items in an anonymous const item (`const _: () = { ... }`) are treated as in the same scope as the anonymous const's declaration for the purpose of this lint
[INFO] [stderr]    = note: this warning originates in the derive macro `::ink_storage::traits::PackedLayout` (in Nightly builds, run with -Z macro-backtrace for more info)
[INFO] [stderr] 
[INFO] [stderr] warning: non-local `impl` definition, `impl` blocks should be written at the same level as their item
[INFO] [stderr]   --> lib.rs:13:5
[INFO] [stderr]    |
[INFO] [stderr] 5  |   #[ink::contract]
[INFO] [stderr]    |   ---------------- `CallBuilder` is not local
[INFO] [stderr] ...
[INFO] [stderr] 13 |       pub struct Flipper {
[INFO] [stderr]    |  _____^
[INFO] [stderr] 14 | |         value: bool,
[INFO] [stderr] 15 | |     }
[INFO] [stderr]    | |     -
[INFO] [stderr]    | |     |
[INFO] [stderr]    | |_____`Encode` is not local
[INFO] [stderr]    |       move the `impl` block outside of this constant `_` and up 2 bodies
[INFO] [stderr]    |
[INFO] [stderr]    = note: the derive macro `::scale::Encode` defines the non-local `impl`, and may need to be changed
[INFO] [stderr]    = note: the derive macro `::scale::Encode` may come from an old version of the `parity_scale_codec_derive` crate, try updating your dependency with `cargo update -p parity_scale_codec_derive`
[INFO] [stderr]    = note: an `impl` is never scoped, even when it is nested inside an item, as it may impact type checking outside of that item, which can be the case if neither the trait or the self type are at the same nesting level as the `impl`
[INFO] [stderr]    = note: items in an anonymous const item (`const _: () = { ... }`) are treated as in the same scope as the anonymous const's declaration for the purpose of this lint
[INFO] [stderr]    = note: this warning originates in the derive macro `::scale::Encode` (in Nightly builds, run with -Z macro-backtrace for more info)
[INFO] [stderr] 
[INFO] [stderr] warning: non-local `impl` definition, `impl` blocks should be written at the same level as their item
[INFO] [stderr]   --> lib.rs:13:5
[INFO] [stderr]    |
[INFO] [stderr] 5  |   #[ink::contract]
[INFO] [stderr]    |   ---------------- `CallBuilder` is not local
[INFO] [stderr] ...
[INFO] [stderr] 13 |       pub struct Flipper {
[INFO] [stderr]    |  _____^
[INFO] [stderr] 14 | |         value: bool,
[INFO] [stderr] 15 | |     }
[INFO] [stderr]    | |     -
[INFO] [stderr]    | |     |
[INFO] [stderr]    | |_____`EncodeLike` is not local
[INFO] [stderr]    |       move the `impl` block outside of this constant `_` and up 2 bodies
[INFO] [stderr]    |
[INFO] [stderr]    = note: the derive macro `::scale::Encode` defines the non-local `impl`, and may need to be changed
[INFO] [stderr]    = note: the derive macro `::scale::Encode` may come from an old version of the `parity_scale_codec_derive` crate, try updating your dependency with `cargo update -p parity_scale_codec_derive`
[INFO] [stderr]    = note: an `impl` is never scoped, even when it is nested inside an item, as it may impact type checking outside of that item, which can be the case if neither the trait or the self type are at the same nesting level as the `impl`
[INFO] [stderr]    = note: items in an anonymous const item (`const _: () = { ... }`) are treated as in the same scope as the anonymous const's declaration for the purpose of this lint
[INFO] [stderr]    = note: this warning originates in the derive macro `::scale::Encode` (in Nightly builds, run with -Z macro-backtrace for more info)
[INFO] [stderr] 
[INFO] [stderr] warning: non-local `impl` definition, `impl` blocks should be written at the same level as their item
[INFO] [stderr]   --> lib.rs:13:5
[INFO] [stderr]    |
[INFO] [stderr] 5  |   #[ink::contract]
[INFO] [stderr]    |   ---------------- `CallBuilder` is not local
[INFO] [stderr] ...
[INFO] [stderr] 13 |       pub struct Flipper {
[INFO] [stderr]    |  _____^
[INFO] [stderr] 14 | |         value: bool,
[INFO] [stderr] 15 | |     }
[INFO] [stderr]    | |     -
[INFO] [stderr]    | |     |
[INFO] [stderr]    | |_____`Decode` is not local
[INFO] [stderr]    |       move the `impl` block outside of this constant `_` and up 2 bodies
[INFO] [stderr]    |
[INFO] [stderr]    = note: the derive macro `::scale::Decode` defines the non-local `impl`, and may need to be changed
[INFO] [stderr]    = note: the derive macro `::scale::Decode` may come from an old version of the `parity_scale_codec_derive` crate, try updating your dependency with `cargo update -p parity_scale_codec_derive`
[INFO] [stderr]    = note: an `impl` is never scoped, even when it is nested inside an item, as it may impact type checking outside of that item, which can be the case if neither the trait or the self type are at the same nesting level as the `impl`
[INFO] [stderr]    = note: items in an anonymous const item (`const _: () = { ... }`) are treated as in the same scope as the anonymous const's declaration for the purpose of this lint
[INFO] [stderr]    = note: this warning originates in the derive macro `::scale::Decode` (in Nightly builds, run with -Z macro-backtrace for more info)
[INFO] [stderr] 
[INFO] [stderr] warning: non-local `impl` definition, `impl` blocks should be written at the same level as their item
[INFO] [stderr]   --> lib.rs:13:5
[INFO] [stderr]    |
[INFO] [stderr] 5  |   #[ink::contract]
[INFO] [stderr]    |   ---------------- `CallBuilder` is not local
[INFO] [stderr] ...
[INFO] [stderr] 13 |       pub struct Flipper {
[INFO] [stderr]    |  _____^
[INFO] [stderr] 14 | |         value: bool,
[INFO] [stderr] 15 | |     }
[INFO] [stderr]    | |     -
[INFO] [stderr]    | |     |
[INFO] [stderr]    | |_____`TypeInfo` is not local
[INFO] [stderr]    |       move the `impl` block outside of this constant `_` and up 2 bodies
[INFO] [stderr]    |
[INFO] [stderr]    = note: the derive macro `::scale_info::TypeInfo` defines the non-local `impl`, and may need to be changed
[INFO] [stderr]    = note: the derive macro `::scale_info::TypeInfo` may come from an old version of the `scale_info_derive` crate, try updating your dependency with `cargo update -p scale_info_derive`
[INFO] [stderr]    = note: an `impl` is never scoped, even when it is nested inside an item, as it may impact type checking outside of that item, which can be the case if neither the trait or the self type are at the same nesting level as the `impl`
[INFO] [stderr]    = note: items in an anonymous const item (`const _: () = { ... }`) are treated as in the same scope as the anonymous const's declaration for the purpose of this lint
[INFO] [stderr]    = note: this warning originates in the derive macro `::scale_info::TypeInfo` (in Nightly builds, run with -Z macro-backtrace for more info)
[INFO] [stderr] 
[INFO] [stderr] warning: non-local `impl` definition, `impl` blocks should be written at the same level as their item
[INFO] [stderr]   --> lib.rs:13:5
[INFO] [stderr]    |
[INFO] [stderr] 5  |   #[ink::contract]
[INFO] [stderr]    |   ---------------- `CallBuilder` is not local
[INFO] [stderr] ...
[INFO] [stderr] 13 |       pub struct Flipper {
[INFO] [stderr]    |  _____^
[INFO] [stderr] 14 | |         value: bool,
[INFO] [stderr] 15 | |     }
[INFO] [stderr]    | |     -
[INFO] [stderr]    | |     |
[INFO] [stderr]    | |_____`StorageLayout` is not local
[INFO] [stderr]    |       move the `impl` block outside of this constant `_` and up 2 bodies
[INFO] [stderr]    |
[INFO] [stderr]    = note: the derive macro `::ink_storage::traits::StorageLayout` defines the non-local `impl`, and may need to be changed
[INFO] [stderr]    = note: the derive macro `::ink_storage::traits::StorageLayout` may come from an old version of the `ink_storage_derive` crate, try updating your dependency with `cargo update -p ink_storage_derive`
[INFO] [stderr]    = note: an `impl` is never scoped, even when it is nested inside an item, as it may impact type checking outside of that item, which can be the case if neither the trait or the self type are at the same nesting level as the `impl`
[INFO] [stderr]    = note: items in an anonymous const item (`const _: () = { ... }`) are treated as in the same scope as the anonymous const's declaration for the purpose of this lint
[INFO] [stderr]    = note: this warning originates in the derive macro `::ink_storage::traits::StorageLayout` (in Nightly builds, run with -Z macro-backtrace for more info)
[INFO] [stderr] 
[INFO] [stderr] warning: non-local `impl` definition, `impl` blocks should be written at the same level as their item
[INFO] [stderr]   --> lib.rs:13:5
[INFO] [stderr]    |
[INFO] [stderr] 13 |       pub struct Flipper {
[INFO] [stderr]    |       -^^^^^^^^^^-------
[INFO] [stderr]    |       |          |
[INFO] [stderr]    |  _____|          `Flipper` is not local
[INFO] [stderr]    | |
[INFO] [stderr] 14 | |         value: bool,
[INFO] [stderr] 15 | |     }
[INFO] [stderr]    | |     -
[INFO] [stderr]    | |     |
[INFO] [stderr]    | |_____`ContractCallBuilder` is not local
[INFO] [stderr]    |       move the `impl` block outside of this constant `_` and up 2 bodies
[INFO] [stderr]    |
[INFO] [stderr]    = note: an `impl` is never scoped, even when it is nested inside an item, as it may impact type checking outside of that item, which can be the case if neither the trait or the self type are at the same nesting level as the `impl`
[INFO] [stderr]    = note: items in an anonymous const item (`const _: () = { ... }`) are treated as in the same scope as the anonymous const's declaration for the purpose of this lint
[INFO] [stderr] 
[INFO] [stderr] warning: non-local `impl` definition, `impl` blocks should be written at the same level as their item
[INFO] [stderr]   --> lib.rs:5:1
[INFO] [stderr]    |
[INFO] [stderr] 5  |   #[ink::contract]
[INFO] [stderr]    |   ^^^^^^^^^^^^^^^^ `CallBuilder` is not local
[INFO] [stderr] ...
[INFO] [stderr] 13 | /     pub struct Flipper {
[INFO] [stderr] 14 | |         value: bool,
[INFO] [stderr] 15 | |     }
[INFO] [stderr]    | |     -
[INFO] [stderr]    | |     |
[INFO] [stderr]    | |_____`ContractEnv` is not local
[INFO] [stderr]    |       move the `impl` block outside of this constant `_` and up 2 bodies
[INFO] [stderr]    |
[INFO] [stderr]    = note: an `impl` is never scoped, even when it is nested inside an item, as it may impact type checking outside of that item, which can be the case if neither the trait or the self type are at the same nesting level as the `impl`
[INFO] [stderr]    = note: items in an anonymous const item (`const _: () = { ... }`) are treated as in the same scope as the anonymous const's declaration for the purpose of this lint
[INFO] [stderr]    = note: this warning originates in the attribute macro `ink::contract` (in Nightly builds, run with -Z macro-backtrace for more info)
[INFO] [stderr] 
[INFO] [stderr] warning: `flipper` (lib test) generated 10 warnings
[INFO] [stderr]     Finished `test` profile [unoptimized + debuginfo] target(s) in 0.09s
[INFO] [stderr] warning: the following packages contain code that will be rejected by a future version of Rust: criterion v0.3.5
[INFO] [stderr] note: to see what the problems were, use the option `--future-incompat-report`, or run `cargo report future-incompatibilities --id 1`
[INFO] [stderr]      Running unittests lib.rs (/opt/rustwide/target/debug/deps/flipper-2f84128641a5d322)
[INFO] [stdout] 
[INFO] [stdout] running 2 tests
[INFO] [stdout] test flipper::tests::default_works ... ok
[INFO] [stdout] test flipper::tests::it_works ... FAILED
[INFO] [stdout] 
[INFO] [stdout] failures:
[INFO] [stdout] 
[INFO] [stdout] ---- flipper::tests::it_works stdout ----
[INFO] [stdout] [lib.rs:66:13] &emitted_events = [
[INFO] [stdout]     EmittedEvent {
[INFO] [stdout]         topics: [
[INFO] [stdout]             TypedEncoded {
[INFO] [stdout]                 encoded: [
[INFO] [stdout]                     0,
[INFO] [stdout]                     70,
[INFO] [stdout]                     108,
[INFO] [stdout]                     105,
[INFO] [stdout]                     112,
[INFO] [stdout]                     112,
[INFO] [stdout]                     101,
[INFO] [stdout]                     114,
[INFO] [stdout]                     58,
[INFO] [stdout]                     58,
[INFO] [stdout]                     70,
[INFO] [stdout]                     108,
[INFO] [stdout]                     105,
[INFO] [stdout]                     112,
[INFO] [stdout]                     0,
[INFO] [stdout]                     0,
[INFO] [stdout]                     0,
[INFO] [stdout]                     0,
[INFO] [stdout]                     0,
[INFO] [stdout]                     0,
[INFO] [stdout]                     0,
[INFO] [stdout]                     0,
[INFO] [stdout]                     0,
[INFO] [stdout]                     0,
[INFO] [stdout]                     0,
[INFO] [stdout]                     0,
[INFO] [stdout]                     0,
[INFO] [stdout]                     0,
[INFO] [stdout]                     0,
[INFO] [stdout]                     0,
[INFO] [stdout]                     0,
[INFO] [stdout]                     0,
[INFO] [stdout]                 ],
[INFO] [stdout]                 type_id: Some(
[INFO] [stdout]                     TypeId(0x9b45879bd876d9341d1ef4c82ee0a52f),
[INFO] [stdout]                 ),
[INFO] [stdout]                 marker: PhantomData<fn() -> ink_env::engine::off_chain::types::type_marker::Hash>,
[INFO] [stdout]             },
[INFO] [stdout]         ],
[INFO] [stdout]         data: [
[INFO] [stdout]             0,
[INFO] [stdout]             1,
[INFO] [stdout]         ],
[INFO] [stdout]     },
[INFO] [stdout] ]
[INFO] [stdout] [EmittedEvent { topics: [TypedEncoded { encoded: [0, 70, 108, 105, 112, 112, 101, 114, 58, 58, 70, 108, 105, 112, 0, 0, 0, 0, 0, 0, 0, 0, 0, 0, 0, 0, 0, 0, 0, 0, 0, 0], type_id: Some(TypeId(0x9b45879bd876d9341d1ef4c82ee0a52f)), marker: PhantomData<fn() -> ink_env::engine::off_chain::types::type_marker::Hash> }], data: [0, 1] }]
[INFO] [stdout] thread 'flipper::tests::it_works' panicked at lib.rs:70:13:
[INFO] [stdout] explicit panic
[INFO] [stdout] stack backtrace:
[INFO] [stdout]    0:     0x644a6e663e3a - std::backtrace_rs::backtrace::libunwind::trace::h207520d6e9873551
[INFO] [stdout]                                at /rustc/df4ca44d3fbc9301ee17f30f4d474e6ae4b05252/library/std/src/../../backtrace/src/backtrace/libunwind.rs:116:5
[INFO] [stdout]    1:     0x644a6e663e3a - std::backtrace_rs::backtrace::trace_unsynchronized::h2ed7433f370e3eca
[INFO] [stdout]                                at /rustc/df4ca44d3fbc9301ee17f30f4d474e6ae4b05252/library/std/src/../../backtrace/src/backtrace/mod.rs:66:5
[INFO] [stdout]    2:     0x644a6e663e3a - std::sys::backtrace::_print_fmt::h916fac51166b18d7
[INFO] [stdout]                                at /rustc/df4ca44d3fbc9301ee17f30f4d474e6ae4b05252/library/std/src/sys/backtrace.rs:66:9
[INFO] [stdout]    3:     0x644a6e663e3a - <std::sys::backtrace::BacktraceLock::print::DisplayBacktrace as core::fmt::Display>::fmt::ha0a4c9b8ce3802e6
[INFO] [stdout]                                at /rustc/df4ca44d3fbc9301ee17f30f4d474e6ae4b05252/library/std/src/sys/backtrace.rs:39:26
[INFO] [stdout]    4:     0x644a6e68a9d3 - core::fmt::rt::Argument::fmt::h4cfc8587d52b3eb5
[INFO] [stdout]                                at /rustc/df4ca44d3fbc9301ee17f30f4d474e6ae4b05252/library/core/src/fmt/rt.rs:177:76
[INFO] [stdout]    5:     0x644a6e68a9d3 - core::fmt::write::h522cc39e5b36ae9f
[INFO] [stdout]                                at /rustc/df4ca44d3fbc9301ee17f30f4d474e6ae4b05252/library/core/src/fmt/mod.rs:1190:21
[INFO] [stdout]    6:     0x644a6e660aa3 - std::io::Write::write_fmt::h7d3c26752da97734
[INFO] [stdout]                                at /rustc/df4ca44d3fbc9301ee17f30f4d474e6ae4b05252/library/std/src/io/mod.rs:1839:15
[INFO] [stdout]    7:     0x644a6e663c82 - std::sys::backtrace::BacktraceLock::print::h4b9e00b29e9c0942
[INFO] [stdout]                                at /rustc/df4ca44d3fbc9301ee17f30f4d474e6ae4b05252/library/std/src/sys/backtrace.rs:42:9
[INFO] [stdout]    8:     0x644a6e6652ca - std::panicking::default_hook::{{closure}}::hb59b88280d0324d9
[INFO] [stdout]                                at /rustc/df4ca44d3fbc9301ee17f30f4d474e6ae4b05252/library/std/src/panicking.rs:268:22
[INFO] [stdout]    9:     0x644a6e6650d4 - std::panicking::default_hook::he1dd496665be4a29
[INFO] [stdout]                                at /rustc/df4ca44d3fbc9301ee17f30f4d474e6ae4b05252/library/std/src/panicking.rs:292:9
[INFO] [stdout]   10:     0x644a6e5ad019 - <alloc::boxed::Box<F,A> as core::ops::function::Fn<Args>>::call::h4ff71de18744e1dc
[INFO] [stdout]                                at /rustc/df4ca44d3fbc9301ee17f30f4d474e6ae4b05252/library/alloc/src/boxed.rs:2468:9
[INFO] [stdout]   11:     0x644a6e5ad019 - test::test_main::{{closure}}::hcf7c055ce117aa81
[INFO] [stdout]                                at /rustc/df4ca44d3fbc9301ee17f30f4d474e6ae4b05252/library/test/src/lib.rs:133:21
[INFO] [stdout]   12:     0x644a6e6659c8 - <alloc::boxed::Box<F,A> as core::ops::function::Fn<Args>>::call::h1d66c6bbd60c9692
[INFO] [stdout]                                at /rustc/df4ca44d3fbc9301ee17f30f4d474e6ae4b05252/library/alloc/src/boxed.rs:2468:9
[INFO] [stdout]   13:     0x644a6e6659c8 - std::panicking::rust_panic_with_hook::h2ff17fe8f26dfcf8
[INFO] [stdout]                                at /rustc/df4ca44d3fbc9301ee17f30f4d474e6ae4b05252/library/std/src/panicking.rs:809:13
[INFO] [stdout]   14:     0x644a6e66578a - std::panicking::begin_panic_handler::{{closure}}::h4fad77951c07e101
[INFO] [stdout]                                at /rustc/df4ca44d3fbc9301ee17f30f4d474e6ae4b05252/library/std/src/panicking.rs:674:13
[INFO] [stdout]   15:     0x644a6e664319 - std::sys::backtrace::__rust_end_short_backtrace::hb1a25b3da5d0ea08
[INFO] [stdout]                                at /rustc/df4ca44d3fbc9301ee17f30f4d474e6ae4b05252/library/std/src/sys/backtrace.rs:170:18
[INFO] [stdout]   16:     0x644a6e66541c - rust_begin_unwind
[INFO] [stdout]                                at /rustc/df4ca44d3fbc9301ee17f30f4d474e6ae4b05252/library/std/src/panicking.rs:665:5
[INFO] [stdout]   17:     0x644a6e689370 - core::panicking::panic_fmt::ha9db07b529f9b256
[INFO] [stdout]                                at /rustc/df4ca44d3fbc9301ee17f30f4d474e6ae4b05252/library/core/src/panicking.rs:75:14
[INFO] [stdout]   18:     0x644a6e6894f6 - core::panicking::panic_display::h974ff3dec7c08c85
[INFO] [stdout]                                at /rustc/df4ca44d3fbc9301ee17f30f4d474e6ae4b05252/library/core/src/panicking.rs:273:5
[INFO] [stdout]   19:     0x644a6e6894f6 - core::panicking::panic_explicit::h6aa16c11b02f76d9
[INFO] [stdout]                                at /rustc/df4ca44d3fbc9301ee17f30f4d474e6ae4b05252/library/core/src/panicking.rs:244:5
[INFO] [stdout]   20:     0x644a6e56997a - flipper::flipper::tests::it_works::{{closure}}::panic_cold_explicit::h8901daff3564c4bc
[INFO] [stdout]                                at /rustc/df4ca44d3fbc9301ee17f30f4d474e6ae4b05252/library/core/src/panic.rs:88:13
[INFO] [stdout]   21:     0x644a6e569877 - flipper::flipper::tests::it_works::{{closure}}::h2c61fc464ec531d0
[INFO] [stdout]                                at /opt/rustwide/workdir/lib.rs:70:13
[INFO] [stdout]   22:     0x644a6e569013 - ink_env::engine::off_chain::test_api::run_test::ha742b8396fa1828f
[INFO] [stdout]                                at /opt/rustwide/cargo-home/git/checkouts/ink-1add513eda8f5a89/903abeb/crates/env/src/engine/off_chain/test_api.rs:285:5
[INFO] [stdout]   23:     0x644a6e5692de - flipper::flipper::tests::it_works::hf5225a6e27da4366
[INFO] [stdout]                                at /opt/rustwide/workdir/lib.rs:56:9
[INFO] [stdout]   24:     0x644a6e5692b7 - flipper::flipper::tests::it_works::{{closure}}::h98087af7d9432563
[INFO] [stdout]                                at /opt/rustwide/workdir/lib.rs:56:21
[INFO] [stdout]   25:     0x644a6e5658a6 - core::ops::function::FnOnce::call_once::hf363089558f7d860
[INFO] [stdout]                                at /rustc/df4ca44d3fbc9301ee17f30f4d474e6ae4b05252/library/core/src/ops/function.rs:250:5
[INFO] [stdout]   26:     0x644a6e5b18eb - core::ops::function::FnOnce::call_once::h22c3ba5715e93f05
[INFO] [stdout]                                at /rustc/df4ca44d3fbc9301ee17f30f4d474e6ae4b05252/library/core/src/ops/function.rs:250:5
[INFO] [stdout]   27:     0x644a6e5b18eb - test::__rust_begin_short_backtrace::h8e82d8113d0da17f
[INFO] [stdout]                                at /rustc/df4ca44d3fbc9301ee17f30f4d474e6ae4b05252/library/test/src/lib.rs:621:18
[INFO] [stdout]   28:     0x644a6e5b1267 - test::run_test_in_process::{{closure}}::h33235f4f20b7b7c7
[INFO] [stdout]                                at /rustc/df4ca44d3fbc9301ee17f30f4d474e6ae4b05252/library/test/src/lib.rs:644:60
[INFO] [stdout]   29:     0x644a6e5b1267 - <core::panic::unwind_safe::AssertUnwindSafe<F> as core::ops::function::FnOnce<()>>::call_once::hb5043206310c586f
[INFO] [stdout]                                at /rustc/df4ca44d3fbc9301ee17f30f4d474e6ae4b05252/library/core/src/panic/unwind_safe.rs:272:9
[INFO] [stdout]   30:     0x644a6e5b1267 - std::panicking::try::do_call::h9ad4731a60ab23e2
[INFO] [stdout]                                at /rustc/df4ca44d3fbc9301ee17f30f4d474e6ae4b05252/library/std/src/panicking.rs:557:40
[INFO] [stdout]   31:     0x644a6e5b1267 - std::panicking::try::h3824d23db772a716
[INFO] [stdout]                                at /rustc/df4ca44d3fbc9301ee17f30f4d474e6ae4b05252/library/std/src/panicking.rs:520:19
[INFO] [stdout]   32:     0x644a6e5b1267 - std::panic::catch_unwind::h5afd514605fde46b
[INFO] [stdout]                                at /rustc/df4ca44d3fbc9301ee17f30f4d474e6ae4b05252/library/std/src/panic.rs:358:14
[INFO] [stdout]   33:     0x644a6e5b1267 - test::run_test_in_process::h0d5cbfa7067d1720
[INFO] [stdout]                                at /rustc/df4ca44d3fbc9301ee17f30f4d474e6ae4b05252/library/test/src/lib.rs:644:27
[INFO] [stdout]   34:     0x644a6e5b1267 - test::run_test::{{closure}}::h708eb8872708115d
[INFO] [stdout]                                at /rustc/df4ca44d3fbc9301ee17f30f4d474e6ae4b05252/library/test/src/lib.rs:565:43
[INFO] [stdout]   35:     0x644a6e574984 - test::run_test::{{closure}}::h392c51cee94713ab
[INFO] [stdout]                                at /rustc/df4ca44d3fbc9301ee17f30f4d474e6ae4b05252/library/test/src/lib.rs:595:41
[INFO] [stdout]   36:     0x644a6e574984 - std::sys::backtrace::__rust_begin_short_backtrace::h2f40290710935a8b
[INFO] [stdout]                                at /rustc/df4ca44d3fbc9301ee17f30f4d474e6ae4b05252/library/std/src/sys/backtrace.rs:154:18
[INFO] [stdout]   37:     0x644a6e57812e - std::thread::Builder::spawn_unchecked_::{{closure}}::{{closure}}::h3fd968d89053a903
[INFO] [stdout]                                at /rustc/df4ca44d3fbc9301ee17f30f4d474e6ae4b05252/library/std/src/thread/mod.rs:541:17
[INFO] [stdout]   38:     0x644a6e57812e - <core::panic::unwind_safe::AssertUnwindSafe<F> as core::ops::function::FnOnce<()>>::call_once::h743f637ba4229880
[INFO] [stdout]                                at /rustc/df4ca44d3fbc9301ee17f30f4d474e6ae4b05252/library/core/src/panic/unwind_safe.rs:272:9
[INFO] [stdout]   39:     0x644a6e57812e - std::panicking::try::do_call::h07440897322525a6
[INFO] [stdout]                                at /rustc/df4ca44d3fbc9301ee17f30f4d474e6ae4b05252/library/std/src/panicking.rs:557:40
[INFO] [stdout]   40:     0x644a6e57812e - std::panicking::try::he5a2e00188156637
[INFO] [stdout]                                at /rustc/df4ca44d3fbc9301ee17f30f4d474e6ae4b05252/library/std/src/panicking.rs:520:19
[INFO] [stdout]   41:     0x644a6e57812e - std::panic::catch_unwind::hbaf3cae49b3c6433
[INFO] [stdout]                                at /rustc/df4ca44d3fbc9301ee17f30f4d474e6ae4b05252/library/std/src/panic.rs:358:14
[INFO] [stdout]   42:     0x644a6e57812e - std::thread::Builder::spawn_unchecked_::{{closure}}::h8e141ea224820bce
[INFO] [stdout]                                at /rustc/df4ca44d3fbc9301ee17f30f4d474e6ae4b05252/library/std/src/thread/mod.rs:540:30
[INFO] [stdout]   43:     0x644a6e57812e - core::ops::function::FnOnce::call_once{{vtable.shim}}::h90d312fedd7b8ea8
[INFO] [stdout]                                at /rustc/df4ca44d3fbc9301ee17f30f4d474e6ae4b05252/library/core/src/ops/function.rs:250:5
[INFO] [stdout]   44:     0x644a6e6697bb - <alloc::boxed::Box<F,A> as core::ops::function::FnOnce<Args>>::call_once::h69aa08ddb6adb8b6
[INFO] [stdout]                                at /rustc/df4ca44d3fbc9301ee17f30f4d474e6ae4b05252/library/alloc/src/boxed.rs:2454:9
[INFO] [stdout]   45:     0x644a6e6697bb - <alloc::boxed::Box<F,A> as core::ops::function::FnOnce<Args>>::call_once::h5aa36efdb79c806f
[INFO] [stdout]                                at /rustc/df4ca44d3fbc9301ee17f30f4d474e6ae4b05252/library/alloc/src/boxed.rs:2454:9
[INFO] [stdout]   46:     0x644a6e6697bb - std::sys::pal::unix::thread::Thread::new::thread_start::h6cd80a1b4be5158d
[INFO] [stdout]                                at /rustc/df4ca44d3fbc9301ee17f30f4d474e6ae4b05252/library/std/src/sys/pal/unix/thread.rs:105:17
[INFO] [stdout]   47:     0x78918d369ac3 - <unknown>
[INFO] [stdout]   48:     0x78918d3faa04 - clone
[INFO] [stdout]   49:                0x0 - <unknown>
[INFO] [stdout] 
[INFO] [stdout] 
[INFO] [stdout] failures:
[INFO] [stdout]     flipper::tests::it_works
[INFO] [stdout] 
[INFO] [stdout] test result: FAILED. 1 passed; 1 failed; 0 ignored; 0 measured; 0 filtered out; finished in 0.02s
[INFO] [stdout] 
[INFO] [stderr] error: test failed, to rerun pass `--lib`
[INFO] running `Command { std: "docker" "inspect" "c187627828963cbcae0cf97142e5a8204da3d32c3626f173248575cc12b3ad9a", kill_on_drop: false }`
[INFO] running `Command { std: "docker" "rm" "-f" "c187627828963cbcae0cf97142e5a8204da3d32c3626f173248575cc12b3ad9a", kill_on_drop: false }`
[INFO] [stdout] c187627828963cbcae0cf97142e5a8204da3d32c3626f173248575cc12b3ad9a
