[INFO] cloning repository https://github.com/flmng0/soy
[INFO] running `Command { std: "git" "-c" "credential.helper=" "-c" "credential.helper=/workspace/cargo-home/bin/git-credential-null" "clone" "--bare" "https://github.com/flmng0/soy" "/workspace/cache/git-repos/https%3A%2F%2Fgithub.com%2Fflmng0%2Fsoy", kill_on_drop: false }`
[INFO] [stderr] Cloning into bare repository '/workspace/cache/git-repos/https%3A%2F%2Fgithub.com%2Fflmng0%2Fsoy'...
[INFO] running `Command { std: "git" "rev-parse" "HEAD", kill_on_drop: false }`
[INFO] [stdout] eb66fe05912a8357f351eb6bf346e837f460f931
[INFO] testing flmng0/soy/eb66fe05912a8357f351eb6bf346e837f460f931 against nightly-2024-10-28+rustflags=-Zrandomize-layout for randomize-layout
[INFO] running `Command { std: "git" "clone" "/workspace/cache/git-repos/https%3A%2F%2Fgithub.com%2Fflmng0%2Fsoy" "/workspace/builds/worker-6-tc2/source", kill_on_drop: false }`
[INFO] [stderr] Cloning into '/workspace/builds/worker-6-tc2/source'...
[INFO] [stderr] done.
[INFO] validating manifest of git repo https://github.com/flmng0/soy on toolchain nightly-2024-10-28
[INFO] running `Command { std: CARGO_HOME="/workspace/cargo-home" RUSTUP_HOME="/workspace/rustup-home" "/workspace/cargo-home/bin/cargo" "+nightly-2024-10-28" "metadata" "--manifest-path" "Cargo.toml" "--no-deps", kill_on_drop: false }`
[INFO] started tweaking git repo https://github.com/flmng0/soy
[INFO] finished tweaking git repo https://github.com/flmng0/soy
[INFO] tweaked toml for git repo https://github.com/flmng0/soy written to /workspace/builds/worker-6-tc2/source/Cargo.toml
[INFO] crate git repo https://github.com/flmng0/soy already has a lockfile, it will not be regenerated
[INFO] running `Command { std: CARGO_HOME="/workspace/cargo-home" RUSTUP_HOME="/workspace/rustup-home" "/workspace/cargo-home/bin/cargo" "+nightly-2024-10-28" "fetch" "--manifest-path" "Cargo.toml", kill_on_drop: false }`
[INFO] running `Command { std: "docker" "create" "-v" "/var/lib/crater-agent-workspace/builds/worker-6-tc2/target:/opt/rustwide/target:rw,Z" "-v" "/var/lib/crater-agent-workspace/builds/worker-6-tc2/source:/opt/rustwide/workdir:ro,Z" "-v" "/var/lib/crater-agent-workspace/cargo-home:/opt/rustwide/cargo-home:ro,Z" "-v" "/var/lib/crater-agent-workspace/rustup-home:/opt/rustwide/rustup-home:ro,Z" "-e" "SOURCE_DIR=/opt/rustwide/workdir" "-e" "CARGO_TARGET_DIR=/opt/rustwide/target" "-e" "CARGO_HOME=/opt/rustwide/cargo-home" "-e" "RUSTUP_HOME=/opt/rustwide/rustup-home" "-w" "/opt/rustwide/workdir" "-m" "1610612736" "--user" "0:0" "--network" "none" "ghcr.io/rust-lang/crates-build-env/linux@sha256:4a844ea9eb2546a2d2c7022eacef16ef2e8229c7fbb2c7d4d55a9ceca922f72d" "/opt/rustwide/cargo-home/bin/cargo" "+nightly-2024-10-28" "metadata" "--no-deps" "--format-version=1", kill_on_drop: false }`
[INFO] [stdout] 36e34c8c8e76bb6c7e9f6e4914ae8a3dda3c90c9a9d21582c74b3cb2def917d3
[INFO] running `Command { std: "docker" "start" "-a" "36e34c8c8e76bb6c7e9f6e4914ae8a3dda3c90c9a9d21582c74b3cb2def917d3", kill_on_drop: false }`
[INFO] running `Command { std: "docker" "inspect" "36e34c8c8e76bb6c7e9f6e4914ae8a3dda3c90c9a9d21582c74b3cb2def917d3", kill_on_drop: false }`
[INFO] running `Command { std: "docker" "rm" "-f" "36e34c8c8e76bb6c7e9f6e4914ae8a3dda3c90c9a9d21582c74b3cb2def917d3", kill_on_drop: false }`
[INFO] [stdout] 36e34c8c8e76bb6c7e9f6e4914ae8a3dda3c90c9a9d21582c74b3cb2def917d3
[INFO] running `Command { std: "docker" "create" "-v" "/var/lib/crater-agent-workspace/builds/worker-6-tc2/target:/opt/rustwide/target:rw,Z" "-v" "/var/lib/crater-agent-workspace/builds/worker-6-tc2/source:/opt/rustwide/workdir:ro,Z" "-v" "/var/lib/crater-agent-workspace/cargo-home:/opt/rustwide/cargo-home:ro,Z" "-v" "/var/lib/crater-agent-workspace/rustup-home:/opt/rustwide/rustup-home:ro,Z" "-e" "SOURCE_DIR=/opt/rustwide/workdir" "-e" "CARGO_TARGET_DIR=/opt/rustwide/target" "-e" "CARGO_INCREMENTAL=0" "-e" "RUST_BACKTRACE=full" "-e" "RUSTFLAGS=--cap-lints=forbid -Zrandomize-layout" "-e" "RUSTDOCFLAGS=--cap-lints=forbid" "-e" "CARGO_HOME=/opt/rustwide/cargo-home" "-e" "RUSTUP_HOME=/opt/rustwide/rustup-home" "-w" "/opt/rustwide/workdir" "-m" "1610612736" "--user" "0:0" "--network" "none" "ghcr.io/rust-lang/crates-build-env/linux@sha256:4a844ea9eb2546a2d2c7022eacef16ef2e8229c7fbb2c7d4d55a9ceca922f72d" "/opt/rustwide/cargo-home/bin/cargo" "+nightly-2024-10-28" "build" "--frozen" "--message-format=json", kill_on_drop: false }`
[INFO] [stdout] bd5620cdb4d788cf73ddea610cf7cbe2822b24e46145d13cc32fa443a71d7a1d
[INFO] running `Command { std: "docker" "start" "-a" "bd5620cdb4d788cf73ddea610cf7cbe2822b24e46145d13cc32fa443a71d7a1d", kill_on_drop: false }`
[INFO] [stderr]    Compiling soy v0.2.0 (/opt/rustwide/workdir)
[INFO] [stderr]     Finished `dev` profile [unoptimized + debuginfo] target(s) in 0.07s
[INFO] running `Command { std: "docker" "inspect" "bd5620cdb4d788cf73ddea610cf7cbe2822b24e46145d13cc32fa443a71d7a1d", kill_on_drop: false }`
[INFO] running `Command { std: "docker" "rm" "-f" "bd5620cdb4d788cf73ddea610cf7cbe2822b24e46145d13cc32fa443a71d7a1d", kill_on_drop: false }`
[INFO] [stdout] bd5620cdb4d788cf73ddea610cf7cbe2822b24e46145d13cc32fa443a71d7a1d
[INFO] running `Command { std: "docker" "create" "-v" "/var/lib/crater-agent-workspace/builds/worker-6-tc2/target:/opt/rustwide/target:rw,Z" "-v" "/var/lib/crater-agent-workspace/builds/worker-6-tc2/source:/opt/rustwide/workdir:ro,Z" "-v" "/var/lib/crater-agent-workspace/cargo-home:/opt/rustwide/cargo-home:ro,Z" "-v" "/var/lib/crater-agent-workspace/rustup-home:/opt/rustwide/rustup-home:ro,Z" "-e" "SOURCE_DIR=/opt/rustwide/workdir" "-e" "CARGO_TARGET_DIR=/opt/rustwide/target" "-e" "CARGO_INCREMENTAL=0" "-e" "RUST_BACKTRACE=full" "-e" "RUSTFLAGS=--cap-lints=forbid -Zrandomize-layout" "-e" "RUSTDOCFLAGS=--cap-lints=forbid" "-e" "CARGO_HOME=/opt/rustwide/cargo-home" "-e" "RUSTUP_HOME=/opt/rustwide/rustup-home" "-w" "/opt/rustwide/workdir" "-m" "1610612736" "--user" "0:0" "--network" "none" "ghcr.io/rust-lang/crates-build-env/linux@sha256:4a844ea9eb2546a2d2c7022eacef16ef2e8229c7fbb2c7d4d55a9ceca922f72d" "/opt/rustwide/cargo-home/bin/cargo" "+nightly-2024-10-28" "test" "--frozen" "--no-run" "--message-format=json", kill_on_drop: false }`
[INFO] [stdout] b71af4095d86f858342a667473a7d9a8033ae1ea0c64dd11e6e4da3615bd4deb
[INFO] running `Command { std: "docker" "start" "-a" "b71af4095d86f858342a667473a7d9a8033ae1ea0c64dd11e6e4da3615bd4deb", kill_on_drop: false }`
[INFO] [stderr]    Compiling soy v0.2.0 (/opt/rustwide/workdir)
[INFO] [stderr]     Finished `test` profile [unoptimized + debuginfo] target(s) in 0.07s
[INFO] running `Command { std: "docker" "inspect" "b71af4095d86f858342a667473a7d9a8033ae1ea0c64dd11e6e4da3615bd4deb", kill_on_drop: false }`
[INFO] running `Command { std: "docker" "rm" "-f" "b71af4095d86f858342a667473a7d9a8033ae1ea0c64dd11e6e4da3615bd4deb", kill_on_drop: false }`
[INFO] [stdout] b71af4095d86f858342a667473a7d9a8033ae1ea0c64dd11e6e4da3615bd4deb
[INFO] running `Command { std: "docker" "create" "-v" "/var/lib/crater-agent-workspace/builds/worker-6-tc2/target:/opt/rustwide/target:rw,Z" "-v" "/var/lib/crater-agent-workspace/builds/worker-6-tc2/source:/opt/rustwide/workdir:ro,Z" "-v" "/var/lib/crater-agent-workspace/cargo-home:/opt/rustwide/cargo-home:ro,Z" "-v" "/var/lib/crater-agent-workspace/rustup-home:/opt/rustwide/rustup-home:ro,Z" "-e" "SOURCE_DIR=/opt/rustwide/workdir" "-e" "CARGO_TARGET_DIR=/opt/rustwide/target" "-e" "CARGO_INCREMENTAL=0" "-e" "RUST_BACKTRACE=full" "-e" "RUSTFLAGS=--cap-lints=forbid -Zrandomize-layout" "-e" "RUSTDOCFLAGS=--cap-lints=forbid" "-e" "CARGO_HOME=/opt/rustwide/cargo-home" "-e" "RUSTUP_HOME=/opt/rustwide/rustup-home" "-w" "/opt/rustwide/workdir" "-m" "1610612736" "--user" "0:0" "--network" "none" "ghcr.io/rust-lang/crates-build-env/linux@sha256:4a844ea9eb2546a2d2c7022eacef16ef2e8229c7fbb2c7d4d55a9ceca922f72d" "/opt/rustwide/cargo-home/bin/cargo" "+nightly-2024-10-28" "test" "--frozen", kill_on_drop: false }`
[INFO] [stdout] dd1f7cb803bdf1939af185c00a4b3d177dcfd415e7e484c31ff6aaa07a6b662f
[INFO] running `Command { std: "docker" "start" "-a" "dd1f7cb803bdf1939af185c00a4b3d177dcfd415e7e484c31ff6aaa07a6b662f", kill_on_drop: false }`
[INFO] [stderr]     Finished `test` profile [unoptimized + debuginfo] target(s) in 0.00s
[INFO] [stderr]      Running unittests src/lib.rs (/opt/rustwide/target/debug/deps/soy-98d71b500bf96e90)
[INFO] [stdout] 
[INFO] [stdout] running 0 tests
[INFO] [stdout] 
[INFO] [stdout] test result: ok. 0 passed; 0 failed; 0 ignored; 0 measured; 0 filtered out; finished in 0.00s
[INFO] [stdout] 
[INFO] [stderr]    Doc-tests soy
[INFO] [stdout] 
[INFO] [stdout] running 4 tests
[INFO] [stdout] test src/lib.rs - (line 11) ... FAILED
[INFO] [stdout] test src/bezier.rs - bezier::Bezier::new (line 33) ... ok
[INFO] [stdout] test src/bezier.rs - bezier::cubic_bezier (line 6) ... ok
[INFO] [stdout] test src/lib.rs - lerp (line 41) ... ok
[INFO] [stdout] 
[INFO] [stdout] failures:
[INFO] [stdout] 
[INFO] [stdout] ---- src/lib.rs - (line 11) stdout ----
[INFO] [stdout] error: expected type, found `{`
[INFO] [stdout]   --> src/lib.rs:16:36
[INFO] [stdout]    |
[INFO] [stdout] 7  | impl soy::Lerper for Linear {
[INFO] [stdout]    |                             - while parsing this item list starting here
[INFO] [stdout] 8  |     fn calculate(&self, t: f32) -> {
[INFO] [stdout]    |                                    ^ expected type
[INFO] [stdout] ...
[INFO] [stdout] 11 | }
[INFO] [stdout]    | - the item list ends here
[INFO] [stdout] 
[INFO] [stdout] error[E0046]: not all trait items implemented, missing: `calculate`
[INFO] [stdout]  --> src/lib.rs:15:1
[INFO] [stdout]   |
[INFO] [stdout] 7 | impl soy::Lerper for Linear {
[INFO] [stdout]   | ^^^^^^^^^^^^^^^^^^^^^^^^^^^ missing `calculate` in implementation
[INFO] [stdout]   |
[INFO] [stdout]   = help: implement the missing item: `fn calculate(&self, _: f32) -> f32 { todo!() }`
[INFO] [stdout] 
[INFO] [stdout] error: aborting due to 2 previous errors
[INFO] [stdout] 
[INFO] [stdout] For more information about this error, try `rustc --explain E0046`.
[INFO] [stdout] Couldn't compile the test.
[INFO] [stdout] 
[INFO] [stdout] failures:
[INFO] [stdout]     src/lib.rs - (line 11)
[INFO] [stdout] 
[INFO] [stdout] test result: FAILED. 3 passed; 1 failed; 0 ignored; 0 measured; 0 filtered out; finished in 0.07s
[INFO] [stdout] 
[INFO] [stderr] error: doctest failed, to rerun pass `--doc`
[INFO] running `Command { std: "docker" "inspect" "dd1f7cb803bdf1939af185c00a4b3d177dcfd415e7e484c31ff6aaa07a6b662f", kill_on_drop: false }`
[INFO] running `Command { std: "docker" "rm" "-f" "dd1f7cb803bdf1939af185c00a4b3d177dcfd415e7e484c31ff6aaa07a6b662f", kill_on_drop: false }`
[INFO] [stdout] dd1f7cb803bdf1939af185c00a4b3d177dcfd415e7e484c31ff6aaa07a6b662f
