[INFO] cloning repository https://github.com/flakelolz/neuch
[INFO] running `Command { std: "git" "-c" "credential.helper=" "-c" "credential.helper=/workspace/cargo-home/bin/git-credential-null" "clone" "--bare" "https://github.com/flakelolz/neuch" "/workspace/cache/git-repos/https%3A%2F%2Fgithub.com%2Fflakelolz%2Fneuch", kill_on_drop: false }`
[INFO] [stderr] Cloning into bare repository '/workspace/cache/git-repos/https%3A%2F%2Fgithub.com%2Fflakelolz%2Fneuch'...
[INFO] running `Command { std: "git" "rev-parse" "HEAD", kill_on_drop: false }`
[INFO] [stdout] 91e08b4fa89bddfd7e51169425ceb4c0cfb72399
[INFO] testing flakelolz/neuch/91e08b4fa89bddfd7e51169425ceb4c0cfb72399 against nightly-2024-10-28 for randomize-layout
[INFO] running `Command { std: "git" "clone" "/workspace/cache/git-repos/https%3A%2F%2Fgithub.com%2Fflakelolz%2Fneuch" "/workspace/builds/worker-3-tc1/source", kill_on_drop: false }`
[INFO] [stderr] Cloning into '/workspace/builds/worker-3-tc1/source'...
[INFO] [stderr] done.
[INFO] validating manifest of git repo https://github.com/flakelolz/neuch on toolchain nightly-2024-10-28
[INFO] running `Command { std: CARGO_HOME="/workspace/cargo-home" RUSTUP_HOME="/workspace/rustup-home" "/workspace/cargo-home/bin/cargo" "+nightly-2024-10-28" "metadata" "--manifest-path" "Cargo.toml" "--no-deps", kill_on_drop: false }`
[INFO] started tweaking git repo https://github.com/flakelolz/neuch
[INFO] finished tweaking git repo https://github.com/flakelolz/neuch
[INFO] tweaked toml for git repo https://github.com/flakelolz/neuch written to /workspace/builds/worker-3-tc1/source/Cargo.toml
[INFO] crate git repo https://github.com/flakelolz/neuch already has a lockfile, it will not be regenerated
[INFO] running `Command { std: CARGO_HOME="/workspace/cargo-home" RUSTUP_HOME="/workspace/rustup-home" "/workspace/cargo-home/bin/cargo" "+nightly-2024-10-28" "fetch" "--manifest-path" "Cargo.toml", kill_on_drop: false }`
[INFO] [stderr]     Updating crates.io index
[INFO] [stderr]  Downloading crates ...
[INFO] [stderr]   Downloaded shrev v1.1.3
[INFO] [stderr]   Downloaded aseprite v0.1.3
[INFO] [stderr]   Downloaded hecs v0.10.5
[INFO] [stderr]   Downloaded hibitset v0.6.4
[INFO] [stderr]   Downloaded tynm v0.1.10
[INFO] [stderr]   Downloaded raylib v5.0.1
[INFO] [stderr]   Downloaded raylib-sys v5.0.0
[INFO] running `Command { std: "docker" "create" "-v" "/var/lib/crater-agent-workspace/builds/worker-3-tc1/target:/opt/rustwide/target:rw,Z" "-v" "/var/lib/crater-agent-workspace/builds/worker-3-tc1/source:/opt/rustwide/workdir:ro,Z" "-v" "/var/lib/crater-agent-workspace/cargo-home:/opt/rustwide/cargo-home:ro,Z" "-v" "/var/lib/crater-agent-workspace/rustup-home:/opt/rustwide/rustup-home:ro,Z" "-e" "SOURCE_DIR=/opt/rustwide/workdir" "-e" "CARGO_TARGET_DIR=/opt/rustwide/target" "-e" "CARGO_HOME=/opt/rustwide/cargo-home" "-e" "RUSTUP_HOME=/opt/rustwide/rustup-home" "-w" "/opt/rustwide/workdir" "-m" "1610612736" "--user" "0:0" "--network" "none" "ghcr.io/rust-lang/crates-build-env/linux@sha256:4a844ea9eb2546a2d2c7022eacef16ef2e8229c7fbb2c7d4d55a9ceca922f72d" "/opt/rustwide/cargo-home/bin/cargo" "+nightly-2024-10-28" "metadata" "--no-deps" "--format-version=1", kill_on_drop: false }`
[INFO] [stdout] 1edabfd7027ade61160db8170ef041fc874c125ff5261607715bc83e6fba4b96
[INFO] running `Command { std: "docker" "start" "-a" "1edabfd7027ade61160db8170ef041fc874c125ff5261607715bc83e6fba4b96", kill_on_drop: false }`
[INFO] running `Command { std: "docker" "inspect" "1edabfd7027ade61160db8170ef041fc874c125ff5261607715bc83e6fba4b96", kill_on_drop: false }`
[INFO] running `Command { std: "docker" "rm" "-f" "1edabfd7027ade61160db8170ef041fc874c125ff5261607715bc83e6fba4b96", kill_on_drop: false }`
[INFO] [stdout] 1edabfd7027ade61160db8170ef041fc874c125ff5261607715bc83e6fba4b96
[INFO] running `Command { std: "docker" "create" "-v" "/var/lib/crater-agent-workspace/builds/worker-3-tc1/target:/opt/rustwide/target:rw,Z" "-v" "/var/lib/crater-agent-workspace/builds/worker-3-tc1/source:/opt/rustwide/workdir:ro,Z" "-v" "/var/lib/crater-agent-workspace/cargo-home:/opt/rustwide/cargo-home:ro,Z" "-v" "/var/lib/crater-agent-workspace/rustup-home:/opt/rustwide/rustup-home:ro,Z" "-e" "SOURCE_DIR=/opt/rustwide/workdir" "-e" "CARGO_TARGET_DIR=/opt/rustwide/target" "-e" "CARGO_INCREMENTAL=0" "-e" "RUST_BACKTRACE=full" "-e" "RUSTFLAGS=--cap-lints=forbid" "-e" "RUSTDOCFLAGS=--cap-lints=forbid" "-e" "CARGO_HOME=/opt/rustwide/cargo-home" "-e" "RUSTUP_HOME=/opt/rustwide/rustup-home" "-w" "/opt/rustwide/workdir" "-m" "1610612736" "--user" "0:0" "--network" "none" "ghcr.io/rust-lang/crates-build-env/linux@sha256:4a844ea9eb2546a2d2c7022eacef16ef2e8229c7fbb2c7d4d55a9ceca922f72d" "/opt/rustwide/cargo-home/bin/cargo" "+nightly-2024-10-28" "build" "--frozen" "--message-format=json", kill_on_drop: false }`
[INFO] [stdout] 8a3eeff9f2f0700bf05fec84058e2cf2e89ee878c0f2c8b54a5c832c61db66f9
[INFO] running `Command { std: "docker" "start" "-a" "8a3eeff9f2f0700bf05fec84058e2cf2e89ee878c0f2c8b54a5c832c61db66f9", kill_on_drop: false }`
[INFO] [stderr]    Compiling proc-macro2 v1.0.85
[INFO] [stderr]    Compiling glob v0.3.1
[INFO] [stderr]    Compiling libc v0.2.155
[INFO] [stderr]    Compiling rustix v0.38.34
[INFO] [stderr]    Compiling prettyplease v0.2.20
[INFO] [stderr]    Compiling either v1.12.0
[INFO] [stderr]    Compiling regex-syntax v0.8.4
[INFO] [stderr]    Compiling memchr v2.7.4
[INFO] [stderr]    Compiling linux-raw-sys v0.4.14
[INFO] [stderr]    Compiling bitflags v2.5.0
[INFO] [stderr]    Compiling minimal-lexical v0.2.1
[INFO] [stderr]    Compiling libloading v0.8.3
[INFO] [stderr]    Compiling clang-sys v1.8.1
[INFO] [stderr]    Compiling nom v7.1.3
[INFO] [stderr]    Compiling home v0.5.9
[INFO] [stderr]    Compiling quote v1.0.36
[INFO] [stderr]    Compiling log v0.4.21
[INFO] [stderr]    Compiling bindgen v0.69.4
[INFO] [stderr]    Compiling syn v2.0.66
[INFO] [stderr]    Compiling itertools v0.12.1
[INFO] [stderr]    Compiling crossbeam-utils v0.7.2
[INFO] [stderr]    Compiling hashbrown v0.7.2
[INFO] [stderr]    Compiling rustc-hash v1.1.0
[INFO] [stderr]    Compiling shlex v1.3.0
[INFO] [stderr]    Compiling regex-automata v0.4.7
[INFO] [stderr]    Compiling lazycell v1.3.0
[INFO] [stderr]    Compiling smallvec v1.13.2
[INFO] [stderr]    Compiling which v4.4.2
[INFO] [stderr]    Compiling cexpr v0.6.0
[INFO] [stderr]    Compiling cc v1.0.99
[INFO] [stderr]    Compiling maybe-uninit v2.0.0
[INFO] [stderr]    Compiling ahash v0.8.11
[INFO] [stderr]    Compiling lock_api v0.4.12
[INFO] [stderr]    Compiling regex v1.10.5
[INFO] [stderr]    Compiling ahash v0.3.8
[INFO] [stderr]    Compiling cmake v0.1.50
[INFO] [stderr]    Compiling serde v1.0.203
[INFO] [stderr]    Compiling fs_extra v1.3.0
[INFO] [stderr]    Compiling parking_lot_core v0.9.10
[INFO] [stderr]    Compiling syn v1.0.109
[INFO] [stderr]    Compiling mopa v0.2.2
[INFO] [stderr]    Compiling serde_json v1.0.118
[INFO] [stderr]    Compiling arrayvec v0.5.2
[INFO] [stderr]    Compiling zerocopy v0.7.34
[INFO] [stderr]    Compiling once_cell v1.19.0
[INFO] [stderr]    Compiling crossbeam-queue v0.2.3
[INFO] [stderr]    Compiling hibitset v0.6.4
[INFO] [stderr]    Compiling tuple_utils v0.3.0
[INFO] [stderr]    Compiling tynm v0.1.10
[INFO] [stderr]    Compiling shrev v1.1.3
[INFO] [stderr]    Compiling hashbrown v0.14.5
[INFO] [stderr]    Compiling shred v0.10.2
[INFO] [stderr]    Compiling parking_lot v0.12.3
[INFO] [stderr]    Compiling include_dir_macros v0.7.4
[INFO] [stderr]    Compiling spin v0.9.8
[INFO] [stderr]    Compiling specs v0.16.1
[INFO] [stderr]    Compiling hecs v0.10.5
[INFO] [stderr]    Compiling include_dir v0.7.4
[INFO] [stderr]    Compiling serde_derive v1.0.203
[INFO] [stderr]    Compiling enum-iterator-derive v1.4.0
[INFO] [stderr]    Compiling specs-derive v0.4.1
[INFO] [stderr]    Compiling enum-iterator v2.1.0
[INFO] [stderr]    Compiling raylib-sys v5.0.0
[INFO] [stderr]    Compiling aseprite v0.1.3
[INFO] [stderr]    Compiling raylib v5.0.1
[INFO] [stderr]    Compiling neuch v0.1.0 (/opt/rustwide/workdir)
[INFO] [stdout] warning: unused import: `Without`
[INFO] [stdout]   --> src/main.rs:38:43
[INFO] [stdout]    |
[INFO] [stdout] 38 |     pub use hecs::{CommandBuffer, Entity, Without, World};
[INFO] [stdout]    |                                           ^^^^^^^
[INFO] [stdout]    |
[INFO] [stdout]    = note: `#[warn(unused_imports)]` on by default
[INFO] [stdout] 
[INFO] [stdout] 
[INFO] [stdout] warning: unused variable: `buffer`
[INFO] [stdout]   --> src/projectiles.rs:51:52
[INFO] [stdout]    |
[INFO] [stdout] 51 |     fn on_update(&mut self, context: &mut Context, buffer: &InputBuffer, physics: &mut Physics) {
[INFO] [stdout]    |                                                    ^^^^^^ help: if this is intentional, prefix it with an underscore: `_buffer`
[INFO] [stdout]    |
[INFO] [stdout]    = note: `#[warn(unused_variables)]` on by default
[INFO] [stdout] 
[INFO] [stdout] 
[INFO] [stdout] warning: unused variable: `physics`
[INFO] [stdout]   --> src/projectiles.rs:51:74
[INFO] [stdout]    |
[INFO] [stdout] 51 |     fn on_update(&mut self, context: &mut Context, buffer: &InputBuffer, physics: &mut Physics) {
[INFO] [stdout]    |                                                                          ^^^^^^^ help: if this is intentional, prefix it with an underscore: `_physics`
[INFO] [stdout] 
[INFO] [stdout] 
[INFO] [stdout] warning: function `animation2` is never used
[INFO] [stdout]    --> src/animations.rs:120:8
[INFO] [stdout]     |
[INFO] [stdout] 120 | pub fn animation2(d: &mut impl RaylibDraw, world: &World, assets: &Assets) {
[INFO] [stdout]     |        ^^^^^^^^^^
[INFO] [stdout]     |
[INFO] [stdout]     = note: `#[warn(dead_code)]` on by default
[INFO] [stdout] 
[INFO] [stdout] 
[INFO] [stdout] warning: field `health` is never read
[INFO] [stdout]    --> src/data.rs:173:9
[INFO] [stdout]     |
[INFO] [stdout] 172 | pub struct CharacterInfo {
[INFO] [stdout]     |            ------------- field in this struct
[INFO] [stdout] 173 |     pub health: i32,
[INFO] [stdout]     |         ^^^^^^
[INFO] [stdout]     |
[INFO] [stdout]     = note: `CharacterInfo` has derived impls for the traits `Clone` and `Debug`, but these are intentionally ignored during dead code analysis
[INFO] [stdout] 
[INFO] [stdout] 
[INFO] [stdout] warning: methods `previous`, `pressed`, `pressed_on_frame_exclusive`, `just_pressed`, and `held_exclusive` are never used
[INFO] [stdout]    --> src/input/buffer.rs:160:12
[INFO] [stdout]     |
[INFO] [stdout] 147 | impl InputBuffer {
[INFO] [stdout]     | ---------------- methods in this implementation
[INFO] [stdout] ...
[INFO] [stdout] 160 |     pub fn previous(&self) -> &Input {
[INFO] [stdout]     |            ^^^^^^^^
[INFO] [stdout] ...
[INFO] [stdout] 165 |     pub fn pressed(&self, inputs: Inputs, flipped: &bool) -> bool {
[INFO] [stdout]     |            ^^^^^^^
[INFO] [stdout] ...
[INFO] [stdout] 178 |     fn pressed_on_frame_exclusive(&self, inputs: Inputs, frame: usize, flipped: &bool) -> bool {
[INFO] [stdout]     |        ^^^^^^^^^^^^^^^^^^^^^^^^^^
[INFO] [stdout] ...
[INFO] [stdout] 197 |     fn just_pressed(&self, inputs: Inputs, flipped: &bool) -> bool {
[INFO] [stdout]     |        ^^^^^^^^^^^^
[INFO] [stdout] ...
[INFO] [stdout] 233 |     pub fn held_exclusive(&self, input: Inputs, duration: usize, flipped: &bool) -> bool {
[INFO] [stdout]     |            ^^^^^^^^^^^^^^
[INFO] [stdout] 
[INFO] [stdout] 
[INFO] [stdout] warning: methods `is_pressed_exclusive_2` and `is_initially_pressed_exclusive` are never used
[INFO] [stdout]    --> src/input/dashes.rs:372:12
[INFO] [stdout]     |
[INFO] [stdout] 201 | impl Inputs {
[INFO] [stdout]     | ----------- methods in this implementation
[INFO] [stdout] ...
[INFO] [stdout] 372 |     pub fn is_pressed_exclusive_2(&self, current: &Input, flipped: &bool) -> bool {
[INFO] [stdout]     |            ^^^^^^^^^^^^^^^^^^^^^^
[INFO] [stdout] ...
[INFO] [stdout] 563 |     pub fn is_initially_pressed_exclusive(
[INFO] [stdout]     |            ^^^^^^^^^^^^^^^^^^^^^^^^^^^^^^
[INFO] [stdout] 
[INFO] [stdout] 
[INFO] [stdout] warning: variants `Qcb`, `Dpb`, `Hcf`, and `Hcb` are never constructed
[INFO] [stdout]   --> src/input/motions.rs:6:5
[INFO] [stdout]    |
[INFO] [stdout] 4  | pub enum Motions {
[INFO] [stdout]    |          ------- variants in this enum
[INFO] [stdout] 5  |     Qcf,
[INFO] [stdout] 6  |     Qcb,
[INFO] [stdout]    |     ^^^
[INFO] [stdout] 7  |     Dpf,
[INFO] [stdout] 8  |     Dpb,
[INFO] [stdout]    |     ^^^
[INFO] [stdout] 9  |     Hcf,
[INFO] [stdout]    |     ^^^
[INFO] [stdout] 10 |     Hcb,
[INFO] [stdout]    |     ^^^
[INFO] [stdout]    |
[INFO] [stdout]    = note: `Motions` has derived impls for the traits `Clone` and `Debug`, but these are intentionally ignored during dead code analysis
[INFO] [stdout] 
[INFO] [stdout] 
[INFO] [stdout] warning: method `was_motion_executed_in_time` is never used
[INFO] [stdout]    --> src/input/motions.rs:160:12
[INFO] [stdout]     |
[INFO] [stdout] 38  | impl InputBuffer {
[INFO] [stdout]     | ---------------- method in this implementation
[INFO] [stdout] ...
[INFO] [stdout] 160 |     pub fn was_motion_executed_in_time(&self, motions: Motions, mut time_limit: usize) -> bool {
[INFO] [stdout]     |            ^^^^^^^^^^^^^^^^^^^^^^^^^^^
[INFO] [stdout] 
[INFO] [stdout] 
[INFO] [stdout] warning: function `check_numpad_direction` is never used
[INFO] [stdout]    --> src/input/motions.rs:191:8
[INFO] [stdout]     |
[INFO] [stdout] 191 | pub fn check_numpad_direction(input: &Input, direction: u8, flipped: &bool) -> bool {
[INFO] [stdout]     |        ^^^^^^^^^^^^^^^^^^^^^^
[INFO] [stdout] 
[INFO] [stdout] 
[INFO] [stdout] warning: function `neutral` is never used
[INFO] [stdout]  --> src/input/utils.rs:3:8
[INFO] [stdout]   |
[INFO] [stdout] 3 | pub fn neutral(buffer: &InputBuffer) -> bool {
[INFO] [stdout]   |        ^^^^^^^
[INFO] [stdout] 
[INFO] [stdout] 
[INFO] [stdout] warning: function `test_helper` is never used
[INFO] [stdout]   --> src/input/utils.rs:42:8
[INFO] [stdout]    |
[INFO] [stdout] 42 | pub fn test_helper(buffer: &mut InputBuffer, inputs: Inputs) {
[INFO] [stdout]    |        ^^^^^^^^^^^
[INFO] [stdout] 
[INFO] [stdout] 
[INFO] [stdout] warning: function `dash_helper` is never used
[INFO] [stdout]    --> src/input/utils.rs:138:8
[INFO] [stdout]     |
[INFO] [stdout] 138 | pub fn dash_helper(buffer: &mut InputBuffer, inputs: Inputs, ctx: &mut SubContext, flipped: &bool) {
[INFO] [stdout]     |        ^^^^^^^^^^^
[INFO] [stdout] 
[INFO] [stdout] 
[INFO] [stderr]     Finished `dev` profile [unoptimized + debuginfo] target(s) in 17.59s
[INFO] running `Command { std: "docker" "inspect" "8a3eeff9f2f0700bf05fec84058e2cf2e89ee878c0f2c8b54a5c832c61db66f9", kill_on_drop: false }`
[INFO] running `Command { std: "docker" "rm" "-f" "8a3eeff9f2f0700bf05fec84058e2cf2e89ee878c0f2c8b54a5c832c61db66f9", kill_on_drop: false }`
[INFO] [stdout] 8a3eeff9f2f0700bf05fec84058e2cf2e89ee878c0f2c8b54a5c832c61db66f9
[INFO] running `Command { std: "docker" "create" "-v" "/var/lib/crater-agent-workspace/builds/worker-3-tc1/target:/opt/rustwide/target:rw,Z" "-v" "/var/lib/crater-agent-workspace/builds/worker-3-tc1/source:/opt/rustwide/workdir:ro,Z" "-v" "/var/lib/crater-agent-workspace/cargo-home:/opt/rustwide/cargo-home:ro,Z" "-v" "/var/lib/crater-agent-workspace/rustup-home:/opt/rustwide/rustup-home:ro,Z" "-e" "SOURCE_DIR=/opt/rustwide/workdir" "-e" "CARGO_TARGET_DIR=/opt/rustwide/target" "-e" "CARGO_INCREMENTAL=0" "-e" "RUST_BACKTRACE=full" "-e" "RUSTFLAGS=--cap-lints=forbid" "-e" "RUSTDOCFLAGS=--cap-lints=forbid" "-e" "CARGO_HOME=/opt/rustwide/cargo-home" "-e" "RUSTUP_HOME=/opt/rustwide/rustup-home" "-w" "/opt/rustwide/workdir" "-m" "1610612736" "--user" "0:0" "--network" "none" "ghcr.io/rust-lang/crates-build-env/linux@sha256:4a844ea9eb2546a2d2c7022eacef16ef2e8229c7fbb2c7d4d55a9ceca922f72d" "/opt/rustwide/cargo-home/bin/cargo" "+nightly-2024-10-28" "test" "--frozen" "--no-run" "--message-format=json", kill_on_drop: false }`
[INFO] [stdout] 831ceec4480479364e6d8e2aaa2caceed0d237acc78328d56e1f5bf56d73c010
[INFO] running `Command { std: "docker" "start" "-a" "831ceec4480479364e6d8e2aaa2caceed0d237acc78328d56e1f5bf56d73c010", kill_on_drop: false }`
[INFO] [stderr]    Compiling neuch v0.1.0 (/opt/rustwide/workdir)
[INFO] [stdout] warning: unused import: `Without`
[INFO] [stdout]   --> src/main.rs:38:43
[INFO] [stdout]    |
[INFO] [stdout] 38 |     pub use hecs::{CommandBuffer, Entity, Without, World};
[INFO] [stdout]    |                                           ^^^^^^^
[INFO] [stdout]    |
[INFO] [stdout]    = note: `#[warn(unused_imports)]` on by default
[INFO] [stdout] 
[INFO] [stdout] 
[INFO] [stdout] warning: unused variable: `buffer`
[INFO] [stdout]   --> src/projectiles.rs:51:52
[INFO] [stdout]    |
[INFO] [stdout] 51 |     fn on_update(&mut self, context: &mut Context, buffer: &InputBuffer, physics: &mut Physics) {
[INFO] [stdout]    |                                                    ^^^^^^ help: if this is intentional, prefix it with an underscore: `_buffer`
[INFO] [stdout]    |
[INFO] [stdout]    = note: `#[warn(unused_variables)]` on by default
[INFO] [stdout] 
[INFO] [stdout] 
[INFO] [stdout] warning: unused variable: `physics`
[INFO] [stdout]   --> src/projectiles.rs:51:74
[INFO] [stdout]    |
[INFO] [stdout] 51 |     fn on_update(&mut self, context: &mut Context, buffer: &InputBuffer, physics: &mut Physics) {
[INFO] [stdout]    |                                                                          ^^^^^^^ help: if this is intentional, prefix it with an underscore: `_physics`
[INFO] [stdout] 
[INFO] [stdout] 
[INFO] [stdout] warning: function `animation2` is never used
[INFO] [stdout]    --> src/animations.rs:120:8
[INFO] [stdout]     |
[INFO] [stdout] 120 | pub fn animation2(d: &mut impl RaylibDraw, world: &World, assets: &Assets) {
[INFO] [stdout]     |        ^^^^^^^^^^
[INFO] [stdout]     |
[INFO] [stdout]     = note: `#[warn(dead_code)]` on by default
[INFO] [stdout] 
[INFO] [stdout] 
[INFO] [stdout] warning: field `health` is never read
[INFO] [stdout]    --> src/data.rs:173:9
[INFO] [stdout]     |
[INFO] [stdout] 172 | pub struct CharacterInfo {
[INFO] [stdout]     |            ------------- field in this struct
[INFO] [stdout] 173 |     pub health: i32,
[INFO] [stdout]     |         ^^^^^^
[INFO] [stdout]     |
[INFO] [stdout]     = note: `CharacterInfo` has derived impls for the traits `Clone` and `Debug`, but these are intentionally ignored during dead code analysis
[INFO] [stdout] 
[INFO] [stdout] 
[INFO] [stdout] warning: methods `pressed`, `pressed_on_frame_exclusive`, and `held_exclusive` are never used
[INFO] [stdout]    --> src/input/buffer.rs:165:12
[INFO] [stdout]     |
[INFO] [stdout] 147 | impl InputBuffer {
[INFO] [stdout]     | ---------------- methods in this implementation
[INFO] [stdout] ...
[INFO] [stdout] 165 |     pub fn pressed(&self, inputs: Inputs, flipped: &bool) -> bool {
[INFO] [stdout]     |            ^^^^^^^
[INFO] [stdout] ...
[INFO] [stdout] 178 |     fn pressed_on_frame_exclusive(&self, inputs: Inputs, frame: usize, flipped: &bool) -> bool {
[INFO] [stdout]     |        ^^^^^^^^^^^^^^^^^^^^^^^^^^
[INFO] [stdout] ...
[INFO] [stdout] 233 |     pub fn held_exclusive(&self, input: Inputs, duration: usize, flipped: &bool) -> bool {
[INFO] [stdout]     |            ^^^^^^^^^^^^^^
[INFO] [stdout] 
[INFO] [stdout] 
[INFO] [stdout] warning: methods `is_pressed_exclusive_2` and `is_initially_pressed_exclusive` are never used
[INFO] [stdout]    --> src/input/dashes.rs:372:12
[INFO] [stdout]     |
[INFO] [stdout] 201 | impl Inputs {
[INFO] [stdout]     | ----------- methods in this implementation
[INFO] [stdout] ...
[INFO] [stdout] 372 |     pub fn is_pressed_exclusive_2(&self, current: &Input, flipped: &bool) -> bool {
[INFO] [stdout]     |            ^^^^^^^^^^^^^^^^^^^^^^
[INFO] [stdout] ...
[INFO] [stdout] 563 |     pub fn is_initially_pressed_exclusive(
[INFO] [stdout]     |            ^^^^^^^^^^^^^^^^^^^^^^^^^^^^^^
[INFO] [stdout] 
[INFO] [stdout] 
[INFO] [stdout] warning: variants `Qcb`, `Dpb`, and `Hcb` are never constructed
[INFO] [stdout]   --> src/input/motions.rs:6:5
[INFO] [stdout]    |
[INFO] [stdout] 4  | pub enum Motions {
[INFO] [stdout]    |          ------- variants in this enum
[INFO] [stdout] 5  |     Qcf,
[INFO] [stdout] 6  |     Qcb,
[INFO] [stdout]    |     ^^^
[INFO] [stdout] 7  |     Dpf,
[INFO] [stdout] 8  |     Dpb,
[INFO] [stdout]    |     ^^^
[INFO] [stdout] 9  |     Hcf,
[INFO] [stdout] 10 |     Hcb,
[INFO] [stdout]    |     ^^^
[INFO] [stdout]    |
[INFO] [stdout]    = note: `Motions` has derived impls for the traits `Clone` and `Debug`, but these are intentionally ignored during dead code analysis
[INFO] [stdout] 
[INFO] [stdout] 
[INFO] [stdout] warning: function `neutral` is never used
[INFO] [stdout]  --> src/input/utils.rs:3:8
[INFO] [stdout]   |
[INFO] [stdout] 3 | pub fn neutral(buffer: &InputBuffer) -> bool {
[INFO] [stdout]   |        ^^^^^^^
[INFO] [stdout] 
[INFO] [stdout] 
[INFO] [stderr]     Finished `test` profile [unoptimized + debuginfo] target(s) in 1.00s
[INFO] running `Command { std: "docker" "inspect" "831ceec4480479364e6d8e2aaa2caceed0d237acc78328d56e1f5bf56d73c010", kill_on_drop: false }`
[INFO] running `Command { std: "docker" "rm" "-f" "831ceec4480479364e6d8e2aaa2caceed0d237acc78328d56e1f5bf56d73c010", kill_on_drop: false }`
[INFO] [stdout] 831ceec4480479364e6d8e2aaa2caceed0d237acc78328d56e1f5bf56d73c010
[INFO] running `Command { std: "docker" "create" "-v" "/var/lib/crater-agent-workspace/builds/worker-3-tc1/target:/opt/rustwide/target:rw,Z" "-v" "/var/lib/crater-agent-workspace/builds/worker-3-tc1/source:/opt/rustwide/workdir:ro,Z" "-v" "/var/lib/crater-agent-workspace/cargo-home:/opt/rustwide/cargo-home:ro,Z" "-v" "/var/lib/crater-agent-workspace/rustup-home:/opt/rustwide/rustup-home:ro,Z" "-e" "SOURCE_DIR=/opt/rustwide/workdir" "-e" "CARGO_TARGET_DIR=/opt/rustwide/target" "-e" "CARGO_INCREMENTAL=0" "-e" "RUST_BACKTRACE=full" "-e" "RUSTFLAGS=--cap-lints=forbid" "-e" "RUSTDOCFLAGS=--cap-lints=forbid" "-e" "CARGO_HOME=/opt/rustwide/cargo-home" "-e" "RUSTUP_HOME=/opt/rustwide/rustup-home" "-w" "/opt/rustwide/workdir" "-m" "1610612736" "--user" "0:0" "--network" "none" "ghcr.io/rust-lang/crates-build-env/linux@sha256:4a844ea9eb2546a2d2c7022eacef16ef2e8229c7fbb2c7d4d55a9ceca922f72d" "/opt/rustwide/cargo-home/bin/cargo" "+nightly-2024-10-28" "test" "--frozen", kill_on_drop: false }`
[INFO] [stdout] a95677bf0c8e226664c6703614d161075002a21e2a8b0cecd64114e94380017f
[INFO] running `Command { std: "docker" "start" "-a" "a95677bf0c8e226664c6703614d161075002a21e2a8b0cecd64114e94380017f", kill_on_drop: false }`
[INFO] [stderr] warning: unused import: `Without`
[INFO] [stderr]   --> src/main.rs:38:43
[INFO] [stderr]    |
[INFO] [stderr] 38 |     pub use hecs::{CommandBuffer, Entity, Without, World};
[INFO] [stderr]    |                                           ^^^^^^^
[INFO] [stderr]    |
[INFO] [stderr]    = note: `#[warn(unused_imports)]` on by default
[INFO] [stderr] 
[INFO] [stderr] warning: unused variable: `buffer`
[INFO] [stderr]   --> src/projectiles.rs:51:52
[INFO] [stderr]    |
[INFO] [stderr] 51 |     fn on_update(&mut self, context: &mut Context, buffer: &InputBuffer, physics: &mut Physics) {
[INFO] [stderr]    |                                                    ^^^^^^ help: if this is intentional, prefix it with an underscore: `_buffer`
[INFO] [stderr]    |
[INFO] [stderr]    = note: `#[warn(unused_variables)]` on by default
[INFO] [stderr] 
[INFO] [stderr] warning: unused variable: `physics`
[INFO] [stderr]   --> src/projectiles.rs:51:74
[INFO] [stderr]    |
[INFO] [stderr] 51 |     fn on_update(&mut self, context: &mut Context, buffer: &InputBuffer, physics: &mut Physics) {
[INFO] [stderr]    |                                                                          ^^^^^^^ help: if this is intentional, prefix it with an underscore: `_physics`
[INFO] [stderr] 
[INFO] [stderr] warning: function `animation2` is never used
[INFO] [stderr]    --> src/animations.rs:120:8
[INFO] [stderr]     |
[INFO] [stderr] 120 | pub fn animation2(d: &mut impl RaylibDraw, world: &World, assets: &Assets) {
[INFO] [stderr]     |        ^^^^^^^^^^
[INFO] [stderr]     |
[INFO] [stderr]     = note: `#[warn(dead_code)]` on by default
[INFO] [stderr] 
[INFO] [stderr] warning: field `health` is never read
[INFO] [stderr]    --> src/data.rs:173:9
[INFO] [stderr]     |
[INFO] [stderr] 172 | pub struct CharacterInfo {
[INFO] [stderr]     |            ------------- field in this struct
[INFO] [stderr] 173 |     pub health: i32,
[INFO] [stderr]     |         ^^^^^^
[INFO] [stderr]     |
[INFO] [stderr]     = note: `CharacterInfo` has derived impls for the traits `Clone` and `Debug`, but these are intentionally ignored during dead code analysis
[INFO] [stderr] 
[INFO] [stderr] warning: methods `pressed`, `pressed_on_frame_exclusive`, and `held_exclusive` are never used
[INFO] [stderr]    --> src/input/buffer.rs:165:12
[INFO] [stderr]     |
[INFO] [stderr] 147 | impl InputBuffer {
[INFO] [stderr]     | ---------------- methods in this implementation
[INFO] [stderr] ...
[INFO] [stderr] 165 |     pub fn pressed(&self, inputs: Inputs, flipped: &bool) -> bool {
[INFO] [stderr]     |            ^^^^^^^
[INFO] [stderr] ...
[INFO] [stderr] 178 |     fn pressed_on_frame_exclusive(&self, inputs: Inputs, frame: usize, flipped: &bool) -> bool {
[INFO] [stderr]     |        ^^^^^^^^^^^^^^^^^^^^^^^^^^
[INFO] [stderr] ...
[INFO] [stderr] 233 |     pub fn held_exclusive(&self, input: Inputs, duration: usize, flipped: &bool) -> bool {
[INFO] [stderr]     |            ^^^^^^^^^^^^^^
[INFO] [stderr] 
[INFO] [stderr] warning: methods `is_pressed_exclusive_2` and `is_initially_pressed_exclusive` are never used
[INFO] [stderr]    --> src/input/dashes.rs:372:12
[INFO] [stderr]     |
[INFO] [stderr] 201 | impl Inputs {
[INFO] [stderr]     | ----------- methods in this implementation
[INFO] [stderr] ...
[INFO] [stderr] 372 |     pub fn is_pressed_exclusive_2(&self, current: &Input, flipped: &bool) -> bool {
[INFO] [stderr]     |            ^^^^^^^^^^^^^^^^^^^^^^
[INFO] [stderr] ...
[INFO] [stderr] 563 |     pub fn is_initially_pressed_exclusive(
[INFO] [stderr]     |            ^^^^^^^^^^^^^^^^^^^^^^^^^^^^^^
[INFO] [stderr] 
[INFO] [stderr] warning: variants `Qcb`, `Dpb`, and `Hcb` are never constructed
[INFO] [stderr]   --> src/input/motions.rs:6:5
[INFO] [stderr]    |
[INFO] [stderr] 4  | pub enum Motions {
[INFO] [stderr]    |          ------- variants in this enum
[INFO] [stderr] 5  |     Qcf,
[INFO] [stderr] 6  |     Qcb,
[INFO] [stderr]    |     ^^^
[INFO] [stderr] 7  |     Dpf,
[INFO] [stderr] 8  |     Dpb,
[INFO] [stderr]    |     ^^^
[INFO] [stderr] 9  |     Hcf,
[INFO] [stderr] 10 |     Hcb,
[INFO] [stderr]    |     ^^^
[INFO] [stderr]    |
[INFO] [stderr]    = note: `Motions` has derived impls for the traits `Clone` and `Debug`, but these are intentionally ignored during dead code analysis
[INFO] [stderr] 
[INFO] [stderr] warning: function `neutral` is never used
[INFO] [stderr]  --> src/input/utils.rs:3:8
[INFO] [stderr]   |
[INFO] [stderr] 3 | pub fn neutral(buffer: &InputBuffer) -> bool {
[INFO] [stderr]   |        ^^^^^^^
[INFO] [stderr] 
[INFO] [stderr] warning: `neuch` (bin "neuch" test) generated 9 warnings (run `cargo fix --bin "neuch" --tests` to apply 1 suggestion)
[INFO] [stderr]     Finished `test` profile [unoptimized + debuginfo] target(s) in 0.05s
[INFO] [stderr]      Running unittests src/main.rs (/opt/rustwide/target/debug/deps/neuch-23e14f72da428079)
[INFO] [stdout] 
[INFO] [stdout] running 23 tests
[INFO] [stdout] test input::buffer::tests::was_input_held ... ok
[INFO] [stdout] test input::buffer::tests::was_input_pressed ... ok
[INFO] [stdout] test input::buffer::tests::was_input_pressed_buffered ... ok
[INFO] [stdout] test input::buffer::tests::was_input_pressed_on_frame ... ok
[INFO] [stdout] test input::buffer::tests::was_pressed ... ok
[INFO] [stdout] test input::dashes::tests::backward_dash ... ok
[INFO] [stdout] test input::dashes::tests::dash_with_1_held_5_4_5_4_should_work ... ok
[INFO] [stdout] test input::dashes::tests::dash_with_4_1_5_4_should_work ... ok
[INFO] [stdout] test input::dashes::tests::dash_with_4_5_1_4_should_fail ... ok
[INFO] [stdout] test input::dashes::tests::dash_with_4_5_6_5_4_repeating_should_fail ... ok
[INFO] [stdout] test input::dashes::tests::dash_with_4_held_5_4_should_fail ... ok
[INFO] [stdout] test input::dashes::tests::forward_dash ... ok
[INFO] [stdout] test input::dashes::tests::is_pressed_exclusive ... ok
[INFO] [stdout] test input::dashes::tests::dash_with_4_held_5_4_5_4_should_work ... ok
[INFO] [stdout] test input::test::tests::half_circle_forward_cardinals ... ok
[INFO] [stdout] test input::test::tests::half_circle_forward_fails ... ok
[INFO] [stdout] test input::dashes::tests::dash_with_2_in_the_middle_should_fail ... ok
[INFO] [stdout] test input::dashes::tests::dash_with_4_6_5_6_should_work ... ok
[INFO] [stdout] test input::test::tests::half_circle_forward_full ... ok
[INFO] [stdout] test input::test::tests::half_circle_forward_no_down ... ok
[INFO] [stdout] test input::test::tests::was_motion_executed ... ok
[INFO] [stdout] test input::dashes::tests::dash_with_1_5_4_should_work ... FAILED
[INFO] [stdout] test input::dashes::tests::dash_with_1_held_4_5_4_should_fail ... FAILED
[INFO] [stdout] 
[INFO] [stdout] failures:
[INFO] [stdout] 
[INFO] [stdout] ---- input::dashes::tests::dash_with_1_5_4_should_work stdout ----
[INFO] [stdout] thread 'input::dashes::tests::dash_with_1_5_4_should_work' panicked at src/input/dashes.rs:980:9:
[INFO] [stdout] assertion failed: buffer.was_dash_executed(Dashes::Backward, buffer.dash, &false)
[INFO] [stdout] stack backtrace:
[INFO] [stdout]    0:     0x61d2f8b8f3aa - std::backtrace_rs::backtrace::libunwind::trace::h207520d6e9873551
[INFO] [stdout]                                at /rustc/df4ca44d3fbc9301ee17f30f4d474e6ae4b05252/library/std/src/../../backtrace/src/backtrace/libunwind.rs:116:5
[INFO] [stdout]    1:     0x61d2f8b8f3aa - std::backtrace_rs::backtrace::trace_unsynchronized::h2ed7433f370e3eca
[INFO] [stdout]                                at /rustc/df4ca44d3fbc9301ee17f30f4d474e6ae4b05252/library/std/src/../../backtrace/src/backtrace/mod.rs:66:5
[INFO] [stdout]    2:     0x61d2f8b8f3aa - std::sys::backtrace::_print_fmt::h916fac51166b18d7
[INFO] [stdout]                                at /rustc/df4ca44d3fbc9301ee17f30f4d474e6ae4b05252/library/std/src/sys/backtrace.rs:66:9
[INFO] [stdout]    3:     0x61d2f8b8f3aa - <std::sys::backtrace::BacktraceLock::print::DisplayBacktrace as core::fmt::Display>::fmt::ha0a4c9b8ce3802e6
[INFO] [stdout]                                at /rustc/df4ca44d3fbc9301ee17f30f4d474e6ae4b05252/library/std/src/sys/backtrace.rs:39:26
[INFO] [stdout]    4:     0x61d2f8bb57e3 - core::fmt::rt::Argument::fmt::h4cfc8587d52b3eb5
[INFO] [stdout]                                at /rustc/df4ca44d3fbc9301ee17f30f4d474e6ae4b05252/library/core/src/fmt/rt.rs:177:76
[INFO] [stdout]    5:     0x61d2f8bb57e3 - core::fmt::write::h522cc39e5b36ae9f
[INFO] [stdout]                                at /rustc/df4ca44d3fbc9301ee17f30f4d474e6ae4b05252/library/core/src/fmt/mod.rs:1190:21
[INFO] [stdout]    6:     0x61d2f8b8c013 - std::io::Write::write_fmt::h7d3c26752da97734
[INFO] [stdout]                                at /rustc/df4ca44d3fbc9301ee17f30f4d474e6ae4b05252/library/std/src/io/mod.rs:1839:15
[INFO] [stdout]    7:     0x61d2f8b8f1f2 - std::sys::backtrace::BacktraceLock::print::h4b9e00b29e9c0942
[INFO] [stdout]                                at /rustc/df4ca44d3fbc9301ee17f30f4d474e6ae4b05252/library/std/src/sys/backtrace.rs:42:9
[INFO] [stdout]    8:     0x61d2f8b9083a - std::panicking::default_hook::{{closure}}::hb59b88280d0324d9
[INFO] [stdout]                                at /rustc/df4ca44d3fbc9301ee17f30f4d474e6ae4b05252/library/std/src/panicking.rs:268:22
[INFO] [stdout]    9:     0x61d2f8b90644 - std::panicking::default_hook::he1dd496665be4a29
[INFO] [stdout]                                at /rustc/df4ca44d3fbc9301ee17f30f4d474e6ae4b05252/library/std/src/panicking.rs:292:9
[INFO] [stdout]   10:     0x61d2f8b5a2f9 - <alloc::boxed::Box<F,A> as core::ops::function::Fn<Args>>::call::h4ff71de18744e1dc
[INFO] [stdout]                                at /rustc/df4ca44d3fbc9301ee17f30f4d474e6ae4b05252/library/alloc/src/boxed.rs:2468:9
[INFO] [stdout]   11:     0x61d2f8b5a2f9 - test::test_main::{{closure}}::hcf7c055ce117aa81
[INFO] [stdout]                                at /rustc/df4ca44d3fbc9301ee17f30f4d474e6ae4b05252/library/test/src/lib.rs:133:21
[INFO] [stdout]   12:     0x61d2f8b90f38 - <alloc::boxed::Box<F,A> as core::ops::function::Fn<Args>>::call::h1d66c6bbd60c9692
[INFO] [stdout]                                at /rustc/df4ca44d3fbc9301ee17f30f4d474e6ae4b05252/library/alloc/src/boxed.rs:2468:9
[INFO] [stdout]   13:     0x61d2f8b90f38 - std::panicking::rust_panic_with_hook::h2ff17fe8f26dfcf8
[INFO] [stdout]                                at /rustc/df4ca44d3fbc9301ee17f30f4d474e6ae4b05252/library/std/src/panicking.rs:809:13
[INFO] [stdout]   14:     0x61d2f8b90cc6 - std::panicking::begin_panic_handler::{{closure}}::h4fad77951c07e101
[INFO] [stdout]                                at /rustc/df4ca44d3fbc9301ee17f30f4d474e6ae4b05252/library/std/src/panicking.rs:667:13
[INFO] [stdout]   15:     0x61d2f8b8f889 - std::sys::backtrace::__rust_end_short_backtrace::hb1a25b3da5d0ea08
[INFO] [stdout]                                at /rustc/df4ca44d3fbc9301ee17f30f4d474e6ae4b05252/library/std/src/sys/backtrace.rs:170:18
[INFO] [stdout]   16:     0x61d2f8b9098c - rust_begin_unwind
[INFO] [stdout]                                at /rustc/df4ca44d3fbc9301ee17f30f4d474e6ae4b05252/library/std/src/panicking.rs:665:5
[INFO] [stdout]   17:     0x61d2f8bb41e0 - core::panicking::panic_fmt::ha9db07b529f9b256
[INFO] [stdout]                                at /rustc/df4ca44d3fbc9301ee17f30f4d474e6ae4b05252/library/core/src/panicking.rs:75:14
[INFO] [stdout]   18:     0x61d2f8bb426c - core::panicking::panic::h993086813d94accc
[INFO] [stdout]                                at /rustc/df4ca44d3fbc9301ee17f30f4d474e6ae4b05252/library/core/src/panicking.rs:152:5
[INFO] [stdout]   19:     0x61d2f8b1ee38 - neuch::input::dashes::tests::dash_with_1_5_4_should_work::hbabae9c5fa247c3c
[INFO] [stdout]                                at /opt/rustwide/workdir/src/input/dashes.rs:980:9
[INFO] [stdout]   20:     0x61d2f8b1ed77 - neuch::input::dashes::tests::dash_with_1_5_4_should_work::{{closure}}::h13e39c530ec958d9
[INFO] [stdout]                                at /opt/rustwide/workdir/src/input/dashes.rs:975:37
[INFO] [stdout]   21:     0x61d2f8b16ed6 - core::ops::function::FnOnce::call_once::hee7463e7786a8453
[INFO] [stdout]                                at /rustc/df4ca44d3fbc9301ee17f30f4d474e6ae4b05252/library/core/src/ops/function.rs:250:5
[INFO] [stdout]   22:     0x61d2f8b5ebcb - core::ops::function::FnOnce::call_once::h22c3ba5715e93f05
[INFO] [stdout]                                at /rustc/df4ca44d3fbc9301ee17f30f4d474e6ae4b05252/library/core/src/ops/function.rs:250:5
[INFO] [stdout]   23:     0x61d2f8b5ebcb - test::__rust_begin_short_backtrace::h8e82d8113d0da17f
[INFO] [stdout]                                at /rustc/df4ca44d3fbc9301ee17f30f4d474e6ae4b05252/library/test/src/lib.rs:621:18
[INFO] [stdout]   24:     0x61d2f8b5e547 - test::run_test_in_process::{{closure}}::h33235f4f20b7b7c7
[INFO] [stdout]                                at /rustc/df4ca44d3fbc9301ee17f30f4d474e6ae4b05252/library/test/src/lib.rs:644:60
[INFO] [stdout]   25:     0x61d2f8b5e547 - <core::panic::unwind_safe::AssertUnwindSafe<F> as core::ops::function::FnOnce<()>>::call_once::hb5043206310c586f
[INFO] [stdout]                                at /rustc/df4ca44d3fbc9301ee17f30f4d474e6ae4b05252/library/core/src/panic/unwind_safe.rs:272:9
[INFO] [stdout]   26:     0x61d2f8b5e547 - std::panicking::try::do_call::h9ad4731a60ab23e2
[INFO] [stdout]                                at /rustc/df4ca44d3fbc9301ee17f30f4d474e6ae4b05252/library/std/src/panicking.rs:557:40
[INFO] [stdout]   27:     0x61d2f8b5e547 - std::panicking::try::h3824d23db772a716
[INFO] [stdout]                                at /rustc/df4ca44d3fbc9301ee17f30f4d474e6ae4b05252/library/std/src/panicking.rs:520:19
[INFO] [stdout]   28:     0x61d2f8b5e547 - std::panic::catch_unwind::h5afd514605fde46b
[INFO] [stdout]                                at /rustc/df4ca44d3fbc9301ee17f30f4d474e6ae4b05252/library/std/src/panic.rs:358:14
[INFO] [stdout]   29:     0x61d2f8b5e547 - test::run_test_in_process::h0d5cbfa7067d1720
[INFO] [stdout]                                at /rustc/df4ca44d3fbc9301ee17f30f4d474e6ae4b05252/library/test/src/lib.rs:644:27
[INFO] [stdout]   30:     0x61d2f8b5e547 - test::run_test::{{closure}}::h708eb8872708115d
[INFO] [stdout]                                at /rustc/df4ca44d3fbc9301ee17f30f4d474e6ae4b05252/library/test/src/lib.rs:565:43
[INFO] [stdout]   31:     0x61d2f8b21c64 - test::run_test::{{closure}}::h392c51cee94713ab
[INFO] [stdout]                                at /rustc/df4ca44d3fbc9301ee17f30f4d474e6ae4b05252/library/test/src/lib.rs:595:41
[INFO] [stdout]   32:     0x61d2f8b21c64 - std::sys::backtrace::__rust_begin_short_backtrace::h2f40290710935a8b
[INFO] [stdout]                                at /rustc/df4ca44d3fbc9301ee17f30f4d474e6ae4b05252/library/std/src/sys/backtrace.rs:154:18
[INFO] [stdout]   33:     0x61d2f8b2540e - std::thread::Builder::spawn_unchecked_::{{closure}}::{{closure}}::h3fd968d89053a903
[INFO] [stdout]                                at /rustc/df4ca44d3fbc9301ee17f30f4d474e6ae4b05252/library/std/src/thread/mod.rs:541:17
[INFO] [stdout]   34:     0x61d2f8b2540e - <core::panic::unwind_safe::AssertUnwindSafe<F> as core::ops::function::FnOnce<()>>::call_once::h743f637ba4229880
[INFO] [stdout]                                at /rustc/df4ca44d3fbc9301ee17f30f4d474e6ae4b05252/library/core/src/panic/unwind_safe.rs:272:9
[INFO] [stdout]   35:     0x61d2f8b2540e - std::panicking::try::do_call::h07440897322525a6
[INFO] [stdout]                                at /rustc/df4ca44d3fbc9301ee17f30f4d474e6ae4b05252/library/std/src/panicking.rs:557:40
[INFO] [stdout]   36:     0x61d2f8b2540e - std::panicking::try::he5a2e00188156637
[INFO] [stdout]                                at /rustc/df4ca44d3fbc9301ee17f30f4d474e6ae4b05252/library/std/src/panicking.rs:520:19
[INFO] [stdout]   37:     0x61d2f8b2540e - std::panic::catch_unwind::hbaf3cae49b3c6433
[INFO] [stdout]                                at /rustc/df4ca44d3fbc9301ee17f30f4d474e6ae4b05252/library/std/src/panic.rs:358:14
[INFO] [stdout]   38:     0x61d2f8b2540e - std::thread::Builder::spawn_unchecked_::{{closure}}::h8e141ea224820bce
[INFO] [stdout]                                at /rustc/df4ca44d3fbc9301ee17f30f4d474e6ae4b05252/library/std/src/thread/mod.rs:540:30
[INFO] [stdout]   39:     0x61d2f8b2540e - core::ops::function::FnOnce::call_once{{vtable.shim}}::h90d312fedd7b8ea8
[INFO] [stdout]                                at /rustc/df4ca44d3fbc9301ee17f30f4d474e6ae4b05252/library/core/src/ops/function.rs:250:5
[INFO] [stdout]   40:     0x61d2f8b94d2b - <alloc::boxed::Box<F,A> as core::ops::function::FnOnce<Args>>::call_once::h69aa08ddb6adb8b6
[INFO] [stdout]                                at /rustc/df4ca44d3fbc9301ee17f30f4d474e6ae4b05252/library/alloc/src/boxed.rs:2454:9
[INFO] [stdout]   41:     0x61d2f8b94d2b - <alloc::boxed::Box<F,A> as core::ops::function::FnOnce<Args>>::call_once::h5aa36efdb79c806f
[INFO] [stdout]                                at /rustc/df4ca44d3fbc9301ee17f30f4d474e6ae4b05252/library/alloc/src/boxed.rs:2454:9
[INFO] [stdout]   42:     0x61d2f8b94d2b - std::sys::pal::unix::thread::Thread::new::thread_start::h6cd80a1b4be5158d
[INFO] [stdout]                                at /rustc/df4ca44d3fbc9301ee17f30f4d474e6ae4b05252/library/std/src/sys/pal/unix/thread.rs:105:17
[INFO] [stdout]   43:     0x742084636ac3 - <unknown>
[INFO] [stdout]   44:     0x7420846c7a04 - clone
[INFO] [stdout]   45:                0x0 - <unknown>
[INFO] [stdout] 
[INFO] [stdout] ---- input::dashes::tests::dash_with_1_held_4_5_4_should_fail stdout ----
[INFO] [stdout] thread 'input::dashes::tests::dash_with_1_held_4_5_4_should_fail' panicked at src/input/dashes.rs:949:9:
[INFO] [stdout] assertion failed: !(buffer.was_dash_executed(Dashes::Backward, buffer.dash, &false) &&
[INFO] [stdout]             ctx.can_dash_b)
[INFO] [stdout] stack backtrace:
[INFO] [stdout]    0:     0x61d2f8b8f3aa - std::backtrace_rs::backtrace::libunwind::trace::h207520d6e9873551
[INFO] [stdout]                                at /rustc/df4ca44d3fbc9301ee17f30f4d474e6ae4b05252/library/std/src/../../backtrace/src/backtrace/libunwind.rs:116:5
[INFO] [stdout]    1:     0x61d2f8b8f3aa - std::backtrace_rs::backtrace::trace_unsynchronized::h2ed7433f370e3eca
[INFO] [stdout]                                at /rustc/df4ca44d3fbc9301ee17f30f4d474e6ae4b05252/library/std/src/../../backtrace/src/backtrace/mod.rs:66:5
[INFO] [stdout]    2:     0x61d2f8b8f3aa - std::sys::backtrace::_print_fmt::h916fac51166b18d7
[INFO] [stdout]                                at /rustc/df4ca44d3fbc9301ee17f30f4d474e6ae4b05252/library/std/src/sys/backtrace.rs:66:9
[INFO] [stdout]    3:     0x61d2f8b8f3aa - <std::sys::backtrace::BacktraceLock::print::DisplayBacktrace as core::fmt::Display>::fmt::ha0a4c9b8ce3802e6
[INFO] [stdout]                                at /rustc/df4ca44d3fbc9301ee17f30f4d474e6ae4b05252/library/std/src/sys/backtrace.rs:39:26
[INFO] [stdout]    4:     0x61d2f8bb57e3 - core::fmt::rt::Argument::fmt::h4cfc8587d52b3eb5
[INFO] [stdout]                                at /rustc/df4ca44d3fbc9301ee17f30f4d474e6ae4b05252/library/core/src/fmt/rt.rs:177:76
[INFO] [stdout]    5:     0x61d2f8bb57e3 - core::fmt::write::h522cc39e5b36ae9f
[INFO] [stdout]                                at /rustc/df4ca44d3fbc9301ee17f30f4d474e6ae4b05252/library/core/src/fmt/mod.rs:1190:21
[INFO] [stdout]    6:     0x61d2f8b8c013 - std::io::Write::write_fmt::h7d3c26752da97734
[INFO] [stdout]                                at /rustc/df4ca44d3fbc9301ee17f30f4d474e6ae4b05252/library/std/src/io/mod.rs:1839:15
[INFO] [stdout]    7:     0x61d2f8b8f1f2 - std::sys::backtrace::BacktraceLock::print::h4b9e00b29e9c0942
[INFO] [stdout]                                at /rustc/df4ca44d3fbc9301ee17f30f4d474e6ae4b05252/library/std/src/sys/backtrace.rs:42:9
[INFO] [stdout]    8:     0x61d2f8b9083a - std::panicking::default_hook::{{closure}}::hb59b88280d0324d9
[INFO] [stdout]                                at /rustc/df4ca44d3fbc9301ee17f30f4d474e6ae4b05252/library/std/src/panicking.rs:268:22
[INFO] [stdout]    9:     0x61d2f8b90644 - std::panicking::default_hook::he1dd496665be4a29
[INFO] [stdout]                                at /rustc/df4ca44d3fbc9301ee17f30f4d474e6ae4b05252/library/std/src/panicking.rs:292:9
[INFO] [stdout]   10:     0x61d2f8b5a2f9 - <alloc::boxed::Box<F,A> as core::ops::function::Fn<Args>>::call::h4ff71de18744e1dc
[INFO] [stdout]                                at /rustc/df4ca44d3fbc9301ee17f30f4d474e6ae4b05252/library/alloc/src/boxed.rs:2468:9
[INFO] [stdout]   11:     0x61d2f8b5a2f9 - test::test_main::{{closure}}::hcf7c055ce117aa81
[INFO] [stdout]                                at /rustc/df4ca44d3fbc9301ee17f30f4d474e6ae4b05252/library/test/src/lib.rs:133:21
[INFO] [stdout]   12:     0x61d2f8b90f38 - <alloc::boxed::Box<F,A> as core::ops::function::Fn<Args>>::call::h1d66c6bbd60c9692
[INFO] [stdout]                                at /rustc/df4ca44d3fbc9301ee17f30f4d474e6ae4b05252/library/alloc/src/boxed.rs:2468:9
[INFO] [stdout]   13:     0x61d2f8b90f38 - std::panicking::rust_panic_with_hook::h2ff17fe8f26dfcf8
[INFO] [stdout]                                at /rustc/df4ca44d3fbc9301ee17f30f4d474e6ae4b05252/library/std/src/panicking.rs:809:13
[INFO] [stdout]   14:     0x61d2f8b90cc6 - std::panicking::begin_panic_handler::{{closure}}::h4fad77951c07e101
[INFO] [stdout]                                at /rustc/df4ca44d3fbc9301ee17f30f4d474e6ae4b05252/library/std/src/panicking.rs:667:13
[INFO] [stdout]   15:     0x61d2f8b8f889 - std::sys::backtrace::__rust_end_short_backtrace::hb1a25b3da5d0ea08
[INFO] [stdout]                                at /rustc/df4ca44d3fbc9301ee17f30f4d474e6ae4b05252/library/std/src/sys/backtrace.rs:170:18
[INFO] [stdout]   16:     0x61d2f8b9098c - rust_begin_unwind
[INFO] [stdout]                                at /rustc/df4ca44d3fbc9301ee17f30f4d474e6ae4b05252/library/std/src/panicking.rs:665:5
[INFO] [stdout]   17:     0x61d2f8bb41e0 - core::panicking::panic_fmt::ha9db07b529f9b256
[INFO] [stdout]                                at /rustc/df4ca44d3fbc9301ee17f30f4d474e6ae4b05252/library/core/src/panicking.rs:75:14
[INFO] [stdout]   18:     0x61d2f8bb426c - core::panicking::panic::h993086813d94accc
[INFO] [stdout]                                at /rustc/df4ca44d3fbc9301ee17f30f4d474e6ae4b05252/library/core/src/panicking.rs:152:5
[INFO] [stdout]   19:     0x61d2f8b1ea07 - neuch::input::dashes::tests::dash_with_1_held_4_5_4_should_fail::hc48924e086145f1f
[INFO] [stdout]                                at /opt/rustwide/workdir/src/input/dashes.rs:949:9
[INFO] [stdout]   20:     0x61d2f8b1e747 - neuch::input::dashes::tests::dash_with_1_held_4_5_4_should_fail::{{closure}}::h3bf34cde852d5a91
[INFO] [stdout]                                at /opt/rustwide/workdir/src/input/dashes.rs:936:44
[INFO] [stdout]   21:     0x61d2f8b16bd6 - core::ops::function::FnOnce::call_once::h8368c3df4e1a07b3
[INFO] [stdout]                                at /rustc/df4ca44d3fbc9301ee17f30f4d474e6ae4b05252/library/core/src/ops/function.rs:250:5
[INFO] [stdout]   22:     0x61d2f8b5ebcb - core::ops::function::FnOnce::call_once::h22c3ba5715e93f05
[INFO] [stdout]                                at /rustc/df4ca44d3fbc9301ee17f30f4d474e6ae4b05252/library/core/src/ops/function.rs:250:5
[INFO] [stdout]   23:     0x61d2f8b5ebcb - test::__rust_begin_short_backtrace::h8e82d8113d0da17f
[INFO] [stdout]                                at /rustc/df4ca44d3fbc9301ee17f30f4d474e6ae4b05252/library/test/src/lib.rs:621:18
[INFO] [stdout]   24:     0x61d2f8b5e547 - test::run_test_in_process::{{closure}}::h33235f4f20b7b7c7
[INFO] [stdout]                                at /rustc/df4ca44d3fbc9301ee17f30f4d474e6ae4b05252/library/test/src/lib.rs:644:60
[INFO] [stdout]   25:     0x61d2f8b5e547 - <core::panic::unwind_safe::AssertUnwindSafe<F> as core::ops::function::FnOnce<()>>::call_once::hb5043206310c586f
[INFO] [stdout]                                at /rustc/df4ca44d3fbc9301ee17f30f4d474e6ae4b05252/library/core/src/panic/unwind_safe.rs:272:9
[INFO] [stdout]   26:     0x61d2f8b5e547 - std::panicking::try::do_call::h9ad4731a60ab23e2
[INFO] [stdout]                                at /rustc/df4ca44d3fbc9301ee17f30f4d474e6ae4b05252/library/std/src/panicking.rs:557:40
[INFO] [stdout]   27:     0x61d2f8b5e547 - std::panicking::try::h3824d23db772a716
[INFO] [stdout]                                at /rustc/df4ca44d3fbc9301ee17f30f4d474e6ae4b05252/library/std/src/panicking.rs:520:19
[INFO] [stdout]   28:     0x61d2f8b5e547 - std::panic::catch_unwind::h5afd514605fde46b
[INFO] [stdout]                                at /rustc/df4ca44d3fbc9301ee17f30f4d474e6ae4b05252/library/std/src/panic.rs:358:14
[INFO] [stdout]   29:     0x61d2f8b5e547 - test::run_test_in_process::h0d5cbfa7067d1720
[INFO] [stdout]                                at /rustc/df4ca44d3fbc9301ee17f30f4d474e6ae4b05252/library/test/src/lib.rs:644:27
[INFO] [stdout]   30:     0x61d2f8b5e547 - test::run_test::{{closure}}::h708eb8872708115d
[INFO] [stdout]                                at /rustc/df4ca44d3fbc9301ee17f30f4d474e6ae4b05252/library/test/src/lib.rs:565:43
[INFO] [stdout]   31:     0x61d2f8b21c64 - test::run_test::{{closure}}::h392c51cee94713ab
[INFO] [stdout]                                at /rustc/df4ca44d3fbc9301ee17f30f4d474e6ae4b05252/library/test/src/lib.rs:595:41
[INFO] [stdout]   32:     0x61d2f8b21c64 - std::sys::backtrace::__rust_begin_short_backtrace::h2f40290710935a8b
[INFO] [stdout]                                at /rustc/df4ca44d3fbc9301ee17f30f4d474e6ae4b05252/library/std/src/sys/backtrace.rs:154:18
[INFO] [stdout]   33:     0x61d2f8b2540e - std::thread::Builder::spawn_unchecked_::{{closure}}::{{closure}}::h3fd968d89053a903
[INFO] [stdout]                                at /rustc/df4ca44d3fbc9301ee17f30f4d474e6ae4b05252/library/std/src/thread/mod.rs:541:17
[INFO] [stdout]   34:     0x61d2f8b2540e - <core::panic::unwind_safe::AssertUnwindSafe<F> as core::ops::function::FnOnce<()>>::call_once::h743f637ba4229880
[INFO] [stdout]                                at /rustc/df4ca44d3fbc9301ee17f30f4d474e6ae4b05252/library/core/src/panic/unwind_safe.rs:272:9
[INFO] [stdout]   35:     0x61d2f8b2540e - std::panicking::try::do_call::h07440897322525a6
[INFO] [stdout]                                at /rustc/df4ca44d3fbc9301ee17f30f4d474e6ae4b05252/library/std/src/panicking.rs:557:40
[INFO] [stdout]   36:     0x61d2f8b2540e - std::panicking::try::he5a2e00188156637
[INFO] [stdout]                                at /rustc/df4ca44d3fbc9301ee17f30f4d474e6ae4b05252/library/std/src/panicking.rs:520:19
[INFO] [stdout]   37:     0x61d2f8b2540e - std::panic::catch_unwind::hbaf3cae49b3c6433
[INFO] [stdout]                                at /rustc/df4ca44d3fbc9301ee17f30f4d474e6ae4b05252/library/std/src/panic.rs:358:14
[INFO] [stdout]   38:     0x61d2f8b2540e - std::thread::Builder::spawn_unchecked_::{{closure}}::h8e141ea224820bce
[INFO] [stdout]                                at /rustc/df4ca44d3fbc9301ee17f30f4d474e6ae4b05252/library/std/src/thread/mod.rs:540:30
[INFO] [stdout]   39:     0x61d2f8b2540e - core::ops::function::FnOnce::call_once{{vtable.shim}}::h90d312fedd7b8ea8
[INFO] [stdout]                                at /rustc/df4ca44d3fbc9301ee17f30f4d474e6ae4b05252/library/core/src/ops/function.rs:250:5
[INFO] [stdout]   40:     0x61d2f8b94d2b - <alloc::boxed::Box<F,A> as core::ops::function::FnOnce<Args>>::call_once::h69aa08ddb6adb8b6
[INFO] [stdout]                                at /rustc/df4ca44d3fbc9301ee17f30f4d474e6ae4b05252/library/alloc/src/boxed.rs:2454:9
[INFO] [stdout]   41:     0x61d2f8b94d2b - <alloc::boxed::Box<F,A> as core::ops::function::FnOnce<Args>>::call_once::h5aa36efdb79c806f
[INFO] [stdout]                                at /rustc/df4ca44d3fbc9301ee17f30f4d474e6ae4b05252/library/alloc/src/boxed.rs:2454:9
[INFO] [stdout]   42:     0x61d2f8b94d2b - std::sys::pal::unix::thread::Thread::new::thread_start::h6cd80a1b4be5158d
[INFO] [stdout]                                at /rustc/df4ca44d3fbc9301ee17f30f4d474e6ae4b05252/library/std/src/sys/pal/unix/thread.rs:105:17
[INFO] [stdout]   43:     0x742084636ac3 - <unknown>
[INFO] [stdout]   44:     0x7420846c7a04 - clone
[INFO] [stdout]   45:                0x0 - <unknown>
[INFO] [stdout] 
[INFO] [stdout] 
[INFO] [stdout] failures:
[INFO] [stdout]     input::dashes::tests::dash_with_1_5_4_should_work
[INFO] [stdout]     input::dashes::tests::dash_with_1_held_4_5_4_should_fail
[INFO] [stdout] 
[INFO] [stdout] test result: FAILED. 21 passed; 2 failed; 0 ignored; 0 measured; 0 filtered out; finished in 0.01s
[INFO] [stdout] 
[INFO] [stderr] error: test failed, to rerun pass `--bin neuch`
[INFO] running `Command { std: "docker" "inspect" "a95677bf0c8e226664c6703614d161075002a21e2a8b0cecd64114e94380017f", kill_on_drop: false }`
[INFO] running `Command { std: "docker" "rm" "-f" "a95677bf0c8e226664c6703614d161075002a21e2a8b0cecd64114e94380017f", kill_on_drop: false }`
[INFO] [stdout] a95677bf0c8e226664c6703614d161075002a21e2a8b0cecd64114e94380017f
