[INFO] cloning repository https://github.com/fioncat/csync
[INFO] running `Command { std: "git" "-c" "credential.helper=" "-c" "credential.helper=/workspace/cargo-home/bin/git-credential-null" "clone" "--bare" "https://github.com/fioncat/csync" "/workspace/cache/git-repos/https%3A%2F%2Fgithub.com%2Ffioncat%2Fcsync", kill_on_drop: false }`
[INFO] [stderr] Cloning into bare repository '/workspace/cache/git-repos/https%3A%2F%2Fgithub.com%2Ffioncat%2Fcsync'...
[INFO] running `Command { std: "git" "rev-parse" "HEAD", kill_on_drop: false }`
[INFO] [stdout] 29c32ff643d7ad1ba568068035c30e1c48beafbd
[INFO] testing fioncat/csync/29c32ff643d7ad1ba568068035c30e1c48beafbd against nightly-2024-10-28 for randomize-layout
[INFO] running `Command { std: "git" "clone" "/workspace/cache/git-repos/https%3A%2F%2Fgithub.com%2Ffioncat%2Fcsync" "/workspace/builds/worker-0-tc1/source", kill_on_drop: false }`
[INFO] [stderr] Cloning into '/workspace/builds/worker-0-tc1/source'...
[INFO] [stderr] done.
[INFO] validating manifest of git repo https://github.com/fioncat/csync on toolchain nightly-2024-10-28
[INFO] running `Command { std: CARGO_HOME="/workspace/cargo-home" RUSTUP_HOME="/workspace/rustup-home" "/workspace/cargo-home/bin/cargo" "+nightly-2024-10-28" "metadata" "--manifest-path" "Cargo.toml" "--no-deps", kill_on_drop: false }`
[INFO] started tweaking git repo https://github.com/fioncat/csync
[INFO] finished tweaking git repo https://github.com/fioncat/csync
[INFO] tweaked toml for git repo https://github.com/fioncat/csync written to /workspace/builds/worker-0-tc1/source/Cargo.toml
[INFO] crate git repo https://github.com/fioncat/csync already has a lockfile, it will not be regenerated
[INFO] running `Command { std: CARGO_HOME="/workspace/cargo-home" RUSTUP_HOME="/workspace/rustup-home" "/workspace/cargo-home/bin/cargo" "+nightly-2024-10-28" "fetch" "--manifest-path" "Cargo.toml", kill_on_drop: false }`
[INFO] [stderr]  Downloading crates ...
[INFO] [stderr]   Downloaded windows-implement v0.57.0
[INFO] [stderr]   Downloaded simple-error v0.3.1
[INFO] [stderr]   Downloaded uuid-macro-internal v1.11.0
[INFO] [stderr]   Downloaded windows-interface v0.57.0
[INFO] [stderr]   Downloaded sysinfo v0.31.4
[INFO] [stderr]   Downloaded windows-core v0.57.0
[INFO] [stderr]   Downloaded fern v0.7.0
[INFO] [stderr]   Downloaded windows v0.57.0
[INFO] running `Command { std: "docker" "create" "-v" "/var/lib/crater-agent-workspace/builds/worker-0-tc1/target:/opt/rustwide/target:rw,Z" "-v" "/var/lib/crater-agent-workspace/builds/worker-0-tc1/source:/opt/rustwide/workdir:ro,Z" "-v" "/var/lib/crater-agent-workspace/cargo-home:/opt/rustwide/cargo-home:ro,Z" "-v" "/var/lib/crater-agent-workspace/rustup-home:/opt/rustwide/rustup-home:ro,Z" "-e" "SOURCE_DIR=/opt/rustwide/workdir" "-e" "CARGO_TARGET_DIR=/opt/rustwide/target" "-e" "CARGO_HOME=/opt/rustwide/cargo-home" "-e" "RUSTUP_HOME=/opt/rustwide/rustup-home" "-w" "/opt/rustwide/workdir" "-m" "1610612736" "--user" "0:0" "--network" "none" "ghcr.io/rust-lang/crates-build-env/linux@sha256:4a844ea9eb2546a2d2c7022eacef16ef2e8229c7fbb2c7d4d55a9ceca922f72d" "/opt/rustwide/cargo-home/bin/cargo" "+nightly-2024-10-28" "metadata" "--no-deps" "--format-version=1", kill_on_drop: false }`
[INFO] [stdout] dce6c906dec91985475ef2f70970a4cb80011a462dd9373830787f47a6c5c124
[INFO] running `Command { std: "docker" "start" "-a" "dce6c906dec91985475ef2f70970a4cb80011a462dd9373830787f47a6c5c124", kill_on_drop: false }`
[INFO] running `Command { std: "docker" "inspect" "dce6c906dec91985475ef2f70970a4cb80011a462dd9373830787f47a6c5c124", kill_on_drop: false }`
[INFO] running `Command { std: "docker" "rm" "-f" "dce6c906dec91985475ef2f70970a4cb80011a462dd9373830787f47a6c5c124", kill_on_drop: false }`
[INFO] [stdout] dce6c906dec91985475ef2f70970a4cb80011a462dd9373830787f47a6c5c124
[INFO] running `Command { std: "docker" "create" "-v" "/var/lib/crater-agent-workspace/builds/worker-0-tc1/target:/opt/rustwide/target:rw,Z" "-v" "/var/lib/crater-agent-workspace/builds/worker-0-tc1/source:/opt/rustwide/workdir:ro,Z" "-v" "/var/lib/crater-agent-workspace/cargo-home:/opt/rustwide/cargo-home:ro,Z" "-v" "/var/lib/crater-agent-workspace/rustup-home:/opt/rustwide/rustup-home:ro,Z" "-e" "SOURCE_DIR=/opt/rustwide/workdir" "-e" "CARGO_TARGET_DIR=/opt/rustwide/target" "-e" "CARGO_INCREMENTAL=0" "-e" "RUST_BACKTRACE=full" "-e" "RUSTFLAGS=--cap-lints=forbid" "-e" "RUSTDOCFLAGS=--cap-lints=forbid" "-e" "CARGO_HOME=/opt/rustwide/cargo-home" "-e" "RUSTUP_HOME=/opt/rustwide/rustup-home" "-w" "/opt/rustwide/workdir" "-m" "1610612736" "--user" "0:0" "--network" "none" "ghcr.io/rust-lang/crates-build-env/linux@sha256:4a844ea9eb2546a2d2c7022eacef16ef2e8229c7fbb2c7d4d55a9ceca922f72d" "/opt/rustwide/cargo-home/bin/cargo" "+nightly-2024-10-28" "build" "--frozen" "--message-format=json", kill_on_drop: false }`
[INFO] [stdout] d2f9926f1f6eaab8d1477a2c192487ffe2a278a30a22bf083edaabde926b96ef
[INFO] running `Command { std: "docker" "start" "-a" "d2f9926f1f6eaab8d1477a2c192487ffe2a278a30a22bf083edaabde926b96ef", kill_on_drop: false }`
[INFO] [stderr]    Compiling proc-macro2 v1.0.89
[INFO] [stderr]    Compiling unicode-ident v1.0.13
[INFO] [stderr]    Compiling libc v0.2.161
[INFO] [stderr]    Compiling version_check v0.9.5
[INFO] [stderr]    Compiling typenum v1.17.0
[INFO] [stderr]    Compiling serde v1.0.214
[INFO] [stderr]    Compiling strsim v0.11.1
[INFO] [stderr]    Compiling crossbeam-utils v0.8.20
[INFO] [stderr]    Compiling ident_case v1.0.1
[INFO] [stderr]    Compiling fnv v1.0.7
[INFO] [stderr]    Compiling rustversion v1.0.18
[INFO] [stderr]    Compiling memchr v2.7.4
[INFO] [stderr]    Compiling generic-array v0.14.7
[INFO] [stderr]    Compiling subtle v2.6.1
[INFO] [stderr]    Compiling semver v1.0.23
[INFO] [stderr]    Compiling rayon-core v1.12.1
[INFO] [stderr]    Compiling serde_json v1.0.132
[INFO] [stderr]    Compiling crossbeam-epoch v0.9.18
[INFO] [stderr]    Compiling thiserror v1.0.65
[INFO] [stderr]    Compiling quote v1.0.37
[INFO] [stderr]    Compiling crossbeam-deque v0.8.5
[INFO] [stderr]    Compiling syn v2.0.85
[INFO] [stderr]    Compiling camino v1.1.9
[INFO] [stderr]    Compiling getrandom v0.2.15
[INFO] [stderr]    Compiling anyhow v1.0.91
[INFO] [stderr]    Compiling itoa v1.0.11
[INFO] [stderr]    Compiling vergen-lib v0.1.4
[INFO] [stderr]    Compiling rand_core v0.6.4
[INFO] [stderr]    Compiling aho-corasick v1.1.3
[INFO] [stderr]    Compiling either v1.13.0
[INFO] [stderr]    Compiling byteorder v1.5.0
[INFO] [stderr]    Compiling cpufeatures v0.2.14
[INFO] [stderr]    Compiling powerfmt v0.2.0
[INFO] [stderr]    Compiling regex-syntax v0.8.5
[INFO] [stderr]    Compiling autocfg v1.4.0
[INFO] [stderr]    Compiling ryu v1.0.18
[INFO] [stderr]    Compiling deranged v0.3.11
[INFO] [stderr]    Compiling crypto-common v0.1.6
[INFO] [stderr]    Compiling lock_api v0.4.12
[INFO] [stderr]    Compiling block-buffer v0.10.4
[INFO] [stderr]    Compiling inout v0.1.3
[INFO] [stderr]    Compiling rayon v1.10.0
[INFO] [stderr]    Compiling vergen v9.0.1
[INFO] [stderr]    Compiling num_threads v0.1.7
[INFO] [stderr]    Compiling parking_lot_core v0.9.10
[INFO] [stderr]    Compiling shlex v1.3.0
[INFO] [stderr]    Compiling num-conv v0.1.0
[INFO] [stderr]    Compiling utf8parse v0.2.2
[INFO] [stderr]    Compiling time-core v0.1.2
[INFO] [stderr]    Compiling cc v1.1.31
[INFO] [stderr]    Compiling anstyle-parse v0.2.6
[INFO] [stderr]    Compiling cipher v0.4.4
[INFO] [stderr]    Compiling time v0.3.36
[INFO] [stderr]    Compiling digest v0.10.7
[INFO] [stderr]    Compiling universal-hash v0.5.1
[INFO] [stderr]    Compiling opaque-debug v0.3.1
[INFO] [stderr]    Compiling smallvec v1.13.2
[INFO] [stderr]    Compiling scopeguard v1.2.0
[INFO] [stderr]    Compiling anstyle v1.0.9
[INFO] [stderr]    Compiling equivalent v1.0.1
[INFO] [stderr]    Compiling hashbrown v0.15.0
[INFO] [stderr]    Compiling anstyle-query v1.1.2
[INFO] [stderr]    Compiling colorchoice v1.0.3
[INFO] [stderr]    Compiling is_terminal_polyfill v1.70.1
[INFO] [stderr]    Compiling anstream v0.6.17
[INFO] [stderr]    Compiling regex-automata v0.4.8
[INFO] [stderr]    Compiling indexmap v2.6.0
[INFO] [stderr]    Compiling blake3 v1.5.4
[INFO] [stderr]    Compiling polyval v0.6.2
[INFO] [stderr]    Compiling clap_lex v0.7.2
[INFO] [stderr]    Compiling lazy_static v1.5.0
[INFO] [stderr]    Compiling winnow v0.6.20
[INFO] [stderr]    Compiling simple-error v0.3.1
[INFO] [stderr]    Compiling sysinfo v0.31.4
[INFO] [stderr]    Compiling option-ext v0.2.0
[INFO] [stderr]    Compiling heck v0.5.0
[INFO] [stderr]    Compiling dirs-sys v0.4.1
[INFO] [stderr]    Compiling darling_core v0.20.10
[INFO] [stderr]    Compiling colored v2.1.0
[INFO] [stderr]    Compiling clap_builder v4.5.20
[INFO] [stderr]    Compiling ghash v0.5.1
[INFO] [stderr]    Compiling parking_lot v0.12.3
[INFO] [stderr]    Compiling hmac v0.12.1
[INFO] [stderr]    Compiling aes v0.8.4
[INFO] [stderr]    Compiling ctr v0.9.2
[INFO] [stderr]    Compiling aead v0.5.2
[INFO] [stderr]    Compiling socket2 v0.5.7
[INFO] [stderr]    Compiling regex v1.11.1
[INFO] [stderr]    Compiling mio v1.0.2
[INFO] [stderr]    Compiling signal-hook-registry v1.4.2
[INFO] [stderr]    Compiling log v0.4.22
[INFO] [stderr]    Compiling arrayvec v0.7.6
[INFO] [stderr]    Compiling bytes v1.8.0
[INFO] [stderr]    Compiling constant_time_eq v0.3.1
[INFO] [stderr]    Compiling pin-project-lite v0.2.15
[INFO] [stderr]    Compiling arrayref v0.3.9
[INFO] [stderr]    Compiling fern v0.7.0
[INFO] [stderr]    Compiling aes-gcm v0.10.3
[INFO] [stderr]    Compiling pbkdf2 v0.12.2
[INFO] [stderr]    Compiling serde_derive v1.0.214
[INFO] [stderr]    Compiling zerocopy-derive v0.7.35
[INFO] [stderr]    Compiling thiserror-impl v1.0.65
[INFO] [stderr]    Compiling tokio-macros v2.4.0
[INFO] [stderr]    Compiling uuid-macro-internal v1.11.0
[INFO] [stderr]    Compiling clap_derive v4.5.18
[INFO] [stderr]    Compiling darling_macro v0.20.10
[INFO] [stderr]    Compiling zerocopy v0.7.35
[INFO] [stderr]    Compiling dirs v5.0.1
[INFO] [stderr]    Compiling darling v0.20.10
[INFO] [stderr]    Compiling derive_builder_core v0.20.2
[INFO] [stderr]    Compiling sha2 v0.10.8
[INFO] [stderr]    Compiling tokio v1.41.0
[INFO] [stderr]    Compiling humantime v2.1.0
[INFO] [stderr]    Compiling ppv-lite86 v0.2.20
[INFO] [stderr]    Compiling rand_chacha v0.3.1
[INFO] [stderr]    Compiling derive_builder_macro v0.20.2
[INFO] [stderr]    Compiling rand v0.8.5
[INFO] [stderr]    Compiling derive_builder v0.20.2
[INFO] [stderr]    Compiling uuid v1.11.0
[INFO] [stderr]    Compiling clap v4.5.20
[INFO] [stderr]    Compiling cargo-platform v0.1.8
[INFO] [stderr]    Compiling toml_datetime v0.6.8
[INFO] [stderr]    Compiling serde_spanned v0.6.8
[INFO] [stderr]    Compiling bincode v1.3.3
[INFO] [stderr]    Compiling rustc_version v0.4.1
[INFO] [stderr]    Compiling toml_edit v0.22.22
[INFO] [stderr]    Compiling cargo_metadata v0.18.1
[INFO] [stderr]    Compiling csync v0.4.0 (/opt/rustwide/workdir)
[INFO] [stderr]    Compiling toml v0.8.19
[INFO] [stderr]     Finished `dev` profile [unoptimized + debuginfo] target(s) in 14.21s
[INFO] running `Command { std: "docker" "inspect" "d2f9926f1f6eaab8d1477a2c192487ffe2a278a30a22bf083edaabde926b96ef", kill_on_drop: false }`
[INFO] running `Command { std: "docker" "rm" "-f" "d2f9926f1f6eaab8d1477a2c192487ffe2a278a30a22bf083edaabde926b96ef", kill_on_drop: false }`
[INFO] [stdout] d2f9926f1f6eaab8d1477a2c192487ffe2a278a30a22bf083edaabde926b96ef
[INFO] running `Command { std: "docker" "create" "-v" "/var/lib/crater-agent-workspace/builds/worker-0-tc1/target:/opt/rustwide/target:rw,Z" "-v" "/var/lib/crater-agent-workspace/builds/worker-0-tc1/source:/opt/rustwide/workdir:ro,Z" "-v" "/var/lib/crater-agent-workspace/cargo-home:/opt/rustwide/cargo-home:ro,Z" "-v" "/var/lib/crater-agent-workspace/rustup-home:/opt/rustwide/rustup-home:ro,Z" "-e" "SOURCE_DIR=/opt/rustwide/workdir" "-e" "CARGO_TARGET_DIR=/opt/rustwide/target" "-e" "CARGO_INCREMENTAL=0" "-e" "RUST_BACKTRACE=full" "-e" "RUSTFLAGS=--cap-lints=forbid" "-e" "RUSTDOCFLAGS=--cap-lints=forbid" "-e" "CARGO_HOME=/opt/rustwide/cargo-home" "-e" "RUSTUP_HOME=/opt/rustwide/rustup-home" "-w" "/opt/rustwide/workdir" "-m" "1610612736" "--user" "0:0" "--network" "none" "ghcr.io/rust-lang/crates-build-env/linux@sha256:4a844ea9eb2546a2d2c7022eacef16ef2e8229c7fbb2c7d4d55a9ceca922f72d" "/opt/rustwide/cargo-home/bin/cargo" "+nightly-2024-10-28" "test" "--frozen" "--no-run" "--message-format=json", kill_on_drop: false }`
[INFO] [stdout] 821406890b0c4a44b152d9cf27502fc7fcad6b9f0a3d01cce7251fc3b9a29308
[INFO] running `Command { std: "docker" "start" "-a" "821406890b0c4a44b152d9cf27502fc7fcad6b9f0a3d01cce7251fc3b9a29308", kill_on_drop: false }`
[INFO] [stderr]    Compiling csync v0.4.0 (/opt/rustwide/workdir)
[INFO] [stderr]     Finished `test` profile [unoptimized + debuginfo] target(s) in 1.37s
[INFO] running `Command { std: "docker" "inspect" "821406890b0c4a44b152d9cf27502fc7fcad6b9f0a3d01cce7251fc3b9a29308", kill_on_drop: false }`
[INFO] running `Command { std: "docker" "rm" "-f" "821406890b0c4a44b152d9cf27502fc7fcad6b9f0a3d01cce7251fc3b9a29308", kill_on_drop: false }`
[INFO] [stdout] 821406890b0c4a44b152d9cf27502fc7fcad6b9f0a3d01cce7251fc3b9a29308
[INFO] running `Command { std: "docker" "create" "-v" "/var/lib/crater-agent-workspace/builds/worker-0-tc1/target:/opt/rustwide/target:rw,Z" "-v" "/var/lib/crater-agent-workspace/builds/worker-0-tc1/source:/opt/rustwide/workdir:ro,Z" "-v" "/var/lib/crater-agent-workspace/cargo-home:/opt/rustwide/cargo-home:ro,Z" "-v" "/var/lib/crater-agent-workspace/rustup-home:/opt/rustwide/rustup-home:ro,Z" "-e" "SOURCE_DIR=/opt/rustwide/workdir" "-e" "CARGO_TARGET_DIR=/opt/rustwide/target" "-e" "CARGO_INCREMENTAL=0" "-e" "RUST_BACKTRACE=full" "-e" "RUSTFLAGS=--cap-lints=forbid" "-e" "RUSTDOCFLAGS=--cap-lints=forbid" "-e" "CARGO_HOME=/opt/rustwide/cargo-home" "-e" "RUSTUP_HOME=/opt/rustwide/rustup-home" "-w" "/opt/rustwide/workdir" "-m" "1610612736" "--user" "0:0" "--network" "none" "ghcr.io/rust-lang/crates-build-env/linux@sha256:4a844ea9eb2546a2d2c7022eacef16ef2e8229c7fbb2c7d4d55a9ceca922f72d" "/opt/rustwide/cargo-home/bin/cargo" "+nightly-2024-10-28" "test" "--frozen", kill_on_drop: false }`
[INFO] [stdout] 6edb443934960255ede1ade46918e518aa49c165b8d335853af6528d550a708c
[INFO] running `Command { std: "docker" "start" "-a" "6edb443934960255ede1ade46918e518aa49c165b8d335853af6528d550a708c", kill_on_drop: false }`
[INFO] [stderr]     Finished `test` profile [unoptimized + debuginfo] target(s) in 0.08s
[INFO] [stderr]      Running unittests src/main.rs (/opt/rustwide/target/debug/deps/csync-d9cd51d3c0f0d59a)
[INFO] [stdout] 
[INFO] [stdout] running 6 tests
[INFO] [stdout] test net::client::tests::test_client ... ok
[INFO] [stdout] test clipboard::tests::test_clipboard ... ok
[INFO] [stdout] test net::server::tests::test_server ... ok
[INFO] [stdout] test net::frame::tests::test_frame ... ok
[INFO] [stdout] test net::conn::tests::test_conn ... FAILED
[INFO] [stdout] test net::frame::tests::test_auth ... ok
[INFO] [stdout] 
[INFO] [stdout] failures:
[INFO] [stdout] 
[INFO] [stdout] ---- net::conn::tests::test_conn stdout ----
[INFO] [stdout] thread 'net::conn::tests::test_conn' panicked at src/net/conn.rs:97:14:
[INFO] [stdout] called `Result::unwrap()` on an `Err` value: Os { code: 30, kind: ReadOnlyFilesystem, message: "Read-only file system" }
[INFO] [stdout] stack backtrace:
[INFO] [stdout]    0:     0x62728b2ac7ea - std::backtrace_rs::backtrace::libunwind::trace::h207520d6e9873551
[INFO] [stdout]                                at /rustc/df4ca44d3fbc9301ee17f30f4d474e6ae4b05252/library/std/src/../../backtrace/src/backtrace/libunwind.rs:116:5
[INFO] [stdout]    1:     0x62728b2ac7ea - std::backtrace_rs::backtrace::trace_unsynchronized::h2ed7433f370e3eca
[INFO] [stdout]                                at /rustc/df4ca44d3fbc9301ee17f30f4d474e6ae4b05252/library/std/src/../../backtrace/src/backtrace/mod.rs:66:5
[INFO] [stdout]    2:     0x62728b2ac7ea - std::sys::backtrace::_print_fmt::h916fac51166b18d7
[INFO] [stdout]                                at /rustc/df4ca44d3fbc9301ee17f30f4d474e6ae4b05252/library/std/src/sys/backtrace.rs:66:9
[INFO] [stdout]    3:     0x62728b2ac7ea - <std::sys::backtrace::BacktraceLock::print::DisplayBacktrace as core::fmt::Display>::fmt::ha0a4c9b8ce3802e6
[INFO] [stdout]                                at /rustc/df4ca44d3fbc9301ee17f30f4d474e6ae4b05252/library/std/src/sys/backtrace.rs:39:26
[INFO] [stdout]    4:     0x62728b2d6083 - core::fmt::rt::Argument::fmt::h4cfc8587d52b3eb5
[INFO] [stdout]                                at /rustc/df4ca44d3fbc9301ee17f30f4d474e6ae4b05252/library/core/src/fmt/rt.rs:177:76
[INFO] [stdout]    5:     0x62728b2d6083 - core::fmt::write::h522cc39e5b36ae9f
[INFO] [stdout]                                at /rustc/df4ca44d3fbc9301ee17f30f4d474e6ae4b05252/library/core/src/fmt/mod.rs:1190:21
[INFO] [stdout]    6:     0x62728b2a85f3 - std::io::Write::write_fmt::h7d3c26752da97734
[INFO] [stdout]                                at /rustc/df4ca44d3fbc9301ee17f30f4d474e6ae4b05252/library/std/src/io/mod.rs:1839:15
[INFO] [stdout]    7:     0x62728b2ac632 - std::sys::backtrace::BacktraceLock::print::h4b9e00b29e9c0942
[INFO] [stdout]                                at /rustc/df4ca44d3fbc9301ee17f30f4d474e6ae4b05252/library/std/src/sys/backtrace.rs:42:9
[INFO] [stdout]    8:     0x62728b2adc7a - std::panicking::default_hook::{{closure}}::hb59b88280d0324d9
[INFO] [stdout]                                at /rustc/df4ca44d3fbc9301ee17f30f4d474e6ae4b05252/library/std/src/panicking.rs:268:22
[INFO] [stdout]    9:     0x62728b2ada84 - std::panicking::default_hook::he1dd496665be4a29
[INFO] [stdout]                                at /rustc/df4ca44d3fbc9301ee17f30f4d474e6ae4b05252/library/std/src/panicking.rs:292:9
[INFO] [stdout]   10:     0x62728b14fe39 - <alloc::boxed::Box<F,A> as core::ops::function::Fn<Args>>::call::h4ff71de18744e1dc
[INFO] [stdout]                                at /rustc/df4ca44d3fbc9301ee17f30f4d474e6ae4b05252/library/alloc/src/boxed.rs:2468:9
[INFO] [stdout]   11:     0x62728b14fe39 - test::test_main::{{closure}}::hcf7c055ce117aa81
[INFO] [stdout]                                at /rustc/df4ca44d3fbc9301ee17f30f4d474e6ae4b05252/library/test/src/lib.rs:133:21
[INFO] [stdout]   12:     0x62728b2ae378 - <alloc::boxed::Box<F,A> as core::ops::function::Fn<Args>>::call::h1d66c6bbd60c9692
[INFO] [stdout]                                at /rustc/df4ca44d3fbc9301ee17f30f4d474e6ae4b05252/library/alloc/src/boxed.rs:2468:9
[INFO] [stdout]   13:     0x62728b2ae378 - std::panicking::rust_panic_with_hook::h2ff17fe8f26dfcf8
[INFO] [stdout]                                at /rustc/df4ca44d3fbc9301ee17f30f4d474e6ae4b05252/library/std/src/panicking.rs:809:13
[INFO] [stdout]   14:     0x62728b2ae13a - std::panicking::begin_panic_handler::{{closure}}::h4fad77951c07e101
[INFO] [stdout]                                at /rustc/df4ca44d3fbc9301ee17f30f4d474e6ae4b05252/library/std/src/panicking.rs:674:13
[INFO] [stdout]   15:     0x62728b2accc9 - std::sys::backtrace::__rust_end_short_backtrace::hb1a25b3da5d0ea08
[INFO] [stdout]                                at /rustc/df4ca44d3fbc9301ee17f30f4d474e6ae4b05252/library/std/src/sys/backtrace.rs:170:18
[INFO] [stdout]   16:     0x62728b2addcc - rust_begin_unwind
[INFO] [stdout]                                at /rustc/df4ca44d3fbc9301ee17f30f4d474e6ae4b05252/library/std/src/panicking.rs:665:5
[INFO] [stdout]   17:     0x62728b2d45c0 - core::panicking::panic_fmt::ha9db07b529f9b256
[INFO] [stdout]                                at /rustc/df4ca44d3fbc9301ee17f30f4d474e6ae4b05252/library/core/src/panicking.rs:75:14
[INFO] [stdout]   18:     0x62728b2d4a66 - core::result::unwrap_failed::h5e8218e4d4338b8a
[INFO] [stdout]                                at /rustc/df4ca44d3fbc9301ee17f30f4d474e6ae4b05252/library/core/src/result.rs:1698:5
[INFO] [stdout]   19:     0x62728b0e6550 - core::result::Result<T,E>::unwrap::h66994959af17c7db
[INFO] [stdout]                                at /rustc/df4ca44d3fbc9301ee17f30f4d474e6ae4b05252/library/core/src/result.rs:1103:23
[INFO] [stdout]   20:     0x62728b0e6550 - csync::net::conn::tests::test_conn::{{closure}}::he6025c5d331db7df
[INFO] [stdout]                                at /opt/rustwide/workdir/src/net/conn.rs:91:20
[INFO] [stdout]   21:     0x62728b095042 - <core::pin::Pin<P> as core::future::future::Future>::poll::h1682a1b6b437d046
[INFO] [stdout]                                at /rustc/df4ca44d3fbc9301ee17f30f4d474e6ae4b05252/library/core/src/future/future.rs:123:9
[INFO] [stdout]   22:     0x62728b09517d - <core::pin::Pin<P> as core::future::future::Future>::poll::h867651c8eab42d0d
[INFO] [stdout]                                at /rustc/df4ca44d3fbc9301ee17f30f4d474e6ae4b05252/library/core/src/future/future.rs:123:9
[INFO] [stdout]   23:     0x62728b07e96f - tokio::runtime::scheduler::current_thread::CoreGuard::block_on::{{closure}}::{{closure}}::{{closure}}::he3de87d0b83502cf
[INFO] [stdout]                                at /opt/rustwide/cargo-home/registry/src/index.crates.io-6f17d22bba15001f/tokio-1.41.0/src/runtime/scheduler/current_thread/mod.rs:729:57
[INFO] [stdout]   24:     0x62728b07e6b5 - tokio::runtime::coop::with_budget::h680970a82c849179
[INFO] [stdout]                                at /opt/rustwide/cargo-home/registry/src/index.crates.io-6f17d22bba15001f/tokio-1.41.0/src/runtime/coop.rs:107:5
[INFO] [stdout]   25:     0x62728b07e6b5 - tokio::runtime::coop::budget::ha754d88efcb75a19
[INFO] [stdout]                                at /opt/rustwide/cargo-home/registry/src/index.crates.io-6f17d22bba15001f/tokio-1.41.0/src/runtime/coop.rs:73:5
[INFO] [stdout]   26:     0x62728b07e6b5 - tokio::runtime::scheduler::current_thread::CoreGuard::block_on::{{closure}}::{{closure}}::h10855a45e5835b11
[INFO] [stdout]                                at /opt/rustwide/cargo-home/registry/src/index.crates.io-6f17d22bba15001f/tokio-1.41.0/src/runtime/scheduler/current_thread/mod.rs:729:25
[INFO] [stdout]   27:     0x62728b07be90 - tokio::runtime::scheduler::current_thread::Context::enter::h3bda8f6d68be80af
[INFO] [stdout]                                at /opt/rustwide/cargo-home/registry/src/index.crates.io-6f17d22bba15001f/tokio-1.41.0/src/runtime/scheduler/current_thread/mod.rs:428:19
[INFO] [stdout]   28:     0x62728b07df1e - tokio::runtime::scheduler::current_thread::CoreGuard::block_on::{{closure}}::hdcddf24c70121256
[INFO] [stdout]                                at /opt/rustwide/cargo-home/registry/src/index.crates.io-6f17d22bba15001f/tokio-1.41.0/src/runtime/scheduler/current_thread/mod.rs:728:36
[INFO] [stdout]   29:     0x62728b07d394 - tokio::runtime::scheduler::current_thread::CoreGuard::enter::{{closure}}::hdd8211c4ee429b8b
[INFO] [stdout]                                at /opt/rustwide/cargo-home/registry/src/index.crates.io-6f17d22bba15001f/tokio-1.41.0/src/runtime/scheduler/current_thread/mod.rs:807:68
[INFO] [stdout]   30:     0x62728b0d74ab - tokio::runtime::context::scoped::Scoped<T>::set::hbda5bd0e5359aa55
[INFO] [stdout]                                at /opt/rustwide/cargo-home/registry/src/index.crates.io-6f17d22bba15001f/tokio-1.41.0/src/runtime/context/scoped.rs:40:9
[INFO] [stdout]   31:     0x62728b05a099 - tokio::runtime::context::set_scheduler::{{closure}}::h85a2225496e6b0bf
[INFO] [stdout]                                at /opt/rustwide/cargo-home/registry/src/index.crates.io-6f17d22bba15001f/tokio-1.41.0/src/runtime/context.rs:180:26
[INFO] [stdout]   32:     0x62728b09902d - std::thread::local::LocalKey<T>::try_with::he2c675c94a590b9a
[INFO] [stdout]                                at /rustc/df4ca44d3fbc9301ee17f30f4d474e6ae4b05252/library/std/src/thread/local.rs:283:12
[INFO] [stdout]   33:     0x62728b0972da - std::thread::local::LocalKey<T>::with::h515a100adf9d5491
[INFO] [stdout]                                at /rustc/df4ca44d3fbc9301ee17f30f4d474e6ae4b05252/library/std/src/thread/local.rs:260:9
[INFO] [stdout]   34:     0x62728b05a04d - tokio::runtime::context::set_scheduler::hd8382501e420fc7d
[INFO] [stdout]                                at /opt/rustwide/cargo-home/registry/src/index.crates.io-6f17d22bba15001f/tokio-1.41.0/src/runtime/context.rs:180:9
[INFO] [stdout]   35:     0x62728b07d120 - tokio::runtime::scheduler::current_thread::CoreGuard::enter::hfd2e9c42ee0f4fca
[INFO] [stdout]                                at /opt/rustwide/cargo-home/registry/src/index.crates.io-6f17d22bba15001f/tokio-1.41.0/src/runtime/scheduler/current_thread/mod.rs:807:27
[INFO] [stdout]   36:     0x62728b07d3b3 - tokio::runtime::scheduler::current_thread::CoreGuard::block_on::h9bfd6d943e9bf646
[INFO] [stdout]                                at /opt/rustwide/cargo-home/registry/src/index.crates.io-6f17d22bba15001f/tokio-1.41.0/src/runtime/scheduler/current_thread/mod.rs:716:19
[INFO] [stdout]   37:     0x62728b07990f - tokio::runtime::scheduler::current_thread::CurrentThread::block_on::{{closure}}::hf9dd9e5b98faedf8
[INFO] [stdout]                                at /opt/rustwide/cargo-home/registry/src/index.crates.io-6f17d22bba15001f/tokio-1.41.0/src/runtime/scheduler/current_thread/mod.rs:196:28
[INFO] [stdout]   38:     0x62728b09b286 - tokio::runtime::context::runtime::enter_runtime::h87ebacd38005ce1e
[INFO] [stdout]                                at /opt/rustwide/cargo-home/registry/src/index.crates.io-6f17d22bba15001f/tokio-1.41.0/src/runtime/context/runtime.rs:65:16
[INFO] [stdout]   39:     0x62728b079201 - tokio::runtime::scheduler::current_thread::CurrentThread::block_on::h7fa2fb782b7c3d86
[INFO] [stdout]                                at /opt/rustwide/cargo-home/registry/src/index.crates.io-6f17d22bba15001f/tokio-1.41.0/src/runtime/scheduler/current_thread/mod.rs:184:9
[INFO] [stdout]   40:     0x62728b0c17f3 - tokio::runtime::runtime::Runtime::block_on_inner::h909ef34dac7e0375
[INFO] [stdout]                                at /opt/rustwide/cargo-home/registry/src/index.crates.io-6f17d22bba15001f/tokio-1.41.0/src/runtime/runtime.rs:368:47
[INFO] [stdout]   41:     0x62728b0c19e7 - tokio::runtime::runtime::Runtime::block_on::hd8ae529a941e107a
[INFO] [stdout]                                at /opt/rustwide/cargo-home/registry/src/index.crates.io-6f17d22bba15001f/tokio-1.41.0/src/runtime/runtime.rs:342:13
[INFO] [stdout]   42:     0x62728b0e6101 - csync::net::conn::tests::test_conn::h26d41d7502cd1eaa
[INFO] [stdout]                                at /opt/rustwide/workdir/src/net/conn.rs:128:9
[INFO] [stdout]   43:     0x62728b0e5fa7 - csync::net::conn::tests::test_conn::{{closure}}::hd40f6167ca8ffbea
[INFO] [stdout]                                at /opt/rustwide/workdir/src/net/conn.rs:90:25
[INFO] [stdout]   44:     0x62728b036f56 - core::ops::function::FnOnce::call_once::h49c40589d64b96f2
[INFO] [stdout]                                at /rustc/df4ca44d3fbc9301ee17f30f4d474e6ae4b05252/library/core/src/ops/function.rs:250:5
[INFO] [stdout]   45:     0x62728b15470b - core::ops::function::FnOnce::call_once::h22c3ba5715e93f05
[INFO] [stdout]                                at /rustc/df4ca44d3fbc9301ee17f30f4d474e6ae4b05252/library/core/src/ops/function.rs:250:5
[INFO] [stdout]   46:     0x62728b15470b - test::__rust_begin_short_backtrace::h8e82d8113d0da17f
[INFO] [stdout]                                at /rustc/df4ca44d3fbc9301ee17f30f4d474e6ae4b05252/library/test/src/lib.rs:621:18
[INFO] [stdout]   47:     0x62728b154087 - test::run_test_in_process::{{closure}}::h33235f4f20b7b7c7
[INFO] [stdout]                                at /rustc/df4ca44d3fbc9301ee17f30f4d474e6ae4b05252/library/test/src/lib.rs:644:60
[INFO] [stdout]   48:     0x62728b154087 - <core::panic::unwind_safe::AssertUnwindSafe<F> as core::ops::function::FnOnce<()>>::call_once::hb5043206310c586f
[INFO] [stdout]                                at /rustc/df4ca44d3fbc9301ee17f30f4d474e6ae4b05252/library/core/src/panic/unwind_safe.rs:272:9
[INFO] [stdout]   49:     0x62728b154087 - std::panicking::try::do_call::h9ad4731a60ab23e2
[INFO] [stdout]                                at /rustc/df4ca44d3fbc9301ee17f30f4d474e6ae4b05252/library/std/src/panicking.rs:557:40
[INFO] [stdout]   50:     0x62728b154087 - std::panicking::try::h3824d23db772a716
[INFO] [stdout]                                at /rustc/df4ca44d3fbc9301ee17f30f4d474e6ae4b05252/library/std/src/panicking.rs:520:19
[INFO] [stdout]   51:     0x62728b154087 - std::panic::catch_unwind::h5afd514605fde46b
[INFO] [stdout]                                at /rustc/df4ca44d3fbc9301ee17f30f4d474e6ae4b05252/library/std/src/panic.rs:358:14
[INFO] [stdout]   52:     0x62728b154087 - test::run_test_in_process::h0d5cbfa7067d1720
[INFO] [stdout]                                at /rustc/df4ca44d3fbc9301ee17f30f4d474e6ae4b05252/library/test/src/lib.rs:644:27
[INFO] [stdout]   53:     0x62728b154087 - test::run_test::{{closure}}::h708eb8872708115d
[INFO] [stdout]                                at /rustc/df4ca44d3fbc9301ee17f30f4d474e6ae4b05252/library/test/src/lib.rs:565:43
[INFO] [stdout]   54:     0x62728b1177a4 - test::run_test::{{closure}}::h392c51cee94713ab
[INFO] [stdout]                                at /rustc/df4ca44d3fbc9301ee17f30f4d474e6ae4b05252/library/test/src/lib.rs:595:41
[INFO] [stdout]   55:     0x62728b1177a4 - std::sys::backtrace::__rust_begin_short_backtrace::h2f40290710935a8b
[INFO] [stdout]                                at /rustc/df4ca44d3fbc9301ee17f30f4d474e6ae4b05252/library/std/src/sys/backtrace.rs:154:18
[INFO] [stdout]   56:     0x62728b11af4e - std::thread::Builder::spawn_unchecked_::{{closure}}::{{closure}}::h3fd968d89053a903
[INFO] [stdout]                                at /rustc/df4ca44d3fbc9301ee17f30f4d474e6ae4b05252/library/std/src/thread/mod.rs:541:17
[INFO] [stdout]   57:     0x62728b11af4e - <core::panic::unwind_safe::AssertUnwindSafe<F> as core::ops::function::FnOnce<()>>::call_once::h743f637ba4229880
[INFO] [stdout]                                at /rustc/df4ca44d3fbc9301ee17f30f4d474e6ae4b05252/library/core/src/panic/unwind_safe.rs:272:9
[INFO] [stdout]   58:     0x62728b11af4e - std::panicking::try::do_call::h07440897322525a6
[INFO] [stdout]                                at /rustc/df4ca44d3fbc9301ee17f30f4d474e6ae4b05252/library/std/src/panicking.rs:557:40
[INFO] [stdout]   59:     0x62728b11af4e - std::panicking::try::he5a2e00188156637
[INFO] [stdout]                                at /rustc/df4ca44d3fbc9301ee17f30f4d474e6ae4b05252/library/std/src/panicking.rs:520:19
[INFO] [stdout]   60:     0x62728b11af4e - std::panic::catch_unwind::hbaf3cae49b3c6433
[INFO] [stdout]                                at /rustc/df4ca44d3fbc9301ee17f30f4d474e6ae4b05252/library/std/src/panic.rs:358:14
[INFO] [stdout]   61:     0x62728b11af4e - std::thread::Builder::spawn_unchecked_::{{closure}}::h8e141ea224820bce
[INFO] [stdout]                                at /rustc/df4ca44d3fbc9301ee17f30f4d474e6ae4b05252/library/std/src/thread/mod.rs:540:30
[INFO] [stdout]   62:     0x62728b11af4e - core::ops::function::FnOnce::call_once{{vtable.shim}}::h90d312fedd7b8ea8
[INFO] [stdout]                                at /rustc/df4ca44d3fbc9301ee17f30f4d474e6ae4b05252/library/core/src/ops/function.rs:250:5
[INFO] [stdout]   63:     0x62728b2b269b - <alloc::boxed::Box<F,A> as core::ops::function::FnOnce<Args>>::call_once::h69aa08ddb6adb8b6
[INFO] [stdout]                                at /rustc/df4ca44d3fbc9301ee17f30f4d474e6ae4b05252/library/alloc/src/boxed.rs:2454:9
[INFO] [stdout]   64:     0x62728b2b269b - <alloc::boxed::Box<F,A> as core::ops::function::FnOnce<Args>>::call_once::h5aa36efdb79c806f
[INFO] [stdout]                                at /rustc/df4ca44d3fbc9301ee17f30f4d474e6ae4b05252/library/alloc/src/boxed.rs:2454:9
[INFO] [stdout]   65:     0x62728b2b269b - std::sys::pal::unix::thread::Thread::new::thread_start::h6cd80a1b4be5158d
[INFO] [stdout]                                at /rustc/df4ca44d3fbc9301ee17f30f4d474e6ae4b05252/library/std/src/sys/pal/unix/thread.rs:105:17
[INFO] [stdout]   66:     0x7a186501dac3 - <unknown>
[INFO] [stdout]   67:     0x7a18650aea04 - clone
[INFO] [stdout]   68:                0x0 - <unknown>
[INFO] [stdout] 
[INFO] [stdout] 
[INFO] [stdout] failures:
[INFO] [stdout]     net::conn::tests::test_conn
[INFO] [stdout] 
[INFO] [stdout] test result: FAILED. 5 passed; 1 failed; 0 ignored; 0 measured; 0 filtered out; finished in 0.03s
[INFO] [stdout] 
[INFO] [stderr] error: test failed, to rerun pass `--bin csync`
[INFO] running `Command { std: "docker" "inspect" "6edb443934960255ede1ade46918e518aa49c165b8d335853af6528d550a708c", kill_on_drop: false }`
[INFO] running `Command { std: "docker" "rm" "-f" "6edb443934960255ede1ade46918e518aa49c165b8d335853af6528d550a708c", kill_on_drop: false }`
[INFO] [stdout] 6edb443934960255ede1ade46918e518aa49c165b8d335853af6528d550a708c
