[INFO] cloning repository https://github.com/fetchfern/sneak
[INFO] running `Command { std: "git" "-c" "credential.helper=" "-c" "credential.helper=/workspace/cargo-home/bin/git-credential-null" "clone" "--bare" "https://github.com/fetchfern/sneak" "/workspace/cache/git-repos/https%3A%2F%2Fgithub.com%2Ffetchfern%2Fsneak", kill_on_drop: false }`
[INFO] [stderr] Cloning into bare repository '/workspace/cache/git-repos/https%3A%2F%2Fgithub.com%2Ffetchfern%2Fsneak'...
[INFO] running `Command { std: "git" "rev-parse" "HEAD", kill_on_drop: false }`
[INFO] [stdout] c7896cf7a73fbf74eb3fa9daff80ec31faa32f9d
[INFO] testing fetchfern/sneak/c7896cf7a73fbf74eb3fa9daff80ec31faa32f9d against nightly-2024-10-28 for randomize-layout
[INFO] running `Command { std: "git" "clone" "/workspace/cache/git-repos/https%3A%2F%2Fgithub.com%2Ffetchfern%2Fsneak" "/workspace/builds/worker-2-tc1/source", kill_on_drop: false }`
[INFO] [stderr] Cloning into '/workspace/builds/worker-2-tc1/source'...
[INFO] [stderr] done.
[INFO] validating manifest of git repo https://github.com/fetchfern/sneak on toolchain nightly-2024-10-28
[INFO] running `Command { std: CARGO_HOME="/workspace/cargo-home" RUSTUP_HOME="/workspace/rustup-home" "/workspace/cargo-home/bin/cargo" "+nightly-2024-10-28" "metadata" "--manifest-path" "Cargo.toml" "--no-deps", kill_on_drop: false }`
[INFO] removed /workspace/builds/worker-2-tc1/source/rust-toolchain.toml
[INFO] started tweaking git repo https://github.com/fetchfern/sneak
[INFO] finished tweaking git repo https://github.com/fetchfern/sneak
[INFO] tweaked toml for git repo https://github.com/fetchfern/sneak written to /workspace/builds/worker-2-tc1/source/Cargo.toml
[INFO] crate git repo https://github.com/fetchfern/sneak already has a lockfile, it will not be regenerated
[INFO] running `Command { std: CARGO_HOME="/workspace/cargo-home" RUSTUP_HOME="/workspace/rustup-home" "/workspace/cargo-home/bin/cargo" "+nightly-2024-10-28" "fetch" "--manifest-path" "Cargo.toml", kill_on_drop: false }`
[INFO] [stderr]  Downloading crates ...
[INFO] [stderr]   Downloaded libc v0.2.159
[INFO] running `Command { std: "docker" "create" "-v" "/var/lib/crater-agent-workspace/builds/worker-2-tc1/target:/opt/rustwide/target:rw,Z" "-v" "/var/lib/crater-agent-workspace/builds/worker-2-tc1/source:/opt/rustwide/workdir:ro,Z" "-v" "/var/lib/crater-agent-workspace/cargo-home:/opt/rustwide/cargo-home:ro,Z" "-v" "/var/lib/crater-agent-workspace/rustup-home:/opt/rustwide/rustup-home:ro,Z" "-e" "SOURCE_DIR=/opt/rustwide/workdir" "-e" "CARGO_TARGET_DIR=/opt/rustwide/target" "-e" "CARGO_HOME=/opt/rustwide/cargo-home" "-e" "RUSTUP_HOME=/opt/rustwide/rustup-home" "-w" "/opt/rustwide/workdir" "-m" "1610612736" "--user" "0:0" "--network" "none" "ghcr.io/rust-lang/crates-build-env/linux@sha256:4a844ea9eb2546a2d2c7022eacef16ef2e8229c7fbb2c7d4d55a9ceca922f72d" "/opt/rustwide/cargo-home/bin/cargo" "+nightly-2024-10-28" "metadata" "--no-deps" "--format-version=1", kill_on_drop: false }`
[INFO] [stdout] e5e6da7ad71bbd4c8edcfe1c12c11bd26cc866a96fb96f9fcacf96f4f6d819bb
[INFO] running `Command { std: "docker" "start" "-a" "e5e6da7ad71bbd4c8edcfe1c12c11bd26cc866a96fb96f9fcacf96f4f6d819bb", kill_on_drop: false }`
[INFO] running `Command { std: "docker" "inspect" "e5e6da7ad71bbd4c8edcfe1c12c11bd26cc866a96fb96f9fcacf96f4f6d819bb", kill_on_drop: false }`
[INFO] running `Command { std: "docker" "rm" "-f" "e5e6da7ad71bbd4c8edcfe1c12c11bd26cc866a96fb96f9fcacf96f4f6d819bb", kill_on_drop: false }`
[INFO] [stdout] e5e6da7ad71bbd4c8edcfe1c12c11bd26cc866a96fb96f9fcacf96f4f6d819bb
[INFO] running `Command { std: "docker" "create" "-v" "/var/lib/crater-agent-workspace/builds/worker-2-tc1/target:/opt/rustwide/target:rw,Z" "-v" "/var/lib/crater-agent-workspace/builds/worker-2-tc1/source:/opt/rustwide/workdir:ro,Z" "-v" "/var/lib/crater-agent-workspace/cargo-home:/opt/rustwide/cargo-home:ro,Z" "-v" "/var/lib/crater-agent-workspace/rustup-home:/opt/rustwide/rustup-home:ro,Z" "-e" "SOURCE_DIR=/opt/rustwide/workdir" "-e" "CARGO_TARGET_DIR=/opt/rustwide/target" "-e" "CARGO_INCREMENTAL=0" "-e" "RUST_BACKTRACE=full" "-e" "RUSTFLAGS=--cap-lints=forbid" "-e" "RUSTDOCFLAGS=--cap-lints=forbid" "-e" "CARGO_HOME=/opt/rustwide/cargo-home" "-e" "RUSTUP_HOME=/opt/rustwide/rustup-home" "-w" "/opt/rustwide/workdir" "-m" "1610612736" "--user" "0:0" "--network" "none" "ghcr.io/rust-lang/crates-build-env/linux@sha256:4a844ea9eb2546a2d2c7022eacef16ef2e8229c7fbb2c7d4d55a9ceca922f72d" "/opt/rustwide/cargo-home/bin/cargo" "+nightly-2024-10-28" "build" "--frozen" "--message-format=json", kill_on_drop: false }`
[INFO] [stdout] b3331edd23538abf0e85e5b2f5798dedddcf03cc7bd99ac04804fb742f1aa7d7
[INFO] running `Command { std: "docker" "start" "-a" "b3331edd23538abf0e85e5b2f5798dedddcf03cc7bd99ac04804fb742f1aa7d7", kill_on_drop: false }`
[INFO] [stderr]    Compiling libc v0.2.159
[INFO] [stderr]    Compiling sneak v0.1.0-rc2 (/opt/rustwide/workdir)
[INFO] [stderr]     Finished `dev` profile [unoptimized + debuginfo] target(s) in 0.62s
[INFO] running `Command { std: "docker" "inspect" "b3331edd23538abf0e85e5b2f5798dedddcf03cc7bd99ac04804fb742f1aa7d7", kill_on_drop: false }`
[INFO] running `Command { std: "docker" "rm" "-f" "b3331edd23538abf0e85e5b2f5798dedddcf03cc7bd99ac04804fb742f1aa7d7", kill_on_drop: false }`
[INFO] [stdout] b3331edd23538abf0e85e5b2f5798dedddcf03cc7bd99ac04804fb742f1aa7d7
[INFO] running `Command { std: "docker" "create" "-v" "/var/lib/crater-agent-workspace/builds/worker-2-tc1/target:/opt/rustwide/target:rw,Z" "-v" "/var/lib/crater-agent-workspace/builds/worker-2-tc1/source:/opt/rustwide/workdir:ro,Z" "-v" "/var/lib/crater-agent-workspace/cargo-home:/opt/rustwide/cargo-home:ro,Z" "-v" "/var/lib/crater-agent-workspace/rustup-home:/opt/rustwide/rustup-home:ro,Z" "-e" "SOURCE_DIR=/opt/rustwide/workdir" "-e" "CARGO_TARGET_DIR=/opt/rustwide/target" "-e" "CARGO_INCREMENTAL=0" "-e" "RUST_BACKTRACE=full" "-e" "RUSTFLAGS=--cap-lints=forbid" "-e" "RUSTDOCFLAGS=--cap-lints=forbid" "-e" "CARGO_HOME=/opt/rustwide/cargo-home" "-e" "RUSTUP_HOME=/opt/rustwide/rustup-home" "-w" "/opt/rustwide/workdir" "-m" "1610612736" "--user" "0:0" "--network" "none" "ghcr.io/rust-lang/crates-build-env/linux@sha256:4a844ea9eb2546a2d2c7022eacef16ef2e8229c7fbb2c7d4d55a9ceca922f72d" "/opt/rustwide/cargo-home/bin/cargo" "+nightly-2024-10-28" "test" "--frozen" "--no-run" "--message-format=json", kill_on_drop: false }`
[INFO] [stdout] 68f7e41804f13e16162dd8e7b66e08d4aa07b7ca33302b8473162102a7a8de5c
[INFO] running `Command { std: "docker" "start" "-a" "68f7e41804f13e16162dd8e7b66e08d4aa07b7ca33302b8473162102a7a8de5c", kill_on_drop: false }`
[INFO] [stderr]    Compiling sneak v0.1.0-rc2 (/opt/rustwide/workdir)
[INFO] [stderr]     Finished `test` profile [unoptimized + debuginfo] target(s) in 0.22s
[INFO] running `Command { std: "docker" "inspect" "68f7e41804f13e16162dd8e7b66e08d4aa07b7ca33302b8473162102a7a8de5c", kill_on_drop: false }`
[INFO] running `Command { std: "docker" "rm" "-f" "68f7e41804f13e16162dd8e7b66e08d4aa07b7ca33302b8473162102a7a8de5c", kill_on_drop: false }`
[INFO] [stdout] 68f7e41804f13e16162dd8e7b66e08d4aa07b7ca33302b8473162102a7a8de5c
[INFO] running `Command { std: "docker" "create" "-v" "/var/lib/crater-agent-workspace/builds/worker-2-tc1/target:/opt/rustwide/target:rw,Z" "-v" "/var/lib/crater-agent-workspace/builds/worker-2-tc1/source:/opt/rustwide/workdir:ro,Z" "-v" "/var/lib/crater-agent-workspace/cargo-home:/opt/rustwide/cargo-home:ro,Z" "-v" "/var/lib/crater-agent-workspace/rustup-home:/opt/rustwide/rustup-home:ro,Z" "-e" "SOURCE_DIR=/opt/rustwide/workdir" "-e" "CARGO_TARGET_DIR=/opt/rustwide/target" "-e" "CARGO_INCREMENTAL=0" "-e" "RUST_BACKTRACE=full" "-e" "RUSTFLAGS=--cap-lints=forbid" "-e" "RUSTDOCFLAGS=--cap-lints=forbid" "-e" "CARGO_HOME=/opt/rustwide/cargo-home" "-e" "RUSTUP_HOME=/opt/rustwide/rustup-home" "-w" "/opt/rustwide/workdir" "-m" "1610612736" "--user" "0:0" "--network" "none" "ghcr.io/rust-lang/crates-build-env/linux@sha256:4a844ea9eb2546a2d2c7022eacef16ef2e8229c7fbb2c7d4d55a9ceca922f72d" "/opt/rustwide/cargo-home/bin/cargo" "+nightly-2024-10-28" "test" "--frozen", kill_on_drop: false }`
[INFO] [stdout] cf854650424e012f41b8447e7620e6d0c04c569667b1c76ca8b27c2b28efdb2e
[INFO] running `Command { std: "docker" "start" "-a" "cf854650424e012f41b8447e7620e6d0c04c569667b1c76ca8b27c2b28efdb2e", kill_on_drop: false }`
[INFO] [stderr]     Finished `test` profile [unoptimized + debuginfo] target(s) in 0.01s
[INFO] [stderr]      Running unittests src/lib.rs (/opt/rustwide/target/debug/deps/sneak-139901667319eaba)
[INFO] [stdout] 
[INFO] [stdout] running 12 tests
[INFO] [stdout] test test::file_fchown ... FAILED
[INFO] [stdout] test test::file_fstat ... FAILED
[INFO] [stdout] test test::open_cwd ... ok
[INFO] [stdout] test test::open_exists_relative ... FAILED
[INFO] [stdout] test test::open_dir_exists ... FAILED
[INFO] [stdout] test test::open_file ... FAILED
[INFO] [stdout] test test::open_nothing ... ok
[INFO] [stdout] test test::open_self ... ok
[INFO] [stdout] test test::open_should_not_exist ... ok
[INFO] [stdout] test test::open_skip_symlink ... FAILED
[INFO] [stdout] test test::saturate_dirs ... FAILED
[INFO] [stdout] test test::valid_fd_for_close ... ok
[INFO] [stdout] 
[INFO] [stdout] failures:
[INFO] [stdout] 
[INFO] [stdout] ---- test::file_fchown stdout ----
[INFO] [stdout] Error: Os { code: 30, kind: ReadOnlyFilesystem, message: "Read-only file system" }
[INFO] [stdout] 
[INFO] [stdout] ---- test::file_fstat stdout ----
[INFO] [stdout] Error: Os { code: 30, kind: ReadOnlyFilesystem, message: "Read-only file system" }
[INFO] [stdout] 
[INFO] [stdout] ---- test::open_exists_relative stdout ----
[INFO] [stdout] Error: Os { code: 30, kind: ReadOnlyFilesystem, message: "Read-only file system" }
[INFO] [stdout] 
[INFO] [stdout] ---- test::open_dir_exists stdout ----
[INFO] [stdout] Error: Os { code: 30, kind: ReadOnlyFilesystem, message: "Read-only file system" }
[INFO] [stdout] 
[INFO] [stdout] ---- test::open_file stdout ----
[INFO] [stdout] Error: Os { code: 30, kind: ReadOnlyFilesystem, message: "Read-only file system" }
[INFO] [stdout] 
[INFO] [stdout] ---- test::open_skip_symlink stdout ----
[INFO] [stdout] Error: Os { code: 30, kind: ReadOnlyFilesystem, message: "Read-only file system" }
[INFO] [stdout] 
[INFO] [stdout] ---- test::saturate_dirs stdout ----
[INFO] [stdout] Error: Os { code: 30, kind: ReadOnlyFilesystem, message: "Read-only file system" }
[INFO] [stdout] 
[INFO] [stdout] 
[INFO] [stdout] failures:
[INFO] [stdout]     test::file_fchown
[INFO] [stdout]     test::file_fstat
[INFO] [stdout]     test::open_dir_exists
[INFO] [stdout]     test::open_exists_relative
[INFO] [stdout]     test::open_file
[INFO] [stdout]     test::open_skip_symlink
[INFO] [stdout]     test::saturate_dirs
[INFO] [stdout] 
[INFO] [stdout] test result: FAILED. 5 passed; 7 failed; 0 ignored; 0 measured; 0 filtered out; finished in 0.00s
[INFO] [stdout] 
[INFO] [stderr] error: test failed, to rerun pass `--lib`
[INFO] running `Command { std: "docker" "inspect" "cf854650424e012f41b8447e7620e6d0c04c569667b1c76ca8b27c2b28efdb2e", kill_on_drop: false }`
[INFO] running `Command { std: "docker" "rm" "-f" "cf854650424e012f41b8447e7620e6d0c04c569667b1c76ca8b27c2b28efdb2e", kill_on_drop: false }`
[INFO] [stdout] cf854650424e012f41b8447e7620e6d0c04c569667b1c76ca8b27c2b28efdb2e
