[INFO] cloning repository https://github.com/fesm0750/aoc2022
[INFO] running `Command { std: "git" "-c" "credential.helper=" "-c" "credential.helper=/workspace/cargo-home/bin/git-credential-null" "clone" "--bare" "https://github.com/fesm0750/aoc2022" "/workspace/cache/git-repos/https%3A%2F%2Fgithub.com%2Ffesm0750%2Faoc2022", kill_on_drop: false }`
[INFO] [stderr] Cloning into bare repository '/workspace/cache/git-repos/https%3A%2F%2Fgithub.com%2Ffesm0750%2Faoc2022'...
[INFO] running `Command { std: "git" "rev-parse" "HEAD", kill_on_drop: false }`
[INFO] [stdout] b61ab319e8913475a94b56927dfb394299bd20db
[INFO] testing fesm0750/aoc2022/b61ab319e8913475a94b56927dfb394299bd20db against nightly-2024-10-28+rustflags=-Zrandomize-layout for randomize-layout
[INFO] running `Command { std: "git" "clone" "/workspace/cache/git-repos/https%3A%2F%2Fgithub.com%2Ffesm0750%2Faoc2022" "/workspace/builds/worker-3-tc2/source", kill_on_drop: false }`
[INFO] [stderr] Cloning into '/workspace/builds/worker-3-tc2/source'...
[INFO] [stderr] done.
[INFO] validating manifest of git repo https://github.com/fesm0750/aoc2022 on toolchain nightly-2024-10-28
[INFO] running `Command { std: CARGO_HOME="/workspace/cargo-home" RUSTUP_HOME="/workspace/rustup-home" "/workspace/cargo-home/bin/cargo" "+nightly-2024-10-28" "metadata" "--manifest-path" "Cargo.toml" "--no-deps", kill_on_drop: false }`
[INFO] started tweaking git repo https://github.com/fesm0750/aoc2022
[INFO] finished tweaking git repo https://github.com/fesm0750/aoc2022
[INFO] tweaked toml for git repo https://github.com/fesm0750/aoc2022 written to /workspace/builds/worker-3-tc2/source/Cargo.toml
[INFO] crate git repo https://github.com/fesm0750/aoc2022 already has a lockfile, it will not be regenerated
[INFO] running `Command { std: CARGO_HOME="/workspace/cargo-home" RUSTUP_HOME="/workspace/rustup-home" "/workspace/cargo-home/bin/cargo" "+nightly-2024-10-28" "fetch" "--manifest-path" "Cargo.toml", kill_on_drop: false }`
[INFO] running `Command { std: "docker" "create" "-v" "/var/lib/crater-agent-workspace/builds/worker-3-tc2/target:/opt/rustwide/target:rw,Z" "-v" "/var/lib/crater-agent-workspace/builds/worker-3-tc2/source:/opt/rustwide/workdir:ro,Z" "-v" "/var/lib/crater-agent-workspace/cargo-home:/opt/rustwide/cargo-home:ro,Z" "-v" "/var/lib/crater-agent-workspace/rustup-home:/opt/rustwide/rustup-home:ro,Z" "-e" "SOURCE_DIR=/opt/rustwide/workdir" "-e" "CARGO_TARGET_DIR=/opt/rustwide/target" "-e" "CARGO_HOME=/opt/rustwide/cargo-home" "-e" "RUSTUP_HOME=/opt/rustwide/rustup-home" "-w" "/opt/rustwide/workdir" "-m" "1610612736" "--user" "0:0" "--network" "none" "ghcr.io/rust-lang/crates-build-env/linux@sha256:4a844ea9eb2546a2d2c7022eacef16ef2e8229c7fbb2c7d4d55a9ceca922f72d" "/opt/rustwide/cargo-home/bin/cargo" "+nightly-2024-10-28" "metadata" "--no-deps" "--format-version=1", kill_on_drop: false }`
[INFO] [stdout] 4ef485afae8e37130c2042765d8019764fd080286bbe81156d769f47d3e9c146
[INFO] running `Command { std: "docker" "start" "-a" "4ef485afae8e37130c2042765d8019764fd080286bbe81156d769f47d3e9c146", kill_on_drop: false }`
[INFO] running `Command { std: "docker" "inspect" "4ef485afae8e37130c2042765d8019764fd080286bbe81156d769f47d3e9c146", kill_on_drop: false }`
[INFO] running `Command { std: "docker" "rm" "-f" "4ef485afae8e37130c2042765d8019764fd080286bbe81156d769f47d3e9c146", kill_on_drop: false }`
[INFO] [stdout] 4ef485afae8e37130c2042765d8019764fd080286bbe81156d769f47d3e9c146
[INFO] running `Command { std: "docker" "create" "-v" "/var/lib/crater-agent-workspace/builds/worker-3-tc2/target:/opt/rustwide/target:rw,Z" "-v" "/var/lib/crater-agent-workspace/builds/worker-3-tc2/source:/opt/rustwide/workdir:ro,Z" "-v" "/var/lib/crater-agent-workspace/cargo-home:/opt/rustwide/cargo-home:ro,Z" "-v" "/var/lib/crater-agent-workspace/rustup-home:/opt/rustwide/rustup-home:ro,Z" "-e" "SOURCE_DIR=/opt/rustwide/workdir" "-e" "CARGO_TARGET_DIR=/opt/rustwide/target" "-e" "CARGO_INCREMENTAL=0" "-e" "RUST_BACKTRACE=full" "-e" "RUSTFLAGS=--cap-lints=forbid -Zrandomize-layout" "-e" "RUSTDOCFLAGS=--cap-lints=forbid" "-e" "CARGO_HOME=/opt/rustwide/cargo-home" "-e" "RUSTUP_HOME=/opt/rustwide/rustup-home" "-w" "/opt/rustwide/workdir" "-m" "1610612736" "--user" "0:0" "--network" "none" "ghcr.io/rust-lang/crates-build-env/linux@sha256:4a844ea9eb2546a2d2c7022eacef16ef2e8229c7fbb2c7d4d55a9ceca922f72d" "/opt/rustwide/cargo-home/bin/cargo" "+nightly-2024-10-28" "build" "--frozen" "--message-format=json", kill_on_drop: false }`
[INFO] [stdout] 153e83bd8ef26ba7ac0767a38be2a55a417fbb7ecb09a83b1c4fe18b77459445
[INFO] running `Command { std: "docker" "start" "-a" "153e83bd8ef26ba7ac0767a38be2a55a417fbb7ecb09a83b1c4fe18b77459445", kill_on_drop: false }`
[INFO] [stderr]    Compiling aoc2022 v0.1.0 (/opt/rustwide/workdir)
[INFO] [stderr]     Finished `dev` profile [unoptimized + debuginfo] target(s) in 0.48s
[INFO] running `Command { std: "docker" "inspect" "153e83bd8ef26ba7ac0767a38be2a55a417fbb7ecb09a83b1c4fe18b77459445", kill_on_drop: false }`
[INFO] running `Command { std: "docker" "rm" "-f" "153e83bd8ef26ba7ac0767a38be2a55a417fbb7ecb09a83b1c4fe18b77459445", kill_on_drop: false }`
[INFO] [stdout] 153e83bd8ef26ba7ac0767a38be2a55a417fbb7ecb09a83b1c4fe18b77459445
[INFO] running `Command { std: "docker" "create" "-v" "/var/lib/crater-agent-workspace/builds/worker-3-tc2/target:/opt/rustwide/target:rw,Z" "-v" "/var/lib/crater-agent-workspace/builds/worker-3-tc2/source:/opt/rustwide/workdir:ro,Z" "-v" "/var/lib/crater-agent-workspace/cargo-home:/opt/rustwide/cargo-home:ro,Z" "-v" "/var/lib/crater-agent-workspace/rustup-home:/opt/rustwide/rustup-home:ro,Z" "-e" "SOURCE_DIR=/opt/rustwide/workdir" "-e" "CARGO_TARGET_DIR=/opt/rustwide/target" "-e" "CARGO_INCREMENTAL=0" "-e" "RUST_BACKTRACE=full" "-e" "RUSTFLAGS=--cap-lints=forbid -Zrandomize-layout" "-e" "RUSTDOCFLAGS=--cap-lints=forbid" "-e" "CARGO_HOME=/opt/rustwide/cargo-home" "-e" "RUSTUP_HOME=/opt/rustwide/rustup-home" "-w" "/opt/rustwide/workdir" "-m" "1610612736" "--user" "0:0" "--network" "none" "ghcr.io/rust-lang/crates-build-env/linux@sha256:4a844ea9eb2546a2d2c7022eacef16ef2e8229c7fbb2c7d4d55a9ceca922f72d" "/opt/rustwide/cargo-home/bin/cargo" "+nightly-2024-10-28" "test" "--frozen" "--no-run" "--message-format=json", kill_on_drop: false }`
[INFO] [stdout] 5882d24fc08b5f24f1beb5f64bd1d05b684c3863758f67cbe67d642f068537b9
[INFO] running `Command { std: "docker" "start" "-a" "5882d24fc08b5f24f1beb5f64bd1d05b684c3863758f67cbe67d642f068537b9", kill_on_drop: false }`
[INFO] [stderr]    Compiling aoc2022 v0.1.0 (/opt/rustwide/workdir)
[INFO] [stderr]     Finished `test` profile [unoptimized + debuginfo] target(s) in 0.31s
[INFO] running `Command { std: "docker" "inspect" "5882d24fc08b5f24f1beb5f64bd1d05b684c3863758f67cbe67d642f068537b9", kill_on_drop: false }`
[INFO] running `Command { std: "docker" "rm" "-f" "5882d24fc08b5f24f1beb5f64bd1d05b684c3863758f67cbe67d642f068537b9", kill_on_drop: false }`
[INFO] [stdout] 5882d24fc08b5f24f1beb5f64bd1d05b684c3863758f67cbe67d642f068537b9
[INFO] running `Command { std: "docker" "create" "-v" "/var/lib/crater-agent-workspace/builds/worker-3-tc2/target:/opt/rustwide/target:rw,Z" "-v" "/var/lib/crater-agent-workspace/builds/worker-3-tc2/source:/opt/rustwide/workdir:ro,Z" "-v" "/var/lib/crater-agent-workspace/cargo-home:/opt/rustwide/cargo-home:ro,Z" "-v" "/var/lib/crater-agent-workspace/rustup-home:/opt/rustwide/rustup-home:ro,Z" "-e" "SOURCE_DIR=/opt/rustwide/workdir" "-e" "CARGO_TARGET_DIR=/opt/rustwide/target" "-e" "CARGO_INCREMENTAL=0" "-e" "RUST_BACKTRACE=full" "-e" "RUSTFLAGS=--cap-lints=forbid -Zrandomize-layout" "-e" "RUSTDOCFLAGS=--cap-lints=forbid" "-e" "CARGO_HOME=/opt/rustwide/cargo-home" "-e" "RUSTUP_HOME=/opt/rustwide/rustup-home" "-w" "/opt/rustwide/workdir" "-m" "1610612736" "--user" "0:0" "--network" "none" "ghcr.io/rust-lang/crates-build-env/linux@sha256:4a844ea9eb2546a2d2c7022eacef16ef2e8229c7fbb2c7d4d55a9ceca922f72d" "/opt/rustwide/cargo-home/bin/cargo" "+nightly-2024-10-28" "test" "--frozen", kill_on_drop: false }`
[INFO] [stdout] ec2d2b74de77bd7423d26fd87d528f7d10f50432f658e31ee94ae76c07366d73
[INFO] running `Command { std: "docker" "start" "-a" "ec2d2b74de77bd7423d26fd87d528f7d10f50432f658e31ee94ae76c07366d73", kill_on_drop: false }`
[INFO] [stderr]     Finished `test` profile [unoptimized + debuginfo] target(s) in 0.00s
[INFO] [stderr]      Running unittests src/lib.rs (/opt/rustwide/target/debug/deps/aoc2022-4832ac24913f6b6a)
[INFO] [stdout] 
[INFO] [stdout] running 5 tests
[INFO] [stdout] test day03::tests::teste_calculate_priority ... ok
[INFO] [stdout] test day08::tests::teste_count_visible ... ok
[INFO] [stdout] test day07::tests::teste_part_01 ... ok
[INFO] [stdout] test day08::tests::teste_find_best_scenic_score ... ok
[INFO] [stdout] test day08::tests::teste_find_best_scenic_score2 ... ok
[INFO] [stdout] 
[INFO] [stdout] test result: ok. 5 passed; 0 failed; 0 ignored; 0 measured; 0 filtered out; finished in 0.00s
[INFO] [stdout] 
[INFO] [stderr]      Running unittests src/main.rs (/opt/rustwide/target/debug/deps/aoc2022-62e0e7d05e5aad94)
[INFO] [stdout] 
[INFO] [stdout] running 0 tests
[INFO] [stdout] 
[INFO] [stdout] test result: ok. 0 passed; 0 failed; 0 ignored; 0 measured; 0 filtered out; finished in 0.00s
[INFO] [stdout] 
[INFO] [stderr]    Doc-tests aoc2022
[INFO] [stdout] 
[INFO] [stdout] running 1 test
[INFO] [stdout] test src/helpers/grid.rs - helpers::grid (line 20) ... FAILED
[INFO] [stdout] 
[INFO] [stdout] failures:
[INFO] [stdout] 
[INFO] [stdout] ---- src/helpers/grid.rs - helpers::grid (line 20) stdout ----
[INFO] [stdout] error[E0433]: failed to resolve: use of undeclared crate or module `adv20`
[INFO] [stdout]  --> src/helpers/grid.rs:21:5
[INFO] [stdout]   |
[INFO] [stdout] 3 | use adv20::helpers::grid::Grid;
[INFO] [stdout]   |     ^^^^^ use of undeclared crate or module `adv20`
[INFO] [stdout] 
[INFO] [stdout] error: aborting due to 1 previous error
[INFO] [stdout] 
[INFO] [stdout] For more information about this error, try `rustc --explain E0433`.
[INFO] [stdout] Couldn't compile the test.
[INFO] [stdout] 
[INFO] [stdout] failures:
[INFO] [stdout]     src/helpers/grid.rs - helpers::grid (line 20)
[INFO] [stdout] 
[INFO] [stdout] test result: FAILED. 0 passed; 1 failed; 0 ignored; 0 measured; 0 filtered out; finished in 0.02s
[INFO] [stdout] 
[INFO] [stderr] error: doctest failed, to rerun pass `--doc`
[INFO] running `Command { std: "docker" "inspect" "ec2d2b74de77bd7423d26fd87d528f7d10f50432f658e31ee94ae76c07366d73", kill_on_drop: false }`
[INFO] running `Command { std: "docker" "rm" "-f" "ec2d2b74de77bd7423d26fd87d528f7d10f50432f658e31ee94ae76c07366d73", kill_on_drop: false }`
[INFO] [stdout] ec2d2b74de77bd7423d26fd87d528f7d10f50432f658e31ee94ae76c07366d73
