[INFO] cloning repository https://github.com/fernantho/proof-id-backend
[INFO] running `Command { std: "git" "-c" "credential.helper=" "-c" "credential.helper=/workspace/cargo-home/bin/git-credential-null" "clone" "--bare" "https://github.com/fernantho/proof-id-backend" "/workspace/cache/git-repos/https%3A%2F%2Fgithub.com%2Ffernantho%2Fproof-id-backend", kill_on_drop: false }`
[INFO] [stderr] Cloning into bare repository '/workspace/cache/git-repos/https%3A%2F%2Fgithub.com%2Ffernantho%2Fproof-id-backend'...
[INFO] running `Command { std: "git" "rev-parse" "HEAD", kill_on_drop: false }`
[INFO] [stdout] 23dcf713c328d7821ef879b158dc314a46f92325
[INFO] testing fernantho/proof-id-backend/23dcf713c328d7821ef879b158dc314a46f92325 against nightly-2024-10-28 for randomize-layout
[INFO] running `Command { std: "git" "clone" "/workspace/cache/git-repos/https%3A%2F%2Fgithub.com%2Ffernantho%2Fproof-id-backend" "/workspace/builds/worker-0-tc1/source", kill_on_drop: false }`
[INFO] [stderr] Cloning into '/workspace/builds/worker-0-tc1/source'...
[INFO] [stderr] done.
[INFO] validating manifest of git repo https://github.com/fernantho/proof-id-backend on toolchain nightly-2024-10-28
[INFO] running `Command { std: CARGO_HOME="/workspace/cargo-home" RUSTUP_HOME="/workspace/rustup-home" "/workspace/cargo-home/bin/cargo" "+nightly-2024-10-28" "metadata" "--manifest-path" "Cargo.toml" "--no-deps", kill_on_drop: false }`
[INFO] started tweaking git repo https://github.com/fernantho/proof-id-backend
[INFO] finished tweaking git repo https://github.com/fernantho/proof-id-backend
[INFO] tweaked toml for git repo https://github.com/fernantho/proof-id-backend written to /workspace/builds/worker-0-tc1/source/Cargo.toml
[INFO] crate git repo https://github.com/fernantho/proof-id-backend already has a lockfile, it will not be regenerated
[INFO] running `Command { std: CARGO_HOME="/workspace/cargo-home" RUSTUP_HOME="/workspace/rustup-home" "/workspace/cargo-home/bin/cargo" "+nightly-2024-10-28" "fetch" "--manifest-path" "Cargo.toml", kill_on_drop: false }`
[INFO] [stderr]     Updating crates.io index
[INFO] [stderr]  Downloading crates ...
[INFO] [stderr]   Downloaded serde_derive v1.0.141
[INFO] [stderr]   Downloaded lz_fnv v0.1.2
[INFO] [stderr]   Downloaded pest_derive v2.2.1
[INFO] [stderr]   Downloaded codespan v0.9.5
[INFO] [stderr]   Downloaded serde v1.0.141
[INFO] [stderr]   Downloaded pest_meta v2.2.1
[INFO] [stderr]   Downloaded proc-macro2 v1.0.42
[INFO] [stderr]   Downloaded codespan-reporting v0.9.5
[INFO] [stderr]   Downloaded ena v0.13.1
[INFO] [stderr]   Downloaded handlebars v4.3.3
[INFO] [stderr]   Downloaded lalrpop-util v0.18.1
[INFO] [stderr]   Downloaded pest v2.2.1
[INFO] [stderr]   Downloaded wast v39.0.0
[INFO] [stderr]   Downloaded pest_generator v2.2.1
[INFO] [stderr]   Downloaded lalrpop v0.18.1
[INFO] running `Command { std: "docker" "create" "-v" "/var/lib/crater-agent-workspace/builds/worker-0-tc1/target:/opt/rustwide/target:rw,Z" "-v" "/var/lib/crater-agent-workspace/builds/worker-0-tc1/source:/opt/rustwide/workdir:ro,Z" "-v" "/var/lib/crater-agent-workspace/cargo-home:/opt/rustwide/cargo-home:ro,Z" "-v" "/var/lib/crater-agent-workspace/rustup-home:/opt/rustwide/rustup-home:ro,Z" "-e" "SOURCE_DIR=/opt/rustwide/workdir" "-e" "CARGO_TARGET_DIR=/opt/rustwide/target" "-e" "CARGO_HOME=/opt/rustwide/cargo-home" "-e" "RUSTUP_HOME=/opt/rustwide/rustup-home" "-w" "/opt/rustwide/workdir" "-m" "1610612736" "--user" "0:0" "--network" "none" "ghcr.io/rust-lang/crates-build-env/linux@sha256:4a844ea9eb2546a2d2c7022eacef16ef2e8229c7fbb2c7d4d55a9ceca922f72d" "/opt/rustwide/cargo-home/bin/cargo" "+nightly-2024-10-28" "metadata" "--no-deps" "--format-version=1", kill_on_drop: false }`
[INFO] [stdout] 051345fed38d9fff70fb3d99f58c029b6c87e9019d3f0b8e153dabaa0e04dae0
[INFO] running `Command { std: "docker" "start" "-a" "051345fed38d9fff70fb3d99f58c029b6c87e9019d3f0b8e153dabaa0e04dae0", kill_on_drop: false }`
[INFO] running `Command { std: "docker" "inspect" "051345fed38d9fff70fb3d99f58c029b6c87e9019d3f0b8e153dabaa0e04dae0", kill_on_drop: false }`
[INFO] running `Command { std: "docker" "rm" "-f" "051345fed38d9fff70fb3d99f58c029b6c87e9019d3f0b8e153dabaa0e04dae0", kill_on_drop: false }`
[INFO] [stdout] 051345fed38d9fff70fb3d99f58c029b6c87e9019d3f0b8e153dabaa0e04dae0
[INFO] running `Command { std: "docker" "create" "-v" "/var/lib/crater-agent-workspace/builds/worker-0-tc1/target:/opt/rustwide/target:rw,Z" "-v" "/var/lib/crater-agent-workspace/builds/worker-0-tc1/source:/opt/rustwide/workdir:ro,Z" "-v" "/var/lib/crater-agent-workspace/cargo-home:/opt/rustwide/cargo-home:ro,Z" "-v" "/var/lib/crater-agent-workspace/rustup-home:/opt/rustwide/rustup-home:ro,Z" "-e" "SOURCE_DIR=/opt/rustwide/workdir" "-e" "CARGO_TARGET_DIR=/opt/rustwide/target" "-e" "CARGO_INCREMENTAL=0" "-e" "RUST_BACKTRACE=full" "-e" "RUSTFLAGS=--cap-lints=forbid" "-e" "RUSTDOCFLAGS=--cap-lints=forbid" "-e" "CARGO_HOME=/opt/rustwide/cargo-home" "-e" "RUSTUP_HOME=/opt/rustwide/rustup-home" "-w" "/opt/rustwide/workdir" "-m" "1610612736" "--user" "0:0" "--network" "none" "ghcr.io/rust-lang/crates-build-env/linux@sha256:4a844ea9eb2546a2d2c7022eacef16ef2e8229c7fbb2c7d4d55a9ceca922f72d" "/opt/rustwide/cargo-home/bin/cargo" "+nightly-2024-10-28" "build" "--frozen" "--message-format=json", kill_on_drop: false }`
[INFO] [stdout] f831251dd43406e27b90da0fb53529df04ff76865cd0a9f7de569089194b4374
[INFO] running `Command { std: "docker" "start" "-a" "f831251dd43406e27b90da0fb53529df04ff76865cd0a9f7de569089194b4374", kill_on_drop: false }`
[INFO] [stderr]    Compiling libc v0.2.126
[INFO] [stderr]    Compiling proc-macro2 v1.0.42
[INFO] [stderr]    Compiling quote v1.0.20
[INFO] [stderr]    Compiling unicode-ident v1.0.2
[INFO] [stderr]    Compiling autocfg v0.1.8
[INFO] [stderr]    Compiling syn v1.0.98
[INFO] [stderr]    Compiling serde_derive v1.0.141
[INFO] [stderr]    Compiling serde v1.0.141
[INFO] [stderr]    Compiling rand_core v0.4.2
[INFO] [stderr]    Compiling num-traits v0.2.15
[INFO] [stderr]    Compiling memchr v2.5.0
[INFO] [stderr]    Compiling lazy_static v1.4.0
[INFO] [stderr]    Compiling num-integer v0.1.45
[INFO] [stderr]    Compiling num-iter v0.1.43
[INFO] [stderr]    Compiling ppv-lite86 v0.2.16
[INFO] [stderr]    Compiling libm v0.2.3
[INFO] [stderr]    Compiling rand_core v0.3.1
[INFO] [stderr]    Compiling num-bigint-dig v0.6.1
[INFO] [stderr]    Compiling regex-syntax v0.6.27
[INFO] [stderr]    Compiling smallvec v1.9.0
[INFO] [stderr]    Compiling getrandom v0.1.16
[INFO] [stderr]    Compiling aho-corasick v0.7.18
[INFO] [stderr]    Compiling rand_core v0.5.1
[INFO] [stderr]    Compiling rand_pcg v0.1.2
[INFO] [stderr]    Compiling rand_chacha v0.2.2
[INFO] [stderr]    Compiling rand_chacha v0.1.1
[INFO] [stderr]    Compiling unicode-width v0.1.9
[INFO] [stderr]    Compiling rand v0.7.3
[INFO] [stderr]    Compiling rand v0.6.5
[INFO] [stderr]    Compiling log v0.4.17
[INFO] [stderr]    Compiling rand_os v0.1.3
[INFO] [stderr]    Compiling rand_xorshift v0.1.1
[INFO] [stderr]    Compiling rand_isaac v0.1.1
[INFO] [stderr]    Compiling rand_hc v0.1.0
[INFO] [stderr]    Compiling rand_jitter v0.1.4
[INFO] [stderr]    Compiling siphasher v0.2.3
[INFO] [stderr]    Compiling typenum v1.15.0
[INFO] [stderr]    Compiling phf_shared v0.7.24
[INFO] [stderr]    Compiling termcolor v1.1.3
[INFO] [stderr]    Compiling rustc-hex v2.1.0
[INFO] [stderr]    Compiling ucd-trie v0.1.4
[INFO] [stderr]    Compiling regex v1.6.0
[INFO] [stderr]    Compiling codespan-reporting v0.9.5
[INFO] [stderr]    Compiling string_cache_shared v0.3.0
[INFO] [stderr]    Compiling byte-tools v0.3.1
[INFO] [stderr]    Compiling once_cell v1.13.0
[INFO] [stderr]    Compiling block-padding v0.1.5
[INFO] [stderr]    Compiling codespan v0.9.5
[INFO] [stderr]    Compiling phf_generator v0.7.24
[INFO] [stderr]    Compiling string_cache_codegen v0.4.4
[INFO] [stderr]    Compiling dirs v1.0.5
[INFO] [stderr]    Compiling serde_json v1.0.82
[INFO] [stderr]    Compiling constant_tracking v2.0.0 (/opt/rustwide/workdir/constant_tracking)
[INFO] [stderr]    Compiling generic-array v0.12.4
[INFO] [stderr]    Compiling term v0.5.2
[INFO] [stderr]    Compiling atty v0.2.14
[INFO] [stderr]    Compiling opaque-debug v0.2.3
[INFO] [stderr]    Compiling either v1.7.0
[INFO] [stderr]    Compiling new_debug_unreachable v1.0.4
[INFO] [stderr]    Compiling ordermap v0.3.5
[INFO] [stderr]    Compiling block-buffer v0.7.3
[INFO] [stderr]    Compiling digest v0.8.1
[INFO] [stderr]    Compiling string_cache v0.7.5
[INFO] [stderr]    Compiling ryu v1.0.10
[INFO] [stderr]    Compiling fixedbitset v0.1.9
[INFO] [stderr]    Compiling bit-vec v0.6.3
[INFO] [stderr]    Compiling precomputed-hash v0.1.1
[INFO] [stderr]    Compiling strsim v0.10.0
[INFO] [stderr]    Compiling fake-simd v0.1.2
[INFO] [stderr]    Compiling itoa v1.0.2
[INFO] [stderr]    Compiling sha2 v0.8.2
[INFO] [stderr]    Compiling bit-set v0.5.3
[INFO] [stderr]    Compiling petgraph v0.4.13
[INFO] [stderr]    Compiling ascii-canvas v2.0.0
[INFO] [stderr]    Compiling lalrpop-util v0.18.1
[INFO] [stderr]    Compiling thiserror-impl v1.0.31
[INFO] [stderr]    Compiling itertools v0.8.2
[INFO] [stderr]    Compiling ena v0.13.1
[INFO] [stderr]    Compiling num_cpus v1.13.1
[INFO] [stderr]    Compiling json v0.12.4
[INFO] [stderr]    Compiling diff v0.1.13
[INFO] [stderr]    Compiling unicode-xid v0.2.3
[INFO] [stderr]    Compiling threadpool v1.8.1
[INFO] [stderr]    Compiling lz_fnv v0.1.2
[INFO] [stderr]    Compiling ansi_term v0.12.1
[INFO] [stderr]    Compiling textwrap v0.11.0
[INFO] [stderr]    Compiling strsim v0.8.0
[INFO] [stderr]    Compiling leb128 v0.2.5
[INFO] [stderr]    Compiling vec_map v0.8.2
[INFO] [stderr]    Compiling bitflags v1.3.2
[INFO] [stderr]    Compiling wast v39.0.0
[INFO] [stderr]    Compiling exitcode v1.1.2
[INFO] [stderr]    Compiling clap v2.34.0
[INFO] [stderr]    Compiling thiserror v1.0.31
[INFO] [stderr]    Compiling pest v2.2.1
[INFO] [stderr]    Compiling pest_meta v2.2.1
[INFO] [stderr]    Compiling pest_generator v2.2.1
[INFO] [stderr]    Compiling pest_derive v2.2.1
[INFO] [stderr]    Compiling docopt v1.1.1
[INFO] [stderr]    Compiling lalrpop v0.18.1
[INFO] [stderr]    Compiling program_structure v2.0.8 (/opt/rustwide/workdir/program_structure)
[INFO] [stderr]    Compiling circom_algebra v2.0.7 (/opt/rustwide/workdir/circom_algebra)
[INFO] [stderr]    Compiling handlebars v4.3.3
[INFO] [stderr]    Compiling constraint_writers v2.0.6 (/opt/rustwide/workdir/constraint_writers)
[INFO] [stderr]    Compiling type_analysis v2.0.8 (/opt/rustwide/workdir/type_analysis)
[INFO] [stderr]    Compiling constraint_list v2.0.7 (/opt/rustwide/workdir/constraint_list)
[INFO] [stderr]    Compiling dag v2.0.8 (/opt/rustwide/workdir/dag)
[INFO] [stderr]    Compiling code_producers v2.0.8 (/opt/rustwide/workdir/code_producers)
[INFO] [stderr]    Compiling compiler v2.0.8 (/opt/rustwide/workdir/compiler)
[INFO] [stdout] warning: unused imports: `InstructionPointer` and `Instruction`
[INFO] [stdout]   --> compiler/src/intermediate_representation/mod.rs:18:24
[INFO] [stdout]    |
[INFO] [stdout] 18 | pub use ir_interface::{Instruction, InstructionList, InstructionPointer};
[INFO] [stdout]    |                        ^^^^^^^^^^^                   ^^^^^^^^^^^^^^^^^^
[INFO] [stdout]    |
[INFO] [stdout]    = note: `#[warn(unused_imports)]` on by default
[INFO] [stdout] 
[INFO] [stdout] 
[INFO] [stdout] warning: method `has_compute_in` is never used
[INFO] [stdout]   --> compiler/src/intermediate_representation/ir_interface.rs:34:8
[INFO] [stdout]    |
[INFO] [stdout] 33 | pub trait CheckCompute {
[INFO] [stdout]    |           ------------ method in this trait
[INFO] [stdout] 34 |     fn has_compute_in(&self) -> bool;
[INFO] [stdout]    |        ^^^^^^^^^^^^^^
[INFO] [stdout]    |
[INFO] [stdout]    = note: `#[warn(dead_code)]` on by default
[INFO] [stdout] 
[INFO] [stdout] 
[INFO] [stdout] warning: field `name` is never read
[INFO] [stdout]   --> compiler/src/hir/analysis_utilities.rs:10:9
[INFO] [stdout]    |
[INFO] [stdout] 9  | pub struct GenericFunction {
[INFO] [stdout]    |            --------------- field in this struct
[INFO] [stdout] 10 |     pub name: String,
[INFO] [stdout]    |         ^^^^
[INFO] [stdout] 
[INFO] [stdout] 
[INFO] [stdout] warning: call to `.clone()` on a reference in this situation does nothing
[INFO] [stdout]    --> compiler/src/circuit_design/circuit.rs:441:40
[INFO] [stdout]     |
[INFO] [stdout] 441 |     let c_folder_path = Path::new(c_folder.clone()).to_path_buf();
[INFO] [stdout]     |                                           ^^^^^^^^ help: remove this redundant call
[INFO] [stdout]     |
[INFO] [stdout]     = note: the type `str` does not implement `Clone`, so calling `clone` on `&str` copies the reference, which does not do anything and can be removed
[INFO] [stdout]     = note: `#[warn(noop_method_call)]` on by default
[INFO] [stdout] 
[INFO] [stdout] 
[INFO] [stdout] warning: call to `.clone()` on a reference in this situation does nothing
[INFO] [stdout]    --> compiler/src/circuit_design/circuit.rs:455:42
[INFO] [stdout]     |
[INFO] [stdout] 455 |     let js_folder_path = Path::new(js_folder.clone()).to_path_buf();
[INFO] [stdout]     |                                             ^^^^^^^^ help: remove this redundant call
[INFO] [stdout]     |
[INFO] [stdout]     = note: the type `str` does not implement `Clone`, so calling `clone` on `&str` copies the reference, which does not do anything and can be removed
[INFO] [stdout] 
[INFO] [stdout] 
[INFO] [stderr]    Compiling constraint_generation v2.0.8 (/opt/rustwide/workdir/constraint_generation)
[INFO] [stdout] warning: unused import: `num_bigint::BigInt`
[INFO] [stdout]  --> constraint_generation/src/environment_utils/slice_types.rs:5:9
[INFO] [stdout]   |
[INFO] [stdout] 5 | pub use num_bigint::BigInt;
[INFO] [stdout]   |         ^^^^^^^^^^^^^^^^^^
[INFO] [stdout]   |
[INFO] [stdout]   = note: `#[warn(unused_imports)]` on by default
[INFO] [stdout] 
[INFO] [stdout] 
[INFO] [stderr]    Compiling parser v2.0.8 (/opt/rustwide/workdir/parser)
[INFO] [stdout] warning: call to `.clone()` on a reference in this situation does nothing
[INFO] [stdout]    --> parser/src/include_logic.rs:155:17
[INFO] [stdout]     |
[INFO] [stdout] 155 |             file.clone().to_string()
[INFO] [stdout]     |                 ^^^^^^^^ help: remove this redundant call
[INFO] [stdout]     |
[INFO] [stdout]     = note: the type `str` does not implement `Clone`, so calling `clone` on `&str` copies the reference, which does not do anything and can be removed
[INFO] [stdout]     = note: `#[warn(noop_method_call)]` on by default
[INFO] [stdout] 
[INFO] [stdout] 
[INFO] [stderr]    Compiling circom v2.0.8 (/opt/rustwide/workdir/circom)
[INFO] [stderr]     Finished `dev` profile [unoptimized + debuginfo] target(s) in 28.38s
[INFO] [stderr] warning: the following packages contain code that will be rejected by a future version of Rust: lalrpop v0.18.1
[INFO] [stderr] note: to see what the problems were, use the option `--future-incompat-report`, or run `cargo report future-incompatibilities --id 2`
[INFO] running `Command { std: "docker" "inspect" "f831251dd43406e27b90da0fb53529df04ff76865cd0a9f7de569089194b4374", kill_on_drop: false }`
[INFO] running `Command { std: "docker" "rm" "-f" "f831251dd43406e27b90da0fb53529df04ff76865cd0a9f7de569089194b4374", kill_on_drop: false }`
[INFO] [stdout] f831251dd43406e27b90da0fb53529df04ff76865cd0a9f7de569089194b4374
[INFO] running `Command { std: "docker" "create" "-v" "/var/lib/crater-agent-workspace/builds/worker-0-tc1/target:/opt/rustwide/target:rw,Z" "-v" "/var/lib/crater-agent-workspace/builds/worker-0-tc1/source:/opt/rustwide/workdir:ro,Z" "-v" "/var/lib/crater-agent-workspace/cargo-home:/opt/rustwide/cargo-home:ro,Z" "-v" "/var/lib/crater-agent-workspace/rustup-home:/opt/rustwide/rustup-home:ro,Z" "-e" "SOURCE_DIR=/opt/rustwide/workdir" "-e" "CARGO_TARGET_DIR=/opt/rustwide/target" "-e" "CARGO_INCREMENTAL=0" "-e" "RUST_BACKTRACE=full" "-e" "RUSTFLAGS=--cap-lints=forbid" "-e" "RUSTDOCFLAGS=--cap-lints=forbid" "-e" "CARGO_HOME=/opt/rustwide/cargo-home" "-e" "RUSTUP_HOME=/opt/rustwide/rustup-home" "-w" "/opt/rustwide/workdir" "-m" "1610612736" "--user" "0:0" "--network" "none" "ghcr.io/rust-lang/crates-build-env/linux@sha256:4a844ea9eb2546a2d2c7022eacef16ef2e8229c7fbb2c7d4d55a9ceca922f72d" "/opt/rustwide/cargo-home/bin/cargo" "+nightly-2024-10-28" "test" "--frozen" "--no-run" "--message-format=json", kill_on_drop: false }`
[INFO] [stdout] 5f825804027b2bbf5c5690a2d933054b8e258fb597866dd8954c1bfb54e5ec37
[INFO] running `Command { std: "docker" "start" "-a" "5f825804027b2bbf5c5690a2d933054b8e258fb597866dd8954c1bfb54e5ec37", kill_on_drop: false }`
[INFO] [stdout] warning: unused imports: `InstructionPointer` and `Instruction`
[INFO] [stdout]   --> compiler/src/intermediate_representation/mod.rs:18:24
[INFO] [stdout]    |
[INFO] [stdout] 18 | pub use ir_interface::{Instruction, InstructionList, InstructionPointer};
[INFO] [stdout]    |                        ^^^^^^^^^^^                   ^^^^^^^^^^^^^^^^^^
[INFO] [stdout]    |
[INFO] [stdout]    = note: `#[warn(unused_imports)]` on by default
[INFO] [stdout] 
[INFO] [stdout] 
[INFO] [stdout] warning: method `has_compute_in` is never used
[INFO] [stdout]   --> compiler/src/intermediate_representation/ir_interface.rs:34:8
[INFO] [stdout]    |
[INFO] [stdout] 33 | pub trait CheckCompute {
[INFO] [stdout]    |           ------------ method in this trait
[INFO] [stdout] 34 |     fn has_compute_in(&self) -> bool;
[INFO] [stdout]    |        ^^^^^^^^^^^^^^
[INFO] [stdout]    |
[INFO] [stdout]    = note: `#[warn(dead_code)]` on by default
[INFO] [stdout] 
[INFO] [stdout] 
[INFO] [stdout] warning: field `name` is never read
[INFO] [stdout]   --> compiler/src/hir/analysis_utilities.rs:10:9
[INFO] [stdout]    |
[INFO] [stdout] 9  | pub struct GenericFunction {
[INFO] [stdout]    |            --------------- field in this struct
[INFO] [stdout] 10 |     pub name: String,
[INFO] [stdout]    |         ^^^^
[INFO] [stdout] 
[INFO] [stdout] 
[INFO] [stdout] warning: call to `.clone()` on a reference in this situation does nothing
[INFO] [stdout]    --> compiler/src/circuit_design/circuit.rs:441:40
[INFO] [stdout]     |
[INFO] [stdout] 441 |     let c_folder_path = Path::new(c_folder.clone()).to_path_buf();
[INFO] [stdout]     |                                           ^^^^^^^^ help: remove this redundant call
[INFO] [stdout]     |
[INFO] [stdout]     = note: the type `str` does not implement `Clone`, so calling `clone` on `&str` copies the reference, which does not do anything and can be removed
[INFO] [stdout]     = note: `#[warn(noop_method_call)]` on by default
[INFO] [stdout] 
[INFO] [stdout] 
[INFO] [stdout] warning: call to `.clone()` on a reference in this situation does nothing
[INFO] [stdout]    --> compiler/src/circuit_design/circuit.rs:455:42
[INFO] [stdout]     |
[INFO] [stdout] 455 |     let js_folder_path = Path::new(js_folder.clone()).to_path_buf();
[INFO] [stdout]     |                                             ^^^^^^^^ help: remove this redundant call
[INFO] [stdout]     |
[INFO] [stdout]     = note: the type `str` does not implement `Clone`, so calling `clone` on `&str` copies the reference, which does not do anything and can be removed
[INFO] [stdout] 
[INFO] [stdout] 
[INFO] [stdout] warning: unused import: `num_bigint::BigInt`
[INFO] [stdout]  --> constraint_generation/src/environment_utils/slice_types.rs:5:9
[INFO] [stdout]   |
[INFO] [stdout] 5 | pub use num_bigint::BigInt;
[INFO] [stdout]   |         ^^^^^^^^^^^^^^^^^^
[INFO] [stdout]   |
[INFO] [stdout]   = note: `#[warn(unused_imports)]` on by default
[INFO] [stdout] 
[INFO] [stdout] 
[INFO] [stderr]    Compiling constraint_generation v2.0.8 (/opt/rustwide/workdir/constraint_generation)
[INFO] [stderr]    Compiling compiler v2.0.8 (/opt/rustwide/workdir/compiler)
[INFO] [stderr]    Compiling dag v2.0.8 (/opt/rustwide/workdir/dag)
[INFO] [stdout] warning: call to `.clone()` on a reference in this situation does nothing
[INFO] [stdout]    --> parser/src/include_logic.rs:155:17
[INFO] [stdout]     |
[INFO] [stdout] 155 |             file.clone().to_string()
[INFO] [stdout]     |                 ^^^^^^^^ help: remove this redundant call
[INFO] [stdout]     |
[INFO] [stdout]     = note: the type `str` does not implement `Clone`, so calling `clone` on `&str` copies the reference, which does not do anything and can be removed
[INFO] [stdout]     = note: `#[warn(noop_method_call)]` on by default
[INFO] [stdout] 
[INFO] [stdout] 
[INFO] [stderr]    Compiling parser v2.0.8 (/opt/rustwide/workdir/parser)
[INFO] [stderr]    Compiling code_producers v2.0.8 (/opt/rustwide/workdir/code_producers)
[INFO] [stderr]    Compiling constraint_list v2.0.7 (/opt/rustwide/workdir/constraint_list)
[INFO] [stderr]    Compiling circom v2.0.8 (/opt/rustwide/workdir/circom)
[INFO] [stderr]    Compiling constraint_writers v2.0.6 (/opt/rustwide/workdir/constraint_writers)
[INFO] [stdout] warning: unused import: `num_bigint::BigInt`
[INFO] [stdout]  --> constraint_generation/src/environment_utils/slice_types.rs:5:9
[INFO] [stdout]   |
[INFO] [stdout] 5 | pub use num_bigint::BigInt;
[INFO] [stdout]   |         ^^^^^^^^^^^^^^^^^^
[INFO] [stdout]   |
[INFO] [stdout]   = note: `#[warn(unused_imports)]` on by default
[INFO] [stdout] 
[INFO] [stdout] 
[INFO] [stdout] warning: unused imports: `InstructionPointer` and `Instruction`
[INFO] [stdout]   --> compiler/src/intermediate_representation/mod.rs:18:24
[INFO] [stdout]    |
[INFO] [stdout] 18 | pub use ir_interface::{Instruction, InstructionList, InstructionPointer};
[INFO] [stdout]    |                        ^^^^^^^^^^^                   ^^^^^^^^^^^^^^^^^^
[INFO] [stdout]    |
[INFO] [stdout]    = note: `#[warn(unused_imports)]` on by default
[INFO] [stdout] 
[INFO] [stdout] 
[INFO] [stderr]    Compiling type_analysis v2.0.8 (/opt/rustwide/workdir/type_analysis)
[INFO] [stderr]    Compiling program_structure v2.0.8 (/opt/rustwide/workdir/program_structure)
[INFO] [stderr]    Compiling circom_algebra v2.0.7 (/opt/rustwide/workdir/circom_algebra)
[INFO] [stderr]    Compiling constant_tracking v2.0.0 (/opt/rustwide/workdir/constant_tracking)
[INFO] [stdout] warning: method `has_compute_in` is never used
[INFO] [stdout]   --> compiler/src/intermediate_representation/ir_interface.rs:34:8
[INFO] [stdout]    |
[INFO] [stdout] 33 | pub trait CheckCompute {
[INFO] [stdout]    |           ------------ method in this trait
[INFO] [stdout] 34 |     fn has_compute_in(&self) -> bool;
[INFO] [stdout]    |        ^^^^^^^^^^^^^^
[INFO] [stdout]    |
[INFO] [stdout]    = note: `#[warn(dead_code)]` on by default
[INFO] [stdout] 
[INFO] [stdout] 
[INFO] [stdout] warning: field `name` is never read
[INFO] [stdout]   --> compiler/src/hir/analysis_utilities.rs:10:9
[INFO] [stdout]    |
[INFO] [stdout] 9  | pub struct GenericFunction {
[INFO] [stdout]    |            --------------- field in this struct
[INFO] [stdout] 10 |     pub name: String,
[INFO] [stdout]    |         ^^^^
[INFO] [stdout] 
[INFO] [stdout] 
[INFO] [stdout] warning: call to `.clone()` on a reference in this situation does nothing
[INFO] [stdout]    --> compiler/src/circuit_design/circuit.rs:441:40
[INFO] [stdout]     |
[INFO] [stdout] 441 |     let c_folder_path = Path::new(c_folder.clone()).to_path_buf();
[INFO] [stdout]     |                                           ^^^^^^^^ help: remove this redundant call
[INFO] [stdout]     |
[INFO] [stdout]     = note: the type `str` does not implement `Clone`, so calling `clone` on `&str` copies the reference, which does not do anything and can be removed
[INFO] [stdout]     = note: `#[warn(noop_method_call)]` on by default
[INFO] [stdout] 
[INFO] [stdout] 
[INFO] [stdout] warning: call to `.clone()` on a reference in this situation does nothing
[INFO] [stdout]    --> compiler/src/circuit_design/circuit.rs:455:42
[INFO] [stdout]     |
[INFO] [stdout] 455 |     let js_folder_path = Path::new(js_folder.clone()).to_path_buf();
[INFO] [stdout]     |                                             ^^^^^^^^ help: remove this redundant call
[INFO] [stdout]     |
[INFO] [stdout]     = note: the type `str` does not implement `Clone`, so calling `clone` on `&str` copies the reference, which does not do anything and can be removed
[INFO] [stdout] 
[INFO] [stdout] 
[INFO] [stdout] warning: call to `.clone()` on a reference in this situation does nothing
[INFO] [stdout]    --> parser/src/include_logic.rs:155:17
[INFO] [stdout]     |
[INFO] [stdout] 155 |             file.clone().to_string()
[INFO] [stdout]     |                 ^^^^^^^^ help: remove this redundant call
[INFO] [stdout]     |
[INFO] [stdout]     = note: the type `str` does not implement `Clone`, so calling `clone` on `&str` copies the reference, which does not do anything and can be removed
[INFO] [stdout]     = note: `#[warn(noop_method_call)]` on by default
[INFO] [stdout] 
[INFO] [stdout] 
[INFO] [stderr]     Finished `test` profile [unoptimized + debuginfo] target(s) in 4.86s
[INFO] [stderr] warning: the following packages contain code that will be rejected by a future version of Rust: lalrpop v0.18.1
[INFO] [stderr] note: to see what the problems were, use the option `--future-incompat-report`, or run `cargo report future-incompatibilities --id 2`
[INFO] running `Command { std: "docker" "inspect" "5f825804027b2bbf5c5690a2d933054b8e258fb597866dd8954c1bfb54e5ec37", kill_on_drop: false }`
[INFO] running `Command { std: "docker" "rm" "-f" "5f825804027b2bbf5c5690a2d933054b8e258fb597866dd8954c1bfb54e5ec37", kill_on_drop: false }`
[INFO] [stdout] 5f825804027b2bbf5c5690a2d933054b8e258fb597866dd8954c1bfb54e5ec37
[INFO] running `Command { std: "docker" "create" "-v" "/var/lib/crater-agent-workspace/builds/worker-0-tc1/target:/opt/rustwide/target:rw,Z" "-v" "/var/lib/crater-agent-workspace/builds/worker-0-tc1/source:/opt/rustwide/workdir:ro,Z" "-v" "/var/lib/crater-agent-workspace/cargo-home:/opt/rustwide/cargo-home:ro,Z" "-v" "/var/lib/crater-agent-workspace/rustup-home:/opt/rustwide/rustup-home:ro,Z" "-e" "SOURCE_DIR=/opt/rustwide/workdir" "-e" "CARGO_TARGET_DIR=/opt/rustwide/target" "-e" "CARGO_INCREMENTAL=0" "-e" "RUST_BACKTRACE=full" "-e" "RUSTFLAGS=--cap-lints=forbid" "-e" "RUSTDOCFLAGS=--cap-lints=forbid" "-e" "CARGO_HOME=/opt/rustwide/cargo-home" "-e" "RUSTUP_HOME=/opt/rustwide/rustup-home" "-w" "/opt/rustwide/workdir" "-m" "1610612736" "--user" "0:0" "--network" "none" "ghcr.io/rust-lang/crates-build-env/linux@sha256:4a844ea9eb2546a2d2c7022eacef16ef2e8229c7fbb2c7d4d55a9ceca922f72d" "/opt/rustwide/cargo-home/bin/cargo" "+nightly-2024-10-28" "test" "--frozen", kill_on_drop: false }`
[INFO] [stdout] 905ddb30d32757cec9bfc9e278b12e91a9cfdb15ef18b170cae5bee7fe757cef
[INFO] running `Command { std: "docker" "start" "-a" "905ddb30d32757cec9bfc9e278b12e91a9cfdb15ef18b170cae5bee7fe757cef", kill_on_drop: false }`
[INFO] [stderr] warning: unused imports: `InstructionPointer` and `Instruction`
[INFO] [stderr]   --> compiler/src/intermediate_representation/mod.rs:18:24
[INFO] [stderr]    |
[INFO] [stderr] 18 | pub use ir_interface::{Instruction, InstructionList, InstructionPointer};
[INFO] [stderr]    |                        ^^^^^^^^^^^                   ^^^^^^^^^^^^^^^^^^
[INFO] [stderr]    |
[INFO] [stderr]    = note: `#[warn(unused_imports)]` on by default
[INFO] [stderr] 
[INFO] [stderr] warning: method `has_compute_in` is never used
[INFO] [stderr]   --> compiler/src/intermediate_representation/ir_interface.rs:34:8
[INFO] [stderr]    |
[INFO] [stderr] 33 | pub trait CheckCompute {
[INFO] [stderr]    |           ------------ method in this trait
[INFO] [stderr] 34 |     fn has_compute_in(&self) -> bool;
[INFO] [stderr]    |        ^^^^^^^^^^^^^^
[INFO] [stderr]    |
[INFO] [stderr]    = note: `#[warn(dead_code)]` on by default
[INFO] [stderr] 
[INFO] [stderr] warning: field `name` is never read
[INFO] [stderr]   --> compiler/src/hir/analysis_utilities.rs:10:9
[INFO] [stderr]    |
[INFO] [stderr] 9  | pub struct GenericFunction {
[INFO] [stderr]    |            --------------- field in this struct
[INFO] [stderr] 10 |     pub name: String,
[INFO] [stderr]    |         ^^^^
[INFO] [stderr] 
[INFO] [stderr] warning: call to `.clone()` on a reference in this situation does nothing
[INFO] [stderr]    --> compiler/src/circuit_design/circuit.rs:441:40
[INFO] [stderr]     |
[INFO] [stderr] 441 |     let c_folder_path = Path::new(c_folder.clone()).to_path_buf();
[INFO] [stderr]     |                                           ^^^^^^^^ help: remove this redundant call
[INFO] [stderr]     |
[INFO] [stderr]     = note: the type `str` does not implement `Clone`, so calling `clone` on `&str` copies the reference, which does not do anything and can be removed
[INFO] [stderr]     = note: `#[warn(noop_method_call)]` on by default
[INFO] [stderr] 
[INFO] [stderr] warning: call to `.clone()` on a reference in this situation does nothing
[INFO] [stderr]    --> compiler/src/circuit_design/circuit.rs:455:42
[INFO] [stderr]     |
[INFO] [stderr] 455 |     let js_folder_path = Path::new(js_folder.clone()).to_path_buf();
[INFO] [stderr]     |                                             ^^^^^^^^ help: remove this redundant call
[INFO] [stderr]     |
[INFO] [stderr]     = note: the type `str` does not implement `Clone`, so calling `clone` on `&str` copies the reference, which does not do anything and can be removed
[INFO] [stderr] 
[INFO] [stderr] warning: `compiler` (lib) generated 5 warnings (run `cargo fix --lib -p compiler` to apply 3 suggestions)
[INFO] [stderr] warning: unused import: `num_bigint::BigInt`
[INFO] [stderr]  --> constraint_generation/src/environment_utils/slice_types.rs:5:9
[INFO] [stderr]   |
[INFO] [stderr] 5 | pub use num_bigint::BigInt;
[INFO] [stderr]   |         ^^^^^^^^^^^^^^^^^^
[INFO] [stderr]   |
[INFO] [stderr]   = note: `#[warn(unused_imports)]` on by default
[INFO] [stderr] 
[INFO] [stderr] warning: `constraint_generation` (lib) generated 1 warning (run `cargo fix --lib -p constraint_generation` to apply 1 suggestion)
[INFO] [stderr] warning: `constraint_generation` (lib test) generated 1 warning (1 duplicate)
[INFO] [stderr] warning: `compiler` (lib test) generated 5 warnings (5 duplicates)
[INFO] [stderr] warning: call to `.clone()` on a reference in this situation does nothing
[INFO] [stderr]    --> parser/src/include_logic.rs:155:17
[INFO] [stderr]     |
[INFO] [stderr] 155 |             file.clone().to_string()
[INFO] [stderr]     |                 ^^^^^^^^ help: remove this redundant call
[INFO] [stderr]     |
[INFO] [stderr]     = note: the type `str` does not implement `Clone`, so calling `clone` on `&str` copies the reference, which does not do anything and can be removed
[INFO] [stderr]     = note: `#[warn(noop_method_call)]` on by default
[INFO] [stderr] 
[INFO] [stderr] warning: `parser` (lib) generated 1 warning (run `cargo fix --lib -p parser` to apply 1 suggestion)
[INFO] [stderr] warning: `parser` (lib test) generated 1 warning (1 duplicate)
[INFO] [stderr]     Finished `test` profile [unoptimized + debuginfo] target(s) in 0.12s
[INFO] [stderr] warning: the following packages contain code that will be rejected by a future version of Rust: lalrpop v0.18.1
[INFO] [stderr] note: to see what the problems were, use the option `--future-incompat-report`, or run `cargo report future-incompatibilities --id 2`
[INFO] [stderr]      Running unittests src/main.rs (/opt/rustwide/target/debug/deps/circom-475f6dbbe104187d)
[INFO] [stdout] 
[INFO] [stdout] running 0 tests
[INFO] [stdout] 
[INFO] [stdout] test result: ok. 0 passed; 0 failed; 0 ignored; 0 measured; 0 filtered out; finished in 0.00s
[INFO] [stdout] 
[INFO] [stdout] 
[INFO] [stdout] running 8 tests
[INFO] [stderr]      Running unittests src/lib.rs (/opt/rustwide/target/debug/deps/circom_algebra-ff29ef9e5765b997)
[INFO] [stdout] test algebra::test::algebra_constraint_offset ... ok
[INFO] [stdout] test algebra::test::algebra_constraint_apply_substitution ... ok
[INFO] [stdout] test modular_arithmetic::tests::complement_of_complement_is_the_original_test ... ok
[INFO] [stdout] test modular_arithmetic::tests::lesser_eq_test ... ok
[INFO] [stdout] test algebra::test::algebra_constraint_clear_signal ... ok
[INFO] [stdout] test modular_arithmetic::tests::mod_check ... ok
[INFO] [stdout] test modular_arithmetic::tests::mod_operation_check ... ok
[INFO] [stdout] test modular_arithmetic::tests::comparison_check ... ok
[INFO] [stdout] 
[INFO] [stdout] test result: ok. 8 passed; 0 failed; 0 ignored; 0 measured; 0 filtered out; finished in 0.01s
[INFO] [stdout] 
[INFO] [stderr]      Running unittests src/lib.rs (/opt/rustwide/target/debug/deps/code_producers-03d82d5e22aac30b)
[INFO] [stdout] 
[INFO] [stdout] running 2 tests
[INFO] [stdout] test c_elements::c_code_generator::tests::produce_dat ... FAILED
[INFO] [stdout] test wasm_elements::wasm_code_generator::tests::produce_code ... FAILED
[INFO] [stdout] 
[INFO] [stdout] failures:
[INFO] [stdout] 
[INFO] [stderr] error: test failed, to rerun pass `-p code_producers --lib`
[INFO] [stdout] ---- c_elements::c_code_generator::tests::produce_dat stdout ----
[INFO] [stdout] thread 'c_elements::c_code_generator::tests::produce_dat' panicked at code_producers/src/c_elements/c_code_generator.rs:955:43:
[INFO] [stdout] called `Result::unwrap()` on an `Err` value: Os { code: 2, kind: NotFound, message: "No such file or directory" }
[INFO] [stdout] stack backtrace:
[INFO] [stdout]    0:     0x56e5e63a7f7a - std::backtrace_rs::backtrace::libunwind::trace::h207520d6e9873551
[INFO] [stdout]                                at /rustc/df4ca44d3fbc9301ee17f30f4d474e6ae4b05252/library/std/src/../../backtrace/src/backtrace/libunwind.rs:116:5
[INFO] [stdout]    1:     0x56e5e63a7f7a - std::backtrace_rs::backtrace::trace_unsynchronized::h2ed7433f370e3eca
[INFO] [stdout]                                at /rustc/df4ca44d3fbc9301ee17f30f4d474e6ae4b05252/library/std/src/../../backtrace/src/backtrace/mod.rs:66:5
[INFO] [stdout]    2:     0x56e5e63a7f7a - std::sys::backtrace::_print_fmt::h916fac51166b18d7
[INFO] [stdout]                                at /rustc/df4ca44d3fbc9301ee17f30f4d474e6ae4b05252/library/std/src/sys/backtrace.rs:66:9
[INFO] [stdout]    3:     0x56e5e63a7f7a - <std::sys::backtrace::BacktraceLock::print::DisplayBacktrace as core::fmt::Display>::fmt::ha0a4c9b8ce3802e6
[INFO] [stdout]                                at /rustc/df4ca44d3fbc9301ee17f30f4d474e6ae4b05252/library/std/src/sys/backtrace.rs:39:26
[INFO] [stdout]    4:     0x56e5e63ce623 - core::fmt::rt::Argument::fmt::h4cfc8587d52b3eb5
[INFO] [stdout]                                at /rustc/df4ca44d3fbc9301ee17f30f4d474e6ae4b05252/library/core/src/fmt/rt.rs:177:76
[INFO] [stdout]    5:     0x56e5e63ce623 - core::fmt::write::h522cc39e5b36ae9f
[INFO] [stdout]                                at /rustc/df4ca44d3fbc9301ee17f30f4d474e6ae4b05252/library/core/src/fmt/mod.rs:1190:21
[INFO] [stdout]    6:     0x56e5e63a4b33 - std::io::Write::write_fmt::h7d3c26752da97734
[INFO] [stdout]                                at /rustc/df4ca44d3fbc9301ee17f30f4d474e6ae4b05252/library/std/src/io/mod.rs:1839:15
[INFO] [stdout]    7:     0x56e5e63a7dc2 - std::sys::backtrace::BacktraceLock::print::h4b9e00b29e9c0942
[INFO] [stdout]                                at /rustc/df4ca44d3fbc9301ee17f30f4d474e6ae4b05252/library/std/src/sys/backtrace.rs:42:9
[INFO] [stdout]    8:     0x56e5e63a940a - std::panicking::default_hook::{{closure}}::hb59b88280d0324d9
[INFO] [stdout]                                at /rustc/df4ca44d3fbc9301ee17f30f4d474e6ae4b05252/library/std/src/panicking.rs:268:22
[INFO] [stdout]    9:     0x56e5e63a9214 - std::panicking::default_hook::he1dd496665be4a29
[INFO] [stdout]                                at /rustc/df4ca44d3fbc9301ee17f30f4d474e6ae4b05252/library/std/src/panicking.rs:292:9
[INFO] [stdout]   10:     0x56e5e6354aa9 - <alloc::boxed::Box<F,A> as core::ops::function::Fn<Args>>::call::h4ff71de18744e1dc
[INFO] [stdout]                                at /rustc/df4ca44d3fbc9301ee17f30f4d474e6ae4b05252/library/alloc/src/boxed.rs:2468:9
[INFO] [stdout]   11:     0x56e5e6354aa9 - test::test_main::{{closure}}::hcf7c055ce117aa81
[INFO] [stdout]                                at /rustc/df4ca44d3fbc9301ee17f30f4d474e6ae4b05252/library/test/src/lib.rs:133:21
[INFO] [stdout]   12:     0x56e5e63a9b08 - <alloc::boxed::Box<F,A> as core::ops::function::Fn<Args>>::call::h1d66c6bbd60c9692
[INFO] [stdout]                                at /rustc/df4ca44d3fbc9301ee17f30f4d474e6ae4b05252/library/alloc/src/boxed.rs:2468:9
[INFO] [stdout]   13:     0x56e5e63a9b08 - std::panicking::rust_panic_with_hook::h2ff17fe8f26dfcf8
[INFO] [stdout]                                at /rustc/df4ca44d3fbc9301ee17f30f4d474e6ae4b05252/library/std/src/panicking.rs:809:13
[INFO] [stdout]   14:     0x56e5e63a98ca - std::panicking::begin_panic_handler::{{closure}}::h4fad77951c07e101
[INFO] [stdout]                                at /rustc/df4ca44d3fbc9301ee17f30f4d474e6ae4b05252/library/std/src/panicking.rs:674:13
[INFO] [stdout]   15:     0x56e5e63a8459 - std::sys::backtrace::__rust_end_short_backtrace::hb1a25b3da5d0ea08
[INFO] [stdout]                                at /rustc/df4ca44d3fbc9301ee17f30f4d474e6ae4b05252/library/std/src/sys/backtrace.rs:170:18
[INFO] [stdout]   16:     0x56e5e63a955c - rust_begin_unwind
[INFO] [stdout]                                at /rustc/df4ca44d3fbc9301ee17f30f4d474e6ae4b05252/library/std/src/panicking.rs:665:5
[INFO] [stdout]   17:     0x56e5e63cd020 - core::panicking::panic_fmt::ha9db07b529f9b256
[INFO] [stdout]                                at /rustc/df4ca44d3fbc9301ee17f30f4d474e6ae4b05252/library/core/src/panicking.rs:75:14
[INFO] [stdout]   18:     0x56e5e63cd466 - core::result::unwrap_failed::h5e8218e4d4338b8a
[INFO] [stdout]                                at /rustc/df4ca44d3fbc9301ee17f30f4d474e6ae4b05252/library/core/src/result.rs:1698:5
[INFO] [stdout]   19:     0x56e5e630609f - core::result::Result<T,E>::unwrap::h100d8459773e39e9
[INFO] [stdout]                                at /rustc/df4ca44d3fbc9301ee17f30f4d474e6ae4b05252/library/core/src/result.rs:1103:23
[INFO] [stdout]   20:     0x56e5e630609f - code_producers::c_elements::c_code_generator::tests::produce_dat::h48aae2431327551c
[INFO] [stdout]                                at /opt/rustwide/workdir/code_producers/src/c_elements/c_code_generator.rs:955:13
[INFO] [stdout]   21:     0x56e5e6305fe7 - code_producers::c_elements::c_code_generator::tests::produce_dat::{{closure}}::h02a97f9111a09d1d
[INFO] [stdout]                                at /opt/rustwide/workdir/code_producers/src/c_elements/c_code_generator.rs:953:21
[INFO] [stdout]   22:     0x56e5e6301de6 - core::ops::function::FnOnce::call_once::h182d09dbbfe4429c
[INFO] [stdout]                                at /rustc/df4ca44d3fbc9301ee17f30f4d474e6ae4b05252/library/core/src/ops/function.rs:250:5
[INFO] [stdout]   23:     0x56e5e635937b - core::ops::function::FnOnce::call_once::h22c3ba5715e93f05
[INFO] [stdout]                                at /rustc/df4ca44d3fbc9301ee17f30f4d474e6ae4b05252/library/core/src/ops/function.rs:250:5
[INFO] [stdout]   24:     0x56e5e635937b - test::__rust_begin_short_backtrace::h8e82d8113d0da17f
[INFO] [stdout]                                at /rustc/df4ca44d3fbc9301ee17f30f4d474e6ae4b05252/library/test/src/lib.rs:621:18
[INFO] [stdout]   25:     0x56e5e6358cf7 - test::run_test_in_process::{{closure}}::h33235f4f20b7b7c7
[INFO] [stdout]                                at /rustc/df4ca44d3fbc9301ee17f30f4d474e6ae4b05252/library/test/src/lib.rs:644:60
[INFO] [stdout]   26:     0x56e5e6358cf7 - <core::panic::unwind_safe::AssertUnwindSafe<F> as core::ops::function::FnOnce<()>>::call_once::hb5043206310c586f
[INFO] [stdout]                                at /rustc/df4ca44d3fbc9301ee17f30f4d474e6ae4b05252/library/core/src/panic/unwind_safe.rs:272:9
[INFO] [stdout]   27:     0x56e5e6358cf7 - std::panicking::try::do_call::h9ad4731a60ab23e2
[INFO] [stdout]                                at /rustc/df4ca44d3fbc9301ee17f30f4d474e6ae4b05252/library/std/src/panicking.rs:557:40
[INFO] [stdout]   28:     0x56e5e6358cf7 - std::panicking::try::h3824d23db772a716
[INFO] [stdout]                                at /rustc/df4ca44d3fbc9301ee17f30f4d474e6ae4b05252/library/std/src/panicking.rs:520:19
[INFO] [stdout]   29:     0x56e5e6358cf7 - std::panic::catch_unwind::h5afd514605fde46b
[INFO] [stdout]                                at /rustc/df4ca44d3fbc9301ee17f30f4d474e6ae4b05252/library/std/src/panic.rs:358:14
[INFO] [stdout]   30:     0x56e5e6358cf7 - test::run_test_in_process::h0d5cbfa7067d1720
[INFO] [stdout]                                at /rustc/df4ca44d3fbc9301ee17f30f4d474e6ae4b05252/library/test/src/lib.rs:644:27
[INFO] [stdout]   31:     0x56e5e6358cf7 - test::run_test::{{closure}}::h708eb8872708115d
[INFO] [stdout]                                at /rustc/df4ca44d3fbc9301ee17f30f4d474e6ae4b05252/library/test/src/lib.rs:565:43
[INFO] [stdout]   32:     0x56e5e631c414 - test::run_test::{{closure}}::h392c51cee94713ab
[INFO] [stdout]                                at /rustc/df4ca44d3fbc9301ee17f30f4d474e6ae4b05252/library/test/src/lib.rs:595:41
[INFO] [stdout]   33:     0x56e5e631c414 - std::sys::backtrace::__rust_begin_short_backtrace::h2f40290710935a8b
[INFO] [stdout]                                at /rustc/df4ca44d3fbc9301ee17f30f4d474e6ae4b05252/library/std/src/sys/backtrace.rs:154:18
[INFO] [stdout]   34:     0x56e5e631fbbe - std::thread::Builder::spawn_unchecked_::{{closure}}::{{closure}}::h3fd968d89053a903
[INFO] [stdout]                                at /rustc/df4ca44d3fbc9301ee17f30f4d474e6ae4b05252/library/std/src/thread/mod.rs:541:17
[INFO] [stdout]   35:     0x56e5e631fbbe - <core::panic::unwind_safe::AssertUnwindSafe<F> as core::ops::function::FnOnce<()>>::call_once::h743f637ba4229880
[INFO] [stdout]                                at /rustc/df4ca44d3fbc9301ee17f30f4d474e6ae4b05252/library/core/src/panic/unwind_safe.rs:272:9
[INFO] [stdout]   36:     0x56e5e631fbbe - std::panicking::try::do_call::h07440897322525a6
[INFO] [stdout]                                at /rustc/df4ca44d3fbc9301ee17f30f4d474e6ae4b05252/library/std/src/panicking.rs:557:40
[INFO] [stdout]   37:     0x56e5e631fbbe - std::panicking::try::he5a2e00188156637
[INFO] [stdout]                                at /rustc/df4ca44d3fbc9301ee17f30f4d474e6ae4b05252/library/std/src/panicking.rs:520:19
[INFO] [stdout]   38:     0x56e5e631fbbe - std::panic::catch_unwind::hbaf3cae49b3c6433
[INFO] [stdout]                                at /rustc/df4ca44d3fbc9301ee17f30f4d474e6ae4b05252/library/std/src/panic.rs:358:14
[INFO] [stdout]   39:     0x56e5e631fbbe - std::thread::Builder::spawn_unchecked_::{{closure}}::h8e141ea224820bce
[INFO] [stdout]                                at /rustc/df4ca44d3fbc9301ee17f30f4d474e6ae4b05252/library/std/src/thread/mod.rs:540:30
[INFO] [stdout]   40:     0x56e5e631fbbe - core::ops::function::FnOnce::call_once{{vtable.shim}}::h90d312fedd7b8ea8
[INFO] [stdout]                                at /rustc/df4ca44d3fbc9301ee17f30f4d474e6ae4b05252/library/core/src/ops/function.rs:250:5
[INFO] [stdout]   41:     0x56e5e63ad93b - <alloc::boxed::Box<F,A> as core::ops::function::FnOnce<Args>>::call_once::h69aa08ddb6adb8b6
[INFO] [stdout]                                at /rustc/df4ca44d3fbc9301ee17f30f4d474e6ae4b05252/library/alloc/src/boxed.rs:2454:9
[INFO] [stdout]   42:     0x56e5e63ad93b - <alloc::boxed::Box<F,A> as core::ops::function::FnOnce<Args>>::call_once::h5aa36efdb79c806f
[INFO] [stdout]                                at /rustc/df4ca44d3fbc9301ee17f30f4d474e6ae4b05252/library/alloc/src/boxed.rs:2454:9
[INFO] [stdout]   43:     0x56e5e63ad93b - std::sys::pal::unix::thread::Thread::new::thread_start::h6cd80a1b4be5158d
[INFO] [stdout]                                at /rustc/df4ca44d3fbc9301ee17f30f4d474e6ae4b05252/library/std/src/sys/pal/unix/thread.rs:105:17
[INFO] [stdout]   44:     0x7cfba72a0ac3 - <unknown>
[INFO] [stdout]   45:     0x7cfba7331a04 - clone
[INFO] [stdout]   46:                0x0 - <unknown>
[INFO] [stdout] 
[INFO] [stdout] ---- wasm_elements::wasm_code_generator::tests::produce_code stdout ----
[INFO] [stdout] thread 'wasm_elements::wasm_code_generator::tests::produce_code' panicked at code_producers/src/wasm_elements/wasm_code_generator.rs:1658:43:
[INFO] [stdout] called `Result::unwrap()` on an `Err` value: Os { code: 2, kind: NotFound, message: "No such file or directory" }
[INFO] [stdout] stack backtrace:
[INFO] [stdout]    0:     0x56e5e63a7f7a - std::backtrace_rs::backtrace::libunwind::trace::h207520d6e9873551
[INFO] [stdout]                                at /rustc/df4ca44d3fbc9301ee17f30f4d474e6ae4b05252/library/std/src/../../backtrace/src/backtrace/libunwind.rs:116:5
[INFO] [stdout]    1:     0x56e5e63a7f7a - std::backtrace_rs::backtrace::trace_unsynchronized::h2ed7433f370e3eca
[INFO] [stdout]                                at /rustc/df4ca44d3fbc9301ee17f30f4d474e6ae4b05252/library/std/src/../../backtrace/src/backtrace/mod.rs:66:5
[INFO] [stdout]    2:     0x56e5e63a7f7a - std::sys::backtrace::_print_fmt::h916fac51166b18d7
[INFO] [stdout]                                at /rustc/df4ca44d3fbc9301ee17f30f4d474e6ae4b05252/library/std/src/sys/backtrace.rs:66:9
[INFO] [stdout]    3:     0x56e5e63a7f7a - <std::sys::backtrace::BacktraceLock::print::DisplayBacktrace as core::fmt::Display>::fmt::ha0a4c9b8ce3802e6
[INFO] [stdout]                                at /rustc/df4ca44d3fbc9301ee17f30f4d474e6ae4b05252/library/std/src/sys/backtrace.rs:39:26
[INFO] [stdout]    4:     0x56e5e63ce623 - core::fmt::rt::Argument::fmt::h4cfc8587d52b3eb5
[INFO] [stdout]                                at /rustc/df4ca44d3fbc9301ee17f30f4d474e6ae4b05252/library/core/src/fmt/rt.rs:177:76
[INFO] [stdout]    5:     0x56e5e63ce623 - core::fmt::write::h522cc39e5b36ae9f
[INFO] [stdout]                                at /rustc/df4ca44d3fbc9301ee17f30f4d474e6ae4b05252/library/core/src/fmt/mod.rs:1190:21
[INFO] [stdout]    6:     0x56e5e63a4b33 - std::io::Write::write_fmt::h7d3c26752da97734
[INFO] [stdout]                                at /rustc/df4ca44d3fbc9301ee17f30f4d474e6ae4b05252/library/std/src/io/mod.rs:1839:15
[INFO] [stdout]    7:     0x56e5e63a7dc2 - std::sys::backtrace::BacktraceLock::print::h4b9e00b29e9c0942
[INFO] [stdout]                                at /rustc/df4ca44d3fbc9301ee17f30f4d474e6ae4b05252/library/std/src/sys/backtrace.rs:42:9
[INFO] [stdout]    8:     0x56e5e63a940a - std::panicking::default_hook::{{closure}}::hb59b88280d0324d9
[INFO] [stdout]                                at /rustc/df4ca44d3fbc9301ee17f30f4d474e6ae4b05252/library/std/src/panicking.rs:268:22
[INFO] [stdout]    9:     0x56e5e63a9214 - std::panicking::default_hook::he1dd496665be4a29
[INFO] [stdout]                                at /rustc/df4ca44d3fbc9301ee17f30f4d474e6ae4b05252/library/std/src/panicking.rs:292:9
[INFO] [stdout]   10:     0x56e5e6354aa9 - <alloc::boxed::Box<F,A> as core::ops::function::Fn<Args>>::call::h4ff71de18744e1dc
[INFO] [stdout]                                at /rustc/df4ca44d3fbc9301ee17f30f4d474e6ae4b05252/library/alloc/src/boxed.rs:2468:9
[INFO] [stdout]   11:     0x56e5e6354aa9 - test::test_main::{{closure}}::hcf7c055ce117aa81
[INFO] [stdout]                                at /rustc/df4ca44d3fbc9301ee17f30f4d474e6ae4b05252/library/test/src/lib.rs:133:21
[INFO] [stdout]   12:     0x56e5e63a9b08 - <alloc::boxed::Box<F,A> as core::ops::function::Fn<Args>>::call::h1d66c6bbd60c9692
[INFO] [stdout]                                at /rustc/df4ca44d3fbc9301ee17f30f4d474e6ae4b05252/library/alloc/src/boxed.rs:2468:9
[INFO] [stdout]   13:     0x56e5e63a9b08 - std::panicking::rust_panic_with_hook::h2ff17fe8f26dfcf8
[INFO] [stdout]                                at /rustc/df4ca44d3fbc9301ee17f30f4d474e6ae4b05252/library/std/src/panicking.rs:809:13
[INFO] [stdout]   14:     0x56e5e63a98ca - std::panicking::begin_panic_handler::{{closure}}::h4fad77951c07e101
[INFO] [stdout]                                at /rustc/df4ca44d3fbc9301ee17f30f4d474e6ae4b05252/library/std/src/panicking.rs:674:13
[INFO] [stdout]   15:     0x56e5e63a8459 - std::sys::backtrace::__rust_end_short_backtrace::hb1a25b3da5d0ea08
[INFO] [stdout]                                at /rustc/df4ca44d3fbc9301ee17f30f4d474e6ae4b05252/library/std/src/sys/backtrace.rs:170:18
[INFO] [stdout]   16:     0x56e5e63a955c - rust_begin_unwind
[INFO] [stdout]                                at /rustc/df4ca44d3fbc9301ee17f30f4d474e6ae4b05252/library/std/src/panicking.rs:665:5
[INFO] [stdout]   17:     0x56e5e63cd020 - core::panicking::panic_fmt::ha9db07b529f9b256
[INFO] [stdout]                                at /rustc/df4ca44d3fbc9301ee17f30f4d474e6ae4b05252/library/core/src/panicking.rs:75:14
[INFO] [stdout]   18:     0x56e5e63cd466 - core::result::unwrap_failed::h5e8218e4d4338b8a
[INFO] [stdout]                                at /rustc/df4ca44d3fbc9301ee17f30f4d474e6ae4b05252/library/core/src/result.rs:1698:5
[INFO] [stdout]   19:     0x56e5e6305581 - core::result::Result<T,E>::unwrap::h100d8459773e39e9
[INFO] [stdout]                                at /rustc/df4ca44d3fbc9301ee17f30f4d474e6ae4b05252/library/core/src/result.rs:1103:23
[INFO] [stdout]   20:     0x56e5e6305581 - code_producers::wasm_elements::wasm_code_generator::tests::create_writer::h2590d73b9f6a8e01
[INFO] [stdout]                                at /opt/rustwide/workdir/code_producers/src/wasm_elements/wasm_code_generator.rs:1658:13
[INFO] [stdout]   21:     0x56e5e6306594 - code_producers::wasm_elements::wasm_code_generator::tests::produce_code::hae50d7d31437ea30
[INFO] [stdout]                                at /opt/rustwide/workdir/code_producers/src/wasm_elements/wasm_code_generator.rs:1699:26
[INFO] [stdout]   22:     0x56e5e6306557 - code_producers::wasm_elements::wasm_code_generator::tests::produce_code::{{closure}}::hd701909eaa411433
[INFO] [stdout]                                at /opt/rustwide/workdir/code_producers/src/wasm_elements/wasm_code_generator.rs:1697:22
[INFO] [stdout]   23:     0x56e5e6301e66 - core::ops::function::FnOnce::call_once::hac79cef355707367
[INFO] [stdout]                                at /rustc/df4ca44d3fbc9301ee17f30f4d474e6ae4b05252/library/core/src/ops/function.rs:250:5
[INFO] [stdout]   24:     0x56e5e635937b - core::ops::function::FnOnce::call_once::h22c3ba5715e93f05
[INFO] [stdout]                                at /rustc/df4ca44d3fbc9301ee17f30f4d474e6ae4b05252/library/core/src/ops/function.rs:250:5
[INFO] [stdout]   25:     0x56e5e635937b - test::__rust_begin_short_backtrace::h8e82d8113d0da17f
[INFO] [stdout]                                at /rustc/df4ca44d3fbc9301ee17f30f4d474e6ae4b05252/library/test/src/lib.rs:621:18
[INFO] [stdout]   26:     0x56e5e6358cf7 - test::run_test_in_process::{{closure}}::h33235f4f20b7b7c7
[INFO] [stdout]                                at /rustc/df4ca44d3fbc9301ee17f30f4d474e6ae4b05252/library/test/src/lib.rs:644:60
[INFO] [stdout]   27:     0x56e5e6358cf7 - <core::panic::unwind_safe::AssertUnwindSafe<F> as core::ops::function::FnOnce<()>>::call_once::hb5043206310c586f
[INFO] [stdout]                                at /rustc/df4ca44d3fbc9301ee17f30f4d474e6ae4b05252/library/core/src/panic/unwind_safe.rs:272:9
[INFO] [stdout]   28:     0x56e5e6358cf7 - std::panicking::try::do_call::h9ad4731a60ab23e2
[INFO] [stdout]                                at /rustc/df4ca44d3fbc9301ee17f30f4d474e6ae4b05252/library/std/src/panicking.rs:557:40
[INFO] [stdout]   29:     0x56e5e6358cf7 - std::panicking::try::h3824d23db772a716
[INFO] [stdout]                                at /rustc/df4ca44d3fbc9301ee17f30f4d474e6ae4b05252/library/std/src/panicking.rs:520:19
[INFO] [stdout]   30:     0x56e5e6358cf7 - std::panic::catch_unwind::h5afd514605fde46b
[INFO] [stdout]                                at /rustc/df4ca44d3fbc9301ee17f30f4d474e6ae4b05252/library/std/src/panic.rs:358:14
[INFO] [stdout]   31:     0x56e5e6358cf7 - test::run_test_in_process::h0d5cbfa7067d1720
[INFO] [stdout]                                at /rustc/df4ca44d3fbc9301ee17f30f4d474e6ae4b05252/library/test/src/lib.rs:644:27
[INFO] [stdout]   32:     0x56e5e6358cf7 - test::run_test::{{closure}}::h708eb8872708115d
[INFO] [stdout]                                at /rustc/df4ca44d3fbc9301ee17f30f4d474e6ae4b05252/library/test/src/lib.rs:565:43
[INFO] [stdout]   33:     0x56e5e631c414 - test::run_test::{{closure}}::h392c51cee94713ab
[INFO] [stdout]                                at /rustc/df4ca44d3fbc9301ee17f30f4d474e6ae4b05252/library/test/src/lib.rs:595:41
[INFO] [stdout]   34:     0x56e5e631c414 - std::sys::backtrace::__rust_begin_short_backtrace::h2f40290710935a8b
[INFO] [stdout]                                at /rustc/df4ca44d3fbc9301ee17f30f4d474e6ae4b05252/library/std/src/sys/backtrace.rs:154:18
[INFO] [stdout]   35:     0x56e5e631fbbe - std::thread::Builder::spawn_unchecked_::{{closure}}::{{closure}}::h3fd968d89053a903
[INFO] [stdout]                                at /rustc/df4ca44d3fbc9301ee17f30f4d474e6ae4b05252/library/std/src/thread/mod.rs:541:17
[INFO] [stdout]   36:     0x56e5e631fbbe - <core::panic::unwind_safe::AssertUnwindSafe<F> as core::ops::function::FnOnce<()>>::call_once::h743f637ba4229880
[INFO] [stdout]                                at /rustc/df4ca44d3fbc9301ee17f30f4d474e6ae4b05252/library/core/src/panic/unwind_safe.rs:272:9
[INFO] [stdout]   37:     0x56e5e631fbbe - std::panicking::try::do_call::h07440897322525a6
[INFO] [stdout]                                at /rustc/df4ca44d3fbc9301ee17f30f4d474e6ae4b05252/library/std/src/panicking.rs:557:40
[INFO] [stdout]   38:     0x56e5e631fbbe - std::panicking::try::he5a2e00188156637
[INFO] [stdout]                                at /rustc/df4ca44d3fbc9301ee17f30f4d474e6ae4b05252/library/std/src/panicking.rs:520:19
[INFO] [stdout]   39:     0x56e5e631fbbe - std::panic::catch_unwind::hbaf3cae49b3c6433
[INFO] [stdout]                                at /rustc/df4ca44d3fbc9301ee17f30f4d474e6ae4b05252/library/std/src/panic.rs:358:14
[INFO] [stdout]   40:     0x56e5e631fbbe - std::thread::Builder::spawn_unchecked_::{{closure}}::h8e141ea224820bce
[INFO] [stdout]                                at /rustc/df4ca44d3fbc9301ee17f30f4d474e6ae4b05252/library/std/src/thread/mod.rs:540:30
[INFO] [stdout]   41:     0x56e5e631fbbe - core::ops::function::FnOnce::call_once{{vtable.shim}}::h90d312fedd7b8ea8
[INFO] [stdout]                                at /rustc/df4ca44d3fbc9301ee17f30f4d474e6ae4b05252/library/core/src/ops/function.rs:250:5
[INFO] [stdout]   42:     0x56e5e63ad93b - <alloc::boxed::Box<F,A> as core::ops::function::FnOnce<Args>>::call_once::h69aa08ddb6adb8b6
[INFO] [stdout]                                at /rustc/df4ca44d3fbc9301ee17f30f4d474e6ae4b05252/library/alloc/src/boxed.rs:2454:9
[INFO] [stdout]   43:     0x56e5e63ad93b - <alloc::boxed::Box<F,A> as core::ops::function::FnOnce<Args>>::call_once::h5aa36efdb79c806f
[INFO] [stdout]                                at /rustc/df4ca44d3fbc9301ee17f30f4d474e6ae4b05252/library/alloc/src/boxed.rs:2454:9
[INFO] [stdout]   44:     0x56e5e63ad93b - std::sys::pal::unix::thread::Thread::new::thread_start::h6cd80a1b4be5158d
[INFO] [stdout]                                at /rustc/df4ca44d3fbc9301ee17f30f4d474e6ae4b05252/library/std/src/sys/pal/unix/thread.rs:105:17
[INFO] [stdout]   45:     0x7cfba72a0ac3 - <unknown>
[INFO] [stdout]   46:     0x7cfba7331a04 - clone
[INFO] [stdout]   47:                0x0 - <unknown>
[INFO] [stdout] 
[INFO] [stdout] 
[INFO] [stdout] failures:
[INFO] [stdout]     c_elements::c_code_generator::tests::produce_dat
[INFO] [stdout]     wasm_elements::wasm_code_generator::tests::produce_code
[INFO] [stdout] 
[INFO] [stdout] test result: FAILED. 0 passed; 2 failed; 0 ignored; 0 measured; 0 filtered out; finished in 0.03s
[INFO] [stdout] 
[INFO] running `Command { std: "docker" "inspect" "905ddb30d32757cec9bfc9e278b12e91a9cfdb15ef18b170cae5bee7fe757cef", kill_on_drop: false }`
[INFO] running `Command { std: "docker" "rm" "-f" "905ddb30d32757cec9bfc9e278b12e91a9cfdb15ef18b170cae5bee7fe757cef", kill_on_drop: false }`
[INFO] [stdout] 905ddb30d32757cec9bfc9e278b12e91a9cfdb15ef18b170cae5bee7fe757cef
